-- http://www.phpmyadmin.net
-- 
-- 主機: localhost
-- 建立日期: Jul 03, 2017, 10:16 AM
-- 伺服器版本: 5.5.31
-- PHP 版本: 5.5.20
-- 
-- 資料庫: `b-work-tt-mini`
-- 

-- --------------------------------------------------------

-- 
-- 資料表格式： `car_contract`
-- 

CREATE TABLE `car_contract` (
  `SaleId` bigint(8) NOT NULL AUTO_INCREMENT,
  `Dat` varchar(10) COLLATE utf8_unicode_ci NOT NULL,
  `CntrNo` varchar(20) COLLATE utf8_unicode_ci NOT NULL,
  `CllOutNo` varchar(20) COLLATE utf8_unicode_ci NOT NULL,
  `Dep` varchar(20) CHARACTER SET utf8 DEFAULT NULL,
  `SaleMan` varchar(10) COLLATE utf8_unicode_ci NOT NULL,
  `Name` varchar(100) COLLATE utf8_unicode_ci DEFAULT NULL,
  `BirthDay` varchar(10) COLLATE utf8_unicode_ci NOT NULL,
  `IdNo` varchar(10) COLLATE utf8_unicode_ci NOT NULL,
  `LicNo` varchar(10) COLLATE utf8_unicode_ci NOT NULL,
  `Tel` varchar(20) COLLATE utf8_unicode_ci NOT NULL,
  `Cell` varchar(20) COLLATE utf8_unicode_ci NOT NULL,
  `City` varchar(20) COLLATE utf8_unicode_ci NOT NULL,
  `Adr` varchar(100) COLLATE utf8_unicode_ci NOT NULL,
  `Payment` varchar(10) COLLATE utf8_unicode_ci NOT NULL,
  `LeaseCo` varchar(100) COLLATE utf8_unicode_ci DEFAULT NULL,
  `LoanCo` varchar(100) COLLATE utf8_unicode_ci DEFAULT NULL,
  `CntrAmt` bigint(10) DEFAULT '0',
  `EstDelDat` varchar(10) COLLATE utf8_unicode_ci NOT NULL,
  `Memo` varchar(50) COLLATE utf8_unicode_ci NOT NULL,
  `FinalDat` varchar(10) COLLATE utf8_unicode_ci NOT NULL,
  `FinalUser` varchar(4) COLLATE utf8_unicode_ci DEFAULT '0',
  PRIMARY KEY (`SaleId`)
) ENGINE=InnoDB AUTO_INCREMENT=120 DEFAULT CHARSET=utf8 COLLATE=utf8_unicode_ci AUTO_INCREMENT=120 ;

-- 
-- 列出以下資料庫的數據： `car_contract`
-- 

INSERT INTO `car_contract` VALUES (1, '105.07.20', 'M000559', '', 'MINI新竹', '林宜盟', '許哲穎', '76.06.26', 'L123424044', '', '', '', '台中市北屯區', '北屯路290巷8號1樓', '現金', '', '', 0, '', '', '', '0');
INSERT INTO `car_contract` VALUES (2, '105.12.20', 'M000418', '', 'MINI桃園', '鄭雅茹', '華綱國際有限公司', '', '', '25033035', '', '', '新北市三峽區', '大觀路100號1樓', '現金', '', '', 0, '', '', '', '0');
INSERT INTO `car_contract` VALUES (3, '106.01.20', 'M000629', '', 'MINI桃園', '張駿宏', '普羅租賃', '', '', '', '', '', '', '', '', NULL, NULL, 0, '', '', '', '0');
INSERT INTO `car_contract` VALUES (4, '106.02.20', 'M000131', '', 'MINI新竹', '馬啟銘', '莊婷妃', '70.10.16', 'H222648700', '', '', '', '新竹市北區', '城北街73巷21號', '現金', '', '', 0, '', '', '', '0');
INSERT INTO `car_contract` VALUES (5, '106.02.20', 'M000592', '', 'MINI新竹', '林宜盟', '解美玲', '59.10.10', 'H220718825', '', '', '', '新竹市北區', '光華南街18巷1弄3號', '現金', '', '', 0, '', '', '', '0');
INSERT INTO `car_contract` VALUES (6, '106.03.20', 'M000587', '', 'MINI新竹', '馬啟銘', '徐巧芸', '79.02.17', '228541114', '', '', '', '新竹縣關西鎮', '青山街198巷5號', '現金', '', '', 0, '', '', '', '0');
INSERT INTO `car_contract` VALUES (7, '106.03.20', 'M000500', '', 'MINI桃園', '劉哲嘉', '陳俊宇', '62.08.09', 'A128456467', '', '', '', '桃園市龜山區', '文興路213號13樓', '現金', '', '', 0, '', '', '', '0');
INSERT INTO `car_contract` VALUES (8, '106.03.20', 'M000414', '', 'MINI桃園', '王欣業', '周彥甫', '68.04.13', 'B121723939', '', '', '', '台中市南區', '柳川東路一段77號', '現金', '', '', 0, '', '', '', '0');
INSERT INTO `car_contract` VALUES (9, '106.03.20', 'M000407', '', 'MINI桃園', '文開明', '梁佩甄', '69.04.20', 'N223838631', '', '', '', '桃園市八德區', '建安街72巷11弄52號', '現金', '', '', 0, '', '', '', '0');
INSERT INTO `car_contract` VALUES (10, '106.03.20', 'M1060501', '', 'MINI新竹', '許平', '大桐汽車股份有限公司', '', '', '43871955', '', '', '桃園市桃園區', '文中路746號', '現金', '', '', 0, '', '試乘車', '', '0');
INSERT INTO `car_contract` VALUES (11, '106.03.20', 'M000595', '', 'MINI新竹', '馬啟銘', '蔡采薇', '73.04.12', 'O200043314', '', '', '', '新竹市北區', '香山區牛埔路92巷26號', '現金', '', '', 0, '', '', '', '0');
INSERT INTO `car_contract` VALUES (12, '106.03.20', 'M000628', '', 'MINI桃園', '張駿宏', '曾國棟', '49.07.10', 'J120907189', '', '', '', '台中市龍井區', '遠東街120號', '現金', '', '', 0, '', '', '', '0');
INSERT INTO `car_contract` VALUES (13, '106.01.20', 'M000624', '', 'MINI桃園', '劉哲嘉', '鄭丞延', '74.11.03', 'J122388628', '', '', '', '桃園市平鎮區', '復興街21巷52弄2號', '現金', '', '', 0, '', '', '', '0');
INSERT INTO `car_contract` VALUES (14, '106.03.20', 'M000605', '', 'MINI桃園', '柯雅芳', '蔡英和', '44.02.05', 'Q101044242', '', '', '', '新北市鶯歌區', '南雅路402號', '現金', '', '', 0, '', '', '', '0');
INSERT INTO `car_contract` VALUES (15, '106.03.20', 'M000440', '', 'MINI新竹', '邱亭榕', '劉采柔', '', '', '', '', '', '新竹市北區', '東區高翠路173巷2弄38號', '現金', '', '', 0, '', '', '', '0');
INSERT INTO `car_contract` VALUES (16, '106.02.20', 'M000618', '', 'MINI桃園', '鄭雅茹', '吳敏慧', '63.06.08', 'C220249491', '', '', '', '桃園市中壢區', '自立二街42號2樓', '現金', '', '', 0, '', '', '', '0');
INSERT INTO `car_contract` VALUES (17, '106.02.20', 'M000636', '', 'MINI桃園', '文開明', '劉品惠', '62.09.03', 'U220593579', '', '', '', '桃園市新屋區', '高鐵南路六段835號', '現金', '', '', 0, '', '', '', '0');
INSERT INTO `car_contract` VALUES (18, '106.02.20', 'M000634', '', 'MINI桃園', '張駿宏', '格上租賃股份有限公司', '', '', '53019788', '', '', '桃園市桃園區', '復興路325號1.2樓', '租賃', '', '', 0, '', '', '', '0');
INSERT INTO `car_contract` VALUES (19, '106.02.20', 'M000589', '', 'MINI新竹', '邱亭榕', '黃勝來', '62.01.22', 'K121479596', '', '', '', '苗栗縣造橋鄉', '慈聖路二段305巷2弄5號', '現金', '', '', 0, '', '', '', '0');
INSERT INTO `car_contract` VALUES (20, '106.02.20', 'M000585', '', 'MINI新竹', '邱亭榕', '吳幸娟', '65.06.24', 'R221279986', '', '', '', '台南市北區', '西華街81號5樓之11', '現金', '', '', 0, '', '', '', '0');
INSERT INTO `car_contract` VALUES (21, '106.02.20', 'M000561', '', 'MINI新竹', '林宜盟', '曾郁寬', '69.04.21', 'H222382234', '', '', '', '桃園市桃園區', '永康街37之5號', '現金', '', '', 0, '', '', '', '0');
INSERT INTO `car_contract` VALUES (22, '106.02.20', '', 'O1518807', '', '', '高雄', '', '', '', '', '', '', '', '', NULL, NULL, 0, '', '', '', '0');
INSERT INTO `car_contract` VALUES (23, '106.03.20', 'M000495', '', 'MINI桃園', '嚴孟舜', '欣平貿易有限公司', '', '', '12474426', '', '', '桃園市桃園區', '大興西路一段168號', '現金', '', '', 0, '', '', '', '0');
INSERT INTO `car_contract` VALUES (24, '106.03.20', 'M000521', '', 'MINI桃園', '嚴孟舜', '莊東甯', '54.09.29', 'A220429737', '', '', '', '新北市三峽區', '二鬮路136巷20弄79號9樓', '現金', '', '', 0, '', '', '', '0');
INSERT INTO `car_contract` VALUES (25, '106.03.20', 'M000604', '', 'MINI桃園', '柯雅芳', '王輔民', '46.12.06', 'K121224340', '', '', '', '桃園市桃園區', '中正路1306號16樓', '現金', '', '', 0, '', '', '', '0');
INSERT INTO `car_contract` VALUES (26, '106.04.20', 'M000470', '', 'MINI桃園', '柯雅芳', '日盛全台通小客車租賃股份有限公司', '', '', '70579068', '', '', '台北市中山區', '松江路68號6樓', '租賃', '', '', 0, '', '', '', '0');
INSERT INTO `car_contract` VALUES (27, '106.04.20', 'M000509', '', 'MINI桃園', '張駿宏', '王仲平', '61.05.15', 'B120129482', '', '', '', '桃園市八德區', '永福西街70巷3號3樓之5', '現金', '', '', 0, '', '', '', '0');
INSERT INTO `car_contract` VALUES (28, '106.04.20', 'M000622', '', 'MINI桃園', '柯雅芳', '蔡佩錡', '63.02.25', 'T221545441', '', '', '', '桃園市桃園區', '國強一街273號4樓之1', '現金', '', '', 0, '', '', '', '0');
INSERT INTO `car_contract` VALUES (29, '106.04.20', 'M000515', '', 'MINI桃園', '文開明', '陳杭菊', '51.11.29', 'H220959479', '', '', '', '桃園市蘆竹區', '頭前24號', '現金', '', '', 0, '', '', '', '0');
INSERT INTO `car_contract` VALUES (30, '106.04.20', 'M000445', '', 'MINI新竹', '林宜盟', '張孟惠', '65.03.01', '221510413', '', '', '', '新竹市北區', '東區民生路257號9樓之1', '現金', '', '', 0, '', '', '', '0');
INSERT INTO `car_contract` VALUES (31, '106.04.20', 'M000522', '', 'MINI桃園', '嚴孟舜', '張欣潔', '74.11.25', 'H223311266', '', '', '', '桃園市平鎮區', '中豐路南勢二段369巷4號', '現金', '', '', 0, '', '', '', '0');
INSERT INTO `car_contract` VALUES (32, '106.04.20', 'M000558', '', 'MINI新竹', '馬啟銘', '宏鑫寶業技術顧問股份有限公司', '', '', '86622800', '', '', '基隆市中山區', '復旦路15巷8-4號1樓', '現金', '', '', 0, '', '', '', '0');
INSERT INTO `car_contract` VALUES (33, '106.04.20', 'M000508', '', 'MINI桃園', '劉哲嘉', '智偉纖造', '', '', '', '', '', '', '', '', NULL, NULL, 0, '', '', '', '0');
INSERT INTO `car_contract` VALUES (34, '106.04.20', 'M000551', '', 'MINI新竹', '馬啟銘', '彭虹綺', '', '', '', '', '', '', '', '', NULL, NULL, 0, '', '', '', '0');
INSERT INTO `car_contract` VALUES (35, '106.04.20', 'M000506', '', 'MINI桃園', '柯雅芳', '許世彰', '55.11.16', 'H120037878', '', '', '', '桃園市桃園區', '國聖一街6號11樓之5', '現金', '', '', 0, '', '', '', '0');
INSERT INTO `car_contract` VALUES (36, '106.04.20', 'M000623', '', 'MINI桃園', '柯雅芳', '胡晉嘉', '', '', '', '', '', '', '', '', NULL, NULL, 0, '', '', '', '0');
INSERT INTO `car_contract` VALUES (37, '106.04.20', 'M000492', '', 'MINI桃園', '邱彥泓', '林麗雪', '', '', '', '', '', '', '', '', NULL, NULL, 0, '', '', '', '0');
INSERT INTO `car_contract` VALUES (38, '106.04.20', 'M000505', '', 'MINI桃園', '柯雅芳', '她和新時代美學國際有限公司', '', '', '52672963', '', '', '台北市中山區', '建國北路二段147號8樓之3', '現金', '', '', 0, '', '', '', '0');
INSERT INTO `car_contract` VALUES (39, '106.04.20', 'M000420', '', 'MINI新竹', '王欣業', '宋程勳', '', '', '', '', '', '', '', '', NULL, NULL, 0, '', '', '', '0');
INSERT INTO `car_contract` VALUES (40, '106.05.20', 'M000519', '', 'MINI桃園', '文開明', '聯邦國際租賃股份有限公司', '', '', '97169587', '', '', '台北市中山區', '南京東路二段137號9號', '租賃', '', '', 0, '', '', '', '0');
INSERT INTO `car_contract` VALUES (41, '106.05.20', 'M000586', '', 'MINI新竹', '馬啟銘', '徐筱婷', '', '', '', '', '', '', '', '', NULL, NULL, 0, '', '', '', '0');
INSERT INTO `car_contract` VALUES (42, '106.05.20', 'M000547', '', 'MINI桃園', '文開明', '洋保股份', '', '', '', '', '', '', '', '', NULL, NULL, 0, '', '', '', '0');
INSERT INTO `car_contract` VALUES (43, '106.05.20', 'M000539', '', 'MINI桃園', '簡暐哲', '捷新資源管理顧問有限公司', '', '', '45136951', '', '', '高雄市左營區', '立文路77號4樓', '現金', '', '', 0, '', '', '', '0');
INSERT INTO `car_contract` VALUES (44, '106.05.20', 'M000581', '', 'MINI新竹', '林宜盟', '溫建嵐', '', '', '', '', '', '', '', '', NULL, NULL, 0, '', '', '', '0');
INSERT INTO `car_contract` VALUES (45, '106.05.20', 'M000570', '', 'MINI新竹', '邱亭榕', '張燕玲', '53.02.09', 'J222360453', '', '', '', '新竹縣竹東鎮', '文林路190巷7號', '現金', '', '', 0, '', '', '', '0');
INSERT INTO `car_contract` VALUES (46, '106.05.20', 'M000578', '', 'MINI新竹', '邱亭榕', '劉順中', '', '', '', '', '', '', '', '', NULL, NULL, 0, '', '', '', '0');
INSERT INTO `car_contract` VALUES (47, '106.05.20', 'M000529', '', 'MINI桃園', '劉哲嘉', '許文豪', '', '', '', '', '', '', '', '', NULL, NULL, 0, '', '', '', '0');
INSERT INTO `car_contract` VALUES (48, '106.05.20', 'M000540', '', 'MINI桃園', '簡暐哲', '李辰一', '81.01.19', 'F228023385', '', '', '', '新北市板橋區', '貴興路100號6樓', '現金', '', '', 0, '', '', '', '0');
INSERT INTO `car_contract` VALUES (49, '106.05.20', 'M000550', '', 'MINI桃園', '嚴孟舜', '李美玲', '', '', '', '', '', '', '', '', NULL, NULL, 0, '', '', '', '0');
INSERT INTO `car_contract` VALUES (50, '106.05.20', 'M000549', '', 'MINI桃園', '嚴孟舜', '林偉德', '', '', '', '', '', '', '', '', NULL, NULL, 0, '', '', '', '0');
INSERT INTO `car_contract` VALUES (51, '106.05.20', 'M000594', '', 'MINI新竹', '馬啟銘', '潘姿延', '', '', '', '', '', '', '', '', NULL, NULL, 0, '', '', '', '0');
INSERT INTO `car_contract` VALUES (52, '106.05.20', 'M000603', '', 'MINI桃園', '嚴孟舜', '劉秀芸', '', '', '', '', '', '', '', '', NULL, NULL, 0, '', '', '', '0');
INSERT INTO `car_contract` VALUES (53, '106.06.20', 'M000577', '', 'MINI新竹', '邱亭榕', '柯宗騏', '', '', '', '', '', '', '', '', NULL, NULL, 0, '', '', '', '0');
INSERT INTO `car_contract` VALUES (54, '106.06.20', 'M000542', '', 'MINI桃園', '柯雅芳', '林淑娟', '', '', '', '', '', '', '', '', NULL, NULL, 0, '', '', '', '0');
INSERT INTO `car_contract` VALUES (55, '106.06.20', 'M000613', '', 'MINI桃園', '柯雅芳', '黃婷玉', '', '', '', '', '', '', '', '', NULL, NULL, 0, '', '', '', '0');
INSERT INTO `car_contract` VALUES (56, '106.06.20', 'M000588', '', 'MINI新竹', '邱亭榕', '丁立寧', '', '', '', '', '', '', '', '', NULL, NULL, 0, '', '', '', '0');
INSERT INTO `car_contract` VALUES (57, '106.06.20', 'M000560', '', 'MINI新竹', '林宜盟', '黃明珣', '', '', '', '', '', '', '', '', NULL, NULL, 0, '', '', '', '0');
INSERT INTO `car_contract` VALUES (58, '106.05.19', 'M000574', '', '', '馬啟銘', '洪子鈞', '', '', '', '', '', '桃園市桃園區', '', '現金', '', '', 0, '', '', '', '0');
INSERT INTO `car_contract` VALUES (59, '106.05.22', 'M000626', '', '', '嚴孟舜', '林忠志', '', '', '', '', '', '桃園市桃園區', '', '現金', '', '', 0, '', '', '', '0');
INSERT INTO `car_contract` VALUES (60, '106.05.22', 'M000607', '', '', '文開明', '白耿州', '', '', '', '', '', '桃園市桃園區', '', '現金', '', '', 0, '', '', '', '0');
INSERT INTO `car_contract` VALUES (61, '106.05.22', 'M000630', '', '', '柯雅芳', '周士凱', '', '', '', '', '', '桃園市桃園區', '', '現金', '', '', 0, '', '', '', '0');
INSERT INTO `car_contract` VALUES (62, '106.05.22', 'M000597', '', 'MINI新竹', '林宜盟', '林芷誼', '62.02.24', 'P220445537', '', '', '', '雲林縣虎尾鎮', '成德二街22號', '現金', '', '', 0, '', '', '', '0');
INSERT INTO `car_contract` VALUES (63, '106.05.22', 'M000599', '', '', '邱亭榕', '張秀菊', '', '', '', '', '', '桃園市桃園區', '', '現金', '', '', 0, '', '', '', '0');
INSERT INTO `car_contract` VALUES (64, '106.05.22', 'M000617', '', '', '簡暐哲', '葉威聲', '', '', '', '', '', '桃園市桃園區', '', '現金', '', '', 0, '', '', '', '0');
INSERT INTO `car_contract` VALUES (65, '106.05.24', 'M000620', '', 'MINI桃園', '簡暐哲', '林淑針', '53.03.05', 'B220918490', '', '', '', '桃園市楊梅區', '文化街218巷8弄10號', '現金', '', '', 0, '', '', '', '0');
INSERT INTO `car_contract` VALUES (66, '106.05.31', 'M000653', '', 'MINI新竹', '馬啟銘', '李依璇', '76.08.01', 'J222367390', '', '', '', '新竹縣芎林鄉', '山猪湖17之2號', '現金', '', '', 0, '', '', '', '0');
INSERT INTO `car_contract` VALUES (67, '106.06.01', 'M000635', '', 'MINI桃園', '張駿宏', '沃特美樂有限公司', '', '', '56664275', '', '', '新竹縣竹北市', '光明一路355號', '現金', '', '', 0, '', '', '', '0');
INSERT INTO `car_contract` VALUES (68, '106.06.01', 'M000631', '', 'MINI桃園', '柯雅芳', '諸俊彥', '73.06.12', 'H123283274', '', '', '', '桃園市八德區', '陸光街54號9樓', '現金', '', '', 0, '', '', '', '0');
INSERT INTO `car_contract` VALUES (69, '106.06.01', 'M000600', '', 'MINI新竹', '馬啟銘', '劉興祥', '80.01.08', 'J122620265', '', '', '', '新竹縣新埔鎮', '義民路二段530巷92弄10號', '現金', '', '', 0, '', '', '', '0');
INSERT INTO `car_contract` VALUES (70, '106.06.01', 'M000598', '', '', '邱亭榕', '翁國偉', '', '', '', '', '', '桃園市桃園區', '', '現金', '', '', 0, '', '', '', '0');
INSERT INTO `car_contract` VALUES (71, '106.06.03', 'M000646', '', 'MINI桃園', '柯雅芳', '陳雲卿', '56.02.01', 'R220212834', '', '', '0928889202', '桃園市桃園區', '同德二街126號28樓', '現金', '', '', 0, '', '', '', '0');
INSERT INTO `car_contract` VALUES (72, '106.06.03', 'M000638', '', '', '柯雅芳', '謝德樹', '72.01.08', '128011646', '', '0911911162', '', '桃園市桃園區', '', '現金', '', '', 0, '', '', '', '0');
INSERT INTO `car_contract` VALUES (73, '106.06.05', 'M000651', '', '', '張修誠', '林怡君', '', '', '', '', '', '桃園市桃園區', '', '現金', '', '', 0, '', '', '', '0');
INSERT INTO `car_contract` VALUES (74, '106.06.05', 'M000640', '', 'MINI桃園', '張駿宏', '陳雅卿', '48.01.13', 'A220381634', '', '0931229263', '', '桃園市桃園區', '忠一路66號1樓', '現金', '', '', 0, '', '', '', '0');
INSERT INTO `car_contract` VALUES (75, '106.06.05', 'M000641', '', 'MINI桃園', '張駿宏', '蔡承妘', '74.06.23', 'H222984827', '', '', '', '桃園市中壢區', '中北路二段200號3樓', '現金', '', '', 0, '', '', '', '0');
INSERT INTO `car_contract` VALUES (76, '106.06.06', 'M000627', '', 'MINI桃園', '鄭雅茹', '添鑫發股份有限公司', '', '', '89871394', '0987379523', '', '桃園市蘆竹區', '長興路三段229巷26號', '現金', '', '', 0, '', '', '', '0');
INSERT INTO `car_contract` VALUES (77, '106.06.07', '', '1060607', NULL, '', '汎德高雄', '', '', '', '', '', '桃園市桃園區', '', '', NULL, NULL, 0, '', '1469400+15800+450=1485650', '', '0');
INSERT INTO `car_contract` VALUES (78, '106.06.07', 'M000633', '', 'MINI桃園', '嚴孟舜', '佑樹貿易有限公司', '', '', '53370038', '0915880972', '', '桃園市桃園區', '中平路102號11樓之2', '現金', '', '', 0, '', '', '', '0');
INSERT INTO `car_contract` VALUES (79, '106.06.07', 'M000632', '', 'MINI桃園', '嚴孟舜', '張永明', '48.09.29', 'F121255841', '', '0917633776', '', '桃園市桃園區', '', '現金', '', '', 0, '', '', '', '0');
INSERT INTO `car_contract` VALUES (80, '106.06.12', 'M000703', '', 'MINI桃園', '嚴孟舜', '楊佩倫', '71.08.28', 'H222776772', '', '', '0975213109', '桃園市桃園區', '', '現金', '', '', 0, '', '', '', '0');
INSERT INTO `car_contract` VALUES (81, '106.06.13', 'M000652', '', 'MINI新竹', '馬啟銘', '林勤英', '42.09.06', 'K201074435', '', '', '', '苗栗縣苗栗市', '福星街74巷5號', '現金', '', '', 0, '', '', '', '0');
INSERT INTO `car_contract` VALUES (82, '106.06.14', 'M000621', '', 'MINI桃園', '簡暐哲', '謝馨瑩', '', 'Q222541239', '', '', '0983303995', '桃園市桃園區', '', '現金', '', '', 0, '', '', '', '0');
INSERT INTO `car_contract` VALUES (83, '106.06.15', 'M000596', '', 'MINI新竹', '林宜盟', '鄭福全', '50.03.06', 'F122831292', '', '', '0975029760', '新北市淡水區', '山子邊14之2號', '現金', '', '', 0, '', '', '', '0');
INSERT INTO `car_contract` VALUES (84, '106.06.16', 'M000648', '', 'MINI桃園', '張駿宏', '遠銀國際租賃股份有限公司', '', '', '16740311', '', '', '台北市大安區', '敦化南路二段207號36樓', '租賃', '', '', 0, '', '', '', '0');
INSERT INTO `car_contract` VALUES (85, '106.06.19', 'M000660', '', 'MINI新竹', '馬啟銘', '王儷潔', '69.01.23', 'E221767892', '', '', '0920291687', '新竹縣竹北市', '光明六路東二段246號4樓之3', '現金', '', '', 0, '', '', '', '0');
INSERT INTO `car_contract` VALUES (86, '106.06.19', 'M000655', '', 'MINI新竹', '邱亭榕', '石玉珍', '64.05.30', 'Q221076733', '', '', '0987018266', '新竹市北區', '像香山區牛埔北路77巷31弄16號', '現金', '', '', 0, '', '', '', '0');
INSERT INTO `car_contract` VALUES (87, '106.06.19', 'M000657', '', 'MINI新竹', '林宜盟', '王文玲', '', '', '', '', '', '桃園市桃園區', '', '現金', '', '', 0, '', '', '', '0');
INSERT INTO `car_contract` VALUES (88, '106.06.19', 'M000649', '', 'MINI桃園', '鄭雅茹', '王靜怡', '62.08.08', 'F220305568', '', '0920989567', '', '苗栗縣銅鑼鄉', '成功街2之3號', '現金', '', '', 0, '', '', '', '0');
INSERT INTO `car_contract` VALUES (89, '106.06.19', 'M000647', '', 'MINI桃園', '張駿宏', '吳惠玲', '', 'H221891967', '', '', '', '桃園市桃園區', '', '現金', '', '', 0, '', '', '', '0');
INSERT INTO `car_contract` VALUES (91, '106.06.21', 'M000650', '', 'MINI桃園', '鄭雅茹', '賴振平', '56.06.13', 'F122739319', '', '', '0932173101', '桃園市平鎮區', '民族路二段23巷16號8樓', '現金', '', '', 0, '', '', '', '0');
INSERT INTO `car_contract` VALUES (92, '106.06.21', 'M000701', '', 'MINI桃園', '嚴孟舜', '黃健銘', '', '', '', '', '0919261189', '桃園市桃園區', '', '現金', '', '', 0, '', '', '', '0');
INSERT INTO `car_contract` VALUES (93, '106.06.21', 'M000705', '', 'MINI桃園', '簡暐哲', '陳坤豪', '71.12.08', 'B123344169', '', '02-26083090', '', '新北市林口區', '文化三路一段555巷96號6樓之2', '現金', '', '', 0, '', '', '', '0');
INSERT INTO `car_contract` VALUES (94, '106.06.22', 'M000654', '', 'MINI新竹', '邱亭榕', '古梅芳', '62.08.20', 'K221131771', '', '', '0919073820', '桃園市中壢區', '龍川四街23號6樓', '現金', '', '', 0, '', '', '', '0');
INSERT INTO `car_contract` VALUES (95, '106.06.22', 'M000704', '', 'MINI桃園', '簡暐哲', '洪佩絹', '', 'F227484026', '', '', '0919358478', '桃園市桃園區', '', '現金', '', '', 0, '', '', '', '0');
INSERT INTO `car_contract` VALUES (96, '106.06.22', '', '2F53972', NULL, '', '汎德高雄', '', '', '', '', '', '桃園市桃園區', '', '', NULL, NULL, 0, '', '1674000+18000(1%)+450=1692450', '', '0');
INSERT INTO `car_contract` VALUES (97, '106.06.26', 'M000664', '', 'MINI新竹', '馬啟銘', '張莉崴', '66.09.17', 'H224863232', '', '', '', '新竹市北區', '東區埔頂三路121號2樓', '現金', '', '', 0, '', '', '', '0');
INSERT INTO `car_contract` VALUES (98, '106.04.18', 'M000582', '', 'MINI新竹', '林宜盟', '劉士琳', '', '', '', '', '', '桃園市桃園區', '', '現金', '', '', 0, '', '', '', '0');
INSERT INTO `car_contract` VALUES (99, '106.04.21', 'M000615', '', 'MINI桃園', '嚴孟舜', '徐志昌', '', '', '', '', '', '桃園市桃園區', '', '現金', '', '', 0, '', '', '', '0');
INSERT INTO `car_contract` VALUES (100, '106.06.23', 'M000658', '', 'MINI新竹', '林宜盟', '沈瑞華', '49.09.26', 'J220293655', '', '', '', '新竹市', '北區中華路三段126號9樓之3', '現金', '', '', 0, '', '', '', '0');
INSERT INTO `car_contract` VALUES (101, '106.06.22', 'M000713', '', 'MINI桃園', '鄭雅茹', '曾淑靖', '62.02.14', 'M221240892', '', '', '', '桃園市八德區', '和平路276巷9弄8號', '現金', '', '', 0, '', '', '', '0');
INSERT INTO `car_contract` VALUES (102, '106.06.22', 'M000667', '', 'MINI新竹', '馬啟銘', '格上汽車', '', '', '', '', '', '桃園市桃園區', '', '現金', '', '', 0, '', '', '', '0');
INSERT INTO `car_contract` VALUES (103, '106.06.26', 'M000645', '', 'MINI桃園', '劉哲嘉', '楊淑美', '46.11.02', 'D220488435', '', '', '', '台南市東區', '崇學路203巷5號', '現金', '', '', 0, '', '', '', '0');
INSERT INTO `car_contract` VALUES (104, '', 'M000714', '', 'MINI桃園', '劉哲嘉', '潘宏期', '', '', '', '', '0938200369', '桃園市桃園區', '', '現金', '', '', 0, '', '', '', '0');
INSERT INTO `car_contract` VALUES (105, '', 'M000708', '', 'MINI桃園', '簡暐哲', '王思文', '', 'A223738993', '', '', '0916688457', '桃園市桃園區', '', '現金', '', '', 0, '', '', '', '0');
INSERT INTO `car_contract` VALUES (106, '106.06.26', 'M000707', '', 'MINI桃園', '張駿宏', '吳佩茹', '54.03.24', 'Q220146772', '', '', '0966983079', '桃園市桃園區', '保定六街31號', '現金', '', '', 0, '', '', '', '0');
INSERT INTO `car_contract` VALUES (107, '106.06.26', '1061016', '', 'MINI桃園', '簡暐哲', '黃韻安', '56.06.20', 'F221650473', '', '', '0911275850', '花蓮縣花蓮市', '林森路293巷1弄47號', '現金', '', '', 0, '', '', '', '0');
INSERT INTO `car_contract` VALUES (108, '106.06.26', 'M000639', '', 'MINI桃園', '柯雅芳', '湯愛玉', '52.12.22', 'H220445925', '', '', '0975312838', '桃園市楊梅區', '楊湖路一段773巷46弄3號', '現金', '', '', 0, '', '', '', '0');
INSERT INTO `car_contract` VALUES (109, '106.06.26', 'M000710', '', 'MINI桃園', '柯雅芳', '嚴佳鈴', '60.11.17', 'B221167255', '', '', '0905605365', '桃園市平鎮區', '文化街8巷16弄1號', '現金', '', '', 0, '', '', '', '0');
INSERT INTO `car_contract` VALUES (110, '106.06.26', '1060913', '', 'MINI桃園', '邱彥泓', '鄭瑩麗', '60.03.26', 'Q221956647', '', '', '', '桃園市桃園區', '', '現金', '', '', 0, '', '', '', '0');
INSERT INTO `car_contract` VALUES (111, '106.06.26', 'M000711', '', 'MINI桃園', '柯雅芳', '林珍伯', '56.10.08', 'A123813088', '', '', '', '新北市新店區', '安祥路145巷13號', '現金', '', '', 0, '', '', '', '0');
INSERT INTO `car_contract` VALUES (112, '106.06.26', 'M000665', '', 'MINI新竹', '馬啟銘', '吳美惠', '55.03.24', 'K221226480', '', '', '0936516920', '新竹市北區', '東區勝利路12號', '現金', '', '', 0, '', '', '', '0');
INSERT INTO `car_contract` VALUES (113, '', 'M000709', '', 'MINI桃園', '簡暐哲', '', '', 'A223738993', '', '', '0916688457', '桃園市桃園區', '', '現金', '', '', 0, '', '', '', '0');
INSERT INTO `car_contract` VALUES (114, '106.07.01', 'M000716', '', 'MINI桃園', '劉哲嘉', '湯嘉慧', '', '', '', '', '0975159688', '桃園市桃園區', '', '現金', '', '', 0, '', '', '', '0');
INSERT INTO `car_contract` VALUES (115, '106.07.01', 'M000706', '', 'MINI桃園', '張駿宏', '黃郁雯', '68.01.06', 'Q222293283', '', '', '0921106721', '桃園市桃園區', '', '現金', '', '', 0, '', '', '', '0');
INSERT INTO `car_contract` VALUES (116, '106.06.27', '', '2G26051', NULL, '', '汎德台北', '', '', '', '', '', '桃園市桃園區', '', '', NULL, NULL, 0, '', '1925100+14400+20700(1%)+450=1960650', '', '0');
INSERT INTO `car_contract` VALUES (117, '106.06.28', 'M000717', '', 'MINI桃園', '簡暐哲', '陳佳靜', '61.08.20', 'Y220531400', '', '', '0932929226', '桃園市八德區', '廣豐三路20號', '現金', '', '', 0, '', '', '', '0');
INSERT INTO `car_contract` VALUES (118, '106.06.29', 'M000720', '', 'MINI桃園', '張駿宏', '陳秋琴', '59.01.09', 'K221278751', '', '', '0932297393', '桃園市平鎮區', '廣成街59號7樓之4', '現金', '', '', 0, '', '', '', '0');
INSERT INTO `car_contract` VALUES (119, '106.07.03', 'M000659', '', 'MINI新竹', '張修誠', '偉全工業社', '', '', '47306973', '', '0910399087', '桃園市桃園區', '', '現金', '', '', 0, '', '', '', '0');

-- --------------------------------------------------------

-- 
-- 資料表格式： `car_contract_void`
-- 

CREATE TABLE `car_contract_void` (
  `SaleId` varchar(8) COLLATE utf8_unicode_ci NOT NULL,
  `Dat` varchar(10) COLLATE utf8_unicode_ci NOT NULL,
  `CntrNo` varchar(20) COLLATE utf8_unicode_ci NOT NULL,
  `CllOutNo` varchar(20) COLLATE utf8_unicode_ci NOT NULL,
  `Dep` varchar(20) COLLATE utf8_unicode_ci NOT NULL,
  `SaleMan` varchar(10) COLLATE utf8_unicode_ci NOT NULL,
  `Name` varchar(100) COLLATE utf8_unicode_ci DEFAULT NULL,
  `BirthDay` varchar(10) COLLATE utf8_unicode_ci NOT NULL,
  `IdNo` varchar(10) COLLATE utf8_unicode_ci NOT NULL,
  `LicNo` varchar(10) COLLATE utf8_unicode_ci NOT NULL,
  `Tel` varchar(20) COLLATE utf8_unicode_ci NOT NULL,
  `Cell` varchar(20) COLLATE utf8_unicode_ci NOT NULL,
  `City` varchar(20) COLLATE utf8_unicode_ci NOT NULL,
  `Adr` varchar(100) COLLATE utf8_unicode_ci NOT NULL,
  `Payment` varchar(10) COLLATE utf8_unicode_ci NOT NULL,
  `LeaseCo` varchar(100) COLLATE utf8_unicode_ci DEFAULT NULL,
  `LoanCo` varchar(100) COLLATE utf8_unicode_ci DEFAULT NULL,
  `CntrAmt` bigint(10) DEFAULT NULL,
  `EstDelDat` varchar(10) COLLATE utf8_unicode_ci NOT NULL,
  `Memo` varchar(50) COLLATE utf8_unicode_ci NOT NULL,
  `FinalUser` varchar(4) COLLATE utf8_unicode_ci DEFAULT '0',
  `ChgFlag` varchar(1) COLLATE utf8_unicode_ci NOT NULL DEFAULT '0',
  `VoidDat` varchar(10) COLLATE utf8_unicode_ci NOT NULL,
  `Remark` varchar(100) COLLATE utf8_unicode_ci NOT NULL,
  `Tmk` datetime NOT NULL,
  `UserId` varchar(4) COLLATE utf8_unicode_ci NOT NULL
) ENGINE=MyISAM DEFAULT CHARSET=utf8 COLLATE=utf8_unicode_ci;

-- 
-- 列出以下資料庫的數據： `car_contract_void`
-- 

INSERT INTO `car_contract_void` VALUES ('55', '106.06.20', 'M000613', '', 'MINI桃園', '柯雅芳', '黃婷玉', '', '', '', '', '', '', '', '', '', '', 0, '', '', '0', '1', '106.06.02', '改7月生產', '2017-06-02 08:47:29', '1091');
INSERT INTO `car_contract_void` VALUES ('63', '106.05.22', 'M000599', '', '', '邱亭榕', '張秀菊', '', '', '', '', '', '桃園市', '', '現金', '', '', 0, '', '', '0', '1', '106.06.03', '退購', '2017-06-03 10:33:25', '1091');
INSERT INTO `car_contract_void` VALUES ('3', '106.01.20', 'M000629', '', 'MINI桃園', '張駿宏', '普羅租賃', '', '', '', '', '', '', '', '', '', '', 0, '', '', '0', '1', '106.06.05', '退車', '2017-06-05 13:36:58', '1091');
INSERT INTO `car_contract_void` VALUES ('4', '106.02.20', 'M000131', '', 'MINI新竹', '馬啟銘', '莊婷妃', '', '', '', '', '', '', '', '', '', '', 0, '', '', '0', '1', '106.06.05', '換車', '2017-06-05 13:42:16', '1091');
INSERT INTO `car_contract_void` VALUES ('74', '106.06.05', 'M000640', '', '', '張駿宏', '陳雅卿', '', '220381634', '', '0931229263', '', '桃園市', '', '現金', '', '', 0, '', '', '0', '1', '106.06.06', '換車', '2017-06-06 12:43:49', '1091');
INSERT INTO `car_contract_void` VALUES ('89', '106.06.19', 'M000647', '', 'MINI桃園', '張駿宏', '吳惠玲', '', 'H221891967', '', '', '', '桃園市', '', '現金', '', '', 0, '', '', '0', '1', '106.06.19', '換車', '2017-06-20 09:48:02', '1091');
INSERT INTO `car_contract_void` VALUES ('87', '106.06.19', 'M000657', '', 'MINI新竹', '林宜盟', '王文玲', '', '', '', '', '', '桃園市', '', '現金', '', '', 0, '', '', '0', '1', '106.06.23', '待退訂', '2017-06-23 08:57:29', '1091');
INSERT INTO `car_contract_void` VALUES ('73', '106.06.05', 'M000651', '', 'MINI新竹', '張修誠', '林怡君', '', '', '', '', '', '桃園市', '', '現金', '', '', 0, '', '', '0', '1', '106.06.23', '待退訂', '2017-06-23 09:39:16', '1091');
INSERT INTO `car_contract_void` VALUES ('89', '106.06.19', 'M000647', '', 'MINI桃園', '張駿宏', '吳惠玲', '', 'H221891967', '', '', '', '桃園市', '', '現金', '', '', 0, '', '', '0', '1', '106.06.26', '待退訂', '2017-06-26 08:34:36', '1091');
INSERT INTO `car_contract_void` VALUES ('97', '106.06.22', 'M000664', '', 'MINI新竹', '馬啟銘', '格上汽車租賃', '', '', '', '', '', '桃園市', '', '租賃', '', '', 0, '', '', '0', '1', '106.06.26', '換訂單', '2017-06-26 10:05:02', '1091');
INSERT INTO `car_contract_void` VALUES ('90', '106.06.19', 'M000644', '', 'MINI桃園', '劉哲嘉', '王紀人', '', '', '', '', '', '桃園市', '', '現金', '', '', 0, '', '', '0', '1', '106.06.26', '換訂單', '2017-06-26 10:52:17', '1091');
INSERT INTO `car_contract_void` VALUES ('84', '106.06.16', 'M000648', '', 'MINI桃園', '張駿宏', '家宜有限公司', '', '', '', '', '', '桃園市', '', '現金', '', '', 0, '', '', '0', '1', '106.06.26', '換車', '2017-06-26 13:46:15', '1091');
INSERT INTO `car_contract_void` VALUES ('112', '106.06.26', 'M000665', '', 'MINI新竹', '馬啟銘', '吳美惠', '55.03.24', 'K221226480', '', '', '0936516920', '桃園市', '', '現金', '', '', 0, '', '', '0', '1', '106.06.26', '換車', '2017-06-26 13:46:35', '1091');
INSERT INTO `car_contract_void` VALUES ('111', '106.06.26', 'M000711', '', 'MINI桃園', '柯雅芳', '林珍伯', '56.10.08', 'A123813088', '', '', '', '桃園市', '', '現金', '', '', 0, '', '', '0', '1', '106.06.26', '換車', '2017-06-26 14:16:15', '1091');
INSERT INTO `car_contract_void` VALUES ('110', '106.06.26', '1060913', '', 'MINI桃園', '邱彥泓', '鄭瑩麗', '60.03.26', 'Q221956647', '', '', '', '桃園市', '', '現金', '', '', 0, '', '', '0', '1', '106.06.26', '調車', '2017-06-26 14:17:08', '1091');
INSERT INTO `car_contract_void` VALUES ('95', '106.06.22', 'M000704', '', 'MINI桃園', '簡暐哲', '洪佩絹', '', 'F227484026', '', '', '0919358478', '桃園市', '', '現金', '', '', 0, '', '', '0', '1', '106.06.26', '暫不排車', '2017-06-26 17:43:19', '1091');
INSERT INTO `car_contract_void` VALUES ('92', '106.06.21', 'M000701', '', 'MINI桃園', '嚴孟舜', '黃健銘', '', '', '', '', '0919261189', '桃園市', '', '現金', '', '', 0, '', '', '0', '1', '106.06.26', '暫不排車', '2017-06-26 17:46:28', '1091');
INSERT INTO `car_contract_void` VALUES ('102', '106.06.22', 'M000667', '', 'MINI新竹', '馬啟銘', '格上汽車', '', '', '', '', '', '桃園市', '', '現金', '', '', 0, '', '', '0', '1', '106.06.26', '換車', '2017-06-26 17:52:23', '1091');
INSERT INTO `car_contract_void` VALUES ('36', '106.04.20', 'M000623', '', 'MINI桃園', '柯雅芳', '胡晉嘉', '', '', '', '', '', '', '', '', '', '', 0, '', '', '0', '1', '106.06.27', '不排車', '2017-06-27 08:57:47', '1091');
INSERT INTO `car_contract_void` VALUES ('90', '106.06.19', 'M000644', '', 'MINI桃園', '劉哲嘉', '王紀人', '', '', '', '', '', '桃園市', '', '現金', '', '', 0, '', '', '0', '2', '106.06.27', '換約作廢M000645', '2017-06-27 09:22:33', '1091');
INSERT INTO `car_contract_void` VALUES ('105', '', 'M000708', '', 'MINI桃園', '簡暐哲', '王思文', '', 'A223738993', '', '', '0916688457', '桃園市', '', '現金', '', '', 0, '', '', '0', '1', '106.06.27', '換約作廢', '2017-06-27 16:03:10', '1091');

-- --------------------------------------------------------

-- 
-- 資料表格式： `car_deco`
-- 

CREATE TABLE `car_deco` (
  `CarId` varchar(8) COLLATE utf8_unicode_ci NOT NULL,
  `SerNo` tinyint(3) unsigned NOT NULL,
  `Dat` varchar(10) COLLATE utf8_unicode_ci NOT NULL,
  `DecoNo` varchar(100) COLLATE utf8_unicode_ci NOT NULL,
  `Des` varchar(100) COLLATE utf8_unicode_ci NOT NULL,
  `Amt` decimal(10,2) DEFAULT '0.00',
  `Memo` varchar(100) COLLATE utf8_unicode_ci NOT NULL
) ENGINE=MyISAM DEFAULT CHARSET=utf8 COLLATE=utf8_unicode_ci;

-- 
-- 列出以下資料庫的數據： `car_deco`
-- 


-- --------------------------------------------------------

-- 
-- 資料表格式： `car_fina_lock`
-- 

CREATE TABLE `car_fina_lock` (
  `LockDat` varchar(10) CHARACTER SET utf8 COLLATE utf8_unicode_ci DEFAULT NULL,
  `LockTmk` datetime DEFAULT NULL,
  `LockUser` varchar(4) CHARACTER SET utf8 COLLATE utf8_unicode_ci DEFAULT NULL,
  `LockMemo` varchar(50) CHARACTER SET utf8 COLLATE utf8_unicode_ci DEFAULT NULL
) ENGINE=InnoDB DEFAULT CHARSET=latin1;

-- 
-- 列出以下資料庫的數據： `car_fina_lock`
-- 

INSERT INTO `car_fina_lock` VALUES ('104.12.31', '2015-12-31 23:59:59', '98', 'Init');

-- --------------------------------------------------------

-- 
-- 資料表格式： `car_fina_pay`
-- 

CREATE TABLE `car_fina_pay` (
  `CarId` varchar(8) COLLATE utf8_unicode_ci DEFAULT NULL,
  `BegDat` varchar(10) COLLATE utf8_unicode_ci DEFAULT NULL,
  `EndDat` varchar(10) COLLATE utf8_unicode_ci NOT NULL,
  `CarInCat` varchar(1) COLLATE utf8_unicode_ci DEFAULT '1',
  `PaySum` bigint(10) NOT NULL
) ENGINE=MyISAM DEFAULT CHARSET=utf8 COLLATE=utf8_unicode_ci;

-- 
-- 列出以下資料庫的數據： `car_fina_pay`
-- 


-- --------------------------------------------------------

-- 
-- 資料表格式： `car_fina_rec`
-- 

CREATE TABLE `car_fina_rec` (
  `SaleId` varchar(8) COLLATE utf8_unicode_ci DEFAULT NULL,
  `BegDat` varchar(10) COLLATE utf8_unicode_ci DEFAULT NULL,
  `EndDat` varchar(10) COLLATE utf8_unicode_ci NOT NULL,
  `CntrCat` varchar(1) COLLATE utf8_unicode_ci DEFAULT '1'
) ENGINE=MyISAM DEFAULT CHARSET=utf8 COLLATE=utf8_unicode_ci;

-- 
-- 列出以下資料庫的數據： `car_fina_rec`
-- 

INSERT INTO `car_fina_rec` VALUES ('59', '106.05.20', '', '1');
INSERT INTO `car_fina_rec` VALUES ('89', '106.06.19', '', '0');
INSERT INTO `car_fina_rec` VALUES ('90', '106.06.18', '', '0');
INSERT INTO `car_fina_rec` VALUES ('70', '106.05.29', '', '1');
INSERT INTO `car_fina_rec` VALUES ('86', '106.06.17', '106.06.23', '1');
INSERT INTO `car_fina_rec` VALUES ('87', '106.06.18', '', '0');
INSERT INTO `car_fina_rec` VALUES ('85', '106.06.18', '106.06.27', '1');
INSERT INTO `car_fina_rec` VALUES ('88', '106.06.18', '106.06.27', '1');
INSERT INTO `car_fina_rec` VALUES ('65', '106.05.23', '106.06.15', '1');
INSERT INTO `car_fina_rec` VALUES ('24', '106.03.28', '106.06.13', '1');
INSERT INTO `car_fina_rec` VALUES ('26', '106.01.11', '106.06.14', '1');
INSERT INTO `car_fina_rec` VALUES ('23', '106.01.21', '106.06.07', '1');
INSERT INTO `car_fina_rec` VALUES ('74', '106.06.04', '106.06.12', '1');
INSERT INTO `car_fina_rec` VALUES ('32', '106.02.08', '106.06.15', '1');
INSERT INTO `car_fina_rec` VALUES ('76', '106.06.07', '106.06.13', '1');
INSERT INTO `car_fina_rec` VALUES ('75', '106.06.05', '106.06.12', '1');
INSERT INTO `car_fina_rec` VALUES ('92', '106.06.22', '', '0');
INSERT INTO `car_fina_rec` VALUES ('91', '106.06.22', '106.06.27', '1');
INSERT INTO `car_fina_rec` VALUES ('93', '106.06.20', '106.06.28', '1');
INSERT INTO `car_fina_rec` VALUES ('94', '106.06.21', '106.06.26', '1');
INSERT INTO `car_fina_rec` VALUES ('101', '106.06.21', '106.06.27', '1');
INSERT INTO `car_fina_rec` VALUES ('95', '106.06.21', '', '0');
INSERT INTO `car_fina_rec` VALUES ('28', '106.04.25', '106.06.12', '1');
INSERT INTO `car_fina_rec` VALUES ('31', '106.03.14', '106.06.23', '1');
INSERT INTO `car_fina_rec` VALUES ('27', '106.02.23', '106.06.19', '1');
INSERT INTO `car_fina_rec` VALUES ('29', '106.03.01', '106.06.16', '1');
INSERT INTO `car_fina_rec` VALUES ('7', '106.01.17', '106.06.19', '1');
INSERT INTO `car_fina_rec` VALUES ('71', '106.06.02', '106.06.19', '1');
INSERT INTO `car_fina_rec` VALUES ('6', '106.04.10', '106.06.19', '1');
INSERT INTO `car_fina_rec` VALUES ('78', '106.06.06', '106.06.20', '1');
INSERT INTO `car_fina_rec` VALUES ('69', '106.06.21', '106.06.21', '1');
INSERT INTO `car_fina_rec` VALUES ('30', '106.02.06', '106.06.22', '1');
INSERT INTO `car_fina_rec` VALUES ('81', '106.06.13', '106.06.22', '1');
INSERT INTO `car_fina_rec` VALUES ('4', '105.07.21', '106.06.22', '1');
INSERT INTO `car_fina_rec` VALUES ('100', '106.06.22', '106.06.28', '1');
INSERT INTO `car_fina_rec` VALUES ('102', '106.06.22', '', '1');
INSERT INTO `car_fina_rec` VALUES ('110', '106.06.24', '', '1');
INSERT INTO `car_fina_rec` VALUES ('103', '106.06.18', '106.06.27', '1');
INSERT INTO `car_fina_rec` VALUES ('104', '106.06.25', '', '1');
INSERT INTO `car_fina_rec` VALUES ('105', '106.05.30', '', '0');
INSERT INTO `car_fina_rec` VALUES ('111', '106.06.24', '106.06.28', '1');
INSERT INTO `car_fina_rec` VALUES ('40', '106.03.21', '106.06.28', '1');
INSERT INTO `car_fina_rec` VALUES ('107', '106.06.26', '106.06.26', '1');
INSERT INTO `car_fina_rec` VALUES ('84', '106.06.15', '106.06.28', '1');
INSERT INTO `car_fina_rec` VALUES ('83', '106.06.13', '106.06.27', '1');
INSERT INTO `car_fina_rec` VALUES ('38', '106.02.22', '106.06.23', '1');
INSERT INTO `car_fina_rec` VALUES ('106', '106.06.26', '106.06.26', '1');
INSERT INTO `car_fina_rec` VALUES ('67', '106.05.28', '106.06.26', '1');
INSERT INTO `car_fina_rec` VALUES ('109', '106.06.24', '106.06.26', '1');
INSERT INTO `car_fina_rec` VALUES ('112', '106.06.25', '106.06.26', '1');
INSERT INTO `car_fina_rec` VALUES ('97', '106.06.23', '106.06.26', '1');
INSERT INTO `car_fina_rec` VALUES ('35', '106.02.25', '106.06.27', '1');
INSERT INTO `car_fina_rec` VALUES ('82', '106.06.13', '106.06.22', '1');
INSERT INTO `car_fina_rec` VALUES ('43', '106.03.28', '106.06.28', '1');
INSERT INTO `car_fina_rec` VALUES ('48', '106.03.29', '106.06.28', '1');
INSERT INTO `car_fina_rec` VALUES ('45', '106.03.08', '106.06.27', '1');

-- --------------------------------------------------------

-- 
-- 資料表格式： `car_finance`
-- 

CREATE TABLE `car_finance` (
  `FinaCat` varchar(2) COLLATE utf8_unicode_ci NOT NULL,
  `SrcId` varchar(8) COLLATE utf8_unicode_ci NOT NULL,
  `SerNo` tinyint(3) unsigned NOT NULL,
  `Dat` varchar(10) COLLATE utf8_unicode_ci NOT NULL,
  `Subject` varchar(100) COLLATE utf8_unicode_ci NOT NULL,
  `Des` varchar(100) COLLATE utf8_unicode_ci NOT NULL,
  `Amt` bigint(12) DEFAULT '0',
  `AmtTax` bigint(12) DEFAULT '0',
  `AmtUnTax` bigint(12) DEFAULT '0',
  `InvNo` varchar(20) COLLATE utf8_unicode_ci NOT NULL,
  `Memo` varchar(100) COLLATE utf8_unicode_ci NOT NULL,
  `PrtFlag` varchar(1) COLLATE utf8_unicode_ci NOT NULL DEFAULT '0'
) ENGINE=MyISAM DEFAULT CHARSET=utf8 COLLATE=utf8_unicode_ci;

-- 
-- 列出以下資料庫的數據： `car_finance`
-- 

INSERT INTO `car_finance` VALUES ('2', '59', 1, '106.05.20', '訂金', 'VISA', 100000, 0, 0, 'NX98971072', '', '0');
INSERT INTO `car_finance` VALUES ('2', '59', 2, '106.06.15', '二次款', '5259', 365000, 0, 0, 'NX98972070', '', '0');
INSERT INTO `car_finance` VALUES ('2', '89', 1, '106.06.19', '訂金', '現金', 10000, 0, 0, 'NX98972078', '', '0');
INSERT INTO `car_finance` VALUES ('2', '90', 1, '106.06.18', '訂金', 'VISA', 20000, 0, 0, 'NX98972076', '', '0');
INSERT INTO `car_finance` VALUES ('2', '70', 2, '106.06.17', '訂金', 'VISA', 60000, 0, 0, 'NX98972072', '', '0');
INSERT INTO `car_finance` VALUES ('2', '70', 1, '106.05.29', '訂金', 'VISA', 40000, 0, 0, 'NX98971086', '', '0');
INSERT INTO `car_finance` VALUES ('2', '86', 1, '106.06.17', '訂金', 'VISA', 100000, 0, 0, 'NX98972073', '', '0');
INSERT INTO `car_finance` VALUES ('2', '87', 1, '106.06.18', '訂金', 'VISA', 10000, 0, 0, 'NX98972075', '', '0');
INSERT INTO `car_finance` VALUES ('2', '85', 1, '106.06.18', '訂金', 'VISA', 100000, 0, 0, 'NX98972074', '', '0');
INSERT INTO `car_finance` VALUES ('2', '88', 2, '106.06.18', '訂金', '現金', 10000, 0, 0, 'NX98972077', '', '0');
INSERT INTO `car_finance` VALUES ('2', '88', 1, '106.06.18', '訂金', 'VISA', 100000, 0, 0, 'NX98972077', '', '0');
INSERT INTO `car_finance` VALUES ('2', '65', 1, '106.05.23', '訂金', 'VISA', 100000, 0, 0, 'NX98971079', '', '0');
INSERT INTO `car_finance` VALUES ('2', '65', 2, '106.06.15', '二次款', '5259', 430000, 0, 0, '', '', '0');
INSERT INTO `car_finance` VALUES ('2', '65', 3, '106.06.15', '尾款', '5259', 586745, 0, 0, 'NX98971629', '陽信60/24', '0');
INSERT INTO `car_finance` VALUES ('2', '24', 1, '106.03.28', '訂金', 'VISA', 100000, 0, 0, 'NG98971100', '', '0');
INSERT INTO `car_finance` VALUES ('2', '24', 2, '106.06.13', '二次款', '5259', 750000, 0, 0, '', '', '0');
INSERT INTO `car_finance` VALUES ('2', '24', 3, '106.06.13', '尾款', '5259', 930000, 0, 0, 'NX98971628', '', '0');
INSERT INTO `car_finance` VALUES ('2', '26', 1, '106.01.11', '訂金', '0798', 100000, 0, 0, 'MR98971063', '折', '0');
INSERT INTO `car_finance` VALUES ('2', '26', 2, '106.06.12', '二次款', '5259', 97000, 0, 0, 'MR98971063', '折', '0');
INSERT INTO `car_finance` VALUES ('2', '26', 3, '106.06.14', '尾款', '5259', 1680000, 0, 0, 'NX98971609', '', '0');
INSERT INTO `car_finance` VALUES ('2', '23', 3, '106.06.07', '尾款', '現金', 69000, 0, 0, 'NX98971588', '', '0');
INSERT INTO `car_finance` VALUES ('2', '23', 2, '106.06.07', '二次款', '5259', 1680000, 0, 0, '', '', '0');
INSERT INTO `car_finance` VALUES ('2', '23', 1, '106.01.21', '訂金', 'VISA', 100000, 0, 0, 'MR98971077', '折', '0');
INSERT INTO `car_finance` VALUES ('2', '74', 1, '106.06.04', '訂金', 'VISA', 100000, 0, 0, 'NX98972052', '', '0');
INSERT INTO `car_finance` VALUES ('2', '74', 2, '106.06.09', '二次款', '5259', 1380000, 0, 0, '', '', '0');
INSERT INTO `car_finance` VALUES ('2', '74', 3, '106.06.12', '尾款', '5259', 20000, 0, 0, 'NX98971605', '', '0');
INSERT INTO `car_finance` VALUES ('2', '32', 1, '106.02.08', '訂金', 'VISA', 100000, 0, 0, 'MR98972558', '折', '0');
INSERT INTO `car_finance` VALUES ('2', '32', 2, '106.03.01', '二次款', '5259', 52000, 0, 0, 'NG98971054', '折', '0');
INSERT INTO `car_finance` VALUES ('2', '32', 3, '106.06.15', '尾款', '5259', 1510000, 0, 0, 'NX98971619', '', '0');
INSERT INTO `car_finance` VALUES ('2', '76', 1, '106.06.07', '訂金', '0798', 100000, 0, 0, 'NX98972059', '折', '0');
INSERT INTO `car_finance` VALUES ('2', '76', 2, '106.06.08', '二次款', '0798', 1180000, 0, 0, 'NX98971615', '', '0');
INSERT INTO `car_finance` VALUES ('2', '76', 3, '106.06.13', '尾款', 'VISA', 100000, 0, 0, 'NX98972064', '', '0');
INSERT INTO `car_finance` VALUES ('2', '75', 1, '106.06.05', '訂金', '現金', 30000, 0, 0, 'NX98972054', '', '0');
INSERT INTO `car_finance` VALUES ('2', '75', 2, '106.06.05', '二次款', '5259', 90000, 0, 0, '', '', '0');
INSERT INTO `car_finance` VALUES ('2', '75', 3, '106.06.12', '尾款', '5259', 1200000, 0, 0, 'NX98971613', '', '0');
INSERT INTO `car_finance` VALUES ('2', '92', 1, '106.06.22', '訂金', '現金', 5000, 0, 0, '', 'NX98972085', '0');
INSERT INTO `car_finance` VALUES ('2', '91', 1, '106.06.22', '訂金', '現金', 100000, 0, 0, 'NX98972086', '', '0');
INSERT INTO `car_finance` VALUES ('2', '93', 1, '106.06.20', '訂金', 'VISA', 50000, 0, 0, 'NX98972080', '4456', '0');
INSERT INTO `car_finance` VALUES ('2', '94', 1, '106.06.21', '訂金', 'VISA', 100000, 0, 0, 'NX98972083', '', '0');
INSERT INTO `car_finance` VALUES ('2', '101', 1, '106.06.21', '訂金', 'VISA', 20000, 0, 0, 'NX98972081', '', '0');
INSERT INTO `car_finance` VALUES ('2', '95', 1, '106.06.21', '訂金', 'VISA', 40000, 0, 0, 'NX98972082', '', '0');
INSERT INTO `car_finance` VALUES ('2', '28', 3, '106.06.08', '三次款', '0798', 160000, 0, 0, 'NX98972060', '0621507', '0');
INSERT INTO `car_finance` VALUES ('2', '28', 2, '106.06.07', '二次款', 'VISA', 50000, 0, 0, 'NX98972060', '卡號3309', '0');
INSERT INTO `car_finance` VALUES ('2', '28', 1, '106.04.25', '訂金', 'VISA', 50000, 0, 0, 'NG98972084', '', '0');
INSERT INTO `car_finance` VALUES ('2', '31', 1, '106.03.14', '訂金', 'VISA', 50000, 0, 0, 'NG98971082', '', '0');
INSERT INTO `car_finance` VALUES ('2', '31', 2, '106.06.13', '尾款', '5259', 1220000, 0, 0, 'NX98971616', '', '0');
INSERT INTO `car_finance` VALUES ('2', '31', 3, '106.06.23', '尾款', 'VISA', 50000, 0, 0, '', '', '0');
INSERT INTO `car_finance` VALUES ('2', '27', 1, '106.02.23', '訂金', 'VISA', 100000, 0, 0, '', '', '0');
INSERT INTO `car_finance` VALUES ('2', '27', 2, '106.02.23', '訂金', '現金', 52000, 0, 0, 'MR98972587', '', '0');
INSERT INTO `car_finance` VALUES ('2', '27', 3, '106.03.08', '二次款', '5259', 19000, 0, 0, 'NG98971068', '', '0');
INSERT INTO `car_finance` VALUES ('2', '27', 4, '106.06.15', '三次款', '現金', 950000, 0, 0, '', '', '0');
INSERT INTO `car_finance` VALUES ('2', '27', 5, '106.06.19', '尾款', '5259', 1000000, 0, 0, 'NX98971640', '陽信100', '0');
INSERT INTO `car_finance` VALUES ('2', '29', 1, '106.03.01', '訂金', '現金', 100000, 0, 0, 'NG98971051', '', '0');
INSERT INTO `car_finance` VALUES ('2', '29', 2, '106.06.16', '尾款', '5259', 1515000, 0, 0, 'NX98971639', '', '0');
INSERT INTO `car_finance` VALUES ('2', '7', 1, '106.01.17', '訂金', 'VISA', 100000, 0, 0, 'MR98971072', '', '0');
INSERT INTO `car_finance` VALUES ('2', '7', 2, '106.02.16', '二次款', '5259', 62000, 0, 0, 'MR98972605', '', '0');
INSERT INTO `car_finance` VALUES ('2', '7', 3, '106.06.19', '三次款', '5259', 175000, 0, 0, '', '', '0');
INSERT INTO `car_finance` VALUES ('2', '7', 4, '106.06.19', '四次款', '5259', 1033894, 0, 0, '', '陽信108/48', '0');
INSERT INTO `car_finance` VALUES ('2', '7', 5, '106.06.19', '尾款', '5259', 475000, 0, 0, 'NX98971652', '', '0');
INSERT INTO `car_finance` VALUES ('2', '71', 1, '106.06.02', '訂金', 'VISA', 100000, 0, 0, 'NX98972051', '卡號2586', '0');
INSERT INTO `car_finance` VALUES ('2', '6', 3, '106.06.19', '三次款', '5259', 600000, 0, 0, '', '', '0');
INSERT INTO `car_finance` VALUES ('2', '6', 2, '106.06.15', '二次款', 'VISA', 23000, 0, 0, 'NX98972071', '卡號7875', '0');
INSERT INTO `car_finance` VALUES ('2', '6', 1, '106.04.10', '訂金', 'VISA', 80000, 0, 0, 'NG98972060', '', '0');
INSERT INTO `car_finance` VALUES ('2', '78', 2, '106.06.20', '尾款', '5259', 1270000, 0, 0, 'NX98971660', '台壽保127/60', '0');
INSERT INTO `car_finance` VALUES ('2', '78', 1, '106.06.06', '訂金', 'VISA', 170000, 0, 0, 'NX98972058', '卡號3916', '0');
INSERT INTO `car_finance` VALUES ('2', '69', 1, '106.06.21', '尾款', '5259', 1056500, 0, 0, 'NX98971672', '陽信106/72', '0');
INSERT INTO `car_finance` VALUES ('2', '30', 1, '106.02.06', '訂金', 'VISA', 100000, 0, 0, 'MR98972555', '', '0');
INSERT INTO `car_finance` VALUES ('2', '30', 2, '106.02.07', '二次款', '5259', 178000, 0, 0, 'MR98972604', '', '0');
INSERT INTO `car_finance` VALUES ('2', '30', 3, '106.06.22', '尾款', '5259', 1500000, 0, 0, 'NX98971678', '', '0');
INSERT INTO `car_finance` VALUES ('2', '81', 1, '106.06.13', '訂金', 'VISA', 100000, 0, 0, 'NX98971677', '卡號1529', '0');
INSERT INTO `car_finance` VALUES ('2', '81', 2, '106.06.22', '尾款', '5259', 1409970, 0, 0, 'NX98971677', '', '0');
INSERT INTO `car_finance` VALUES ('2', '4', 1, '105.07.21', '訂金', '0798', 100000, 0, 0, 'DQ02338985', '8023752', '0');
INSERT INTO `car_finance` VALUES ('2', '4', 2, '106.06.20', '二次款', '5259', 260000, 0, 0, '', '', '0');
INSERT INTO `car_finance` VALUES ('2', '4', 3, '106.06.22', '尾款', '5259', 1200000, 0, 0, 'NX98971676', '台新120/72', '0');
INSERT INTO `car_finance` VALUES ('2', '28', 4, '106.06.12', '尾款', '5259', 848586, 0, 0, 'NX98971610', '台新89/48', '0');
INSERT INTO `car_finance` VALUES ('2', '71', 2, '106.06.19', '尾款', '5259', 1750000, 0, 0, 'NX98971656', '', '0');
INSERT INTO `car_finance` VALUES ('2', '6', 4, '106.06.19', '尾款', '5259', 1050000, 0, 0, 'NX98971655', '星展105/72', '0');
INSERT INTO `car_finance` VALUES ('2', '100', 1, '106.06.22', '訂金', 'VISA', 100000, 0, 0, 'NX98972088', '0207', '0');
INSERT INTO `car_finance` VALUES ('2', '102', 1, '106.06.22', '訂金', '5259', 50000, 0, 0, 'NX98972087', '', '0');
INSERT INTO `car_finance` VALUES ('2', '110', 1, '106.06.24', '訂金', 'VISA', 100000, 0, 0, 'NX98972096', '3229', '0');
INSERT INTO `car_finance` VALUES ('2', '103', 2, '106.06.25', '訂金', 'VISA', 80000, 0, 0, 'NX98972098', '8255', '0');
INSERT INTO `car_finance` VALUES ('2', '103', 1, '106.06.18', '訂金', 'VISA', 20000, 0, 0, 'NX98972076', '5606', '0');
INSERT INTO `car_finance` VALUES ('2', '104', 1, '106.06.25', '訂金', 'VISA', 100000, 0, 0, 'NX98972099', '3303', '0');
INSERT INTO `car_finance` VALUES ('2', '105', 1, '106.05.30', '訂金', 'VISA', 100000, 0, 0, 'NX98970360', '1106', '0');
INSERT INTO `car_finance` VALUES ('2', '105', 2, '106.06.24', '二次款', 'VISA', 7000, 0, 0, 'NZ98972093', '1106', '0');
INSERT INTO `car_finance` VALUES ('2', '111', 2, '106.06.24', '訂金', 'VISA', 50000, 0, 0, 'NX98972095', '7129', '0');
INSERT INTO `car_finance` VALUES ('2', '111', 1, '106.06.24', '訂金', 'VISA', 50000, 0, 0, 'NX98972094', '9700', '0');
INSERT INTO `car_finance` VALUES ('2', '40', 1, '106.03.21', '訂金', '5259', 274000, 0, 0, 'NG98971097', '折', '0');
INSERT INTO `car_finance` VALUES ('2', '40', 2, '106.06.28', '尾款', '5259', 1970000, 0, 0, 'NX98971728', '聯邦租賃', '0');
INSERT INTO `car_finance` VALUES ('2', '100', 2, '106.06.27', '二次款', '5259', 245000, 0, 0, '', '', '0');
INSERT INTO `car_finance` VALUES ('2', '100', 3, '106.06.27', '三次款', '5259', 1141320, 0, 0, '', '台新120/60', '0');
INSERT INTO `car_finance` VALUES ('2', '100', 4, '106.06.28', '尾款', '5259', 5000, 0, 0, 'NX98971770', '', '0');
INSERT INTO `car_finance` VALUES ('2', '101', 2, '106.06.27', '尾款', '0798', 1370000, 0, 0, 'NX98971766', '0202854', '0');
INSERT INTO `car_finance` VALUES ('2', '111', 3, '106.06.28', '二次款', '5259', 1070000, 0, 0, '', '', '0');
INSERT INTO `car_finance` VALUES ('2', '111', 4, '106.06.28', '尾款', '5259', 579861, 0, 0, 'NX98971765', '星展60/36', '0');
INSERT INTO `car_finance` VALUES ('2', '103', 3, '106.06.26', '二次款', '5259', 384000, 0, 0, '', '', '0');
INSERT INTO `car_finance` VALUES ('2', '103', 4, '106.06.27', '尾款', '5259', 1033894, 0, 0, 'NX98971758', '陽信108/48', '0');
INSERT INTO `car_finance` VALUES ('2', '107', 3, '106.06.26', '尾款', '現金', 45000, 0, 0, 'NX98971731', '', '0');
INSERT INTO `car_finance` VALUES ('2', '107', 2, '106.06.26', '二次款', '5259', 1000000, 0, 0, '', '', '0');
INSERT INTO `car_finance` VALUES ('2', '107', 1, '106.06.26', '訂金', '0798', 100000, 0, 0, '', '105264', '0');
INSERT INTO `car_finance` VALUES ('2', '91', 2, '106.06.27', '尾款', '5259', 1660000, 0, 0, 'NX98971734', '', '0');
INSERT INTO `car_finance` VALUES ('2', '88', 3, '106.06.27', '二次款', '5259', 930000, 0, 0, '', '', '0');
INSERT INTO `car_finance` VALUES ('2', '88', 4, '106.06.27', '尾款', '5259', 470000, 0, 0, 'NX98971733', '', '0');
INSERT INTO `car_finance` VALUES ('2', '84', 1, '106.06.15', '訂金', 'VISA', 100000, 0, 0, 'NX98972069', '', '0');
INSERT INTO `car_finance` VALUES ('2', '84', 2, '106.06.28', '尾款', '5259', 1670000, 0, 0, 'NX98971729', '遠銀租賃', '0');
INSERT INTO `car_finance` VALUES ('2', '83', 1, '106.06.13', '訂金', 'VISA', 10000, 0, 0, 'NX98972066', '3302', '0');
INSERT INTO `car_finance` VALUES ('2', '83', 2, '106.06.27', '訂金', '現金', 90000, 0, 0, '', '', '0');
INSERT INTO `car_finance` VALUES ('2', '83', 3, '106.06.27', '尾款', '5259', 1000000, 0, 0, 'NX98971752', '', '0');
INSERT INTO `car_finance` VALUES ('2', '93', 2, '106.06.27', '二次款', '5259', 187000, 0, 0, '', '', '0');
INSERT INTO `car_finance` VALUES ('2', '93', 3, '106.06.28', '尾款', '5259', 1600000, 0, 0, 'NX98971749', '星展160/60', '0');
INSERT INTO `car_finance` VALUES ('2', '86', 2, '106.06.22', '二次款', '5259', 1000000, 0, 0, '', '台新100/60', '0');
INSERT INTO `car_finance` VALUES ('2', '86', 3, '106.06.23', '尾款', '5259', 430000, 0, 0, 'NX98971689', '', '0');
INSERT INTO `car_finance` VALUES ('2', '38', 1, '106.02.22', '訂金', 'VISA', 100000, 0, 0, 'MR98972585', '折', '0');
INSERT INTO `car_finance` VALUES ('2', '38', 2, '106.03.02', '二次款', '5259', 64000, 0, 0, 'NG98971055', '折', '0');
INSERT INTO `car_finance` VALUES ('2', '38', 3, '106.06.20', '三次款', '0798', 1365000, 0, 0, '', '0301403', '0');
INSERT INTO `car_finance` VALUES ('2', '38', 4, '106.06.23', '尾款', '5259', 285000, 0, 0, 'NX98971708', '', '0');
INSERT INTO `car_finance` VALUES ('2', '106', 1, '106.06.26', '訂金', '現金', 200000, 0, 0, '', '', '0');
INSERT INTO `car_finance` VALUES ('2', '106', 2, '106.06.26', '尾款', '5259', 1580000, 0, 0, 'NX98971706', '', '0');
INSERT INTO `car_finance` VALUES ('2', '67', 1, '106.05.28', '訂金', 'VISA', 100000, 0, 0, 'NX98971085', '折', '0');
INSERT INTO `car_finance` VALUES ('2', '67', 2, '106.06.26', '尾款', '5259', 1650000, 0, 0, 'NX98971707', '', '0');
INSERT INTO `car_finance` VALUES ('2', '109', 3, '106.06.26', '二次款', '5259', 1280000, 0, 0, '', '', '0');
INSERT INTO `car_finance` VALUES ('2', '109', 2, '106.06.24', '訂金', 'VISA', 50000, 0, 0, 'NX98972092', '4879', '0');
INSERT INTO `car_finance` VALUES ('2', '109', 1, '106.06.24', '訂金', 'VISA', 50000, 0, 0, 'NX98972091', '1204', '0');
INSERT INTO `car_finance` VALUES ('2', '109', 4, '106.06.26', '尾款', '5259', 130000, 0, 0, 'NX98971710', '', '0');
INSERT INTO `car_finance` VALUES ('2', '112', 1, '106.06.25', '訂金', 'VISA', 100000, 0, 0, 'NX98972097', '2009', '0');
INSERT INTO `car_finance` VALUES ('2', '112', 2, '106.06.26', '尾款', '5259', 1670000, 0, 0, 'NX98971714', '', '0');
INSERT INTO `car_finance` VALUES ('2', '97', 1, '106.06.23', '訂金', 'VISA', 100000, 0, 0, 'NX98972090', '6503', '0');
INSERT INTO `car_finance` VALUES ('2', '97', 2, '106.06.26', '尾款', '5259', 1240000, 0, 0, 'NX98971715', '', '0');
INSERT INTO `car_finance` VALUES ('2', '35', 4, '106.06.26', '尾款', '5259', 1443000, 0, 0, 'NX98971711', '', '0');
INSERT INTO `car_finance` VALUES ('2', '35', 3, '106.06.26', '三次款', 'VISA', 200000, 0, 0, 'NX98972102', '5346', '0');
INSERT INTO `car_finance` VALUES ('2', '35', 2, '106.03.06', '二次款', '5259', 215000, 0, 0, 'NG98971063', '', '0');
INSERT INTO `car_finance` VALUES ('2', '35', 1, '106.02.25', '訂金', 'VISA', 100000, 0, 0, 'MR98972592', '', '0');
INSERT INTO `car_finance` VALUES ('2', '85', 2, '106.06.27', '尾款', '5259', 1400000, 0, 0, 'NX98971716', '', '0');
INSERT INTO `car_finance` VALUES ('2', '94', 2, '106.06.26', '尾款', '5259', 1410000, 0, 0, 'NX98971721', '', '0');
INSERT INTO `car_finance` VALUES ('2', '82', 2, '106.06.22', '二次款', '5259', 900000, 0, 0, '', '', '0');
INSERT INTO `car_finance` VALUES ('2', '82', 1, '106.06.13', '訂金', 'VISA', 50000, 0, 0, 'NX98972065', '0000', '0');
INSERT INTO `car_finance` VALUES ('2', '82', 3, '106.06.22', '尾款', '5259', 1176000, 0, 0, 'NX98971683', '', '0');
INSERT INTO `car_finance` VALUES ('2', '43', 1, '106.03.28', '訂金', '現金', 50000, 0, 0, 'NG98970380', '折', '0');
INSERT INTO `car_finance` VALUES ('2', '43', 2, '106.03.28', '二次款', '5259', 111000, 0, 0, 'NG98970380', '折', '0');
INSERT INTO `car_finance` VALUES ('2', '43', 3, '106.06.28', '三次款', '5259', 969203, 0, 0, '', '陽信100/30', '0');
INSERT INTO `car_finance` VALUES ('2', '43', 4, '106.06.28', '尾款', '5259', 306000, 0, 0, 'NX98971778', '', '0');
INSERT INTO `car_finance` VALUES ('2', '48', 1, '106.03.29', '訂金', 'VISA', 232000, 0, 0, 'NG98971103', '', '0');
INSERT INTO `car_finance` VALUES ('2', '48', 2, '106.06.28', '二次款', '5259', 1650000, 0, 0, '', '', '0');
INSERT INTO `car_finance` VALUES ('2', '48', 3, '106.06.28', '尾款', '5259', 43000, 0, 0, 'NX98971764', '', '0');
INSERT INTO `car_finance` VALUES ('2', '45', 1, '106.03.08', '訂金', 'VISA', 100000, 0, 0, 'NG98971070', '', '0');
INSERT INTO `car_finance` VALUES ('2', '45', 2, '106.03.08', '二次款', '5259', 463000, 0, 0, 'NG98971070', '', '0');
INSERT INTO `car_finance` VALUES ('2', '45', 3, '106.06.27', '三次款', '5259', 1625000, 0, 0, '', '', '0');
INSERT INTO `car_finance` VALUES ('2', '45', 4, '106.06.27', '尾款', '5259', 13000, 0, 0, 'NX98971783', '', '0');

-- --------------------------------------------------------

-- 
-- 資料表格式： `car_insur`
-- 

CREATE TABLE `car_insur` (
  `InsId` int(8) unsigned NOT NULL AUTO_INCREMENT,
  `CntrNo` varchar(10) COLLATE utf8_unicode_ci DEFAULT NULL,
  `CntrName` varchar(100) COLLATE utf8_unicode_ci DEFAULT NULL,
  `CntrId` varchar(10) COLLATE utf8_unicode_ci DEFAULT NULL,
  `CntrBDat` varchar(10) COLLATE utf8_unicode_ci DEFAULT NULL,
  `CntrCity` varchar(20) COLLATE utf8_unicode_ci NOT NULL,
  `CntrAdd` varchar(100) COLLATE utf8_unicode_ci DEFAULT NULL,
  `CntrTel` varchar(50) COLLATE utf8_unicode_ci NOT NULL,
  `CntrCell` varchar(20) COLLATE utf8_unicode_ci NOT NULL,
  `CarModel` varchar(50) COLLATE utf8_unicode_ci DEFAULT NULL,
  `CarCat` varchar(8) COLLATE utf8_unicode_ci NOT NULL,
  `CarPdMon` varchar(8) COLLATE utf8_unicode_ci NOT NULL,
  `CarFrNo` varchar(20) COLLATE utf8_unicode_ci DEFAULT NULL,
  `CarOpt` varchar(100) COLLATE utf8_unicode_ci NOT NULL,
  `CarPltDat` varchar(10) COLLATE utf8_unicode_ci NOT NULL,
  `CarPltNo` varchar(20) COLLATE utf8_unicode_ci NOT NULL,
  `SaleDep` varchar(20) COLLATE utf8_unicode_ci NOT NULL,
  `SaleMan` varchar(20) COLLATE utf8_unicode_ci NOT NULL,
  `SalePay` varchar(10) COLLATE utf8_unicode_ci NOT NULL,
  `CarLeaCo` varchar(100) COLLATE utf8_unicode_ci DEFAULT NULL,
  `KeyInMan` varchar(10) COLLATE utf8_unicode_ci NOT NULL,
  `InsCat` varchar(10) COLLATE utf8_unicode_ci NOT NULL,
  `InsCo` varchar(10) COLLATE utf8_unicode_ci NOT NULL,
  `InsCdDat` varchar(10) COLLATE utf8_unicode_ci NOT NULL,
  `InsCdNo` varchar(20) COLLATE utf8_unicode_ci DEFAULT NULL,
  `InsNo` varchar(20) COLLATE utf8_unicode_ci DEFAULT NULL,
  `InsBegDat` varchar(10) COLLATE utf8_unicode_ci NOT NULL,
  `InsEndDat` varchar(10) COLLATE utf8_unicode_ci NOT NULL,
  `InsAmt1` bigint(12) DEFAULT NULL,
  `InsAmt2` bigint(12) DEFAULT NULL,
  `InsAmt3` bigint(12) DEFAULT NULL,
  `InsAmt4` bigint(12) DEFAULT NULL,
  `InsAmt5` bigint(12) DEFAULT NULL,
  `InsAmt6` bigint(12) DEFAULT NULL,
  `InsAmt7` bigint(12) DEFAULT NULL,
  `InsAmt8` bigint(12) DEFAULT NULL,
  `InsAmt9` bigint(12) DEFAULT NULL,
  `InsAmt10` bigint(12) DEFAULT NULL,
  `InsDes1` varchar(50) COLLATE utf8_unicode_ci NOT NULL,
  `InsDes2` varchar(50) COLLATE utf8_unicode_ci NOT NULL,
  `InsDes3` varchar(50) COLLATE utf8_unicode_ci NOT NULL,
  `InsDes4` varchar(50) COLLATE utf8_unicode_ci NOT NULL,
  `InsDes5` varchar(50) COLLATE utf8_unicode_ci NOT NULL,
  `InsDes6` varchar(50) COLLATE utf8_unicode_ci NOT NULL,
  `InsDes7` varchar(50) COLLATE utf8_unicode_ci NOT NULL,
  `InsDes8` varchar(50) COLLATE utf8_unicode_ci NOT NULL,
  `InsDes9` varchar(50) COLLATE utf8_unicode_ci NOT NULL,
  `InsDes10` varchar(50) COLLATE utf8_unicode_ci NOT NULL,
  `InsTotal` bigint(12) NOT NULL,
  `InsMemo` varchar(100) COLLATE utf8_unicode_ci NOT NULL,
  `PayDat` varchar(10) COLLATE utf8_unicode_ci NOT NULL,
  `PayMemo` varchar(100) COLLATE utf8_unicode_ci NOT NULL,
  `AvlFlag` varchar(1) COLLATE utf8_unicode_ci NOT NULL DEFAULT '1',
  `InsAmtLink` bigint(12) NOT NULL,
  `InsProgram` varchar(20) COLLATE utf8_unicode_ci NOT NULL,
  `CarResell` varchar(20) COLLATE utf8_unicode_ci NOT NULL,
  `LeaseExp` varchar(20) COLLATE utf8_unicode_ci NOT NULL,
  `LastSaleMan` varchar(10) COLLATE utf8_unicode_ci NOT NULL,
  `LastUpDtTmk` varchar(14) COLLATE utf8_unicode_ci DEFAULT NULL,
  PRIMARY KEY (`InsId`)
) ENGINE=MyISAM DEFAULT CHARSET=utf8 COLLATE=utf8_unicode_ci AUTO_INCREMENT=1 ;

-- 
-- 列出以下資料庫的數據： `car_insur`
-- 


-- --------------------------------------------------------

-- 
-- 資料表格式： `car_pur`
-- 

CREATE TABLE `car_pur` (
  `CarId` int(8) unsigned NOT NULL AUTO_INCREMENT,
  `SaleId` varchar(8) COLLATE utf8_unicode_ci NOT NULL,
  `FrNo10` varchar(50) COLLATE utf8_unicode_ci NOT NULL,
  `FrNo7` varchar(7) COLLATE utf8_unicode_ci NOT NULL,
  `CatId` varchar(8) COLLATE utf8_unicode_ci NOT NULL,
  `Color` varchar(10) COLLATE utf8_unicode_ci NOT NULL,
  `InColor` varchar(10) COLLATE utf8_unicode_ci NOT NULL,
  `OptList` varchar(100) COLLATE utf8_unicode_ci NOT NULL,
  `OrderNo` varchar(20) COLLATE utf8_unicode_ci NOT NULL,
  `Status` int(3) unsigned DEFAULT '0',
  `CllInNo` varchar(20) COLLATE utf8_unicode_ci NOT NULL,
  `OrderDat` varchar(10) COLLATE utf8_unicode_ci NOT NULL,
  `Supplier` varchar(20) COLLATE utf8_unicode_ci DEFAULT NULL,
  `Locat` varchar(10) COLLATE utf8_unicode_ci NOT NULL,
  `RsvFlag` varchar(1) COLLATE utf8_unicode_ci DEFAULT '0',
  `RsvMemo` varchar(50) COLLATE utf8_unicode_ci NOT NULL,
  `TestDrive` varchar(2) COLLATE utf8_unicode_ci DEFAULT '0',
  `TDCat` varchar(100) COLLATE utf8_unicode_ci NOT NULL,
  `OptPrice` varchar(10) COLLATE utf8_unicode_ci NOT NULL,
  PRIMARY KEY (`CarId`)
) ENGINE=MyISAM AUTO_INCREMENT=279 DEFAULT CHARSET=utf8 COLLATE=utf8_unicode_ci AUTO_INCREMENT=279 ;

-- 
-- 列出以下資料庫的數據： `car_pur`
-- 

INSERT INTO `car_pur` VALUES (1, '1', 'WMWXS7109H', 'T846232', 'XS71', '850', 'FYE1', '383.322', '9868956', 41, '', '105.07.01', '', '', '0', '', '0', '', '');
INSERT INTO `car_pur` VALUES (2, '', 'WMWYS3107H', '3A99326', 'YS31', 'B15', 'CXE1', '383', '1511119', 41, '', '105.11.01', '', '桃園', '0', '', '0', '', '');
INSERT INTO `car_pur` VALUES (3, '', 'WMWYS310XH', '3A99322', 'YS31', '851', 'CXE1', '382', '1511120', 41, '', '105.11.01', '', '桃園', '0', '', '0', '', '');
INSERT INTO `car_pur` VALUES (4, '2', 'WMWYS9105H', '3B63611', 'YS91', '851', 'TYE1', '0TY.382', '1515301', 41, '', '105.12.01', '', '', '0', '', '0', '', '');
INSERT INTO `car_pur` VALUES (5, '77', 'WMWLN3102H', '2E43605', 'LN31', 'C2B', 'CXE1', '382', '1516894', 41, '', '106.01.01', '', '', '0', '', '0', '', '');
INSERT INTO `car_pur` VALUES (6, '', 'WMWLN3100H', '2G26792', 'LN31', 'C2C', 'CXE1', '3AF', '1518662', 41, '', '106.02.01', '', '桃園', '0', '', '0', '', '');
INSERT INTO `car_pur` VALUES (7, '66', 'WMWLN3103H', '2G27287', 'LN31', '850', 'CXE1', '383.2HU', '0263541', 41, '', '106.03.01', '', '', '0', '', '0', '', '');
INSERT INTO `car_pur` VALUES (8, '', 'WMWLN3107H', '2G27518', 'LN31', '850', 'CXE1', '383', '0263542', 31, '', '106.03.01', '', '桃園', '0', '', '0', '', '');
INSERT INTO `car_pur` VALUES (9, '', 'WMWLN3109H', '2G27519', 'LN31', 'B83', 'CXE1', '382', '0263544', 11, '', '106.03.01', '', '桃園', '0', '', '0', '', '');
INSERT INTO `car_pur` VALUES (10, '', 'WMWLN3100H', '2G27540', 'LN31', 'C2B', 'CXE1', '382', '0263547', 21, '', '106.03.01', '', '', '0', '', '0', '', '');
INSERT INTO `car_pur` VALUES (11, '', 'WMWLN3103H', '2G27564', 'LN31', 'C2K', 'CXE1', '383', '0263552', 21, '', '106.03.01', '', '桃園', '0', '', '0', '', '');
INSERT INTO `car_pur` VALUES (12, '67', 'WMWLN7105H', '2F53555', 'LN71', 'C2C', 'CXE1', '3AF', '1518671', 41, '', '106.02.01', '', '', '0', '', '0', '', '');
INSERT INTO `car_pur` VALUES (13, '5', 'WMWLN7100H', '2F53415', 'LN71', '850', 'CXE1', '383', '1518665', 41, 'I1518665', '106.02.15', '台中', '', '0', '', '0', '', '');
INSERT INTO `car_pur` VALUES (14, '', 'WMWLN7102H', '2F53674', 'LN71', 'B83', 'CXE1', '382', '0263558', 41, '', '106.03.01', '', '', '0', '', '0', '', '');
INSERT INTO `car_pur` VALUES (15, '96', 'WMWLN710XH', '2F53972', 'LN71', 'C2B', 'CXE1', '382', '0263561', 31, '', '106.03.01', '', '', '0', '', '0', '', '');
INSERT INTO `car_pur` VALUES (16, '108', 'WMWLN7109H', '2F53879', 'LN71', 'C2C', 'CXE1', '3AF', '0263564', 31, '', '106.03.01', '', '', '0', '', '0', '', '');
INSERT INTO `car_pur` VALUES (17, '6', 'WMWLN7102H', '2F53917', 'LN71', '850', 'CXE1', '383', '0263555', 41, '', '106.03.01', '', '桃園', '0', '', '0', '', '');
INSERT INTO `car_pur` VALUES (18, '7', 'WMWLN7107H', '2F54044', 'LN71', 'C2C', 'CXE1', '302.3AF.5AS', '0263563', 31, '', '106.03.01', '', '桃園', '0', '', '0', '', '62000');
INSERT INTO `car_pur` VALUES (19, '', 'WMWLV9104H', '2G25728', 'LV91', '851', 'GSE1', '383', '1516911', 41, '', '106.01.01', '', '', '0', '', '0', '', '');
INSERT INTO `car_pur` VALUES (20, '8', 'WMWLV9101H', '2G25914', 'LV91', '850', 'GSE1', '3A3', '0263572', 41, '', '106.03.01', '', '', '0', '', '0', '', '');
INSERT INTO `car_pur` VALUES (21, '9', 'WMWLV9104H', '2G25969', 'LV91', '850', 'GSE1', '3A3', '0263573', 41, '', '106.03.01', '', '桃園', '0', '', '0', '', '');
INSERT INTO `car_pur` VALUES (22, '', 'WMWXM5101H', '2F37121', 'XM51', '850', 'FYE1', '383,322,3AG,894', '0263632', 31, '', '106.03.01', '', '桃園', '0', '', '0', '', '41000');
INSERT INTO `car_pur` VALUES (23, '', 'WMWXM5109H', '2F37173', 'XM51', 'B70', 'FYE1', '383,322,3AG,894', '0263637', 31, '', '106.03.01', '', '桃園', '0', '', '0', '', '41000');
INSERT INTO `car_pur` VALUES (24, '', 'WMWXM510XH', '2F37179', 'XM51', 'B83', 'FYE1', '382,322,3AG,345,4C3,4EU', '0263638', 31, '', '106.03.01', '', '桃園', '0', '', '0', '', '69000');
INSERT INTO `car_pur` VALUES (25, '10', 'WMWXM5106H', '2F37180', 'XM51', 'B83', 'FYE1', '382.322.3AG.894', '0263639', 41, '', '106.03.01', '', '', '0', '', '0', '', '');
INSERT INTO `car_pur` VALUES (26, '', 'WMWXM5109H', '2F37352', 'XM51', 'B83', 'FYE1', '382,322,3AG,894', '0263640', 31, '', '106.03.01', '', '', '0', '', '0', '', '41000');
INSERT INTO `car_pur` VALUES (27, '', 'WMWXM5105H', '2F37395', 'XM51', 'B86', 'FYE1', '382,322,3AG,345,4C3,4EU', '0263645', 31, '', '106.03.01', '', '桃園', '0', '', '0', '', '69000');
INSERT INTO `car_pur` VALUES (28, '11', 'WMWXM510XH', '2F36582', 'XM51', '850', 'FYE1', '383.322.3AG.894', '0263631', 41, '', '106.03.01', '', '', '0', '', '0', '', '');
INSERT INTO `car_pur` VALUES (29, '12', 'WMWXM5109H', '2F37402', 'XM51', 'C24', 'FYMJ', '7GD,3BT,4FQ,322,3AG', '0263648', 31, '', '106.03.01', '', '桃園', '0', '', '0', '', '81000');
INSERT INTO `car_pur` VALUES (30, '118', 'WMWXM7102H', '2E08624', 'XM71', '850', 'FYMJ', '7GD,3BT,4FQ,322,3AG', '1516982', 31, '', '106.01.01', '', '桃園', '0', '', '0', '', '71000');
INSERT INTO `car_pur` VALUES (31, '', 'WMWXM7108H', '2E09907', 'XM71', '850', 'FYE1', '383,322,3AG', '0263650', 11, '', '106.03.01', '', '', '0', '', '0', '', '41000');
INSERT INTO `car_pur` VALUES (32, '', 'WMWXM7107H', '2E09462', 'XM71', 'B70', 'FYE1', '383,322,3AG', '0263655', 31, '', '106.03.01', '', '新竹MINI', '0', '', '0', '', '41000');
INSERT INTO `car_pur` VALUES (33, '', 'WMWXM7105H', '2E09718', 'XM71', 'B83', 'FYE1', '382,322,3AG,345,346,4C3,4EU', '0263658', 31, '', '106.03.01', '', '桃園', '0', '', '0', '', '75000');
INSERT INTO `car_pur` VALUES (34, '', 'WMWXM7108H', '2E09812', 'XM71', 'B83', 'FYE1', '383,322,3AG', '0263663', 31, '', '106.03.01', '', '桃園', '0', '', '0', '', '41000');
INSERT INTO `car_pur` VALUES (35, '68', 'WMWXM7101H', '2E09828', 'XM71', 'C24', 'FYMJ', '7GD,3BT,4FQ,322,3AG', '0263665', 31, '', '106.03.01', '', '桃園', '0', '', '0', '', '71000');
INSERT INTO `car_pur` VALUES (36, '', 'WMWXM9103H', '2F96811', 'XM91', 'A94', 'GSE1', '3A3.3AZ.547.322.3AG', '1516990', 41, '', '106.01.01', '', '', '0', '', '0', '', '');
INSERT INTO `car_pur` VALUES (37, '', 'WMWXM910XH', '2F96904', 'XM91', '850', 'GSE1', '3A3,3AZ,547,322,3AG', '1518721', 31, '', '106.02.01', '', '展間', '0', '', '0', '', '61000');
INSERT INTO `car_pur` VALUES (38, '71', 'WMWXM9100H', '2F97429', 'XM91', '850', 'GSE1', '3A3,3AZ,322,3AG', '0263667', 31, '', '106.03.01', '', '桃園', '0', '', '0', '', '48000');
INSERT INTO `car_pur` VALUES (39, '93', 'WMWXM9104H', '2F97496', 'XM91', '851', 'GSE1', '329,383,322,3AG', '0263668', 31, '', '106.03.01', '', '桃園', '0', '', '0', '', '48000');
INSERT INTO `car_pur` VALUES (40, '', 'WMWXM9101H', '2F97293', 'XM91', 'A94', 'GSE1', '3A3,3AZ,322,3AG', '0263670', 31, '', '106.03.01', '', '桃園', '0', '', '0', '', '48000');
INSERT INTO `car_pur` VALUES (41, '102', 'WMWXN7107H', '2E90797', 'XN71', '850', 'BGE1', '255,507', '0263674', 31, '', '106.03.01', '', '桃園', '0', '', '0', '', '37000');
INSERT INTO `car_pur` VALUES (42, '65', 'WMWXN7107H', '2E90962', 'XN71', 'B83', 'BGE1', '255,507', '0263680', 31, '', '106.03.01', '', '桃園', '0', '', '0', '', '37000');
INSERT INTO `car_pur` VALUES (43, '', 'WMWXN7104H', '2E90952', 'XN71', 'B86', 'BGE1', '255,507', '0263682', 31, '', '106.03.01', '', '桃園', '0', '', '0', '', '37000');
INSERT INTO `car_pur` VALUES (44, '13', 'WMWXS1103H', '2C41080', 'XS11', 'B86', 'BGE1', '322.255', '1516928', 41, '', '106.01.01', '', '', '0', '', '0', '', '');
INSERT INTO `car_pur` VALUES (45, '14', 'WMWXS1106H', '2F73871', 'XS11', '850', 'BGE1', '255.507', '0263578', 41, '', '106.03.01', '', '', '0', '', '0', '', '');
INSERT INTO `car_pur` VALUES (46, '15', 'WMWXS1106H', '2F74129', 'XS11', 'B69', 'BGE1', '255.507', '0263585', 41, '', '106.03.01', '', '', '0', '', '0', '', '');
INSERT INTO `car_pur` VALUES (47, '76', 'WMWXS510XH', '2G12422', 'XS51', 'C24', 'FYMJ', '7GD,3BT,4FQ,322,3AG', '1516963', 31, '', '106.01.01', '', '桃園', '0', '', '0', '', '81000');
INSERT INTO `car_pur` VALUES (48, '16', 'WMWXS5103H', '2G12956', 'XS51', 'B83', 'FYE1', '382.3AG.322.894', '1518693', 41, '', '106.02.01', '', '', '0', '', '0', '', '');
INSERT INTO `car_pur` VALUES (49, '97', 'WMWXS5107H', '2G12099', 'XS51', 'B70', 'FYE1', '383,3AG,322,894', '1517001', 31, '', '106.01.01', '', '', '0', '', '0', '', '41000');
INSERT INTO `car_pur` VALUES (50, '', 'WMWXS5106H', '2G12952', 'XS51', 'B83', 'FYE1', '382,322,3AG', '1518692', 31, '', '106.02.01', '', '桃園', '0', '', '0', '', '41000');
INSERT INTO `car_pur` VALUES (51, '', 'WMWXS5100H', '2G12980', 'XS51', 'B83', 'FYE1', '383,3AG,322,894', '1518697', 31, '', '106.02.01', '', '桃園', '0', '', '0', '', '41000');
INSERT INTO `car_pur` VALUES (52, '', 'WMWXS5107H', '2G13284', 'XS51', 'C24', 'FYMJ', '7GD,3BT,4FQ,322,3AG', '1518707', 31, '', '106.02.01', '', '新竹MINI', '0', '', '0', '', '81000');
INSERT INTO `car_pur` VALUES (53, '', 'WMWXS5107H', '2G13768', 'XS51', '850', 'FYE1', '383,322,3AG,894', '0263594', 31, '', '106.03.01', '', '桃園', '0', '', '0', '', '41000');
INSERT INTO `car_pur` VALUES (54, '', 'WMWXS5101H', '2G13782', 'XS51', '850', 'FYMJ', '7GD,3BT,4FQ,322,3AG', '0263600', 31, '', '106.03.01', '', '桃園', '0', '', '0', '', '81000');
INSERT INTO `car_pur` VALUES (55, '78', 'WMWXS510XH', '2G13490', 'XS51', 'B83', 'FYE1', '382,322,3AG,894', '0263610', 31, '', '106.03.01', '', '桃園', '0', '', '0', '', '41000');
INSERT INTO `car_pur` VALUES (56, '', 'WMWXS5101H', '2G13491', 'XS51', 'B83', 'FYE1', '382,322,3AG,894', '0263611', 11, '', '106.03.01', '', '', '0', '', '0', '', '41000');
INSERT INTO `car_pur` VALUES (57, '', 'WMWXS5105H', '2G14286', 'XS51', 'C24', 'FYMJ', '7GD,3BT,4FQ,322,3AG', '0263621', 31, '', '106.03.01', '', '桃園', '0', '', '0', '', '81000');
INSERT INTO `car_pur` VALUES (58, '', 'WMWXS5106H', '2G14698', 'XS51', 'C24', 'FYMJ', '7GD,3BT,4FQ,322,3AG', '0263622', 11, '', '106.03.01', '', '', '0', '', '0', '', '81000');
INSERT INTO `car_pur` VALUES (59, '', 'WMWXS7105H', '2G42326', 'XS71', 'C24', 'FYMJ', '7GD,3BT,4FQ,322,3AG', '0263628', 11, '', '106.03.01', '', '', '0', '', '0', '', '71000');
INSERT INTO `car_pur` VALUES (60, '', 'WMWYS3100H', '3A99720', 'YS31', 'B71', 'CXE1', '382', '1515531', 41, '', '106.01.01', '', '桃園', '0', '', '0', '', '');
INSERT INTO `car_pur` VALUES (61, '74', 'WMWYS3103H', '3D62623', 'YS31', '851', 'CXE1', '382', '1518731', 41, '', '106.02.01', '', '桃園', '0', '', '0', '', '');
INSERT INTO `car_pur` VALUES (62, '86', 'WMWYS3108H', '3D62620', 'YS31', '851', 'CXE1', '383', '1518734', 41, '', '106.02.01', '', '桃園', '0', '', '0', '', '');
INSERT INTO `car_pur` VALUES (63, '81', 'WMWYS3102H', '3D62807', 'YS31', 'B15', 'CXE1', '383', '1518749', 41, '', '106.02.01', '', '桃園', '0', '', '0', '', '');
INSERT INTO `car_pur` VALUES (64, '103', 'WMWYS3107H', '3D62902', 'YS31', 'C2K', 'CXE1', '383', '1518761', 41, '', '106.02.01', '', '桃園', '0', '', '0', '', '');
INSERT INTO `car_pur` VALUES (65, '17', 'WMWYS310XH', '3D62618', 'YS31', '851', 'CXE1', '382', '1518732', 41, '', '106.02.01', '', '', '0', '', '0', '', '');
INSERT INTO `car_pur` VALUES (66, '18', 'WMWYS3102H', '3D62810', 'YS31', 'B15', 'CXE1', '383', '1518750', 41, '', '106.02.01', '', '', '0', '', '0', '', '');
INSERT INTO `car_pur` VALUES (67, '19', 'WMWYS310XH', '3D62909', 'YS31', 'C2K', 'CXE1', '383', '1518762', 41, '', '106.02.01', '', '', '0', '', '0', '', '');
INSERT INTO `car_pur` VALUES (68, '20', 'WMWYS3105H', '3D62882', 'YS31', 'C2M', 'CXE1', '382', '1518768', 41, '', '106.02.01', '', '', '0', '', '0', '', '');
INSERT INTO `car_pur` VALUES (69, '85', 'WMWYS3108H', '3D62990', 'YS31', '851', 'CXE1', '382', '0263691', 11, '', '106.03.01', '', '桃園', '0', '', '0', '', '');
INSERT INTO `car_pur` VALUES (70, '88', 'WMWYS3101H', '3D62992', 'YS31', '851', 'CXE1', '382', '0263692', 31, '', '106.03.01', '', '桃園', '0', '', '0', '', '');
INSERT INTO `car_pur` VALUES (71, '94', 'WMWYS3103H', '3D62993', 'YS31', '851', 'CXE1', '383', '0263693', 31, '', '106.03.01', '', '桃園', '0', '', '0', '', '');
INSERT INTO `car_pur` VALUES (72, '100', 'WMWYS3109H', '3D63131', 'YS31', 'B15', 'CXE1', '383', '0263703', 31, '', '106.03.01', '', '桃園', '0', '', '0', '', '');
INSERT INTO `car_pur` VALUES (73, '', 'WMWYS3100H', '3D63132', 'YS31', 'B15', 'CXE1', '383', '0263704', 11, '', '106.03.01', '', '', '0', '', '0', '', '');
INSERT INTO `car_pur` VALUES (74, '', 'WMWYS310XH', '3D63185', 'YS31', 'B15', 'CXE1', '383', '0263705', 11, '', '106.03.01', '', '', '0', '', '0', '', '');
INSERT INTO `car_pur` VALUES (75, '', 'WMWYS3104H', '3D63151', 'YS31', 'B71', 'CXE1', '383', '0263716', 31, '', '106.03.01', '', '桃園', '0', '', '0', '', '');
INSERT INTO `car_pur` VALUES (76, '', 'WMWYS3105H', '3D63160', 'YS31', 'C2K', 'CXE1', '383', '0263724', 11, '', '106.03.01', '', '桃園', '0', '', '0', '', '');
INSERT INTO `car_pur` VALUES (77, '4', 'WMWYS310XH', '3D63283', 'YS31', 'C2M', 'CXE1', '382', '0263729', 31, '', '106.03.01', '', '桃園', '0', '', '0', '', '');
INSERT INTO `car_pur` VALUES (78, '109', 'WMWYS3103H', '3D63285', 'YS31', 'C2M', 'CXE1', '382', '0263730', 31, '', '106.03.01', '', '桃園', '0', '', '0', '', '');
INSERT INTO `car_pur` VALUES (79, '62', 'WMWYS9107H', '3B63836', 'YS91', 'B15', 'CXE1', '383.20G', '1515563', 41, '', '106.01.01', '', '', '0', '', '0', '', '');
INSERT INTO `car_pur` VALUES (80, '106', 'WMWYS9102H', '3B63923', 'YS91', '851', 'CXE1', '382', '1518782', 41, '', '106.02.01', '', '', '0', '', '0', '', '');
INSERT INTO `car_pur` VALUES (81, '91', 'WMWYS9101H', '3D85384', 'YS91', 'B15', 'CXE1', '20G,2XC,383', '1518798', 31, '', '106.02.01', '', '桃園', '0', '', '0', '', '14000');
INSERT INTO `car_pur` VALUES (82, '', 'WMWYS9109H', '3D85374', 'YS91', 'B58', 'CXE1', '2XC,383', '1518804', 31, '', '106.02.01', '', '桃園', '0', '', '0', '', '7000');
INSERT INTO `car_pur` VALUES (83, '21', 'WMWYS9100H', '3D85375', 'YS91', 'B15', 'CXE1', '383', '1518791', 41, '', '106.02.01', '', '', '0', '', '0', '', '');
INSERT INTO `car_pur` VALUES (84, '22', 'WMWYS9104H', '3D85458', 'YS91', 'B71', 'CXE1', '20G.2XC.383', '1518807', 41, '', '106.02.01', '', '', '0', '', '0', '', '');
INSERT INTO `car_pur` VALUES (85, '115', 'WMWYS9106H', '3D85462', 'YS91', '851', 'CXE1', '382', '0263746', 41, '', '106.03.01', '', '桃園', '0', '', '0', '', '');
INSERT INTO `car_pur` VALUES (86, '', 'WMWYS9105H', '3D85467', 'YS91', '851', 'CXE1', '382', '0263747', 11, '', '106.03.01', '', '', '0', '', '0', '', '');
INSERT INTO `car_pur` VALUES (87, '112', 'WMWYS9101H', '3D85482', 'YS91', '851', 'CXE1', '383', '0263748', 41, '', '106.03.01', '', '桃園', '0', '', '0', '', '');
INSERT INTO `car_pur` VALUES (88, '117', 'WMWYS9104H', '3D85590', 'YS91', 'B15', 'CXE1', '383', '0263755', 41, '', '106.03.01', '', '桃園', '0', '', '0', '', '');
INSERT INTO `car_pur` VALUES (89, '', 'WMWYS9108H', '3D85592', 'YS91', 'B15', 'CXE1', '383', '0263756', 31, '', '106.03.01', '', '桃園', '0', '', '0', '', '');
INSERT INTO `car_pur` VALUES (90, '23', 'WMWYS9108H', '3D85639', 'YS91', 'C1V', 'TYE1', '0TY,383', '0263773', 31, '', '106.03.01', '', '桃園', '0', '', '0', '', '79000');
INSERT INTO `car_pur` VALUES (91, '24', 'WMWYS9105H', '3D85646', 'YS91', 'C2M', 'CXE1', '382', '0263780', 31, '', '106.03.01', '', '桃園', '0', '', '0', '', '');
INSERT INTO `car_pur` VALUES (92, '25', 'WMWYS9107H', '3D85647', 'YS91', 'C2M', 'CXE1', '382', '0263781', 41, '', '106.03.01', '', '桃園', '0', '', '0', '', '');
INSERT INTO `car_pur` VALUES (93, '82', 'WMWYV9109J', '3B89738', 'YV91', '851', 'GSE1', '383,3A7', '0263790', 31, '', '106.03.01', '', '桃園', '0', '', '0', '', '16000');
INSERT INTO `car_pur` VALUES (94, '', 'WMWYV9100J', '3B89742', 'YV91', '851', 'GSE1', '383,3A7', '0263791', 31, '', '106.03.01', '', '桃園', '0', '', '0', '', '16000');
INSERT INTO `car_pur` VALUES (95, '', 'WMWYV9101J', '3B89748', 'YV91', 'A94', 'GSE1', '3A3,3A8', '0263796', 31, '', '106.03.01', '', '桃園', '0', '', '0', '', '16000');
INSERT INTO `car_pur` VALUES (96, '', 'WMWYV9109J', '3B89755', 'YV91', 'B15', 'GSE1', '3A3,3A8', '0263802', 31, '', '106.03.01', '', '桃園', '0', '', '0', '', '16000');
INSERT INTO `car_pur` VALUES (97, '', 'WMWLN3105H', '2G27890', 'LN31', '850', 'CXE1', '383', '0264117', 11, '', '106.04.01', '', '', '0', '', '0', '', '');
INSERT INTO `car_pur` VALUES (98, '', 'WMWLN3102H', '2G27877', 'LN31', 'B83', 'CXE1', '382', '0264119', 11, '', '106.04.01', '', '', '0', '', '0', '', '');
INSERT INTO `car_pur` VALUES (99, '', 'WMWLN310XH', '2G28078', 'LN31', 'C2C', 'CXE1', '3AF', '0264122', 21, '', '106.04.01', '', '', '0', '', '0', '', '');
INSERT INTO `car_pur` VALUES (100, '26', 'WMWLN7106H', '2F54083', 'LN71', '850', 'CXE1', '302345383402', '0264126', 31, '', '106.04.01', '', '桃園', '0', '', '0', '', '97000');
INSERT INTO `car_pur` VALUES (101, '', 'WMWLN7105H', '2F54074', 'LN71', '850', 'CXE1', '383', '0264127', 11, '', '106.04.01', '', '', '0', '', '0', '', '');
INSERT INTO `car_pur` VALUES (102, '', 'WMWLN7104H', '2F54244', 'LN71', 'C2B', 'CXE1', '382', '0264133', 21, '', '106.04.01', '', '桃園', '0', '', '0', '', '');
INSERT INTO `car_pur` VALUES (103, '116', 'WMWLV9109H', '2G26051', 'LV91', '850', 'GSE1', '3A3,3A8', '0264138', 31, '', '106.04.01', '', '桃園', '0', '', '0', '', '16000');
INSERT INTO `car_pur` VALUES (104, '27', 'WMWLV910XH', '2G26043', 'LV91', '850', 'GSE1', '3A3,5A4,5AS.4GX', '0264140', 31, '', '106.04.01', '', '桃園', '0', '', '0', '', '71000');
INSERT INTO `car_pur` VALUES (105, '', 'WMWXS1108H', '2F74424', 'XS11', '850', 'BGE1', '255,507', '0264143', 31, '', '106.04.01', '', '桃園', '0', '', '0', '', '37000');
INSERT INTO `car_pur` VALUES (106, '28', 'WMWXS1100H', '2F74420', 'XS11', 'B83', 'BGE1', '255,507', '0264151', 31, '', '106.04.01', '', '桃園', '0', '', '0', '', '37000');
INSERT INTO `car_pur` VALUES (107, '83', 'WMWXS1102H', '2F74421', 'XS11', 'B83', 'BGE1', '255,507', '0264152', 31, '', '106.04.01', '', '桃園', '0', '', '0', '', '37000');
INSERT INTO `car_pur` VALUES (108, '', 'WMWXS5102H', '2G14746', 'XS51', '850', 'FYE1', '383,322,3AG,894', '0264159', 11, '', '106.04.01', '', '', '0', '', '0', '', '41000');
INSERT INTO `car_pur` VALUES (109, '', 'WMWXS5104H', '2G14974', 'XS51', '850', 'FYE1', '383,322,3AG,894', '0264160', 11, '', '106.04.01', '', '', '0', '', '0', '', '41000');
INSERT INTO `car_pur` VALUES (110, '', 'WMWXS5101H', '2G14995', 'XS51', '850', 'FYMJ', '3BT,4FQ,7GD,322,3AG', '0264161', 11, '', '106.04.01', '', '', '0', '', '0', '', '81000');
INSERT INTO `car_pur` VALUES (111, '', 'WMWXS5102H', '2G14939', 'XS51', 'B70', 'FYE1', '383,322,3AG,894', '0264166', 11, '', '106.04.01', '', '', '0', '', '0', '', '41000');
INSERT INTO `car_pur` VALUES (112, '', 'WMWXS5109H', '2G15134', 'XS51', 'B83', 'FYE1', '382,322,3AG,894', '0264167', 21, '', '106.04.01', '', '', '0', '', '0', '', '41000');
INSERT INTO `car_pur` VALUES (113, '', 'WMWXS5109H', '2G15358', 'XS51', 'B83', 'FYE1', '383,322,3AG,894', '0264175', 21, '', '106.04.01', '', '', '0', '', '0', '', '41000');
INSERT INTO `car_pur` VALUES (114, '', 'WMWXS5103H', '2G15128', 'XS51', 'C24', 'FYMJ', '3BT,4FQ,7GD,322,3AG', '0264177', 21, '', '106.04.01', '', '', '0', '', '0', '', '81000');
INSERT INTO `car_pur` VALUES (115, '', 'WMWXS5103H', '2G15131', 'XS51', 'C24', 'FYMJ', '3BT,4FQ,7GD,322,3AG', '0264178', 21, '', '106.04.01', '', '', '0', '', '0', '', '81000');
INSERT INTO `car_pur` VALUES (116, '29', 'WMWXS7109H', '2G42491', 'XS71', '850', 'FYMJ', '3BT,4FQ,7GD,322,3AG', '0264179', 31, '', '106.04.01', '', '桃園', '0', '', '0', '', '71000');
INSERT INTO `car_pur` VALUES (117, '30', 'WMWXS7106H', '2G42559', 'XS71', 'C24', 'TYE1', '0TY,3BT,6UM,7GD,322,3AG', '0264181', 31, '', '106.04.01', '', '', '0', '', '0', '', '219000');
INSERT INTO `car_pur` VALUES (118, '', 'WMWXM5106H', '2F37843', 'XM51', '850', 'FYMJ', '3BT,4FQ,7GD,322,3AG', '0264184', 11, '', '106.04.01', '', '', '0', '', '0', '', '81000');
INSERT INTO `car_pur` VALUES (119, '114', 'WMWXM5108H', '2F37844', 'XM51', 'B22', 'FYMJ', '3BT,4FQ,7GD,322,3AG', '0264185', 31, '', '106.04.01', '', '', '0', '', '0', '', '81000');
INSERT INTO `car_pur` VALUES (120, '', 'WMWXM5102H', '2F37872', 'XM51', 'B83', 'FYE1', '383,322,3AG,894', '0264194', 31, '', '106.04.01', '', '桃園', '0', '', '0', '', '41000');
INSERT INTO `car_pur` VALUES (121, '31', 'WMWXM5102H', '2F37743', 'XM51', 'A94', 'FYE1', '322,3AG,894', '0264195', 31, '', '106.04.01', '', '桃園', '0', '', '0', '', '41000');
INSERT INTO `car_pur` VALUES (122, '', 'WMWXM5105H', '2F37848', 'XM51', 'C24', 'FYMJ', '3BT,4FQ,7GD,322,3AG', '0264197', 11, '', '106.04.01', '', '', '0', '', '0', '', '81000');
INSERT INTO `car_pur` VALUES (123, '', 'WMWXM5108H', '2F37889', 'XM51', 'C24', 'FYMJ', '3BT,4FQ,7GD,322,3AG', '0264198', 11, '', '106.04.01', '', '', '0', '', '0', '', '81000');
INSERT INTO `car_pur` VALUES (124, '', 'WMWXM7109H', '2E10094', 'XM71', '850', 'FYMJ', '3BT,4FQ,7GD,322,3AG', '0264203', 11, '', '106.04.01', '', '', '0', '', '0', '', '71000');
INSERT INTO `car_pur` VALUES (125, '32', 'WMWXM7108H', '2E10247', 'XM71', 'B69', 'FYE1', '382,674,322,3AG', '0264206', 31, '', '106.04.01', '', '桃園', '0', '', '0', '', '93000');
INSERT INTO `car_pur` VALUES (126, '', 'WMWXM7104H', '2E10312', 'XM71', 'B83', 'FYE1', '382,322,3AG', '0264209', 11, '', '106.04.01', '', '', '0', '', '0', '', '41000');
INSERT INTO `car_pur` VALUES (127, '', 'WMWXM7107H', '2E10286', 'XM71', 'C24', 'FYMJ', '3AF,3BT,4FQ,7GD,322,3AG', '0264213', 11, '', '106.04.01', '', '', '0', '', '0', '', '71000');
INSERT INTO `car_pur` VALUES (128, '', 'WMWXM9107H', '2F97637', 'XM91', '851', 'GSE1', '329,383,322,3AG', '0264217', 31, '', '106.04.01', '', '桃園', '0', '', '0', '', '48000');
INSERT INTO `car_pur` VALUES (129, '', 'WMWXM9109H', '2F97753', 'XM91', 'A94', 'GSE1', '3A3,3AZ,322,3AG', '0264220', 21, '', '106.04.01', '', '', '0', '', '0', '', '48000');
INSERT INTO `car_pur` VALUES (130, '', 'WMWXN7109H', '2E91157', 'XN71', '850', 'BGE1', '255,507', '0264223', 31, '', '106.04.01', '', '桃園', '0', '', '0', '', '37000');
INSERT INTO `car_pur` VALUES (131, '69', 'WMWXN7104H', '2E91244', 'XN71', 'B83', 'BGE1', '255,507', '0264230', 31, '', '106.04.01', '', '桃園', '0', '', '0', '', '37000');
INSERT INTO `car_pur` VALUES (132, '', 'WMWYS3107H', '3D63371', 'YS31', '851', 'CXE1', '382', '0264237', 31, '', '106.04.01', '', '桃園', '0', '', '0', '', '');
INSERT INTO `car_pur` VALUES (133, '', 'WMWYS3109H', '3D63372', 'YS31', '851', 'CXE1', '382', '0264238', 11, '', '106.04.01', '', '', '0', '', '0', '', '');
INSERT INTO `car_pur` VALUES (134, '', 'WMWYS3102H', '3D63374', 'YS31', '851', 'CXE1', '383', '0264239', 31, '', '106.04.01', '', '桃園', '0', '', '0', '', '');
INSERT INTO `car_pur` VALUES (135, '', 'WMWYS3108H', '3D63606', 'YS31', 'B15', 'CXE1', '383', '0264250', 11, '', '106.04.01', '', '', '0', '', '0', '', '');
INSERT INTO `car_pur` VALUES (136, '', 'WMWYS3108H', '3D63587', 'YS31', 'B15', 'CXE1', '383', '0264251', 11, '', '106.04.01', '', '', '0', '', '0', '', '');
INSERT INTO `car_pur` VALUES (137, '', 'WMWYS310XH', '3D63588', 'YS31', 'B15', 'CXE1', '383', '0264252', 21, '', '106.04.01', '', '', '0', '', '0', '', '');
INSERT INTO `car_pur` VALUES (138, '', 'WMWYS310XH', '3D63719', 'YS31', 'B71', 'CXE1', '383', '0264259', 21, '', '106.04.01', '', '', '0', '', '0', '', '');
INSERT INTO `car_pur` VALUES (139, '', 'WMWYS3106H', '3D63720', 'YS31', 'C1V', 'CXE1', '383', '0264260', 21, '', '106.04.01', '', '', '0', '', '0', '', '');
INSERT INTO `car_pur` VALUES (140, '', 'WMWYS3105H', '3D63661', 'YS31', 'C2K', 'CXE1', '383', '0264261', 21, '', '106.04.01', '', '', '0', '', '0', '', '');
INSERT INTO `car_pur` VALUES (141, '', 'WMWYS3104H', '3D63635', 'YS31', 'C2M', 'CXE1', '382', '0264266', 21, '', '106.04.01', '', '', '0', '', '0', '', '');
INSERT INTO `car_pur` VALUES (142, '', 'WMWYS3106H', '3D63636', 'YS31', 'C2M', 'CXE1', '382', '0264267', 11, '', '106.04.01', '', '', '0', '', '0', '', '');
INSERT INTO `car_pur` VALUES (143, '', 'WMWYS3106H', '3D63703', 'YS31', 'C2M', 'CXE1', '382', '0264268', 21, '', '106.04.01', '', '', '0', '', '0', '', '');
INSERT INTO `car_pur` VALUES (144, '84', 'WMWYS9109H', '3D85908', 'YS91', '851', 'CXE1', '383', '0264287', 31, '', '106.04.01', '', '桃園', '0', '', '0', '', '');
INSERT INTO `car_pur` VALUES (145, '', 'WMWYS9109H', '3D86055', 'YS91', 'B15', 'CXE1', '383', '0264297', 21, '', '106.04.01', '', '', '0', '', '0', '', '');
INSERT INTO `car_pur` VALUES (146, '33', 'WMWYS9101H', '3D86115', 'YS91', 'B15', 'NYM9', '0NY,20G,223,346,383,3CA,402,497,4F6,4G6,5AS,674', '0264298', 21, '', '106.04.01', '', '', '0', '', '0', '', '361000');
INSERT INTO `car_pur` VALUES (147, '34', 'WMWYS9102H', '3D86026', 'YS91', 'B71', 'CXE1', '383,674,6AD,957', '0264299', 31, '', '106.04.01', '', '', '0', '', '0', '', '216000');
INSERT INTO `car_pur` VALUES (148, '', 'WMWYS9107H', '3D86054', 'YS91', 'C1V', 'CXE1', '20K,329,383,4G5', '0264300', 31, '', '106.04.01', '', '桃園', '0', '', '0', '', '68000');
INSERT INTO `car_pur` VALUES (149, '35', 'WMWYS9105H', '3D86005', 'YS91', 'C2K', 'NYM9', '0NY,345,382,402,497,4F1,674', '0264303', 31, '', '106.04.01', '', '桃園', '0', '', '0', '', '215000');
INSERT INTO `car_pur` VALUES (150, '', 'WMWYS9106H', '3D86045', 'YS91', 'C2M', 'CXE1', '382', '0264310', 11, '', '106.04.01', '', '', '0', '', '0', '', '');
INSERT INTO `car_pur` VALUES (151, '37', 'WMWYS9101H', '3D86051', 'YS91', 'C2M', 'CXE1', '382', '0264311', 31, '', '106.04.01', '', '', '0', '', '0', '', '');
INSERT INTO `car_pur` VALUES (152, '38', 'WMWYS9101H', '3D86079', 'YS91', 'C2M', 'CXE1', '382,402', '0264312', 31, '', '106.04.01', '', '', '0', '', '0', '', '64000');
INSERT INTO `car_pur` VALUES (153, '39', 'WMWYS9107H', '3D86040', 'YS91', 'C2M', 'CXE1', '383', '0264314', 31, '', '106.04.01', '', '桃園', '0', '', '0', '', '');
INSERT INTO `car_pur` VALUES (154, '119', 'WMWYV9102J', '3B89919', 'YV91', 'A94', 'GSE1', '3A3,3A8', '0264316', 31, '', '106.04.01', '', '桃園', '0', '', '0', '', '16000');
INSERT INTO `car_pur` VALUES (155, '', 'WMWLN3109H', '2G28590', 'LN31', '850', 'CXE1', '383', '0265785', 11, '', '106.05.01', '', '', '0', '', '0', '', '');
INSERT INTO `car_pur` VALUES (156, '', 'WMWLN7104H', '2G67000', 'LN71', '850', 'CXE1', '383', '0265788', 21, '', '106.05.01', '', '', '0', '', '0', '', '');
INSERT INTO `car_pur` VALUES (157, '', 'WMWLN7109H', '2G66991', 'LN71', 'C2C', 'CXE1', '3AF', '0265792', 21, '', '106.05.01', '', '', '0', '', '0', '', '');
INSERT INTO `car_pur` VALUES (158, '40', 'WMWLV9107H', '2G26128', 'LV91', 'C2K', 'GSE1', '302,345,3A3,4GV,508,5DP,6AD,6UM', '0265794', 31, '', '106.05.01', '', '桃園', '0', '', '0', '', '174000');
INSERT INTO `car_pur` VALUES (159, '41', 'WMWXS1106H', '2F74910', 'XS11', 'B70', 'BGE1', '255,507', '0265802', 11, '', '106.05.01', '', '', '0', '', '0', '', '37000');
INSERT INTO `car_pur` VALUES (160, '', 'WMWXS5104H', '2G15560', 'XS51', '850', 'FYE1', '383,322,3AG,894', '0265808', 21, '', '106.05.01', '', '', '0', '', '0', '', '41000');
INSERT INTO `car_pur` VALUES (161, '', 'WMWXS5109H', '2G15568', 'XS51', '850', 'FYMJ', '3BT,4FQ,7GD,322,3AG', '0265813', 21, '', '106.05.01', '', '', '0', '', '0', '', '81000');
INSERT INTO `car_pur` VALUES (162, '', 'WMWXS5102H', '2G16268', 'XS51', 'B83', 'FYE1', '382,322,3AG', '0265827', 11, '', '106.05.01', '', '', '0', '', '0', '', '41000');
INSERT INTO `car_pur` VALUES (163, '42', 'WMWXS5109H', '2G16252', 'XS51', 'B86', 'FYE1', '382,322,3AG', '0265829', 11, '', '106.05.01', '', '', '0', '', '0', '', '41000');
INSERT INTO `car_pur` VALUES (164, '', 'WMWXS510XH', '2G15952', 'XS51', 'C24', 'FYMJ', '3BT,4FQ,7GD,322,3AG', '0265831', 11, '', '106.05.01', '', '', '0', '', '0', '', '81000');
INSERT INTO `car_pur` VALUES (165, '', 'WMWXS7106H', '2G42738', 'XS71', '850', 'FYE1', '2ED,383,322,3AG', '0265832', 21, '', '106.05.01', '', '', '0', '', '0', '', '41000');
INSERT INTO `car_pur` VALUES (166, '', 'WMWXS7102H', '2G42851', 'XS71', 'B83', 'FYE1', '2ED,382,322,3AG', '0265834', 11, '', '106.05.01', '', '', '0', '', '0', '', '41000');
INSERT INTO `car_pur` VALUES (167, '', 'WMWXM510XH', '2F38476', 'XM51', '850', 'FYMJ', '3BT,4FQ,7GD,322,3AG', '0265838', 21, '', '106.05.01', '', '', '0', '', '0', '', '81000');
INSERT INTO `car_pur` VALUES (168, '43', 'WMWXM5108H', '2F38704', 'XM51', 'B71', 'FYE1', '2GZ,383,473,4AA,508,5DP,322,3AG', '0265842', 21, '', '106.05.01', '', '', '0', '', '0', '', '102000');
INSERT INTO `car_pur` VALUES (169, '', 'WMWXM5100H', '2F39023', 'XM51', 'B83', 'FYE1', '382,322,3AG', '0265844', 21, '', '106.05.01', '', '', '0', '', '0', '', '41000');
INSERT INTO `car_pur` VALUES (170, '', 'WMWXM7101H', '2E10560', 'XM71', '850', 'FYE1', '383,322,3AG', '0265848', 21, '', '106.05.01', '', '', '0', '', '0', '', '41000');
INSERT INTO `car_pur` VALUES (171, '', 'WMWXM7109H', '2E10970', 'XM71', 'B83', 'FYE1', '383,322,3AG', '0265854', 11, '', '106.05.01', '', '', '0', '', '0', '', '41000');
INSERT INTO `car_pur` VALUES (172, '', '', '', 'XM71', 'C24', 'FYMJ', '3BT,4FQ,7GD,322,3AG', '0265855', 1, '', '106.05.01', '', '', '0', '', '0', '', '71000');
INSERT INTO `car_pur` VALUES (173, '', 'WMWXM9102H', '2F97836', 'XM91', '851', 'GSE1', '329,383,322,3AG', '0265858', 21, '', '106.05.01', '', '', '0', '', '0', '', '48000');
INSERT INTO `car_pur` VALUES (174, '44', 'WMWXM9102H', '2F98050', 'XM91', 'A94', 'GSE1', '3A3,3AZ,322,3AG', '0265860', 11, '', '106.05.01', '', '', '0', '', '0', '', '48000');
INSERT INTO `car_pur` VALUES (175, '', 'WMWXN7105H', '2E91463', 'XN71', '850', 'BGE1', '255,507', '0265865', 11, '', '106.05.01', '', '', '0', '', '0', '', '37000');
INSERT INTO `car_pur` VALUES (176, '45', 'WMWWG7106H', '3D14534', 'WG71', '850', 'TYE1', '223,2E4,2TB,2XC,345,3BE,3YR,473,508,5AS,5DP,674,894', '0265873', 21, '', '106.05.01', '', '', '0', '', '0', '', '476000');
INSERT INTO `car_pur` VALUES (177, '', 'WMWYS3105H', '3D63983', 'YS31', '851', 'CXE1', '382', '0265879', 21, '', '106.05.01', '', '', '0', '', '0', '', '');
INSERT INTO `car_pur` VALUES (178, '', 'WMWYS3107H', '3D63984', 'YS31', '851', 'CXE1', '382', '0265880', 21, '', '106.05.01', '', '', '0', '', '0', '', '');
INSERT INTO `car_pur` VALUES (179, '', 'WMWYS3103H', '3D63982', 'YS31', '851', 'CXE1', '383', '0265881', 21, '', '106.05.01', '', '', '0', '', '0', '', '');
INSERT INTO `car_pur` VALUES (180, '', 'WMWYS3109H', '3D64036', 'YS31', 'B15', 'CXE1', '383', '0265890', 21, '', '106.05.01', '', '', '0', '', '0', '', '');
INSERT INTO `car_pur` VALUES (181, '', 'WMWYS3100H', '3D64037', 'YS31', 'B15', 'CXE1', '383', '0265891', 21, '', '106.05.01', '', '', '0', '', '0', '', '');
INSERT INTO `car_pur` VALUES (182, '', 'WMWYS3109H', '3D64103', 'YS31', 'C24', 'CXE1', '382,IND', '0265908', 11, '', '106.05.01', '', '', '0', '', '0', '', '23000');
INSERT INTO `car_pur` VALUES (183, '', 'WMWYS3104H', '3D64106', 'YS31', 'C24', 'CXE1', '383,IND', '0265909', 11, '', '106.05.01', '', '', '0', '', '0', '', '23000');
INSERT INTO `car_pur` VALUES (184, '', 'WMWYS3101H', '3D64242', 'YS31', 'C2M', 'CXE1', '382', '0265918', 11, '', '106.05.01', '', '', '0', '', '0', '', '');
INSERT INTO `car_pur` VALUES (185, '', 'WMWYS3100H', '3D64278', 'YS31', 'C2M', 'CXE1', '382', '0265919', 11, '', '106.05.01', '', '', '0', '', '0', '', '');
INSERT INTO `car_pur` VALUES (186, '', 'WMWYS3102H', '3D64279', 'YS31', 'C2M', 'CXE1', '382', '0265920', 11, '', '106.05.01', '', '', '0', '', '0', '', '');
INSERT INTO `car_pur` VALUES (187, '', 'WMWYS3102H', '3D64282', 'YS31', 'C2M', 'CXE1', '382', '0265921', 11, '', '106.05.01', '', '', '0', '', '0', '', '');
INSERT INTO `car_pur` VALUES (188, '46', '', '', 'YS31', 'C2M', 'CXE1', '382,508,5AS,5DP', '0265927', 1, '', '106.05.01', '', '', '0', '', '0', '', '71000');
INSERT INTO `car_pur` VALUES (189, '47', 'WMWYS9104H', '3D86237', 'YS91', '851', 'CXE1', '223,383,3CA,497,4F6,5AS', '0265937', 21, '', '106.05.01', '', '桃園', '0', '', '0', '', '147000');
INSERT INTO `car_pur` VALUES (190, '', 'WMWYS9106H', '3D86238', 'YS91', '851', 'CXE1', '382', '0265938', 11, '', '106.05.01', '', '', '0', '', '0', '', '');
INSERT INTO `car_pur` VALUES (191, '', 'WMWYS9107H', '3D86250', 'YS91', '851', 'CXE1', '383', '0265945', 21, '', '106.05.01', '', '', '0', '', '0', '', '');
INSERT INTO `car_pur` VALUES (192, '', 'WMWYS9102H', '3D86253', 'YS91', '851', 'CXE1', '383', '0265946', 11, '', '106.05.01', '', '', '0', '', '0', '', '');
INSERT INTO `car_pur` VALUES (193, '48', 'WMWYS9104H', '3D86254', 'YS91', '851', 'NEE1', '383,4F6,508,5AS,5DP,0NE', '0265947', 21, '', '106.05.01', '', '桃園', '0', '', '0', '', '132000');
INSERT INTO `car_pur` VALUES (194, '49', 'WMWYS9109H', '3D86296', 'YS91', 'B15', 'CXE1', '383.20F', '0265953', 11, '', '106.05.01', '', '', '0', '', '0', '', '');
INSERT INTO `car_pur` VALUES (195, '', 'WMWYS9104H', '3D86299', 'YS91', 'B15', 'CXE1', '383', '0265954', 21, '', '106.05.01', '', '', '0', '', '0', '', '');
INSERT INTO `car_pur` VALUES (196, '', 'WMWYS9100H', '3D86350', 'YS91', 'B15', 'CXE1', '383', '0265955', 11, '', '106.05.01', '', '', '0', '', '0', '', '');
INSERT INTO `car_pur` VALUES (197, '72', 'WMWYS9108H', '3D86368', 'YS91', 'C24', 'CXE1', '382,IND', '0265979', 11, '', '106.05.01', '', '', '0', '', '0', '', '23000');
INSERT INTO `car_pur` VALUES (198, '50', 'WMWYS9108H', '3D86354', 'YS91', 'C24', 'CXE1', '20F,382,IND', '0265980', 11, '', '106.05.01', '', '', '0', '', '0', '', '23000');
INSERT INTO `car_pur` VALUES (199, '', 'WMWYS910XH', '3D86355', 'YS91', 'C2M', 'CXE1', '382', '0265983', 11, '', '106.05.01', '', '', '0', '', '0', '', '');
INSERT INTO `car_pur` VALUES (200, '', 'WMWYS9107H', '3D86359', 'YS91', 'C2M', 'CXE1', '382', '0265984', 11, '', '106.05.01', '', '', '0', '', '0', '', '');
INSERT INTO `car_pur` VALUES (201, '', 'WMWYS9105H', '3D86375', 'YS91', 'C2M', 'CXE1', '382', '0265985', 11, '', '106.05.01', '', '', '0', '', '0', '', '');
INSERT INTO `car_pur` VALUES (202, '51', 'WMWYS9108H', '3D86550', 'YS91', 'B22', 'NYM9', '0NY,383,4F6,957', '0265995', 11, '', '106.05.01', '', '', '0', '', '0', '', '199000');
INSERT INTO `car_pur` VALUES (203, '52', 'WMWYS9108H', '3D86502', 'YS91', 'C2M', 'CXE1', '20G,382,402', '0265998', 11, '', '106.05.01', '', '', '0', '', '0', '', '71000');
INSERT INTO `car_pur` VALUES (204, '', '', '', 'XS51', 'B83', 'FYE1', '382,894,322,3AG', '8046303', 1, '', '106.06.01', '', '', '0', '', '0', '', '41000');
INSERT INTO `car_pur` VALUES (205, '', '', '', 'XS71', '850', 'FYMJ', '3BT,4FQ,7GD,322,3AG', '8046308', 1, '', '106.06.01', '', '', '0', '', '0', '', '71000');
INSERT INTO `car_pur` VALUES (206, '53', '', '', 'XM51', 'B22', 'FYE1', '383,894,322,3AG', '8046316', 1, '', '106.06.01', '', '', '0', '', '0', '', '41000');
INSERT INTO `car_pur` VALUES (207, '', '', '', 'XM71', 'B83', 'FYE1', '382,322,3AG', '8046320', 1, '', '106.06.01', '', '', '0', '', '0', '', '41000');
INSERT INTO `car_pur` VALUES (208, '', '', '', 'YS31', '851', 'CXE1', '382', '8046335', 1, '', '106.06.01', '', '', '0', '', '0', '', '');
INSERT INTO `car_pur` VALUES (209, '', '', '', 'YS31', '851', 'CXE1', '382', '8046336', 1, '', '106.06.01', '', '', '0', '', '0', '', '');
INSERT INTO `car_pur` VALUES (210, '', '', '', 'YS31', 'B15', 'CXE1', '383', '8046343', 1, '', '106.06.01', '', '', '0', '', '0', '', '');
INSERT INTO `car_pur` VALUES (211, '', '', '', 'YS31', 'B15', 'CXE1', '383', '8046344', 1, '', '106.06.01', '', '', '0', '', '0', '', '');
INSERT INTO `car_pur` VALUES (212, '', '', '', 'YS31', 'C1V', 'CXE1', '329,383', '8046358', 1, '', '106.06.01', '', '', '0', '', '0', '', '8000');
INSERT INTO `car_pur` VALUES (213, '', '', '', 'YS31', 'C2M', 'CXE1', '382', '8046364', 1, '', '106.06.01', '', '', '0', '', '0', '', '');
INSERT INTO `car_pur` VALUES (214, '', '', '', 'YS31', 'C2M', 'CXE1', '382', '8046365', 1, '', '106.06.01', '', '', '0', '', '0', '', '');
INSERT INTO `car_pur` VALUES (215, '', '', '', 'YS31', 'C2M', 'CXE1', '382', '8046366', 1, '', '106.06.01', '', '', '0', '', '0', '', '');
INSERT INTO `car_pur` VALUES (216, '', '', '', 'YS91', '851', 'CXE1', '382', '8046376', 1, '', '106.06.01', '', '', '0', '', '0', '', '');
INSERT INTO `car_pur` VALUES (217, '', '', '', 'YS91', '851', 'CXE1', '383', '8046383', 1, '', '106.06.01', '', '', '0', '', '0', '', '');
INSERT INTO `car_pur` VALUES (218, '', '', '', 'YS91', '851', 'CXE1', '2XC,382', '8046384', 1, '', '106.06.01', '', '', '0', '', '0', '', '7000');
INSERT INTO `car_pur` VALUES (219, '', '', '', 'YS91', 'B15', 'CXE1', '383', '8046386', 1, '', '106.06.01', '', '', '0', '', '0', '', '');
INSERT INTO `car_pur` VALUES (220, '', '', '', 'YS91', 'B15', 'CXE1', '2XC,383', '8046394', 1, '', '106.06.01', '', '', '0', '', '0', '', '7000');
INSERT INTO `car_pur` VALUES (221, '54', '', '', 'YS91', 'B58', 'TYE1', '20G,382,508,5AS,5DP,6AD,0TY', '8046402', 1, '', '106.06.01', '', '', '0', '', '0', '', '196000');
INSERT INTO `car_pur` VALUES (222, '', '', '', 'YS91', 'C2M', 'CXE1', '382', '8046417', 1, '', '106.06.01', '', '', '0', '', '0', '', '');
INSERT INTO `car_pur` VALUES (223, '', '', '', 'YS91', 'C2M', 'CXE1', '382', '8046418', 1, '', '106.06.01', '', '', '0', '', '0', '', '');
INSERT INTO `car_pur` VALUES (224, '', '', '', 'YS91', 'C2M', 'CXE1', '2XB,382', '8046420', 1, '', '106.06.01', '', '', '0', '', '0', '', '7000');
INSERT INTO `car_pur` VALUES (225, '', '', '', 'YS91', 'C2M', 'CXE1', '382', '8046422', 1, '', '106.06.01', '', '', '0', '', '0', '', '');
INSERT INTO `car_pur` VALUES (226, '56', '', '', 'YV91', 'A94', 'NEE1', '345,346,3A3,3A8,402,459,481,0NE', '8046426', 1, '', '106.06.01', '', '', '0', '', '0', '', '100000');
INSERT INTO `car_pur` VALUES (227, '', '', '', 'YV91', 'B15', 'GSE1', '3A3,3A8', '8046429', 1, '', '106.06.01', '', '', '0', '', '0', '', '16000');
INSERT INTO `car_pur` VALUES (228, '57', '', '', 'YV91', 'B71', 'TYE1', '3A3,459,481,0TY', '8046432', 1, '', '106.06.01', '', '', '0', '', '0', '', '79000');
INSERT INTO `car_pur` VALUES (229, '75', 'WMWXM5103H', '2F37847', 'xm51', 'B71', 'FYE1', '382.894', '0264186', 1, '1060605-1', '106.06.05', '汎德高雄', '桃園', '0', '', '0', '', '');
INSERT INTO `car_pur` VALUES (230, '107', 'WMWXS1104H', '2F74288', 'XS11', 'B83', 'BGE1', '', '', 1, '2F74288', '106.06.19', '台北汎德', '桃園', '0', '', '0', '', '');
INSERT INTO `car_pur` VALUES (231, '', 'WMWLN7104H', '2G66932', 'LN71', 'B71', 'NYIB', '2EV,383', '0264129', 31, '2G66932', '106.05.31', '汎德', '桃園', '0', '', '0', '', '73000');
INSERT INTO `car_pur` VALUES (232, '101', 'WMWXS510XH', '2G13604', 'XS51', 'B69', 'FYE1', '382.894+10000元', '', 1, '2G13604', '106.06.22', '汎德高雄', '桃園', '0', '', '0', '', '');
INSERT INTO `car_pur` VALUES (233, '', '', '', 'LN31', '850', 'CXE1', '383', '8048038', 1, '', '106.07.01', '汎德', '', '0', '', '0', '', '');
INSERT INTO `car_pur` VALUES (234, '', '', '', 'LN31', 'C2C', 'CXE1', '3AF', '8048042', 1, '', '106.07.01', '汎德', '', '0', '', '0', '', '');
INSERT INTO `car_pur` VALUES (235, '58', '', '', 'LN71', 'B22', 'CXE1', '2EV,3AF,4GW', '8048045', 1, '', '106.07.01', '汎德', '', '0', '', '0', '', '23000');
INSERT INTO `car_pur` VALUES (236, '', '', '', 'LN71', 'C2C', 'CXE1', '3AF', '8048046', 1, '', '106.07.01', '汎德', '', '0', '', '0', '', '');
INSERT INTO `car_pur` VALUES (237, '', '', '', 'XM51', '850', 'NEE1', '383,322,3AG', '8048105', 1, '', '106.07.01', '汎德', '', '0', '', '0', '', '41000');
INSERT INTO `car_pur` VALUES (238, '', '', '', 'XM51', 'B71', 'NEE1', '382,322,3AG', '8048111', 1, '', '106.07.01', '汎德', '', '0', '', '0', '', '41000');
INSERT INTO `car_pur` VALUES (239, '60', '', '', 'XM51', 'B83', 'NEE1', '2PA,382,473,6AD,6UM,322,3AG', '8048112', 1, '', '106.07.01', '汎德', '', '0', '', '0', '', '144000');
INSERT INTO `car_pur` VALUES (240, '', '', '', 'XM51', 'B83', 'NEE1', '382,322,3AG', '8048113', 1, '', '106.07.01', '汎德', '', '0', '', '0', '', '41000');
INSERT INTO `car_pur` VALUES (241, '', '', '', 'XM71', '850', 'FYE1', '383,894,322,3AG', '8048122', 1, '', '106.07.01', '汎德', '', '0', '', '0', '', '41000');
INSERT INTO `car_pur` VALUES (242, '', '', '', 'XM71', 'B71', 'FYE1', '383,894,322,3AG', '8048128', 1, '', '106.07.01', '汎德', '', '0', '', '0', '', '41000');
INSERT INTO `car_pur` VALUES (243, '', '', '', 'XM71', '851', 'FYE1', '383,894,322,3AG', '8048130', 1, '', '106.07.01', '汎德', '', '0', '', '0', '', '41000');
INSERT INTO `car_pur` VALUES (244, '', '', '', 'XM71', '850', 'FYE1', '383,894,322,3AG', '8048134', 1, '', '106.07.01', '汎德', '', '0', '', '0', '', '41000');
INSERT INTO `car_pur` VALUES (245, '', '', '', 'XM91', '850', 'GSE1', '3A3,3AZ,473,7L5,322,3AG', '8048135', 1, '', '106.07.01', '汎德', '', '0', '', '0', '', '176000');
INSERT INTO `car_pur` VALUES (246, '', '', '', 'XM91', 'B71', 'GSE1', '3A3,3AZ,473,7L5,322,3AG', '8048143', 1, '', '106.07.01', '汎德', '', '0', '', '0', '', '176000');
INSERT INTO `car_pur` VALUES (247, '', '', '', 'XN71', 'B83', 'BGE1', '894,255,507', '8048151', 1, '', '106.07.01', '汎德', '', '0', '', '0', '', '37000');
INSERT INTO `car_pur` VALUES (248, '', '', '', 'XN71', 'B83', 'BGE1', '894,255,507', '8048152', 1, '', '106.07.01', '汎德', '', '0', '', '0', '', '37000');
INSERT INTO `car_pur` VALUES (249, '', '', '', 'XS11', '850', 'BGE1', '894,255,507', '8048055', 1, '', '106.07.01', '汎德', '', '0', '', '0', '', '37000');
INSERT INTO `car_pur` VALUES (250, '', '', '', 'XS11', 'B83', 'BGE1', '894,255,507', '8048062', 1, '', '106.07.01', '汎德', '', '0', '', '0', '', '37000');
INSERT INTO `car_pur` VALUES (251, '', '', '', 'XS51', '850', 'NEE1', '383,322,3AG', '8048064', 1, '', '106.07.01', '汎德', '', '0', '', '0', '', '41000');
INSERT INTO `car_pur` VALUES (252, '', '', '', 'XS51', '850', 'NEE1', '383,322,3AG', '8048068', 1, '', '106.07.01', '汎德', '', '0', '', '0', '', '41000');
INSERT INTO `car_pur` VALUES (253, '', '', '', 'XS51', '850', 'NEE1', '3BT,4FQ,7GD,322,3AG', '8048069', 1, '', '106.07.01', '汎德', '', '0', '', '0', '', '81000');
INSERT INTO `car_pur` VALUES (254, '', '', '', 'XS51', 'B71', 'NEE1', '382,322,3AG', '8048077', 1, '', '106.07.01', '汎德', '', '0', '', '0', '', '41000');
INSERT INTO `car_pur` VALUES (255, '', '', '', 'XS51', 'B83', 'NEE1', '383,322,3AG', '8048084', 1, '', '106.07.01', '汎德', '', '0', '', '0', '', '41000');
INSERT INTO `car_pur` VALUES (256, '', '', '', 'XS51', 'B83', 'NEE1', '383,322,3AG', '8048085', 1, '', '106.07.01', '汎德', '', '0', '', '0', '', '41000');
INSERT INTO `car_pur` VALUES (257, '', '', '', 'XS51', 'B86', 'NEE1', '382,322,3AG', '8048086', 1, '', '106.07.01', '汎德', '', '0', '', '0', '', '41000');
INSERT INTO `car_pur` VALUES (258, '', '', '', 'XS51', 'C24', 'NEE1', '3BT,4FQ,7GD,IND,322,3AG', '8048088', 1, '', '106.07.01', '汎德', '', '0', '', '0', '', '81000');
INSERT INTO `car_pur` VALUES (259, '', '', '', 'XS71', '850', 'FYE1', '383,894,322,3AG', '8048091', 1, '', '106.07.01', '汎德', '', '0', '', '0', '', '41000');
INSERT INTO `car_pur` VALUES (260, '80', '', '', 'XS71', 'A94', 'FYE1', '894,322,3AG', '8048094', 1, '', '106.07.01', '汎德', '', '0', '', '0', '', '41000');
INSERT INTO `car_pur` VALUES (261, '', '', '', 'XS71', '851', 'FYE1', '383,894,322,3AG', '8048100', 1, '', '106.07.01', '汎德', '', '0', '', '0', '', '41000');
INSERT INTO `car_pur` VALUES (262, '', '', '', 'XS71', 'C24', 'NEE1', '3BT,4FQ,7GD,IND,322,3AG', '8048102', 1, '', '106.07.01', '汎德', '', '0', '', '0', '', '71000');
INSERT INTO `car_pur` VALUES (263, '', '', '', 'YS31', '851', 'CXE1', '382', '8048156', 1, '', '106.07.01', '汎德', '', '0', '', '0', '', '');
INSERT INTO `car_pur` VALUES (264, '', '', '', 'YS31', '851', 'BGE1', '383,894', '8048162', 1, '', '106.07.01', '汎德', '', '0', '', '0', '', '');
INSERT INTO `car_pur` VALUES (265, '70', '', '', 'YS31', 'A94', 'CXE1', '382', '8048165', 1, '', '106.07.01', '汎德', '', '0', '', '0', '', '');
INSERT INTO `car_pur` VALUES (266, '', '', '', 'YS31', 'B15', 'BGE1', '383,894', '8048174', 1, '', '106.07.01', '汎德', '', '0', '', '0', '', '');
INSERT INTO `car_pur` VALUES (267, '', '', '', 'YS31', 'B71', 'CXE1', '382', '8048179', 1, '', '106.07.01', '汎德', '', '0', '', '0', '', '');
INSERT INTO `car_pur` VALUES (268, '', '', '', 'YS31', 'C24', 'CXE1', '383,IND', '8048183', 1, '', '106.07.01', '汎德', '', '0', '', '0', '', '23000');
INSERT INTO `car_pur` VALUES (269, '', '', '', 'YS31', 'C2M', 'CXE1', '382', '8048191', 1, '', '106.07.01', '汎德', '', '0', '', '0', '', '');
INSERT INTO `car_pur` VALUES (270, '', '', '', 'YS31', 'C2M', 'BGE1', '382,894', '8048194', 1, '', '106.07.01', '汎德', '', '0', '', '0', '', '');
INSERT INTO `car_pur` VALUES (271, '61', '', '', 'YS91', 'B22', 'GSE1', '20G,2TB,2XC,302,325,382,402,4FN', '8048216', 1, '', '106.07.01', '汎德', '', '0', '', '0', '', '149000');
INSERT INTO `car_pur` VALUES (272, '', '', '', 'YS91', 'C24', 'CXE1', '382,IND', '8048219', 1, '', '106.07.01', '汎德', '', '0', '', '0', '', '23000');
INSERT INTO `car_pur` VALUES (273, '', '', '', 'YS91', 'C24', 'CXE1', '383,IND', '8048220', 1, '', '106.07.01', '汎德', '', '0', '', '0', '', '23000');
INSERT INTO `car_pur` VALUES (274, '55', '', '', 'YS91', 'C2M', 'NYM9', '0NY,2XB,345,382,402,497,4F1,4F6,4GV,508,5AS,5DP,6AD', '8048235', 1, '', '106.07.01', '汎德', '', '0', '', '0', '', '303000');
INSERT INTO `car_pur` VALUES (275, '64', '', '', 'YS91', 'C2M', 'NYM9', '0NY,2XC,382,3CA,402,4AA,4F1,508,5AS,5DP,6AD', '8048236', 1, '', '106.07.01', '汎德', '', '0', '', '0', '', '317000');
INSERT INTO `car_pur` VALUES (276, '59', '', '', 'YV91', 'A94', 'GSE1', '345,3A3,3A8,402,497,4F6,674,6AD,7L5,302,4GV', '8048239', 1, '', '106.07.01', '汎德', '', '0', '', '0', '', '365000');
INSERT INTO `car_pur` VALUES (277, '111', 'WMWYS9103H', '3B63879', 'YS91', 'C2K', 'CXE1', '383', '', 1, '3B63879', '106.06.26', '汎德台北', '桃園', '0', '', '0', '', '');
INSERT INTO `car_pur` VALUES (278, '110', 'WMWXS5108H', '2G12371', 'XS51', 'B86', 'FYE1', '382,894,322,3AG', '', 1, '2G12371', '106.06.26', '汎德高雄', '桃園', '0', '', '0', '', '10000');

-- --------------------------------------------------------

-- 
-- 資料表格式： `car_pur_a`
-- 

CREATE TABLE `car_pur_a` (
  `CarId` varchar(8) COLLATE utf8_unicode_ci NOT NULL,
  `PrdcMon` varchar(8) COLLATE utf8_unicode_ci NOT NULL,
  `ShipMon` varchar(8) COLLATE utf8_unicode_ci NOT NULL,
  `EstDat` varchar(10) COLLATE utf8_unicode_ci NOT NULL,
  `ArrDat` varchar(10) COLLATE utf8_unicode_ci NOT NULL,
  `RdmDat` varchar(10) COLLATE utf8_unicode_ci NOT NULL,
  `InDat` varchar(10) COLLATE utf8_unicode_ci NOT NULL,
  `PlateDat` varchar(10) COLLATE utf8_unicode_ci NOT NULL,
  `DocDat` varchar(10) COLLATE utf8_unicode_ci DEFAULT NULL,
  `EngNo` varchar(20) COLLATE utf8_unicode_ci NOT NULL,
  `PlateNo` varchar(20) COLLATE utf8_unicode_ci NOT NULL,
  `DealAmt` bigint(10) NOT NULL DEFAULT '0',
  `Memo` varchar(200) COLLATE utf8_unicode_ci DEFAULT NULL,
  `DeliDat` varchar(10) COLLATE utf8_unicode_ci NOT NULL,
  `DeliMan` varchar(20) COLLATE utf8_unicode_ci DEFAULT NULL,
  `DeliUser` varchar(4) COLLATE utf8_unicode_ci NOT NULL,
  `BmwDocDat` varchar(10) COLLATE utf8_unicode_ci NOT NULL,
  `BmwDocDelDat` varchar(10) COLLATE utf8_unicode_ci NOT NULL
) ENGINE=MyISAM DEFAULT CHARSET=utf8 COLLATE=utf8_unicode_ci;

-- 
-- 列出以下資料庫的數據： `car_pur_a`
-- 

INSERT INTO `car_pur_a` VALUES ('1', '1607', '1607', '105.09.07', '105.09.07', '105.11.03', '105.11.10', '106.05.03', '', '', 'AUF-1851', 0, '', '', NULL, '', '', '');
INSERT INTO `car_pur_a` VALUES ('2', '1611', '1611', '106.01.19', '106.01.19', '106.03.21', '106.03.24', '', '', '', '', 0, NULL, '', NULL, '', '', '');
INSERT INTO `car_pur_a` VALUES ('3', '1611', '1611', '106.01.19', '106.01.19', '106.03.21', '106.03.27', '', '', '', '', 0, NULL, '', NULL, '', '', '');
INSERT INTO `car_pur_a` VALUES ('4', '1612', '1612', '106.02.14', '106.02.14', '106.02.22', '106.03.01', '106.05.08', '', '', 'AUL-9696', 0, '', '', NULL, '', '', '');
INSERT INTO `car_pur_a` VALUES ('5', '1701', '1701', '106.02.26', '106.02.26', '106.03.01', '106.03.07', '', '', '', '', 0, NULL, '', NULL, '', '', '');
INSERT INTO `car_pur_a` VALUES ('6', '1702', '1702', '106.05.04', '106.05.04', '106.05.03', '106.05.10', '', '', '', '', 0, NULL, '', NULL, '', '', '');
INSERT INTO `car_pur_a` VALUES ('7', '1703', '1703', '106.05.04', '106.05.04', '106.05.03', '106.05.11', '106.05.31', '', '', 'APN-9011', 0, '', '', NULL, '', '', '');
INSERT INTO `car_pur_a` VALUES ('8', '1703', '1703', '106.05.24', '106.05.24', '106.06.06', '106.06.13', '', '', '', '', 0, '', '', NULL, '', '', '');
INSERT INTO `car_pur_a` VALUES ('9', '1703', '1703', '106.05.24', '106.05.24', '106.05.31', '106.06.05', '', '', '', '', 0, '', '', NULL, '', '', '');
INSERT INTO `car_pur_a` VALUES ('10', '1703', '1703', '106.05.24', '106.05.24', '', '', '', '', '', '', 0, '', '', NULL, '', '', '');
INSERT INTO `car_pur_a` VALUES ('11', '1703', '1703', '106.05.24', '106.05.24', '106.05.31', '106.06.03', '', '', '', '', 0, '', '', NULL, '', '', '');
INSERT INTO `car_pur_a` VALUES ('12', '1702', '1702', '106.05.04', '106.05.04', '106.05.03', '106.05.10', '106.06.27', '', '', 'AUK-0259', 0, '', '', NULL, '', '', '');
INSERT INTO `car_pur_a` VALUES ('13', '1702', '1702', '106.04.06', '106.04.06', '106.05.02', '106.05.02', '106.05.16', '', '', 'AUM-0118', 0, '', '', NULL, '', '', '');
INSERT INTO `car_pur_a` VALUES ('14', '1703', '1702', '106.05.04', '106.05.04', '106.05.05', '106.05.11', '', '', '', '', 0, NULL, '', NULL, '', '', '');
INSERT INTO `car_pur_a` VALUES ('15', '1703', '1703', '106.05.24', '106.05.24', '106.06.22', '', '', '', '', '', 0, '', '', NULL, '', '', '');
INSERT INTO `car_pur_a` VALUES ('16', '1703', '1703', '106.05.04', '106.05.04', '106.06.26', '', '106.06.30', '', '', 'AUM-5268', 0, '', '', NULL, '', '', '');
INSERT INTO `car_pur_a` VALUES ('17', '1703', '1703', '106.05.24', '106.05.24', '106.05.24', '', '106.06.20', '', '', '6780-W6', 0, '', '', NULL, '', '', '');
INSERT INTO `car_pur_a` VALUES ('18', '1703', '1704', '106.06.05', '106.06.05', '106.06.05', '106.06.12', '106.06.20', '', '', 'AUM-0879', 0, '', '', NULL, '', '', '');
INSERT INTO `car_pur_a` VALUES ('19', '1701', '1701', '106.04.06', '106.04.06', '106.04.10', '106.04.17', '', '', '', '', 0, NULL, '', NULL, '', '', '');
INSERT INTO `car_pur_a` VALUES ('20', '1703', '1703', '106.05.04', '106.05.04', '106.05.04', '106.05.11', '106.05.16', '', '', 'AUK-9393', 0, '', '', NULL, '', '', '');
INSERT INTO `car_pur_a` VALUES ('21', '1703', '1703', '106.05.24', '106.05.24', '106.05.24', '', '106.06.09', '', '', 'AUJ-7633', 0, '', '', NULL, '', '', '');
INSERT INTO `car_pur_a` VALUES ('22', '1703', '1703', '106.05.04', '106.05.04', '106.05.03', '106.05.10', '', '', '', '', 0, '選配共10000', '', NULL, '', '', '');
INSERT INTO `car_pur_a` VALUES ('23', '1703', '1703', '106.05.04', '106.05.04', '106.05.03', '', '', '', '', '', 0, '選配共10000', '', NULL, '', '', '');
INSERT INTO `car_pur_a` VALUES ('24', '1703', '1703', '106.05.04', '106.05.04', '106.05.05', '106.05.11', '', '', '', '', 0, '選配共38000', '', NULL, '', '', '');
INSERT INTO `car_pur_a` VALUES ('25', '1703', '1703', '106.05.04', '106.05.04', '106.05.03', '106.05.10', '106.05.12', '', '', 'AUJ-3032', 0, '試乘車', '', NULL, '', '', '');
INSERT INTO `car_pur_a` VALUES ('26', '1703', '1703', '106.05.24', '106.05.24', '106.06.06', '', '', '', '', '', 0, '選配共10000', '', NULL, '', '', '');
INSERT INTO `car_pur_a` VALUES ('27', '1703', '1703', '106.05.24', '106.05.24', '106.05.31', '106.06.03', '', '', '', '', 0, '選配共38000', '', NULL, '', '', '');
INSERT INTO `car_pur_a` VALUES ('28', '1703', '1703', '106.05.04', '106.05.04', '106.05.03', '106.05.11', '106.05.19', '', '', 'AUL-8382', 0, '', '', NULL, '', '', '');
INSERT INTO `car_pur_a` VALUES ('29', '1703', '1703', '106.05.24', '106.05.24', '106.05.24', '106.05.26', '106.06.01', '', '', 'AVK-2068', 0, '選配共40000', '', NULL, '', '', '');
INSERT INTO `car_pur_a` VALUES ('30', '1701', '1701', '106.02.26', '106.02.26', '106.03.01', '106.03.08', '106.06.30', '', '', 'AUM-3363', 0, '選配共40000', '', NULL, '', '', '');
INSERT INTO `car_pur_a` VALUES ('31', '1703', '1703', '106.05.24', '106.05.24', '', '', '', '', '', '', 0, '選配共10000', '', NULL, '', '', '');
INSERT INTO `car_pur_a` VALUES ('32', '1703', '1702', '106.05.04', '106.05.04', '106.05.03', '106.05.12', '', '', '', '', 0, '選配共10000', '', NULL, '', '', '');
INSERT INTO `car_pur_a` VALUES ('33', '1703', '1703', '106.05.04', '106.05.04', '106.05.05', '106.05.10', '', '', '', '', 0, '選配共44000', '', NULL, '', '', '');
INSERT INTO `car_pur_a` VALUES ('34', '1703', '1703', '106.05.24', '106.05.24', '106.05.31', '106.06.03', '', '', '', '', 0, '選配共10000', '', NULL, '', '', '');
INSERT INTO `car_pur_a` VALUES ('35', '1703', '1703', '106.05.24', '106.05.24', '106.05.31', '', '106.06.08', '', '', 'ATE-5050', 0, '選配40000', '', NULL, '', '', '');
INSERT INTO `car_pur_a` VALUES ('36', '1701', '1701', '106.04.06', '106.04.06', '106.04.10', '106.04.17', '', '', '', '', 0, NULL, '', NULL, '', '', '');
INSERT INTO `car_pur_a` VALUES ('37', '1702', '1702', '106.04.06', '106.04.06', '106.04.10', '106.04.17', '', '', '', '', 0, '選配共30000', '', NULL, '', '', '');
INSERT INTO `car_pur_a` VALUES ('38', '1703', '1703', '106.05.24', '106.05.24', '106.06.06', '106.06.13', '106.06.21', '', '', 'ATE-1818', 0, '選配共17000', '', NULL, '', '', '');
INSERT INTO `car_pur_a` VALUES ('39', '1703', '1703', '106.05.24', '106.05.24', '106.06.06', '106.06.13', '106.06.28', '', '', 'AUM-1982', 0, '選配共17000', '', NULL, '', '', '');
INSERT INTO `car_pur_a` VALUES ('40', '1703', '1703', '106.05.04', '106.05.04', '106.06.06', '106.06.16', '', '', '', '', 0, '選配共17000', '', NULL, '', '', '');
INSERT INTO `car_pur_a` VALUES ('41', '1703', '1703', '106.05.04', '106.05.04', '106.05.03', '106.05.10', '', '', '', '', 0, '選配共10000', '', NULL, '', '', '');
INSERT INTO `car_pur_a` VALUES ('42', '1703', '1703', '106.05.24', '106.05.24', '106.05.31', '106.06.03', '106.06.16', '', '', 'ATP-1167', 0, '選配共10000', '', NULL, '', '', '');
INSERT INTO `car_pur_a` VALUES ('43', '1703', '1703', '106.05.24', '106.05.24', '106.06.06', '106.06.13', '', '', '', '', 0, '選配共10000', '', NULL, '', '', '');
INSERT INTO `car_pur_a` VALUES ('44', '1701', '1701', '106.02.26', '106.02.26', '106.03.01', '106.03.07', '106.05.22', '', '', 'AUL-8563', 0, '', '', NULL, '', '', '');
INSERT INTO `car_pur_a` VALUES ('45', '1703', '1703', '106.05.04', '106.05.04', '106.05.03', '106.05.11', '106.05.17', '', '', 'AUL-8259', 0, '', '', NULL, '', '', '');
INSERT INTO `car_pur_a` VALUES ('46', '1703', '1703', '106.05.04', '106.05.04', '106.05.03', '106.05.11', '106.05.31', '', '', 'AUX-7722', 0, '', '', NULL, '', '', '');
INSERT INTO `car_pur_a` VALUES ('47', '1701', '1701', '106.04.06', '106.04.06', '106.04.10', '106.04.18', '106.06.14', '', '', 'AUM-2525', 0, '選配共50000', '', NULL, '', '', '');
INSERT INTO `car_pur_a` VALUES ('48', '1702', '1702', '106.04.06', '106.04.06', '106.04.10', '106.04.19', '106.05.05', '', '', 'AUL-9567', 0, '', '', NULL, '', '', '');
INSERT INTO `car_pur_a` VALUES ('49', '1701', '1701', '106.04.06', '106.04.06', '106.04.10', '106.04.18', '106.06.27', '', '', 'AUF-6917', 0, '選配10000', '', NULL, '', '', '');
INSERT INTO `car_pur_a` VALUES ('50', '1702', '1702', '106.04.06', '106.04.06', '106.04.06', '106.05.08', '', '', '', '', 0, '選配共10000', '', NULL, '', '', '');
INSERT INTO `car_pur_a` VALUES ('51', '1702', '1702', '106.04.06', '106.04.06', '106.04.11', '106.04.18', '', '', '', '', 0, '選配共10000', '', NULL, '', '', '');
INSERT INTO `car_pur_a` VALUES ('52', '1702', '1702', '106.04.06', '106.04.06', '106.04.10', '106.04.18', '', '', '', '', 0, '選配共50000', '', NULL, '', '', '');
INSERT INTO `car_pur_a` VALUES ('53', '1703', '1703', '106.05.04', '106.05.04', '106.05.03', '106.05.11', '', '', '', '', 0, '選配共10000', '', NULL, '', '', '');
INSERT INTO `car_pur_a` VALUES ('54', '1703', '1703', '106.05.04', '106.05.04', '106.05.03', '106.05.10', '', '', '', '', 0, '選配共50000', '', NULL, '', '', '');
INSERT INTO `car_pur_a` VALUES ('55', '1703', '1702', '106.05.04', '106.05.04', '106.05.03', '106.05.10', '106.06.22', '', '', 'AUM-0983', 0, '選配共10000', '', NULL, '', '', '');
INSERT INTO `car_pur_a` VALUES ('56', '1703', '1702', '106.05.04', '106.05.04', '', '', '', '', '', '', 0, '選配共10000', '', NULL, '', '', '');
INSERT INTO `car_pur_a` VALUES ('57', '1703', '1703', '106.05.24', '106.05.24', '106.06.22', '106.06.24', '', '', '', '', 0, '選配共50000', '', NULL, '', '', '');
INSERT INTO `car_pur_a` VALUES ('58', '1703', '1704', '106.06.05', '106.06.05', '', '', '', '', '', '', 0, '選配共50000', '', NULL, '', '', '');
INSERT INTO `car_pur_a` VALUES ('59', '1703', '1703', '106.06.05', '106.06.05', '', '', '', '', '', '', 0, '選配40000', '', NULL, '', '', '');
INSERT INTO `car_pur_a` VALUES ('60', '1701', '1701', '106.04.02', '106.04.02', '106.04.05', '106.04.11', '', '', '', '', 0, '', '', NULL, '', '', '');
INSERT INTO `car_pur_a` VALUES ('61', '1702', '1702', '106.04.06', '106.04.06', '106.04.10', '106.04.17', '106.06.14', '', '', 'AUM-0607', 0, '', '', NULL, '', '', '');
INSERT INTO `car_pur_a` VALUES ('62', '1702', '1702', '106.04.06', '106.04.06', '106.04.10', '106.04.18', '106.06.26', '', '', 'AUE-0519', 0, '', '', NULL, '', '', '');
INSERT INTO `car_pur_a` VALUES ('63', '1702', '1702', '106.04.18', '106.04.18', '106.04.18', '106.04.22', '106.06.22', '', '', 'AUJ-9260', 0, '', '', NULL, '', '', '');
INSERT INTO `car_pur_a` VALUES ('64', '1702', '1702', '106.04.18', '106.04.18', '106.04.18', '106.04.21', '106.06.29', '', '', 'ATE-0070', 0, '', '', NULL, '', '', '');
INSERT INTO `car_pur_a` VALUES ('65', '1702', '1702', '106.04.06', '106.04.06', '106.04.10', '106.04.19', '106.05.25', '', '', 'AUF-3865', 0, '', '', NULL, '', '', '');
INSERT INTO `car_pur_a` VALUES ('66', '1702', '1702', '106.04.06', '106.04.06', '106.04.12', '106.04.20', '106.05.26', '', '', 'RBF-9967', 0, '', '', NULL, '', '', '');
INSERT INTO `car_pur_a` VALUES ('67', '1702', '1702', '106.04.18', '106.04.18', '106.04.18', '106.04.21', '106.05.19', '', '', 'AUL-8362', 0, '', '', NULL, '', '', '');
INSERT INTO `car_pur_a` VALUES ('68', '1702', '1703', '106.05.04', '106.05.04', '106.05.03', '106.05.11', '106.05.17', '', '', 'AVZ-8518', 0, '', '', NULL, '', '', '');
INSERT INTO `car_pur_a` VALUES ('69', '1703', '1703', '106.05.04', '106.05.04', '', '106.06.23', '106.06.27', '', '', 'AUF-8123', 0, '', '', NULL, '', '', '');
INSERT INTO `car_pur_a` VALUES ('70', '1703', '1703', '106.05.04', '106.05.04', '106.06.19', '106.06.24', '106.06.28', '', '', 'AUM-3666', 0, '', '', NULL, '', '', '');
INSERT INTO `car_pur_a` VALUES ('71', '1703', '1702', '106.05.04', '106.05.04', '106.06.19', '106.06.27', '106.06.28', '', '', 'AUK-0020', 0, '', '', NULL, '', '', '');
INSERT INTO `car_pur_a` VALUES ('72', '1703', '1703', '106.05.24', '106.05.24', '106.06.16', '106.06.23', '106.06.29', '', '', 'ATF-8189', 0, '', '', NULL, '', '', '');
INSERT INTO `car_pur_a` VALUES ('73', '1703', '1703', '106.05.24', '106.05.24', '106.06.26', '', '', '', '', '', 0, '', '', NULL, '', '', '');
INSERT INTO `car_pur_a` VALUES ('74', '1703', '1703', '106.05.24', '106.05.24', '', '', '', '', '', '', 0, NULL, '', NULL, '', '', '');
INSERT INTO `car_pur_a` VALUES ('75', '1703', '1703', '106.05.24', '106.05.24', '106.06.22', '106.06.24', '', '', '', '', 0, '', '', NULL, '', '', '');
INSERT INTO `car_pur_a` VALUES ('76', '1703', '1703', '106.05.24', '106.05.24', '106.06.26', '106.06.30', '', '', '', '', 0, '', '', NULL, '', '', '');
INSERT INTO `car_pur_a` VALUES ('77', '1703', '1703', '106.06.05', '106.06.05', '106.06.05', '106.06.12', '106.06.22', '', '', 'AUK-0883', 0, '', '', NULL, '', '', '');
INSERT INTO `car_pur_a` VALUES ('78', '1703', '1703', '106.06.05', '106.06.05', '106.06.06', '106.06.13', '106.06.28', '', '', 'AUM-1690', 0, '', '', NULL, '', '', '');
INSERT INTO `car_pur_a` VALUES ('79', '1701', '1701', '106.04.02', '106.04.02', '106.04.05', '106.04.10', '106.05.31', '', '', 'APN-9985', 0, '', '', NULL, '', '', '');
INSERT INTO `car_pur_a` VALUES ('80', '1702', '1702', '106.04.06', '106.04.06', '106.04.10', '106.04.20', '106.06.27', '', '', 'AUM-1620', 0, '', '', NULL, '', '', '');
INSERT INTO `car_pur_a` VALUES ('81', '1702', '1702', '106.04.18', '106.04.18', '106.04.18', '106.04.22', '106.06.29', '', '', 'ATF-7890', 0, '', '', NULL, '', '', '');
INSERT INTO `car_pur_a` VALUES ('82', '1702', '1702', '106.04.06', '106.04.06', '106.04.10', '106.04.18', '', '', '', '', 0, '', '', NULL, '', '', '');
INSERT INTO `car_pur_a` VALUES ('83', '1702', '1702', '106.04.06', '106.04.06', '106.04.10', '106.04.19', '106.05.22', '', '', 'AUL-8660', 0, '', '', NULL, '', '', '');
INSERT INTO `car_pur_a` VALUES ('84', '1702', '1702', '106.04.18', '106.04.18', '106.04.18', '106.04.21', '', '', '', '', 0, NULL, '', NULL, '', '', '');
INSERT INTO `car_pur_a` VALUES ('85', '1703', '1702', '106.05.04', '106.05.04', '106.05.18', '106.05.24', '', '', '', '', 0, '', '', NULL, '', '', '');
INSERT INTO `car_pur_a` VALUES ('86', '1703', '1702', '106.05.04', '106.05.04', '', '', '', '', '', '', 0, NULL, '', NULL, '', '', '');
INSERT INTO `car_pur_a` VALUES ('87', '1703', '1703', '106.05.04', '106.05.04', '106.05.03', '106.05.11', '106.06.27', '', '', 'AUF-7722', 0, '', '', NULL, '', '', '');
INSERT INTO `car_pur_a` VALUES ('88', '1703', '1703', '106.05.04', '106.05.04', '106.05.18', '106.05.24', '106.06.30', '', '', 'AUK-0820', 0, '', '', NULL, '', '', '');
INSERT INTO `car_pur_a` VALUES ('89', '1703', '1703', '106.05.04', '106.05.04', '106.05.31', '106.06.03', '', '', '', '', 0, '', '', NULL, '', '', '');
INSERT INTO `car_pur_a` VALUES ('90', '1703', '1703', '106.05.24', '106.05.24', '106.05.24', '106.05.26', '106.06.09', '', '', 'ATE-0766', 0, '', '', NULL, '', '', '');
INSERT INTO `car_pur_a` VALUES ('91', '1703', '1703', '106.05.24', '106.05.24', '106.05.24', '106.05.31', '106.06.16', '', '', 'AUY-5568', 0, '', '', NULL, '', '', '');
INSERT INTO `car_pur_a` VALUES ('92', '1703', '1703', '106.05.24', '106.05.24', '106.05.24', '106.05.26', '106.06.07', '', '', 'AUJ-9198', 0, '', '', NULL, '', '', '');
INSERT INTO `car_pur_a` VALUES ('93', '1703', '1704', '106.06.05', '106.06.05', '106.06.06', '106.06.13', '', '', '', '', 0, '', '', NULL, '', '', '');
INSERT INTO `car_pur_a` VALUES ('94', '1703', '1704', '106.06.05', '106.06.05', '106.06.19', '106.06.24', '', '', '', '', 0, '', '', NULL, '', '', '');
INSERT INTO `car_pur_a` VALUES ('95', '1703', '1703', '106.06.05', '106.06.05', '106.06.06', '106.06.13', '', '', '', '', 0, '', '', NULL, '', '', '');
INSERT INTO `car_pur_a` VALUES ('96', '1703', '1703', '106.06.05', '106.06.05', '106.06.06', '106.06.16', '', '', '', '', 0, '', '', NULL, '', '', '');
INSERT INTO `car_pur_a` VALUES ('97', '1704', '1704', '106.06.05', '106.06.05', '', '', '', '', '', '', 0, NULL, '', NULL, '', '', '');
INSERT INTO `car_pur_a` VALUES ('98', '1704', '1704', '106.06.05', '106.06.05', '', '', '', '', '', '', 0, NULL, '', NULL, '', '', '');
INSERT INTO `car_pur_a` VALUES ('99', '1704', '', '106.06.14', '', '', '', '', '', 'F570H490', '', 0, '', '', NULL, '', '', '');
INSERT INTO `car_pur_a` VALUES ('100', '1704', '1704', '106.06.05', '106.06.05', '106.06.05', '106.06.13', '106.06.15', '', '', 'RBQ-0209', 0, '', '', NULL, '', '', '');
INSERT INTO `car_pur_a` VALUES ('101', '1704', '1704', '106.06.05', '106.06.05', '', '', '', '', '', '', 0, NULL, '', NULL, '', '', '');
INSERT INTO `car_pur_a` VALUES ('102', '1704', '', '106.06.14', '', '106.06.26', '106.06.30', '', '', 'F523H488', '', 0, '', '', NULL, '', '', '');
INSERT INTO `car_pur_a` VALUES ('103', '1704', '', '106.06.14', '', '106.06.22', '106.06.27', '', '', 'F849H486', '', 0, '', '', NULL, '', '', '');
INSERT INTO `car_pur_a` VALUES ('104', '1704', '1704', '106.06.05', '106.06.05', '106.06.05', '106.06.14', '106.06.19', '', '', 'AUM-2520', 0, '', '', NULL, '', '', '');
INSERT INTO `car_pur_a` VALUES ('105', '1704', '1704', '106.06.05', '106.06.05', '106.06.06', '106.06.13', '', '', '', '', 0, '選配共10000', '', NULL, '', '', '');
INSERT INTO `car_pur_a` VALUES ('106', '1704', '1704', '106.06.05', '106.06.05', '106.06.05', '106.06.12', '106.06.14', '', '', 'AUM-0572', 0, '選配共10000', '', NULL, '', '', '');
INSERT INTO `car_pur_a` VALUES ('107', '1704', '1704', '106.06.05', '106.06.05', '106.06.06', '106.06.14', '106.06.28', '', '', 'AUM-1750', 0, '選配共10000', '', NULL, '', '', '');
INSERT INTO `car_pur_a` VALUES ('108', '1704', '1704', '106.06.05', '106.06.05', '', '', '', '', '', '', 0, '選配共10000', '', NULL, '', '', '');
INSERT INTO `car_pur_a` VALUES ('109', '1704', '1704', '106.06.05', '106.06.05', '', '', '', '', '', '', 0, '選配共10000', '', NULL, '', '', '');
INSERT INTO `car_pur_a` VALUES ('110', '1704', '1704', '106.06.05', '106.06.05', '', '', '', '', '', '', 0, '選配共50000', '', NULL, '', '', '');
INSERT INTO `car_pur_a` VALUES ('111', '1704', '1704', '106.06.05', '106.06.05', '', '', '', '', '', '', 0, '選配共10000', '', NULL, '', '', '');
INSERT INTO `car_pur_a` VALUES ('112', '1704', '', '106.06.14', '', '', '', '', '', '35279957', '', 0, '選配共10000', '', NULL, '', '', '');
INSERT INTO `car_pur_a` VALUES ('113', '1704', '', '106.06.14', '', '', '', '', '', '34779966', '', 0, '選配共10000', '', NULL, '', '', '');
INSERT INTO `car_pur_a` VALUES ('114', '1704', '', '106.06.14', '', '', '', '', '', '30779957', '', 0, '選配共50000', '', NULL, '', '', '');
INSERT INTO `car_pur_a` VALUES ('115', '1704', '', '106.06.14', '', '', '', '', '', '36549957', '', 0, '選配共50000', '', NULL, '', '', '');
INSERT INTO `car_pur_a` VALUES ('116', '1704', '1704', '106.06.05', '106.06.05', '106.06.05', '106.06.12', '106.06.21', '', '', 'AVP-7288', 0, '選配共40000', '', NULL, '', '', '');
INSERT INTO `car_pur_a` VALUES ('117', '1704', '', '106.06.14', '', '106.06.14', '106.06.19', '106.06.23', '', 'F828H492', 'ATE-6668', 0, '選配共188000', '', NULL, '', '', '');
INSERT INTO `car_pur_a` VALUES ('118', '1704', '1704', '106.06.05', '106.06.05', '', '', '', '', '', '', 0, '選配共40000', '', NULL, '', '', '');
INSERT INTO `car_pur_a` VALUES ('119', '1704', '1704', '106.06.05', '106.06.05', '106.06.16', '', '', '', '', '', 0, '選配共40000', '', NULL, '', '', '');
INSERT INTO `car_pur_a` VALUES ('120', '1704', '1704', '106.06.05', '106.06.05', '106.06.19', '106.06.22', '', '', '', '', 0, '選配共10000', '', NULL, '', '', '');
INSERT INTO `car_pur_a` VALUES ('121', '1704', '1704', '106.06.05', '106.06.05', '106.06.05', '106.06.12', '106.06.14', '', '', 'AUM-1125', 0, '選配共10000', '', NULL, '', '', '');
INSERT INTO `car_pur_a` VALUES ('122', '1704', '1704', '106.06.05', '106.06.05', '', '', '', '', '', '', 0, '選配共40000', '', NULL, '', '', '');
INSERT INTO `car_pur_a` VALUES ('123', '1704', '1704', '106.06.05', '106.06.05', '', '', '', '', '', '', 0, '選配共40000', '', NULL, '', '', '');
INSERT INTO `car_pur_a` VALUES ('124', '1704', '1704', '106.06.05', '106.06.05', '', '', '', '', '', '', 0, '選配40000', '', NULL, '', '', '');
INSERT INTO `car_pur_a` VALUES ('125', '1704', '1704', '106.06.05', '106.06.05', '106.06.05', '106.06.09', '106.06.15', '', '', 'AUM-2598', 0, '選配62000', '', NULL, '', '', '');
INSERT INTO `car_pur_a` VALUES ('126', '1704', '1704', '106.06.05', '106.06.05', '', '', '', '', '', '', 0, '選配共10000', '', NULL, '', '', '');
INSERT INTO `car_pur_a` VALUES ('127', '1704', '1704', '106.06.05', '106.06.05', '', '', '', '', '', '', 0, '選配共40000', '', NULL, '', '', '');
INSERT INTO `car_pur_a` VALUES ('128', '1704', '1704', '106.06.05', '106.06.05', '106.06.22', '106.06.26', '', '', '', '', 0, '選配共17000', '', NULL, '', '', '');
INSERT INTO `car_pur_a` VALUES ('129', '1704', '', '106.06.14', '', '', '', '', '', 'G209H495', '', 0, '選配共17000', '', NULL, '', '', '');
INSERT INTO `car_pur_a` VALUES ('130', '1704', '1704', '106.06.05', '106.06.05', '106.06.22', '106.06.27', '', '', '', '', 0, '選配共10000', '', NULL, '', '', '');
INSERT INTO `car_pur_a` VALUES ('131', '1704', '1704', '106.06.05', '106.06.05', '106.06.06', '106.06.13', '106.06.23', '', '', 'AUF-7887', 0, '選配共10000', '', NULL, '', '', '');
INSERT INTO `car_pur_a` VALUES ('132', '1704', '1704', '106.06.05', '106.06.05', '106.06.19', '106.06.24', '', '', '', '', 0, '', '', NULL, '', '', '');
INSERT INTO `car_pur_a` VALUES ('133', '1704', '1704', '106.06.05', '106.06.05', '', '', '', '', '', '', 0, NULL, '', NULL, '', '', '');
INSERT INTO `car_pur_a` VALUES ('134', '1704', '1704', '106.06.05', '106.06.05', '106.06.22', '106.06.26', '', '', '', '', 0, '', '', NULL, '', '', '');
INSERT INTO `car_pur_a` VALUES ('135', '1704', '1704', '106.06.20', '106.06.20', '', '', '', '', '32259954', '', 0, '', '', NULL, '', '', '');
INSERT INTO `car_pur_a` VALUES ('136', '1704', '1704', '106.06.20', '106.06.20', '', '', '', '', '36509947', '', 0, '', '', NULL, '', '', '');
INSERT INTO `car_pur_a` VALUES ('137', '1704', '1704', '106.06.20', '106.06.20', '', '', '', '', '38769947', '', 0, '', '', NULL, '', '', '');
INSERT INTO `car_pur_a` VALUES ('138', '1704', '1704', '106.06.20', '106.06.20', '', '', '', '', '39799957', '', 0, '', '', NULL, '', '', '');
INSERT INTO `car_pur_a` VALUES ('139', '1704', '1704', '106.06.20', '106.06.20', '', '', '', '', '37929958', '', 0, '', '', NULL, '', '', '');
INSERT INTO `car_pur_a` VALUES ('140', '1704', '1704', '106.06.20', '106.06.20', '', '', '', '', '37159953', '', 0, '', '', NULL, '', '', '');
INSERT INTO `car_pur_a` VALUES ('141', '1704', '1704', '106.06.20', '106.06.20', '', '', '', '', '37869953', '', 0, '', '', NULL, '', '', '');
INSERT INTO `car_pur_a` VALUES ('142', '1704', '', '106.07.15', '', '', '', '', '', '', '', 0, NULL, '', NULL, '', '', '');
INSERT INTO `car_pur_a` VALUES ('143', '1704', '', '106.06.26', '', '', '', '', '', '35259959', '', 0, '', '', NULL, '', '', '');
INSERT INTO `car_pur_a` VALUES ('144', '1704', '', '106.06.14', '', '106.06.22', '106.06.26', '106.06.29', '', 'F618H454', 'RBQ-3505', 0, '', '', NULL, '', '', '');
INSERT INTO `car_pur_a` VALUES ('145', '1704', '1704', '106.06.20', '106.06.20', '', '', '', '', 'F964H488', '', 0, '', '', NULL, '', '', '');
INSERT INTO `car_pur_a` VALUES ('146', '1704', '', '106.06.26', '', '106.06.26', '', '', '', 'F133H495', '', 0, '', '', NULL, '', '', '');
INSERT INTO `car_pur_a` VALUES ('147', '1704', '', '106.06.26', '', '106.06.26', '', '', '', 'G018H456', '', 0, '', '', NULL, '', '', '');
INSERT INTO `car_pur_a` VALUES ('148', '1704', '1704', '106.06.20', '106.06.20', '106.06.20', '106.06.24', '', '', 'F365H488', '', 0, '', '', NULL, '', '', '');
INSERT INTO `car_pur_a` VALUES ('149', '1704', '1704', '106.06.20', '106.06.20', '106.06.20', '106.06.23', '106.06.27', '', 'F885H454', 'ATJ-9893', 0, '', '', NULL, '', '', '');
INSERT INTO `car_pur_a` VALUES ('150', '1704', '', '106.07.15', '', '', '', '', '', '', '', 0, NULL, '', NULL, '', '', '');
INSERT INTO `car_pur_a` VALUES ('151', '1704', '', '106.06.26', '', '106.06.26', '', '', '', 'F270H488', '', 0, '', '', NULL, '', '', '');
INSERT INTO `car_pur_a` VALUES ('152', '1704', '1704', '106.06.20', '106.06.20', '106.06.20', '', '106.06.28', '', 'F002H492', 'AVP-1111', 0, '', '', NULL, '', '', '');
INSERT INTO `car_pur_a` VALUES ('153', '1704', '', '106.06.26', '', '106.06.26', '106.06.30', '', '', 'G017H487', '', 0, '', '', NULL, '', '', '');
INSERT INTO `car_pur_a` VALUES ('154', '1704', '', '106.06.14', '', '106.06.16', '106.06.22', '', '', 'G211H487', '', 0, '', '', NULL, '', '', '');
INSERT INTO `car_pur_a` VALUES ('155', '1705', '', '106.07.15', '', '', '', '', '', '', '', 0, NULL, '', NULL, '', '', '');
INSERT INTO `car_pur_a` VALUES ('156', '1705', '', '106.06.26', '', '', '', '', '', 'G014H494', '', 0, '', '', NULL, '', '', '');
INSERT INTO `car_pur_a` VALUES ('157', '1705', '', '106.06.26', '', '', '', '', '', 'G172H494', '', 0, '', '', NULL, '', '', '');
INSERT INTO `car_pur_a` VALUES ('158', '1705', '', '106.06.26', '', '106.06.26', '106.06.28', '106.06.29', '', 'F951H505', 'RBQ-5679', 0, '', '', NULL, '', '', '');
INSERT INTO `car_pur_a` VALUES ('159', '1705', '', '106.07.15', '', '', '', '', '', '', '', 0, '選配共10000', '', NULL, '', '', '');
INSERT INTO `car_pur_a` VALUES ('160', '1705', '', '106.06.26', '', '', '', '', '', '39359975', '', 0, '選配共10000', '', NULL, '', '', '');
INSERT INTO `car_pur_a` VALUES ('161', '1705', '', '106.06.26', '', '', '', '', '', '40659975', '', 0, '選配共50000', '', NULL, '', '', '');
INSERT INTO `car_pur_a` VALUES ('162', '1705', '', '106.07.15', '', '', '', '', '', '', '', 0, '選配共10000', '', NULL, '', '', '');
INSERT INTO `car_pur_a` VALUES ('163', '1705', '', '106.07.15', '', '', '', '', '', '', '', 0, '選配共10000', '', NULL, '', '', '');
INSERT INTO `car_pur_a` VALUES ('164', '1705', '', '106.07.15', '', '', '', '', '', '', '', 0, '選配共50000', '', NULL, '', '', '');
INSERT INTO `car_pur_a` VALUES ('165', '1705', '', '106.06.26', '', '', '', '', '', 'G396H500', '', 0, '選配共10000', '', NULL, '', '', '');
INSERT INTO `car_pur_a` VALUES ('166', '1705', '', '106.07.15', '', '', '', '', '', '', '', 0, '選配共10000', '', NULL, '', '', '');
INSERT INTO `car_pur_a` VALUES ('167', '1705', '', '106.06.26', '', '', '', '', '', '37569971', '', 0, '選配共50000', '', NULL, '', '', '');
INSERT INTO `car_pur_a` VALUES ('168', '1705', '', '106.06.26', '', '106.06.26', '', '106.06.29', '', '39409974', 'AUK-2757', 0, '選配共71000', '', NULL, '', '', '');
INSERT INTO `car_pur_a` VALUES ('169', '1705', '', '106.06.26', '', '', '', '', '', '31559985', '', 0, '選配共10000', '', NULL, '', '', '');
INSERT INTO `car_pur_a` VALUES ('170', '1705', '', '106.06.26', '', '', '', '', '', 'F036H501', '', 0, '選配共10000', '', NULL, '', '', '');
INSERT INTO `car_pur_a` VALUES ('171', '1705', '', '106.07.15', '', '', '', '', '', '', '', 0, '選配共10000', '', NULL, '', '', '');
INSERT INTO `car_pur_a` VALUES ('172', '1705', '', '', '', '', '', '', '', '', '', 0, '選配共40000', '', NULL, '', '', '');
INSERT INTO `car_pur_a` VALUES ('173', '1705', '', '106.06.26', '', '', '', '', '', 'F909H502', '', 0, '選配共17000', '', NULL, '', '', '');
INSERT INTO `car_pur_a` VALUES ('174', '1705', '', '106.07.15', '', '', '', '', '', '', '', 0, '選配共17000', '', NULL, '', '', '');
INSERT INTO `car_pur_a` VALUES ('175', '1705', '', '106.07.15', '', '', '', '', '', '', '', 0, '選配共10000', '', NULL, '', '', '');
INSERT INTO `car_pur_a` VALUES ('176', '1705', '', '106.06.26', '', '', '', '106.06.30', '', 'G326H491', 'AUM-2032', 0, '', '', NULL, '', '', '');
INSERT INTO `car_pur_a` VALUES ('177', '1705', '', '106.06.26', '', '', '', '', '', '34179975', '', 0, '', '', NULL, '', '', '');
INSERT INTO `car_pur_a` VALUES ('178', '1705', '', '106.06.26', '', '', '', '', '', '40599975', '', 0, '', '', NULL, '', '', '');
INSERT INTO `car_pur_a` VALUES ('179', '1705', '', '106.06.26', '', '', '', '', '', '33269975', '', 0, '', '', NULL, '', '', '');
INSERT INTO `car_pur_a` VALUES ('180', '1705', '', '106.06.26', '', '', '', '', '', '31619980', '', 0, '', '', NULL, '', '', '');
INSERT INTO `car_pur_a` VALUES ('181', '1705', '', '106.06.26', '', '', '', '', '', '33629980', '', 0, '', '', NULL, '', '', '');
INSERT INTO `car_pur_a` VALUES ('182', '1705', '', '106.07.15', '', '', '', '', '', '', '', 0, '', '', NULL, '', '', '');
INSERT INTO `car_pur_a` VALUES ('183', '1705', '', '106.07.15', '', '', '', '', '', '', '', 0, '', '', NULL, '', '', '');
INSERT INTO `car_pur_a` VALUES ('184', '1705', '', '106.07.15', '', '', '', '', '', '', '', 0, NULL, '', NULL, '', '', '');
INSERT INTO `car_pur_a` VALUES ('185', '1705', '', '106.07.15', '', '', '', '', '', '', '', 0, NULL, '', NULL, '', '', '');
INSERT INTO `car_pur_a` VALUES ('186', '1705', '', '106.07.15', '', '', '', '', '', '', '', 0, NULL, '', NULL, '', '', '');
INSERT INTO `car_pur_a` VALUES ('187', '1705', '', '106.07.15', '', '', '', '', '', '', '', 0, NULL, '', NULL, '', '', '');
INSERT INTO `car_pur_a` VALUES ('188', '1705', '', '', '', '', '', '', '', '', '', 0, '', '', NULL, '', '', '');
INSERT INTO `car_pur_a` VALUES ('189', '1705', '', '106.06.26', '', '106.06.26', '106.06.28', '', '', 'F503H500', '', 0, '', '', NULL, '', '', '');
INSERT INTO `car_pur_a` VALUES ('190', '1705', '', '106.07.15', '', '', '', '', '', '', '', 0, NULL, '', NULL, '', '', '');
INSERT INTO `car_pur_a` VALUES ('191', '1705', '', '106.06.26', '', '', '', '', '', 'G244H500', '', 0, '', '', NULL, '', '', '');
INSERT INTO `car_pur_a` VALUES ('192', '1705', '', '106.07.15', '', '', '', '', '', '', '', 0, NULL, '', NULL, '', '', '');
INSERT INTO `car_pur_a` VALUES ('193', '1705', '', '106.06.26', '', '', '106.06.28', '106.06.30', '', 'G125H500', 'ATF-8933', 0, '', '', NULL, '', '', '');
INSERT INTO `car_pur_a` VALUES ('194', '1705', '', '106.07.15', '', '', '', '', '', '', '', 0, NULL, '', NULL, '', '', '');
INSERT INTO `car_pur_a` VALUES ('195', '1705', '', '106.06.26', '', '', '', '', '', 'F737H502', '', 0, '', '', NULL, '', '', '');
INSERT INTO `car_pur_a` VALUES ('196', '1705', '', '106.07.15', '', '', '', '', '', '', '', 0, NULL, '', NULL, '', '', '');
INSERT INTO `car_pur_a` VALUES ('197', '1705', '', '106.07.15', '', '', '', '', '', '', '', 0, '', '', NULL, '', '', '');
INSERT INTO `car_pur_a` VALUES ('198', '1705', '', '106.07.15', '', '', '', '', '', '', '', 0, '', '', NULL, '', '', '');
INSERT INTO `car_pur_a` VALUES ('199', '1705', '', '106.07.15', '', '', '', '', '', '', '', 0, NULL, '', NULL, '', '', '');
INSERT INTO `car_pur_a` VALUES ('200', '1705', '', '106.07.15', '', '', '', '', '', '', '', 0, NULL, '', NULL, '', '', '');
INSERT INTO `car_pur_a` VALUES ('201', '1705', '', '106.07.15', '', '', '', '', '', '', '', 0, NULL, '', NULL, '', '', '');
INSERT INTO `car_pur_a` VALUES ('202', '1705', '', '106.07.15', '', '', '', '', '', '', '', 0, '', '', NULL, '', '', '');
INSERT INTO `car_pur_a` VALUES ('203', '1705', '', '106.07.15', '', '', '', '', '', '', '', 0, '', '', NULL, '', '', '');
INSERT INTO `car_pur_a` VALUES ('204', '1706', '', '', '', '', '', '', '', '', '', 0, '選配共10000', '', NULL, '', '', '');
INSERT INTO `car_pur_a` VALUES ('205', '1706', '', '', '', '', '', '', '', '', '', 0, '選配共40000', '', NULL, '', '', '');
INSERT INTO `car_pur_a` VALUES ('206', '1706', '', '', '', '', '', '', '', '', '', 0, '選配共10000', '', NULL, '', '', '');
INSERT INTO `car_pur_a` VALUES ('207', '1706', '', '', '', '', '', '', '', '', '', 0, '選配共10000', '', NULL, '', '', '');
INSERT INTO `car_pur_a` VALUES ('208', '1706', '', '', '', '', '', '', '', '', '', 0, NULL, '', NULL, '', '', '');
INSERT INTO `car_pur_a` VALUES ('209', '1706', '', '', '', '', '', '', '', '', '', 0, NULL, '', NULL, '', '', '');
INSERT INTO `car_pur_a` VALUES ('210', '1706', '', '', '', '', '', '', '', '', '', 0, NULL, '', NULL, '', '', '');
INSERT INTO `car_pur_a` VALUES ('211', '1706', '', '', '', '', '', '', '', '', '', 0, NULL, '', NULL, '', '', '');
INSERT INTO `car_pur_a` VALUES ('212', '1706', '', '', '', '', '', '', '', '', '', 0, '', '', NULL, '', '', '');
INSERT INTO `car_pur_a` VALUES ('213', '1706', '', '', '', '', '', '', '', '', '', 0, NULL, '', NULL, '', '', '');
INSERT INTO `car_pur_a` VALUES ('214', '1706', '', '', '', '', '', '', '', '', '', 0, NULL, '', NULL, '', '', '');
INSERT INTO `car_pur_a` VALUES ('215', '1706', '', '', '', '', '', '', '', '', '', 0, NULL, '', NULL, '', '', '');
INSERT INTO `car_pur_a` VALUES ('216', '1706', '', '', '', '', '', '', '', '', '', 0, NULL, '', NULL, '', '', '');
INSERT INTO `car_pur_a` VALUES ('217', '1706', '', '', '', '', '', '', '', '', '', 0, NULL, '', NULL, '', '', '');
INSERT INTO `car_pur_a` VALUES ('218', '1706', '', '', '', '', '', '', '', '', '', 0, '', '', NULL, '', '', '');
INSERT INTO `car_pur_a` VALUES ('219', '1706', '', '', '', '', '', '', '', '', '', 0, NULL, '', NULL, '', '', '');
INSERT INTO `car_pur_a` VALUES ('220', '1706', '', '', '', '', '', '', '', '', '', 0, '', '', NULL, '', '', '');
INSERT INTO `car_pur_a` VALUES ('221', '1706', '', '', '', '', '', '', '', '', '', 0, '', '', NULL, '', '', '');
INSERT INTO `car_pur_a` VALUES ('222', '1706', '', '', '', '', '', '', '', '', '', 0, NULL, '', NULL, '', '', '');
INSERT INTO `car_pur_a` VALUES ('223', '1706', '', '', '', '', '', '', '', '', '', 0, NULL, '', NULL, '', '', '');
INSERT INTO `car_pur_a` VALUES ('224', '1706', '', '', '', '', '', '', '', '', '', 0, '', '', NULL, '', '', '');
INSERT INTO `car_pur_a` VALUES ('225', '1706', '', '', '', '', '', '', '', '', '', 0, '', '', NULL, '', '', '');
INSERT INTO `car_pur_a` VALUES ('226', '1706', '', '', '', '', '', '', '', '', '', 0, '', '', NULL, '', '', '');
INSERT INTO `car_pur_a` VALUES ('227', '1706', '', '', '', '', '', '', '', '', '', 0, '', '', NULL, '', '', '');
INSERT INTO `car_pur_a` VALUES ('228', '1706', '', '', '', '', '', '', '', '', '', 0, '', '', NULL, '', '', '');
INSERT INTO `car_pur_a` VALUES ('229', '2017.04', '2017.04', '106.06.05', '106.06.05', '106.06.05', '', '106.06.14', '', '33139943', 'AUJ-9800', 0, '1264800+10000+13600(1%)+450=1288850', '', NULL, '', '', '');
INSERT INTO `car_pur_a` VALUES ('230', '201703', '201703', '106.05.24', '106.05.24', '106.06.16', '106.06.24', '106.06.28', '', 'G173H475', 'AUM-1720', 0, '1079500+11500+450=1091450', '', NULL, '', '', '');
INSERT INTO `car_pur_a` VALUES ('231', '1704', '1704', '106.06.14', '', '106.06.22', '106.06.26', '', '', 'F917H491', '', 0, '總代理撥車', '', NULL, '', '', '');
INSERT INTO `car_pur_a` VALUES ('232', '2017.03', '2017.03', '106.05.04', '106.05.04', '106.06.06', '106.06.28', '106.06.29', '', '34909909', 'AUK-1639', 0, '1674000+18000(1%)+450=1692450', '', NULL, '', '', '');
INSERT INTO `car_pur_a` VALUES ('233', '1707', '1707', '', '', '', '', '', NULL, '', '', 0, NULL, '', NULL, '', '', '');
INSERT INTO `car_pur_a` VALUES ('234', '1707', '1707', '', '', '', '', '', NULL, '', '', 0, NULL, '', NULL, '', '', '');
INSERT INTO `car_pur_a` VALUES ('235', '1707', '1707', '', '', '', '', '', NULL, '', '', 0, '', '', NULL, '', '', '');
INSERT INTO `car_pur_a` VALUES ('236', '1707', '1707', '', '', '', '', '', NULL, '', '', 0, NULL, '', NULL, '', '', '');
INSERT INTO `car_pur_a` VALUES ('237', '1707', '1707', '', '', '', '', '', NULL, '', '', 0, '選配共10000', '', NULL, '', '', '');
INSERT INTO `car_pur_a` VALUES ('238', '1707', '1707', '', '', '', '', '', NULL, '', '', 0, '選配共10000', '', NULL, '', '', '');
INSERT INTO `car_pur_a` VALUES ('239', '1707', '1707', '', '', '', '', '', NULL, '', '', 0, '選配共113000', '', NULL, '', '', '');
INSERT INTO `car_pur_a` VALUES ('240', '1707', '1707', '', '', '', '', '', NULL, '', '', 0, '選配共10000', '', NULL, '', '', '');
INSERT INTO `car_pur_a` VALUES ('241', '1707', '1707', '', '', '', '', '', NULL, '', '', 0, '選配共10000', '', NULL, '', '', '');
INSERT INTO `car_pur_a` VALUES ('242', '1707', '1707', '', '', '', '', '', NULL, '', '', 0, '選配共10000', '', NULL, '', '', '');
INSERT INTO `car_pur_a` VALUES ('243', '1707', '1707', '', '', '', '', '', NULL, '', '', 0, '選配共10000', '', NULL, '', '', '');
INSERT INTO `car_pur_a` VALUES ('244', '1707', '1707', '', '', '', '', '', NULL, '', '', 0, '選配共10000', '', NULL, '', '', '');
INSERT INTO `car_pur_a` VALUES ('245', '1707', '1707', '', '', '', '', '', NULL, '', '', 0, '選配共145000', '', NULL, '', '', '');
INSERT INTO `car_pur_a` VALUES ('246', '1707', '1707', '', '', '', '', '', NULL, '', '', 0, '選配共145000', '', NULL, '', '', '');
INSERT INTO `car_pur_a` VALUES ('247', '1707', '1707', '', '', '', '', '', NULL, '', '', 0, '選配共10000', '', NULL, '', '', '');
INSERT INTO `car_pur_a` VALUES ('248', '1707', '1707', '', '', '', '', '', NULL, '', '', 0, '選配共10000', '', NULL, '', '', '');
INSERT INTO `car_pur_a` VALUES ('249', '1707', '1707', '', '', '', '', '', NULL, '', '', 0, '選配共10000', '', NULL, '', '', '');
INSERT INTO `car_pur_a` VALUES ('250', '1707', '1707', '', '', '', '', '', NULL, '', '', 0, '選配共10000', '', NULL, '', '', '');
INSERT INTO `car_pur_a` VALUES ('251', '1707', '1707', '', '', '', '', '', NULL, '', '', 0, '選配共10000', '', NULL, '', '', '');
INSERT INTO `car_pur_a` VALUES ('252', '1707', '1707', '', '', '', '', '', NULL, '', '', 0, '選配共10000', '', NULL, '', '', '');
INSERT INTO `car_pur_a` VALUES ('253', '1707', '1707', '', '', '', '', '', NULL, '', '', 0, '選配共50000', '', NULL, '', '', '');
INSERT INTO `car_pur_a` VALUES ('254', '1707', '1707', '', '', '', '', '', NULL, '', '', 0, '選配共10000', '', NULL, '', '', '');
INSERT INTO `car_pur_a` VALUES ('255', '1707', '1707', '', '', '', '', '', NULL, '', '', 0, '選配共10000', '', NULL, '', '', '');
INSERT INTO `car_pur_a` VALUES ('256', '1707', '1707', '', '', '', '', '', NULL, '', '', 0, '選配共10000', '', NULL, '', '', '');
INSERT INTO `car_pur_a` VALUES ('257', '1707', '1707', '', '', '', '', '', NULL, '', '', 0, '選配共10000', '', NULL, '', '', '');
INSERT INTO `car_pur_a` VALUES ('258', '1707', '1707', '', '', '', '', '', NULL, '', '', 0, '選配共50000', '', NULL, '', '', '');
INSERT INTO `car_pur_a` VALUES ('259', '1707', '1707', '', '', '', '', '', NULL, '', '', 0, '選配共10000', '', NULL, '', '', '');
INSERT INTO `car_pur_a` VALUES ('260', '1707', '1707', '', '', '', '', '', NULL, '', '', 0, '選配共10000', '', NULL, '', '', '');
INSERT INTO `car_pur_a` VALUES ('261', '1707', '1707', '', '', '', '', '', NULL, '', '', 0, '選配共10000', '', NULL, '', '', '');
INSERT INTO `car_pur_a` VALUES ('262', '1707', '1707', '', '', '', '', '', NULL, '', '', 0, '選配共40000', '', NULL, '', '', '');
INSERT INTO `car_pur_a` VALUES ('263', '1707', '1707', '', '', '', '', '', NULL, '', '', 0, NULL, '', NULL, '', '', '');
INSERT INTO `car_pur_a` VALUES ('264', '1707', '1707', '', '', '', '', '', NULL, '', '', 0, NULL, '', NULL, '', '', '');
INSERT INTO `car_pur_a` VALUES ('265', '1707', '1707', '', '', '', '', '', NULL, '', '', 0, NULL, '', NULL, '', '', '');
INSERT INTO `car_pur_a` VALUES ('266', '1707', '1707', '', '', '', '', '', NULL, '', '', 0, NULL, '', NULL, '', '', '');
INSERT INTO `car_pur_a` VALUES ('267', '1707', '1707', '', '', '', '', '', NULL, '', '', 0, NULL, '', NULL, '', '', '');
INSERT INTO `car_pur_a` VALUES ('268', '1707', '1707', '', '', '', '', '', NULL, '', '', 0, '', '', NULL, '', '', '');
INSERT INTO `car_pur_a` VALUES ('269', '1707', '1707', '', '', '', '', '', NULL, '', '', 0, NULL, '', NULL, '', '', '');
INSERT INTO `car_pur_a` VALUES ('270', '1707', '1707', '', '', '', '', '', NULL, '', '', 0, NULL, '', NULL, '', '', '');
INSERT INTO `car_pur_a` VALUES ('271', '1707', '1707', '', '', '', '', '', NULL, '', '', 0, '', '', NULL, '', '', '');
INSERT INTO `car_pur_a` VALUES ('272', '1707', '1707', '', '', '', '', '', NULL, '', '', 0, '', '', NULL, '', '', '');
INSERT INTO `car_pur_a` VALUES ('273', '1707', '1707', '', '', '', '', '', NULL, '', '', 0, '', '', NULL, '', '', '');
INSERT INTO `car_pur_a` VALUES ('274', '1707', '1707', '', '', '', '', '', NULL, '', '', 0, '', '', NULL, '', '', '');
INSERT INTO `car_pur_a` VALUES ('275', '1707', '1707', '', '', '', '', '', NULL, '', '', 0, '', '', NULL, '', '', '');
INSERT INTO `car_pur_a` VALUES ('276', '1707', '1707', '', '', '', '', '', NULL, '', '', 0, '', '', NULL, '', '', '');
INSERT INTO `car_pur_a` VALUES ('277', '2017.01', '2017.01', '106.04.02', '106.04.02', '106.04.14', '106.06.27', '106.06.30', '', 'F577H429', 'AUM-2012', 0, ' 1674000+18000+450=1692450', '', NULL, '', '', '');
INSERT INTO `car_pur_a` VALUES ('278', '2017.01', '2017.06', '106.04.06', '106.04.06', '106.04.17', '106.06.28', '', '', '39549876', '', 0, '1302000+14000(1%)+450+10000=1326450', '', NULL, '', '', '');

-- --------------------------------------------------------

-- 
-- 資料表格式： `car_pur_a_void`
-- 

CREATE TABLE `car_pur_a_void` (
  `CarId` varchar(8) COLLATE utf8_unicode_ci NOT NULL,
  `PrdcMon` varchar(8) COLLATE utf8_unicode_ci NOT NULL,
  `ShipMon` varchar(8) COLLATE utf8_unicode_ci NOT NULL,
  `EstDat` varchar(10) COLLATE utf8_unicode_ci NOT NULL,
  `ArrDat` varchar(10) COLLATE utf8_unicode_ci NOT NULL,
  `RdmDat` varchar(10) COLLATE utf8_unicode_ci NOT NULL,
  `InDat` varchar(10) COLLATE utf8_unicode_ci NOT NULL,
  `PlateDat` varchar(10) COLLATE utf8_unicode_ci NOT NULL,
  `EngNo` varchar(20) COLLATE utf8_unicode_ci NOT NULL,
  `PlateNo` varchar(20) COLLATE utf8_unicode_ci NOT NULL,
  `DealAmt` bigint(10) NOT NULL DEFAULT '0',
  `Memo` varchar(200) COLLATE utf8_unicode_ci DEFAULT NULL,
  `DeliDat` varchar(10) COLLATE utf8_unicode_ci NOT NULL,
  `DeliMan` varchar(20) COLLATE utf8_unicode_ci DEFAULT NULL,
  `DeliUser` varchar(4) COLLATE utf8_unicode_ci NOT NULL,
  `BmwDocDat` varchar(10) COLLATE utf8_unicode_ci NOT NULL,
  `BmwDocDelDat` varchar(10) COLLATE utf8_unicode_ci NOT NULL
) ENGINE=MyISAM DEFAULT CHARSET=utf8 COLLATE=utf8_unicode_ci;

-- 
-- 列出以下資料庫的數據： `car_pur_a_void`
-- 


-- --------------------------------------------------------

-- 
-- 資料表格式： `car_pur_void`
-- 

CREATE TABLE `car_pur_void` (
  `CarId` int(8) unsigned NOT NULL DEFAULT '0',
  `SaleId` varchar(8) COLLATE utf8_unicode_ci NOT NULL,
  `FrNo10` varchar(50) COLLATE utf8_unicode_ci NOT NULL,
  `FrNo7` varchar(7) COLLATE utf8_unicode_ci NOT NULL,
  `CatId` varchar(8) COLLATE utf8_unicode_ci NOT NULL,
  `Color` varchar(10) COLLATE utf8_unicode_ci NOT NULL,
  `InColor` varchar(10) COLLATE utf8_unicode_ci NOT NULL,
  `OptList` varchar(100) COLLATE utf8_unicode_ci NOT NULL,
  `OrderNo` varchar(20) COLLATE utf8_unicode_ci NOT NULL,
  `Status` int(3) unsigned DEFAULT '0',
  `CllInNo` varchar(20) COLLATE utf8_unicode_ci NOT NULL,
  `OrderDat` varchar(10) COLLATE utf8_unicode_ci NOT NULL,
  `Supplier` varchar(10) COLLATE utf8_unicode_ci NOT NULL,
  `Locat` varchar(10) COLLATE utf8_unicode_ci NOT NULL,
  `RsvFlag` varchar(1) COLLATE utf8_unicode_ci DEFAULT '0',
  `RsvMemo` varchar(50) COLLATE utf8_unicode_ci NOT NULL
) ENGINE=MyISAM DEFAULT CHARSET=utf8 COLLATE=utf8_unicode_ci;

-- 
-- 列出以下資料庫的數據： `car_pur_void`
-- 


-- --------------------------------------------------------

-- 
-- 資料表格式： `car_sale`
-- 

CREATE TABLE `car_sale` (
  `SaleId` varchar(8) COLLATE utf8_unicode_ci NOT NULL,
  `CarId` varchar(8) COLLATE utf8_unicode_ci NOT NULL,
  `CatId` varchar(8) COLLATE utf8_unicode_ci NOT NULL,
  `Color` varchar(10) COLLATE utf8_unicode_ci NOT NULL,
  `InColor` varchar(10) COLLATE utf8_unicode_ci NOT NULL,
  `OptList` varchar(100) COLLATE utf8_unicode_ci NOT NULL,
  `ChkFlag` varchar(1) COLLATE utf8_unicode_ci NOT NULL DEFAULT '0'
) ENGINE=MyISAM DEFAULT CHARSET=utf8 COLLATE=utf8_unicode_ci;

-- 
-- 列出以下資料庫的數據： `car_sale`
-- 

INSERT INTO `car_sale` VALUES ('1', '1', 'XS71', '850', 'FYE1', '383.322', '0');
INSERT INTO `car_sale` VALUES ('2', '4', 'YS91', '851', 'TYE1', '0TY.382', '0');
INSERT INTO `car_sale` VALUES ('4', '77', 'YS31', 'C2M', 'CXE1', '382', '0');
INSERT INTO `car_sale` VALUES ('5', '13', 'LN71', '850', 'CXE1', '383', '0');
INSERT INTO `car_sale` VALUES ('6', '17', 'LN71', '850', 'CXE1', '383', '0');
INSERT INTO `car_sale` VALUES ('7', '18', 'LN71', 'C2C', 'CXE1', '302.3AF.5AS', '0');
INSERT INTO `car_sale` VALUES ('8', '20', 'LV91', '850', 'GSE1', '3A3', '0');
INSERT INTO `car_sale` VALUES ('9', '21', 'LV91', '850', 'GSE1', '3A3', '0');
INSERT INTO `car_sale` VALUES ('10', '25', 'XM51', 'B83', 'FYE1', '382.322.3AG.894', '0');
INSERT INTO `car_sale` VALUES ('11', '28', 'XM51', '850', 'FYE1', '383.322.3AG.894', '0');
INSERT INTO `car_sale` VALUES ('12', '29', 'XM51', 'C24', 'FYMJ', '7GD.3BT.4FQ.322.3AG', '0');
INSERT INTO `car_sale` VALUES ('13', '44', 'XS11', 'B86', 'BGE1', '322.255', '0');
INSERT INTO `car_sale` VALUES ('14', '45', 'XS11', '850', 'BGE1', '255.507', '0');
INSERT INTO `car_sale` VALUES ('15', '46', 'XS11', 'B69', 'BGE1', '255.507', '0');
INSERT INTO `car_sale` VALUES ('16', '48', 'XS51', 'B83', 'FYE1', '382.3AG.322.894', '0');
INSERT INTO `car_sale` VALUES ('17', '65', 'YS31', '851', 'CXE1', '382', '0');
INSERT INTO `car_sale` VALUES ('18', '66', 'YS31', 'B15', 'CXE1', '383', '0');
INSERT INTO `car_sale` VALUES ('19', '67', 'YS31', 'C2K', 'CXE1', '383', '0');
INSERT INTO `car_sale` VALUES ('20', '68', 'YS31', 'C2M', 'CXE1', '382', '0');
INSERT INTO `car_sale` VALUES ('21', '83', 'YS91', 'B15', 'CXE1', '383', '0');
INSERT INTO `car_sale` VALUES ('22', '84', 'YS91', 'B71', 'CXE1', '', '0');
INSERT INTO `car_sale` VALUES ('23', '90', 'YS91', 'C1V', 'TYE1', '0TY.383', '0');
INSERT INTO `car_sale` VALUES ('24', '91', 'YS91', 'C2M', 'CXE1', '382', '0');
INSERT INTO `car_sale` VALUES ('25', '92', 'YS91', 'C2M', 'CXE1', '382', '0');
INSERT INTO `car_sale` VALUES ('26', '100', 'LN71', '850', 'CXE1', '302345383402', '0');
INSERT INTO `car_sale` VALUES ('27', '104', 'LV91', '850', 'GSE1', '3A3,5A4,5AS.4GX', '0');
INSERT INTO `car_sale` VALUES ('28', '106', 'XS11', 'B83', 'BGE1', '255.507', '0');
INSERT INTO `car_sale` VALUES ('29', '116', 'XS71', '850', 'FYMJ', '3BT,4FQ,7GD.322.3AG', '0');
INSERT INTO `car_sale` VALUES ('30', '117', 'XS71', 'C24', 'TYE1', '0TY,3BT,6UM,7GD,322,3AG', '0');
INSERT INTO `car_sale` VALUES ('31', '121', 'XM51', 'A94', 'FYE1', '322.3AG.894', '0');
INSERT INTO `car_sale` VALUES ('32', '125', 'XM71', 'B69', 'FYE1', '382.674.322.3AG', '0');
INSERT INTO `car_sale` VALUES ('33', '146', 'YS91', 'B15', 'NYM9', '', '0');
INSERT INTO `car_sale` VALUES ('34', '147', 'YS91', 'B71', 'CXE1', '', '0');
INSERT INTO `car_sale` VALUES ('35', '149', 'YS91', 'C2K', 'NYM9', '0NY,345,382,402,497,4F1,674', '0');
INSERT INTO `car_sale` VALUES ('114', '119', 'XM51', 'B22', 'FYMJ', '3BT,4FQ,7GD,322,3AG', '0');
INSERT INTO `car_sale` VALUES ('37', '151', 'YS91', 'C2M', 'CXE1', '', '0');
INSERT INTO `car_sale` VALUES ('38', '152', 'YS91', 'C2M', 'CXE1', '382,402', '0');
INSERT INTO `car_sale` VALUES ('39', '153', 'YS91', 'C2M', 'CXE1', '', '0');
INSERT INTO `car_sale` VALUES ('40', '158', 'LV91', 'C2K', 'GSE1', '302,345,3A3,4GV,508,5DP,6AD,6UM', '0');
INSERT INTO `car_sale` VALUES ('41', '159', 'XS11', 'B70', 'BGE1', '', '0');
INSERT INTO `car_sale` VALUES ('42', '163', 'XS51', 'B86', 'FYE1', '', '0');
INSERT INTO `car_sale` VALUES ('43', '168', 'XM51', 'B71', 'FYE1', '2GZ,383,473,4AA,508,5DP,322,3AG', '0');
INSERT INTO `car_sale` VALUES ('44', '174', 'XM91', 'A94', 'GSE1', '', '0');
INSERT INTO `car_sale` VALUES ('45', '176', 'WG71', '850', 'TYE1', '223,2E4,2TB,2XC,345,3BE,3YR,473,508,5AS,5DP,674,894', '0');
INSERT INTO `car_sale` VALUES ('46', '188', 'YS31', 'C2M', 'CXE1', '', '0');
INSERT INTO `car_sale` VALUES ('47', '189', 'YS91', '851', 'CXE1', '', '0');
INSERT INTO `car_sale` VALUES ('48', '193', 'YS91', '851', 'NEE1', '383,4F6,508,5AS,5DP,0NE', '0');
INSERT INTO `car_sale` VALUES ('49', '194', 'YS91', 'B15', 'CXE1', '', '0');
INSERT INTO `car_sale` VALUES ('50', '198', 'YS91', 'C24', 'CXE1', '', '0');
INSERT INTO `car_sale` VALUES ('51', '202', 'YS91', 'B22', 'NYM9', '', '0');
INSERT INTO `car_sale` VALUES ('52', '203', 'YS91', 'C2M', 'CXE1', '', '0');
INSERT INTO `car_sale` VALUES ('53', '206', 'XM51', 'B22', 'FYE1', '', '0');
INSERT INTO `car_sale` VALUES ('54', '221', 'YS91', 'B58', 'TYE1', '', '0');
INSERT INTO `car_sale` VALUES ('55', '274', 'YS91', '', '', '', '1');
INSERT INTO `car_sale` VALUES ('56', '226', 'YV91', 'A94', 'NEE1', '', '0');
INSERT INTO `car_sale` VALUES ('57', '228', 'YV91', 'B71', 'TYE1', '', '0');
INSERT INTO `car_sale` VALUES ('58', '235', 'LN71', '', '', '', '1');
INSERT INTO `car_sale` VALUES ('59', '276', 'YV91', '', '', '', '1');
INSERT INTO `car_sale` VALUES ('60', '239', 'XM51', '', '', '', '1');
INSERT INTO `car_sale` VALUES ('61', '271', 'YS91', '', '', '', '1');
INSERT INTO `car_sale` VALUES ('62', '79', 'YS91', 'B15', 'CXE1', '383.20G', '0');
INSERT INTO `car_sale` VALUES ('71', '38', 'XM91', '850', 'GSE1', '3A3,3AZ,322,3AG', '0');
INSERT INTO `car_sale` VALUES ('64', '275', 'YS91', '', '', '', '1');
INSERT INTO `car_sale` VALUES ('65', '42', 'XN71', 'B83', 'BGE1', '255.507', '0');
INSERT INTO `car_sale` VALUES ('66', '7', 'LN31', '850', 'CXE1', '383.2HU', '0');
INSERT INTO `car_sale` VALUES ('67', '12', 'LN71', 'C2C', 'CXE1', '3AF', '0');
INSERT INTO `car_sale` VALUES ('68', '35', 'XM71', 'C24', 'FYMJ', '7GD.3BT.4FQ.322.3AG', '0');
INSERT INTO `car_sale` VALUES ('69', '131', 'XN71', 'B83', 'BGE1', '255.507', '0');
INSERT INTO `car_sale` VALUES ('70', '265', 'YS31', '', '', '', '1');
INSERT INTO `car_sale` VALUES ('72', '197', 'YS91', 'C24', 'CXE1', '382.IND', '0');
INSERT INTO `car_sale` VALUES ('100', '72', 'YS31', 'B15', 'CXE1', '383', '0');
INSERT INTO `car_sale` VALUES ('74', '61', 'YS31', '851', 'CXE1', '382', '0');
INSERT INTO `car_sale` VALUES ('75', '229', 'xm51', 'B71', 'FYE1', '382.894', '0');
INSERT INTO `car_sale` VALUES ('76', '47', 'XS51', 'C24', 'FYMJ', '7GD.3BT.4FQ.322.3AG', '0');
INSERT INTO `car_sale` VALUES ('77', '5', 'LN31', 'C2B', 'CXE1', '382', '0');
INSERT INTO `car_sale` VALUES ('78', '55', 'XS51', 'B83', 'FYE1', '382.322.3AG.894', '0');
INSERT INTO `car_sale` VALUES ('79', '', 'YS91', 'C2M', '', '', '0');
INSERT INTO `car_sale` VALUES ('80', '260', 'XS71', '', '', '', '1');
INSERT INTO `car_sale` VALUES ('81', '63', 'YS31', 'B15', 'CXE1', '383', '0');
INSERT INTO `car_sale` VALUES ('82', '93', 'YV91', '851', 'GSE1', '383.3A7', '0');
INSERT INTO `car_sale` VALUES ('83', '107', 'XS11', 'B83', 'BGE1', '255,507', '0');
INSERT INTO `car_sale` VALUES ('112', '87', 'YS91', '851', 'CXE1', '383', '0');
INSERT INTO `car_sale` VALUES ('85', '69', 'YS31', '851', 'CXE1', '382', '0');
INSERT INTO `car_sale` VALUES ('86', '62', 'YS31', '851', 'CXE1', '383', '0');
INSERT INTO `car_sale` VALUES ('101', '232', 'XS51', 'B69', 'FYE1', '382.894+10000元', '0');
INSERT INTO `car_sale` VALUES ('88', '70', 'YS31', '851', 'CXE1', '382', '0');
INSERT INTO `car_sale` VALUES ('103', '64', 'YS31', 'C2K', 'CXE1', '383', '0');
INSERT INTO `car_sale` VALUES ('104', '', 'YS31', 'C2M', '', '', '0');
INSERT INTO `car_sale` VALUES ('91', '81', 'YS91', 'B15', 'CXE1', '20G,2XC,383', '0');
INSERT INTO `car_sale` VALUES ('93', '39', 'XM91', '851', 'GSE1', '329,383,322,3AG', '0');
INSERT INTO `car_sale` VALUES ('94', '71', 'YS31', '851', 'CXE1', '383', '0');
INSERT INTO `car_sale` VALUES ('115', '85', 'YS91', '851', 'CXE1', '382', '0');
INSERT INTO `car_sale` VALUES ('96', '15', 'LN71', 'C2B', 'CXE1', '382', '0');
INSERT INTO `car_sale` VALUES ('102', '41', 'XN71', '850', 'BGE1', '255,507', '0');
INSERT INTO `car_sale` VALUES ('98', '', 'XM71', '', '', '', '0');
INSERT INTO `car_sale` VALUES ('99', '', 'YV91', '', '', '', '0');
INSERT INTO `car_sale` VALUES ('113', '', 'XM91', '850', '', '', '0');
INSERT INTO `car_sale` VALUES ('106', '80', 'YS91', '851', 'CXE1', '382', '0');
INSERT INTO `car_sale` VALUES ('107', '230', 'XS11', 'B83', 'BGE1', '', '0');
INSERT INTO `car_sale` VALUES ('108', '16', 'LN71', 'C2C', 'CXE1', '3AF', '0');
INSERT INTO `car_sale` VALUES ('109', '78', 'YS31', 'C2M', 'CXE1', '382', '0');
INSERT INTO `car_sale` VALUES ('110', '278', 'XS51', 'B86', 'FYE1', '382.894(322.3AG+10000)', '0');
INSERT INTO `car_sale` VALUES ('111', '277', 'YS91', 'C2K', 'CXE1', '383', '0');
INSERT INTO `car_sale` VALUES ('84', '144', 'YS91', '851', 'CXE1', '383', '0');
INSERT INTO `car_sale` VALUES ('97', '49', 'XS51', 'B70', 'FYE1', '383,3AG,322,894', '0');
INSERT INTO `car_sale` VALUES ('116', '103', 'LV91', '850', 'GSE1', '3A3,3A8', '0');
INSERT INTO `car_sale` VALUES ('117', '88', 'YS91', 'B15', 'CXE1', '383', '0');
INSERT INTO `car_sale` VALUES ('118', '30', 'XM71', '850', 'FYMJ', '7GD,3BT,4FQ,322,3AG', '0');
INSERT INTO `car_sale` VALUES ('119', '154', 'YV91', 'A94', 'GSE1', '3A3,3A8', '0');

-- --------------------------------------------------------

-- 
-- 資料表格式： `car_sale_void`
-- 

CREATE TABLE `car_sale_void` (
  `SaleId` varchar(8) COLLATE utf8_unicode_ci NOT NULL,
  `CarId` varchar(8) COLLATE utf8_unicode_ci NOT NULL,
  `CatId` varchar(8) COLLATE utf8_unicode_ci NOT NULL,
  `Color` varchar(10) COLLATE utf8_unicode_ci NOT NULL,
  `InColor` varchar(10) COLLATE utf8_unicode_ci NOT NULL,
  `OptList` varchar(100) COLLATE utf8_unicode_ci NOT NULL,
  `Tmk` datetime NOT NULL,
  `UserId` varchar(4) COLLATE utf8_unicode_ci NOT NULL
) ENGINE=MyISAM DEFAULT CHARSET=utf8 COLLATE=utf8_unicode_ci;

-- 
-- 列出以下資料庫的數據： `car_sale_void`
-- 

INSERT INTO `car_sale_void` VALUES ('55', '225', 'YS91', 'C2M', 'NYM9', '', '2017-06-02 08:47:29', '1091');
INSERT INTO `car_sale_void` VALUES ('63', '19', 'LV91', '851', 'GSE1', '383', '2017-06-03 10:33:25', '1091');
INSERT INTO `car_sale_void` VALUES ('3', '5', 'LN31', 'C2B', 'CXE1', '', '2017-06-05 13:36:58', '1091');
INSERT INTO `car_sale_void` VALUES ('4', '6', 'LN31', 'C2C', 'CXE1', '', '2017-06-05 13:42:16', '1091');
INSERT INTO `car_sale_void` VALUES ('74', '3', 'YS31', '851', 'CXE1', '382', '2017-06-06 12:43:49', '1091');
INSERT INTO `car_sale_void` VALUES ('89', '', 'XS11', '', '', '', '2017-06-20 09:48:02', '1091');
INSERT INTO `car_sale_void` VALUES ('87', '120', 'XM51', 'B83', 'FYE1', '383.322.3AG.894', '2017-06-23 08:57:29', '1091');
INSERT INTO `car_sale_void` VALUES ('73', '105', 'XS11', '850', 'BGE1', '255.507', '2017-06-23 09:39:16', '1091');
INSERT INTO `car_sale_void` VALUES ('89', '230', 'XS11', 'B83', 'BGE1', '', '2017-06-26 08:34:36', '1091');
INSERT INTO `car_sale_void` VALUES ('97', '130', 'XN71', '850', 'BGE1', '255.507', '2017-06-26 10:05:02', '1091');
INSERT INTO `car_sale_void` VALUES ('90', '64', 'YS31', 'C2K', 'CXE1', '383', '2017-06-26 10:52:17', '1091');
INSERT INTO `car_sale_void` VALUES ('84', '87', 'YS91', '851', 'CXE1', '383', '2017-06-26 13:46:15', '1091');
INSERT INTO `car_sale_void` VALUES ('112', '144', 'YS91', '851', 'CXE1', '383', '2017-06-26 13:46:35', '1091');
INSERT INTO `car_sale_void` VALUES ('111', '', 'YS91', '', '', '', '2017-06-26 14:16:15', '1091');
INSERT INTO `car_sale_void` VALUES ('110', '', 'XS51', '', '', '', '2017-06-26 14:17:08', '1091');
INSERT INTO `car_sale_void` VALUES ('95', '41', 'XN71', '850', 'BGE1', '255.507', '2017-06-26 17:43:19', '1091');
INSERT INTO `car_sale_void` VALUES ('92', '95', 'YV91', 'A94', 'GSE1', '3A3.3A8', '2017-06-26 17:46:28', '1091');
INSERT INTO `car_sale_void` VALUES ('102', '130', 'XN71', '850', 'BGE1', '255,507', '2017-06-26 17:52:23', '1091');
INSERT INTO `car_sale_void` VALUES ('36', '150', 'YS91', 'C2M', 'CXE1', '', '2017-06-27 08:57:47', '1091');
INSERT INTO `car_sale_void` VALUES ('90', '0', '', '', '', '', '2017-06-27 09:22:33', '1091');
INSERT INTO `car_sale_void` VALUES ('105', '', 'XM91', 'B70', '', '', '2017-06-27 16:03:10', '1091');

-- --------------------------------------------------------

-- 
-- 資料表格式： `car_testdrive`
-- 

CREATE TABLE `car_testdrive` (
  `TDSaleId` varchar(8) NOT NULL,
  `TDCarId` varchar(8) NOT NULL,
  `Dat` varchar(10) NOT NULL,
  `CntrNo` varchar(20) CHARACTER SET utf8 COLLATE utf8_unicode_ci DEFAULT NULL,
  `Dep` varchar(20) CHARACTER SET utf8 COLLATE utf8_unicode_ci DEFAULT NULL,
  `SaleMan` varchar(10) CHARACTER SET utf8 COLLATE utf8_unicode_ci DEFAULT NULL,
  `Name` varchar(100) CHARACTER SET utf8 COLLATE utf8_unicode_ci DEFAULT NULL,
  `BirthDay` varchar(10) NOT NULL,
  `IdNo` varchar(10) NOT NULL,
  `LicNo` varchar(10) NOT NULL,
  `Tel` varchar(50) CHARACTER SET utf8 COLLATE utf8_unicode_ci DEFAULT NULL,
  `Cell` varchar(20) CHARACTER SET utf8 COLLATE utf8_unicode_ci DEFAULT NULL,
  `City` varchar(20) CHARACTER SET utf8 COLLATE utf8_unicode_ci DEFAULT NULL,
  `Adr` varchar(100) CHARACTER SET utf8 COLLATE utf8_unicode_ci DEFAULT NULL,
  `Payment` varchar(10) CHARACTER SET utf8 COLLATE utf8_unicode_ci DEFAULT NULL,
  `LeaseCo` varchar(100) CHARACTER SET utf8 COLLATE utf8_unicode_ci DEFAULT NULL,
  `LoanCo` varchar(100) CHARACTER SET utf8 COLLATE utf8_unicode_ci DEFAULT NULL,
  `CntrAmt` bigint(10) NOT NULL,
  `EstDelDat` varchar(10) NOT NULL,
  `PlateNo` varchar(20) NOT NULL,
  `PlateDat` varchar(10) NOT NULL
) ENGINE=InnoDB DEFAULT CHARSET=latin1;

-- 
-- 列出以下資料庫的數據： `car_testdrive`
-- 


-- --------------------------------------------------------

-- 
-- 資料表格式： `des_cat`
-- 

CREATE TABLE `des_cat` (
  `CatId` varchar(8) COLLATE utf8_unicode_ci DEFAULT NULL,
  `BmwCode` varchar(8) COLLATE utf8_unicode_ci NOT NULL,
  `Series` varchar(20) COLLATE utf8_unicode_ci NOT NULL,
  `Class` varchar(10) COLLATE utf8_unicode_ci NOT NULL,
  `Model` varchar(50) COLLATE utf8_unicode_ci NOT NULL,
  `Year` varchar(20) COLLATE utf8_unicode_ci NOT NULL,
  `EngCat` varchar(8) COLLATE utf8_unicode_ci NOT NULL,
  `FinaCarCat` varchar(20) COLLATE utf8_unicode_ci NOT NULL
) ENGINE=MyISAM DEFAULT CHARSET=utf8 COLLATE=utf8_unicode_ci;

-- 
-- 列出以下資料庫的數據： `des_cat`
-- 

INSERT INTO `des_cat` VALUES ('LN31', 'LN31', 'F54', 'MINI', 'F54 Cooper', '', 'B38', 'F54');
INSERT INTO `des_cat` VALUES ('LN71', 'LN71', 'F54', 'MINI', 'F54 S', '', 'B48', 'F54');
INSERT INTO `des_cat` VALUES ('LV91', 'LV91', 'F54', 'MINI', 'F54 JCW', '', 'B48', 'F54');
INSERT INTO `des_cat` VALUES ('XS11', 'XS11', 'F55', 'MINI', 'F55 ONE', '', 'B38', 'F55');
INSERT INTO `des_cat` VALUES ('XS51', 'XS51', 'F55', 'MINI', 'F55 Cooper', '', 'B38', 'F55');
INSERT INTO `des_cat` VALUES ('XS71', 'XS71', 'F55', 'MINI', 'F55 S', '', 'B48', 'F55');
INSERT INTO `des_cat` VALUES ('XN71', 'XN71', 'F56', 'MINI', 'F56 ONE', '', 'B38', 'F56');
INSERT INTO `des_cat` VALUES ('XM51', 'XM51', 'F56', 'MINI', 'F56 Cooper', '', 'B38', 'F56');
INSERT INTO `des_cat` VALUES ('XM71', 'XM71', 'F56', 'MINI', 'F56 S', '', 'B48', 'F56');
INSERT INTO `des_cat` VALUES ('XM91', 'XM91', 'F56', 'MINI', 'F56 JCW', '', 'B48', 'F56');
INSERT INTO `des_cat` VALUES ('WG31', 'WG31', 'F57', 'MINI', 'F57 Cooper', '', 'B38', 'F57');
INSERT INTO `des_cat` VALUES ('WG71', 'WG71', 'F57', 'MINI', 'F57 S', '', 'B48', 'F57');
INSERT INTO `des_cat` VALUES ('YS31', 'YS31', 'F60', 'MINI', 'F60 Cooper', '', 'B38', 'F60');
INSERT INTO `des_cat` VALUES ('YS91', 'YS91', 'F60', 'MINI', 'F60 S', '', 'B48', 'F60');
INSERT INTO `des_cat` VALUES ('YV91', 'YV91', 'F60', 'MINI', 'F60 JCW', '', 'B48', 'F60');
INSERT INTO `des_cat` VALUES ('XD11', 'XD11', 'R60', 'MINI', 'R60 JCW', '', 'N18', 'R60');
INSERT INTO `des_cat` VALUES ('ZA31', 'ZA31', 'R60', 'MINI', 'R60 ONE', '', 'N16', 'R60');
INSERT INTO `des_cat` VALUES ('ZB31', 'ZB31', 'R60', 'MINI', 'R60 Cooper', '', 'N16', 'R60');
INSERT INTO `des_cat` VALUES ('ZB71', 'ZB71', 'R60', 'MINI', 'R60 Cooper  SD', '', 'N47', 'R60');
INSERT INTO `des_cat` VALUES ('ZC31', 'ZC31', 'R60', 'MINI', 'R60 S', '', 'N18', 'R60');

-- --------------------------------------------------------

-- 
-- 資料表格式： `des_city`
-- 

CREATE TABLE `des_city` (
  `City` varchar(10) COLLATE utf8_unicode_ci NOT NULL,
  `Town` varchar(10) COLLATE utf8_unicode_ci NOT NULL,
  `Zip` varchar(3) COLLATE utf8_unicode_ci NOT NULL
) ENGINE=MyISAM DEFAULT CHARSET=utf8 COLLATE=utf8_unicode_ci;

-- 
-- 列出以下資料庫的數據： `des_city`
-- 

INSERT INTO `des_city` VALUES ('台北市', '中正區', '100');
INSERT INTO `des_city` VALUES ('台北市', '大同區', '103');
INSERT INTO `des_city` VALUES ('台北市', '中山區', '104');
INSERT INTO `des_city` VALUES ('台北市', '松山區', '105');
INSERT INTO `des_city` VALUES ('台北市', '大安區', '106');
INSERT INTO `des_city` VALUES ('台北市', '萬華區', '108');
INSERT INTO `des_city` VALUES ('台北市', '信義區', '110');
INSERT INTO `des_city` VALUES ('台北市', '士林區', '111');
INSERT INTO `des_city` VALUES ('台北市', '北投區', '112');
INSERT INTO `des_city` VALUES ('台北市', '內湖區', '114');
INSERT INTO `des_city` VALUES ('台北市', '南港區', '115');
INSERT INTO `des_city` VALUES ('台北市', '文山區', '116');
INSERT INTO `des_city` VALUES ('基隆市', '仁愛區', '200');
INSERT INTO `des_city` VALUES ('基隆市', '信義區', '201');
INSERT INTO `des_city` VALUES ('基隆市', '中正區', '202');
INSERT INTO `des_city` VALUES ('基隆市', '中山區', '203');
INSERT INTO `des_city` VALUES ('基隆市', '安樂區', '204');
INSERT INTO `des_city` VALUES ('基隆市', '暖暖區', '205');
INSERT INTO `des_city` VALUES ('基隆市', '七堵區', '206');
INSERT INTO `des_city` VALUES ('新北市', '萬里區', '207');
INSERT INTO `des_city` VALUES ('新北市', '金山區', '208');
INSERT INTO `des_city` VALUES ('連江縣', '南竿鄉', '209');
INSERT INTO `des_city` VALUES ('連江縣', '北竿鄉', '210');
INSERT INTO `des_city` VALUES ('連江縣', '莒光鄉', '211');
INSERT INTO `des_city` VALUES ('連江縣', '東引鄉', '212');
INSERT INTO `des_city` VALUES ('新北市', '板橋區', '220');
INSERT INTO `des_city` VALUES ('新北市', '汐止區', '221');
INSERT INTO `des_city` VALUES ('新北市', '深坑區', '222');
INSERT INTO `des_city` VALUES ('新北市', '石碇區', '223');
INSERT INTO `des_city` VALUES ('新北市', '瑞芳區', '224');
INSERT INTO `des_city` VALUES ('新北市', '平溪區', '226');
INSERT INTO `des_city` VALUES ('新北市', '雙溪區', '227');
INSERT INTO `des_city` VALUES ('新北市', '貢寮區', '228');
INSERT INTO `des_city` VALUES ('新北市', '新店區', '231');
INSERT INTO `des_city` VALUES ('新北市', '坪林區', '232');
INSERT INTO `des_city` VALUES ('新北市', '烏來區', '233');
INSERT INTO `des_city` VALUES ('新北市', '永和區', '234');
INSERT INTO `des_city` VALUES ('新北市', '中和區', '235');
INSERT INTO `des_city` VALUES ('新北市', '土城區', '236');
INSERT INTO `des_city` VALUES ('新北市', '三峽區', '237');
INSERT INTO `des_city` VALUES ('新北市', '樹林區', '238');
INSERT INTO `des_city` VALUES ('新北市', '鶯歌區', '239');
INSERT INTO `des_city` VALUES ('新北市', '三重區', '241');
INSERT INTO `des_city` VALUES ('新北市', '新莊區', '242');
INSERT INTO `des_city` VALUES ('新北市', '泰山區', '243');
INSERT INTO `des_city` VALUES ('新北市', '林口區', '244');
INSERT INTO `des_city` VALUES ('新北市', '蘆洲區', '247');
INSERT INTO `des_city` VALUES ('新北市', '五股區', '248');
INSERT INTO `des_city` VALUES ('新北市', '八里區', '249');
INSERT INTO `des_city` VALUES ('新北市', '淡水區', '251');
INSERT INTO `des_city` VALUES ('新北市', '三芝區', '252');
INSERT INTO `des_city` VALUES ('新北市', '石門區', '253');
INSERT INTO `des_city` VALUES ('宜蘭縣', '宜蘭市', '260');
INSERT INTO `des_city` VALUES ('宜蘭縣', '頭城鎮', '261');
INSERT INTO `des_city` VALUES ('宜蘭縣', '礁溪鄉', '262');
INSERT INTO `des_city` VALUES ('宜蘭縣', '壯圍鄉', '263');
INSERT INTO `des_city` VALUES ('宜蘭縣', '員山鄉', '264');
INSERT INTO `des_city` VALUES ('宜蘭縣', '羅東鎮', '265');
INSERT INTO `des_city` VALUES ('宜蘭縣', '三星鄉', '266');
INSERT INTO `des_city` VALUES ('宜蘭縣', '大同鄉', '267');
INSERT INTO `des_city` VALUES ('宜蘭縣', '五結鄉', '268');
INSERT INTO `des_city` VALUES ('宜蘭縣', '冬山鄉', '269');
INSERT INTO `des_city` VALUES ('宜蘭縣', '蘇澳鎮', '270');
INSERT INTO `des_city` VALUES ('宜蘭縣', '南澳鄉', '272');
INSERT INTO `des_city` VALUES ('新竹', '市', '300');
INSERT INTO `des_city` VALUES ('新竹縣', '竹北市', '302');
INSERT INTO `des_city` VALUES ('新竹縣', '湖口鄉', '303');
INSERT INTO `des_city` VALUES ('新竹縣', '新豐鄉', '304');
INSERT INTO `des_city` VALUES ('新竹縣', '新埔鎮', '305');
INSERT INTO `des_city` VALUES ('新竹縣', '關西鎮', '306');
INSERT INTO `des_city` VALUES ('新竹縣', '芎林鄉', '307');
INSERT INTO `des_city` VALUES ('新竹縣', '寶山鄉', '308');
INSERT INTO `des_city` VALUES ('新竹縣', '竹東鎮', '310');
INSERT INTO `des_city` VALUES ('新竹縣', '五峰鄉', '311');
INSERT INTO `des_city` VALUES ('新竹縣', '橫山鄉', '312');
INSERT INTO `des_city` VALUES ('新竹縣', '尖石鄉', '313');
INSERT INTO `des_city` VALUES ('新竹縣', '北埔鄉', '314');
INSERT INTO `des_city` VALUES ('新竹縣', '峨眉鄉', '315');
INSERT INTO `des_city` VALUES ('桃園市', '中壢區', '320');
INSERT INTO `des_city` VALUES ('桃園市', '平鎮區', '324');
INSERT INTO `des_city` VALUES ('桃園市', '龍潭區', '325');
INSERT INTO `des_city` VALUES ('桃園市', '楊梅區', '326');
INSERT INTO `des_city` VALUES ('桃園市', '新屋區', '327');
INSERT INTO `des_city` VALUES ('桃園市', '觀音區', '328');
INSERT INTO `des_city` VALUES ('桃園市', '桃園區', '330');
INSERT INTO `des_city` VALUES ('桃園市', '龜山區', '333');
INSERT INTO `des_city` VALUES ('桃園市', '八德區', '334');
INSERT INTO `des_city` VALUES ('桃園市', '大溪區', '335');
INSERT INTO `des_city` VALUES ('桃園市', '復興區', '336');
INSERT INTO `des_city` VALUES ('桃園市', '大園區', '337');
INSERT INTO `des_city` VALUES ('桃園市', '蘆竹區', '338');
INSERT INTO `des_city` VALUES ('苗栗縣', '竹南鎮', '350');
INSERT INTO `des_city` VALUES ('苗栗縣', '頭份鎮', '351');
INSERT INTO `des_city` VALUES ('苗栗縣', '三灣鄉', '352');
INSERT INTO `des_city` VALUES ('苗栗縣', '南庄鄉', '353');
INSERT INTO `des_city` VALUES ('苗栗縣', '獅潭鄉', '354');
INSERT INTO `des_city` VALUES ('苗栗縣', '後龍鎮', '356');
INSERT INTO `des_city` VALUES ('苗栗縣', '通霄鎮', '357');
INSERT INTO `des_city` VALUES ('苗栗縣', '苑裡鎮', '358');
INSERT INTO `des_city` VALUES ('苗栗縣', '苗栗市', '360');
INSERT INTO `des_city` VALUES ('苗栗縣', '造橋鄉', '361');
INSERT INTO `des_city` VALUES ('苗栗縣', '頭屋鄉', '362');
INSERT INTO `des_city` VALUES ('苗栗縣', '公館鄉', '363');
INSERT INTO `des_city` VALUES ('苗栗縣', '大湖鄉', '364');
INSERT INTO `des_city` VALUES ('苗栗縣', '泰安鄉', '365');
INSERT INTO `des_city` VALUES ('苗栗縣', '銅鑼鄉', '366');
INSERT INTO `des_city` VALUES ('苗栗縣', '三義鄉', '367');
INSERT INTO `des_city` VALUES ('苗栗縣', '西湖鄉', '368');
INSERT INTO `des_city` VALUES ('苗栗縣', '卓蘭鎮', '369');
INSERT INTO `des_city` VALUES ('台中市', '中區', '400');
INSERT INTO `des_city` VALUES ('台中市', '東區', '401');
INSERT INTO `des_city` VALUES ('台中市', '南區', '402');
INSERT INTO `des_city` VALUES ('台中市', '西區', '403');
INSERT INTO `des_city` VALUES ('台中市', '北區', '404');
INSERT INTO `des_city` VALUES ('台中市', '北屯區', '406');
INSERT INTO `des_city` VALUES ('台中市', '西屯區', '407');
INSERT INTO `des_city` VALUES ('台中市', '南屯區', '408');
INSERT INTO `des_city` VALUES ('台中市', '太平區', '411');
INSERT INTO `des_city` VALUES ('台中市', '大里區', '412');
INSERT INTO `des_city` VALUES ('台中市', '霧峰區', '413');
INSERT INTO `des_city` VALUES ('台中市', '烏日區', '414');
INSERT INTO `des_city` VALUES ('台中市', '豐原區', '420');
INSERT INTO `des_city` VALUES ('台中市', '后里區', '421');
INSERT INTO `des_city` VALUES ('台中市', '石岡區', '422');
INSERT INTO `des_city` VALUES ('台中市', '東勢區', '423');
INSERT INTO `des_city` VALUES ('台中市', '和平區', '424');
INSERT INTO `des_city` VALUES ('台中市', '新社區', '426');
INSERT INTO `des_city` VALUES ('台中市', '潭子區', '427');
INSERT INTO `des_city` VALUES ('台中市', '大雅區', '428');
INSERT INTO `des_city` VALUES ('台中市', '神岡區', '429');
INSERT INTO `des_city` VALUES ('台中市', '大肚區', '432');
INSERT INTO `des_city` VALUES ('台中市', '沙鹿區', '433');
INSERT INTO `des_city` VALUES ('台中市', '龍井區', '434');
INSERT INTO `des_city` VALUES ('台中市', '梧棲區', '435');
INSERT INTO `des_city` VALUES ('台中市', '清水區', '436');
INSERT INTO `des_city` VALUES ('台中市', '大甲區', '437');
INSERT INTO `des_city` VALUES ('台中市', '外埔區', '438');
INSERT INTO `des_city` VALUES ('台中市', '大安區', '439');
INSERT INTO `des_city` VALUES ('彰化縣', '彰化市', '500');
INSERT INTO `des_city` VALUES ('彰化縣', '芬園鄉', '502');
INSERT INTO `des_city` VALUES ('彰化縣', '花壇鄉', '503');
INSERT INTO `des_city` VALUES ('彰化縣', '秀水鄉', '504');
INSERT INTO `des_city` VALUES ('彰化縣', '鹿港鎮', '505');
INSERT INTO `des_city` VALUES ('彰化縣', '福興鄉', '506');
INSERT INTO `des_city` VALUES ('彰化縣', '線西鄉', '507');
INSERT INTO `des_city` VALUES ('彰化縣', '和美鎮', '508');
INSERT INTO `des_city` VALUES ('彰化縣', '伸港鄉', '509');
INSERT INTO `des_city` VALUES ('彰化縣', '員林鎮', '510');
INSERT INTO `des_city` VALUES ('彰化縣', '社頭鄉', '511');
INSERT INTO `des_city` VALUES ('彰化縣', '永靖鄉', '512');
INSERT INTO `des_city` VALUES ('彰化縣', '埔心鄉', '513');
INSERT INTO `des_city` VALUES ('彰化縣', '溪湖鎮', '514');
INSERT INTO `des_city` VALUES ('彰化縣', '大村鄉', '515');
INSERT INTO `des_city` VALUES ('彰化縣', '埔鹽鄉', '516');
INSERT INTO `des_city` VALUES ('彰化縣', '田中鎮', '520');
INSERT INTO `des_city` VALUES ('彰化縣', '北斗鎮', '521');
INSERT INTO `des_city` VALUES ('彰化縣', '田尾鄉', '522');
INSERT INTO `des_city` VALUES ('彰化縣', '埤頭鄉', '523');
INSERT INTO `des_city` VALUES ('彰化縣', '溪州鄉', '524');
INSERT INTO `des_city` VALUES ('彰化縣', '竹塘鄉', '525');
INSERT INTO `des_city` VALUES ('彰化縣', '二林鎮', '526');
INSERT INTO `des_city` VALUES ('彰化縣', '大城鄉', '527');
INSERT INTO `des_city` VALUES ('彰化縣', '芳苑鄉', '528');
INSERT INTO `des_city` VALUES ('彰化縣', '二水鄉', '530');
INSERT INTO `des_city` VALUES ('南投縣', '南投市', '540');
INSERT INTO `des_city` VALUES ('南投縣', '中寮鄉', '541');
INSERT INTO `des_city` VALUES ('南投縣', '草屯鎮', '542');
INSERT INTO `des_city` VALUES ('南投縣', '國姓鄉', '544');
INSERT INTO `des_city` VALUES ('南投縣', '埔里鎮', '545');
INSERT INTO `des_city` VALUES ('南投縣', '仁愛鄉', '546');
INSERT INTO `des_city` VALUES ('南投縣', '名間鄉', '551');
INSERT INTO `des_city` VALUES ('南投縣', '集集鎮', '552');
INSERT INTO `des_city` VALUES ('南投縣', '水里鄉', '553');
INSERT INTO `des_city` VALUES ('南投縣', '魚池鄉', '555');
INSERT INTO `des_city` VALUES ('南投縣', '信義鄉', '556');
INSERT INTO `des_city` VALUES ('南投縣', '竹山鎮', '557');
INSERT INTO `des_city` VALUES ('南投縣', '鹿谷鄉', '558');
INSERT INTO `des_city` VALUES ('嘉義', '市', '600');
INSERT INTO `des_city` VALUES ('嘉義縣', '番路鄉', '602');
INSERT INTO `des_city` VALUES ('嘉義縣', '梅山鄉', '603');
INSERT INTO `des_city` VALUES ('嘉義縣', '竹崎鄉', '604');
INSERT INTO `des_city` VALUES ('嘉義縣', '阿里山', '605');
INSERT INTO `des_city` VALUES ('嘉義縣', '中埔鄉', '606');
INSERT INTO `des_city` VALUES ('嘉義縣', '大埔鄉', '607');
INSERT INTO `des_city` VALUES ('嘉義縣', '水上鄉', '608');
INSERT INTO `des_city` VALUES ('嘉義縣', '鹿草鄉', '611');
INSERT INTO `des_city` VALUES ('嘉義縣', '太保市', '612');
INSERT INTO `des_city` VALUES ('嘉義縣', '朴子市', '613');
INSERT INTO `des_city` VALUES ('嘉義縣', '東石鄉', '614');
INSERT INTO `des_city` VALUES ('嘉義縣', '六腳鄉', '615');
INSERT INTO `des_city` VALUES ('嘉義縣', '新港鄉', '616');
INSERT INTO `des_city` VALUES ('嘉義縣', '民雄鄉', '621');
INSERT INTO `des_city` VALUES ('嘉義縣', '大林鎮', '622');
INSERT INTO `des_city` VALUES ('嘉義縣', '溪口鄉', '623');
INSERT INTO `des_city` VALUES ('嘉義縣', '義竹鄉', '624');
INSERT INTO `des_city` VALUES ('嘉義縣', '布袋鎮', '625');
INSERT INTO `des_city` VALUES ('雲林縣', '斗南鎮', '630');
INSERT INTO `des_city` VALUES ('雲林縣', '大埤鄉', '631');
INSERT INTO `des_city` VALUES ('雲林縣', '虎尾鎮', '632');
INSERT INTO `des_city` VALUES ('雲林縣', '土庫鎮', '633');
INSERT INTO `des_city` VALUES ('雲林縣', '褒忠鄉', '634');
INSERT INTO `des_city` VALUES ('雲林縣', '東勢鄉', '635');
INSERT INTO `des_city` VALUES ('雲林縣', '台西鄉', '636');
INSERT INTO `des_city` VALUES ('雲林縣', '崙背鄉', '637');
INSERT INTO `des_city` VALUES ('雲林縣', '麥寮鄉', '638');
INSERT INTO `des_city` VALUES ('雲林縣', '斗六市', '640');
INSERT INTO `des_city` VALUES ('雲林縣', '林內鄉', '643');
INSERT INTO `des_city` VALUES ('雲林縣', '古坑鄉', '646');
INSERT INTO `des_city` VALUES ('雲林縣', '莿桐鄉', '647');
INSERT INTO `des_city` VALUES ('雲林縣', '西螺鎮', '648');
INSERT INTO `des_city` VALUES ('雲林縣', '二崙鄉', '649');
INSERT INTO `des_city` VALUES ('雲林縣', '北港鎮', '651');
INSERT INTO `des_city` VALUES ('雲林縣', '水林鄉', '652');
INSERT INTO `des_city` VALUES ('雲林縣', '口湖鄉', '653');
INSERT INTO `des_city` VALUES ('雲林縣', '四湖鄉', '654');
INSERT INTO `des_city` VALUES ('雲林縣', '元長鄉', '655');
INSERT INTO `des_city` VALUES ('台南市', '中西區', '700');
INSERT INTO `des_city` VALUES ('台南市', '東區', '701');
INSERT INTO `des_city` VALUES ('台南市', '南區', '702');
INSERT INTO `des_city` VALUES ('台南市', '北區', '704');
INSERT INTO `des_city` VALUES ('台南市', '安平區', '708');
INSERT INTO `des_city` VALUES ('台南市', '安南區', '709');
INSERT INTO `des_city` VALUES ('台南市', '永康區', '710');
INSERT INTO `des_city` VALUES ('台南市', '歸仁區', '711');
INSERT INTO `des_city` VALUES ('台南市', '新化區', '712');
INSERT INTO `des_city` VALUES ('台南市', '左鎮區', '713');
INSERT INTO `des_city` VALUES ('台南市', '玉井區', '714');
INSERT INTO `des_city` VALUES ('台南市', '楠西區', '715');
INSERT INTO `des_city` VALUES ('台南市', '南化區', '716');
INSERT INTO `des_city` VALUES ('台南市', '仁德區', '717');
INSERT INTO `des_city` VALUES ('台南市', '關廟區', '718');
INSERT INTO `des_city` VALUES ('台南市', '龍崎區', '719');
INSERT INTO `des_city` VALUES ('台南市', '官田區', '720');
INSERT INTO `des_city` VALUES ('台南市', '麻豆區', '721');
INSERT INTO `des_city` VALUES ('台南市', '佳里區', '722');
INSERT INTO `des_city` VALUES ('台南市', '西港區', '723');
INSERT INTO `des_city` VALUES ('台南市', '七股區', '724');
INSERT INTO `des_city` VALUES ('台南市', '將軍區', '725');
INSERT INTO `des_city` VALUES ('台南市', '學甲區', '726');
INSERT INTO `des_city` VALUES ('台南市', '北門區', '727');
INSERT INTO `des_city` VALUES ('台南市', '新營區', '730');
INSERT INTO `des_city` VALUES ('台南市', '後壁區', '731');
INSERT INTO `des_city` VALUES ('台南市', '白河區', '732');
INSERT INTO `des_city` VALUES ('台南市', '東山區', '733');
INSERT INTO `des_city` VALUES ('台南市', '六甲區', '734');
INSERT INTO `des_city` VALUES ('台南市', '下營區', '735');
INSERT INTO `des_city` VALUES ('台南市', '柳營區', '736');
INSERT INTO `des_city` VALUES ('台南市', '鹽水區', '737');
INSERT INTO `des_city` VALUES ('台南市', '善化區', '741');
INSERT INTO `des_city` VALUES ('台南市', '大內區', '742');
INSERT INTO `des_city` VALUES ('台南市', '山上區', '743');
INSERT INTO `des_city` VALUES ('台南市', '新市區', '744');
INSERT INTO `des_city` VALUES ('台南市', '安定區', '745');
INSERT INTO `des_city` VALUES ('高雄市', '新興區', '800');
INSERT INTO `des_city` VALUES ('高雄市', '前金區', '801');
INSERT INTO `des_city` VALUES ('高雄市', '苓雅區', '802');
INSERT INTO `des_city` VALUES ('高雄市', '鹽埕區', '803');
INSERT INTO `des_city` VALUES ('高雄市', '鼓山區', '804');
INSERT INTO `des_city` VALUES ('高雄市', '旗津區', '805');
INSERT INTO `des_city` VALUES ('高雄市', '前鎮區', '806');
INSERT INTO `des_city` VALUES ('高雄市', '三民區', '807');
INSERT INTO `des_city` VALUES ('高雄市', '楠梓區', '811');
INSERT INTO `des_city` VALUES ('高雄市', '小港區', '812');
INSERT INTO `des_city` VALUES ('高雄市', '左營區', '813');
INSERT INTO `des_city` VALUES ('高雄市', '仁武區', '814');
INSERT INTO `des_city` VALUES ('高雄市', '大社區', '815');
INSERT INTO `des_city` VALUES ('高雄市', '岡山區', '820');
INSERT INTO `des_city` VALUES ('高雄市', '路竹區', '821');
INSERT INTO `des_city` VALUES ('高雄市', '阿蓮區', '822');
INSERT INTO `des_city` VALUES ('高雄市', '田寮區', '823');
INSERT INTO `des_city` VALUES ('高雄市', '燕巢區', '824');
INSERT INTO `des_city` VALUES ('高雄市', '橋頭區', '825');
INSERT INTO `des_city` VALUES ('高雄市', '梓官區', '826');
INSERT INTO `des_city` VALUES ('高雄市', '彌陀區', '827');
INSERT INTO `des_city` VALUES ('高雄市', '永安區', '828');
INSERT INTO `des_city` VALUES ('高雄市', '湖內區', '829');
INSERT INTO `des_city` VALUES ('高雄市', '鳳山區', '830');
INSERT INTO `des_city` VALUES ('高雄市', '大寮區', '831');
INSERT INTO `des_city` VALUES ('高雄市', '林園區', '832');
INSERT INTO `des_city` VALUES ('高雄市', '鳥松區', '833');
INSERT INTO `des_city` VALUES ('高雄市', '大樹區', '840');
INSERT INTO `des_city` VALUES ('高雄市', '旗山區', '842');
INSERT INTO `des_city` VALUES ('高雄市', '美濃區', '843');
INSERT INTO `des_city` VALUES ('高雄市', '六龜區', '844');
INSERT INTO `des_city` VALUES ('高雄市', '內門區', '845');
INSERT INTO `des_city` VALUES ('高雄市', '杉林區', '846');
INSERT INTO `des_city` VALUES ('高雄市', '甲仙區', '847');
INSERT INTO `des_city` VALUES ('高雄市', '桃源區', '848');
INSERT INTO `des_city` VALUES ('高雄市', '那瑪夏', '849');
INSERT INTO `des_city` VALUES ('高雄市', '茂林區', '851');
INSERT INTO `des_city` VALUES ('高雄市', '茄萣區', '852');
INSERT INTO `des_city` VALUES ('澎湖縣', '馬公市', '880');
INSERT INTO `des_city` VALUES ('澎湖縣', '西嶼鄉', '881');
INSERT INTO `des_city` VALUES ('澎湖縣', '望安鄉', '882');
INSERT INTO `des_city` VALUES ('澎湖縣', '七美鄉', '883');
INSERT INTO `des_city` VALUES ('澎湖縣', '白沙鄉', '884');
INSERT INTO `des_city` VALUES ('澎湖縣', '湖西鄉', '885');
INSERT INTO `des_city` VALUES ('金門縣', '金沙鎮', '890');
INSERT INTO `des_city` VALUES ('金門縣', '金湖鎮', '891');
INSERT INTO `des_city` VALUES ('金門縣', '金寧鄉', '892');
INSERT INTO `des_city` VALUES ('金門縣', '金城鎮', '893');
INSERT INTO `des_city` VALUES ('金門縣', '烈嶼鄉', '894');
INSERT INTO `des_city` VALUES ('金門縣', '烏坵鄉', '896');
INSERT INTO `des_city` VALUES ('屏東縣', '屏東市', '900');
INSERT INTO `des_city` VALUES ('屏東縣', '三地門', '901');
INSERT INTO `des_city` VALUES ('屏東縣', '霧台鄉', '902');
INSERT INTO `des_city` VALUES ('屏東縣', '瑪家鄉', '903');
INSERT INTO `des_city` VALUES ('屏東縣', '九如鄉', '904');
INSERT INTO `des_city` VALUES ('屏東縣', '里港鄉', '905');
INSERT INTO `des_city` VALUES ('屏東縣', '高樹鄉', '906');
INSERT INTO `des_city` VALUES ('屏東縣', '鹽埔鄉', '907');
INSERT INTO `des_city` VALUES ('屏東縣', '長治鄉', '908');
INSERT INTO `des_city` VALUES ('屏東縣', '麟洛鄉', '909');
INSERT INTO `des_city` VALUES ('屏東縣', '竹田鄉', '911');
INSERT INTO `des_city` VALUES ('屏東縣', '內埔鄉', '912');
INSERT INTO `des_city` VALUES ('屏東縣', '萬丹鄉', '913');
INSERT INTO `des_city` VALUES ('屏東縣', '潮州鎮', '920');
INSERT INTO `des_city` VALUES ('屏東縣', '泰武鄉', '921');
INSERT INTO `des_city` VALUES ('屏東縣', '來義鄉', '922');
INSERT INTO `des_city` VALUES ('屏東縣', '萬巒鄉', '923');
INSERT INTO `des_city` VALUES ('屏東縣', '崁頂鄉', '924');
INSERT INTO `des_city` VALUES ('屏東縣', '新埤鄉', '925');
INSERT INTO `des_city` VALUES ('屏東縣', '南州鄉', '926');
INSERT INTO `des_city` VALUES ('屏東縣', '林邊鄉', '927');
INSERT INTO `des_city` VALUES ('屏東縣', '東港鎮', '928');
INSERT INTO `des_city` VALUES ('屏東縣', '琉球鄉', '929');
INSERT INTO `des_city` VALUES ('屏東縣', '佳冬鄉', '931');
INSERT INTO `des_city` VALUES ('屏東縣', '新園鄉', '932');
INSERT INTO `des_city` VALUES ('屏東縣', '枋寮鄉', '940');
INSERT INTO `des_city` VALUES ('屏東縣', '枋山鄉', '941');
INSERT INTO `des_city` VALUES ('屏東縣', '春日鄉', '942');
INSERT INTO `des_city` VALUES ('屏東縣', '獅子鄉', '943');
INSERT INTO `des_city` VALUES ('屏東縣', '車城鄉', '944');
INSERT INTO `des_city` VALUES ('屏東縣', '牡丹鄉', '945');
INSERT INTO `des_city` VALUES ('屏東縣', '恆春鎮', '946');
INSERT INTO `des_city` VALUES ('屏東縣', '滿州鄉', '947');
INSERT INTO `des_city` VALUES ('台東縣', '台東市', '950');
INSERT INTO `des_city` VALUES ('台東縣', '綠島鄉', '951');
INSERT INTO `des_city` VALUES ('台東縣', '蘭嶼鄉', '952');
INSERT INTO `des_city` VALUES ('台東縣', '延平鄉', '953');
INSERT INTO `des_city` VALUES ('台東縣', '卑南鄉', '954');
INSERT INTO `des_city` VALUES ('台東縣', '鹿野鄉', '955');
INSERT INTO `des_city` VALUES ('台東縣', '關山鎮', '956');
INSERT INTO `des_city` VALUES ('台東縣', '海端鄉', '957');
INSERT INTO `des_city` VALUES ('台東縣', '池上鄉', '958');
INSERT INTO `des_city` VALUES ('台東縣', '東河鄉', '959');
INSERT INTO `des_city` VALUES ('台東縣', '成功鎮', '961');
INSERT INTO `des_city` VALUES ('台東縣', '長濱鄉', '962');
INSERT INTO `des_city` VALUES ('台東縣', '太麻里', '963');
INSERT INTO `des_city` VALUES ('台東縣', '金峰鄉', '964');
INSERT INTO `des_city` VALUES ('台東縣', '大武鄉', '965');
INSERT INTO `des_city` VALUES ('台東縣', '達仁鄉', '966');
INSERT INTO `des_city` VALUES ('花蓮縣', '花蓮市', '970');
INSERT INTO `des_city` VALUES ('花蓮縣', '新城鄉', '971');
INSERT INTO `des_city` VALUES ('花蓮縣', '秀林鄉', '972');
INSERT INTO `des_city` VALUES ('花蓮縣', '吉安鄉', '973');
INSERT INTO `des_city` VALUES ('花蓮縣', '壽豐鄉', '974');
INSERT INTO `des_city` VALUES ('花蓮縣', '鳳林鎮', '975');
INSERT INTO `des_city` VALUES ('花蓮縣', '光復鄉', '976');
INSERT INTO `des_city` VALUES ('花蓮縣', '豐濱鄉', '977');
INSERT INTO `des_city` VALUES ('花蓮縣', '瑞穗鄉', '978');
INSERT INTO `des_city` VALUES ('花蓮縣', '萬榮鄉', '979');
INSERT INTO `des_city` VALUES ('花蓮縣', '玉里鎮', '981');
INSERT INTO `des_city` VALUES ('花蓮縣', '卓溪鄉', '982');
INSERT INTO `des_city` VALUES ('花蓮縣', '富里鄉', '983');

-- --------------------------------------------------------

-- 
-- 資料表格式： `des_color`
-- 

CREATE TABLE `des_color` (
  `ColorId` varchar(3) COLLATE utf8_unicode_ci DEFAULT NULL,
  `DesEng` varchar(100) COLLATE utf8_unicode_ci DEFAULT NULL,
  `DesCn` varchar(100) COLLATE utf8_unicode_ci NOT NULL
) ENGINE=MyISAM DEFAULT CHARSET=utf8 COLLATE=utf8_unicode_ci;

-- 
-- 列出以下資料庫的數據： `des_color`
-- 

INSERT INTO `des_color` VALUES ('850', '', '');
INSERT INTO `des_color` VALUES ('851', '', '');
INSERT INTO `des_color` VALUES ('A94', '', '');
INSERT INTO `des_color` VALUES ('B15', '', '');
INSERT INTO `des_color` VALUES ('B22', '', '');
INSERT INTO `des_color` VALUES ('B58', '', '');
INSERT INTO `des_color` VALUES ('B69', '', '');
INSERT INTO `des_color` VALUES ('B70', '', '');
INSERT INTO `des_color` VALUES ('B71', '', '');
INSERT INTO `des_color` VALUES ('B83', '', '');
INSERT INTO `des_color` VALUES ('B86', '', '');
INSERT INTO `des_color` VALUES ('C1V', '', '');
INSERT INTO `des_color` VALUES ('C24', '', '');
INSERT INTO `des_color` VALUES ('C2B', '', '');
INSERT INTO `des_color` VALUES ('C2C', '', '');
INSERT INTO `des_color` VALUES ('C2K', '', '');
INSERT INTO `des_color` VALUES ('C2M', '', '');

-- --------------------------------------------------------

-- 
-- 資料表格式： `des_contract`
-- 

CREATE TABLE `des_contract` (
  `CntrNo` varchar(20) NOT NULL,
  `Dat` varchar(10) NOT NULL,
  `Dep` varchar(20) NOT NULL,
  `SaleMan` varchar(20) NOT NULL,
  `SignFlag` varchar(1) DEFAULT '0',
  `VoidFlag` varchar(1) DEFAULT '0',
  `VoidDat` varchar(10) NOT NULL
) ENGINE=MyISAM DEFAULT CHARSET=utf8;

-- 
-- 列出以下資料庫的數據： `des_contract`
-- 

INSERT INTO `des_contract` VALUES ('M000559', '105.07.20', 'MINI新竹', '林宜盟', '1', '0', '');
INSERT INTO `des_contract` VALUES ('M000418', '105.12.20', 'MINI桃園', '鄭雅茹', '1', '0', '');
INSERT INTO `des_contract` VALUES ('M000629', '106.01.20', 'MINI桃園', '張駿宏', '1', '0', '');
INSERT INTO `des_contract` VALUES ('M000131', '106.02.20', 'MINI新竹', '馬啟銘', '1', '0', '');
INSERT INTO `des_contract` VALUES ('M000592', '106.02.20', 'MINI新竹', '林宜盟', '1', '0', '');
INSERT INTO `des_contract` VALUES ('M000587', '106.03.20', 'MINI新竹', '馬啟銘', '1', '0', '');
INSERT INTO `des_contract` VALUES ('M000500', '106.03.20', 'MINI桃園', '劉哲嘉', '1', '0', '');
INSERT INTO `des_contract` VALUES ('M000414', '106.03.20', 'MINI桃園', '王欣業', '1', '0', '');
INSERT INTO `des_contract` VALUES ('M000407', '106.03.20', 'MINI桃園', '文開明', '1', '0', '');
INSERT INTO `des_contract` VALUES ('M1060501', '106.03.20', '公司', '許平', '1', '0', '');
INSERT INTO `des_contract` VALUES ('M000595', '106.03.20', 'MINI新竹', '馬啟銘', '1', '0', '');
INSERT INTO `des_contract` VALUES ('M000628', '106.03.20', 'MINI桃園', '張駿宏', '1', '0', '');
INSERT INTO `des_contract` VALUES ('M000624', '106.01.20', 'MINI桃園', '劉哲嘉', '1', '0', '');
INSERT INTO `des_contract` VALUES ('M000605', '106.03.20', 'MINI桃園', '柯雅芳', '1', '0', '');
INSERT INTO `des_contract` VALUES ('M000440', '106.03.20', 'MINI新竹', '邱亭榕', '1', '0', '');
INSERT INTO `des_contract` VALUES ('M000618', '106.02.20', 'MINI桃園', '鄭雅茹', '1', '0', '');
INSERT INTO `des_contract` VALUES ('M000636', '106.02.20', 'MINI桃園', '文開明', '1', '0', '');
INSERT INTO `des_contract` VALUES ('M000634', '106.02.20', 'MINI桃園', '張駿宏', '1', '0', '');
INSERT INTO `des_contract` VALUES ('M000589', '106.02.20', 'MINI新竹', '邱亭榕', '1', '0', '');
INSERT INTO `des_contract` VALUES ('M000585', '106.02.20', 'MINI新竹', '邱亭榕', '1', '0', '');
INSERT INTO `des_contract` VALUES ('M000561', '106.02.20', 'MINI新竹', '卓心凱', '1', '0', '');
INSERT INTO `des_contract` VALUES ('M000495', '106.03.20', 'MINI桃園', '王欣業', '1', '0', '');
INSERT INTO `des_contract` VALUES ('M000521', '106.03.20', 'MINI桃園', '嚴孟舜', '1', '0', '');
INSERT INTO `des_contract` VALUES ('M000604', '106.03.20', 'MINI桃園', '柯雅芳', '1', '0', '');
INSERT INTO `des_contract` VALUES ('M000470', '106.04.20', 'MINI桃園', '柯雅芳', '1', '0', '');
INSERT INTO `des_contract` VALUES ('M000509', '106.04.20', 'MINI新竹', '王欣業', '1', '0', '');
INSERT INTO `des_contract` VALUES ('M000622', '106.04.20', 'MINI桃園', '柯雅芳', '1', '0', '');
INSERT INTO `des_contract` VALUES ('M000515', '106.04.20', 'MINI桃園', '文開明', '1', '0', '');
INSERT INTO `des_contract` VALUES ('M000445', '106.04.20', 'MINI新竹', '林宜盟', '1', '0', '');
INSERT INTO `des_contract` VALUES ('M000522', '106.04.20', 'MINI桃園', '嚴孟舜', '1', '0', '');
INSERT INTO `des_contract` VALUES ('M000558', '106.04.20', 'MINI新竹', '馬啟銘', '1', '0', '');
INSERT INTO `des_contract` VALUES ('M000508', '106.04.20', 'MINI桃園', '劉哲嘉', '1', '0', '');
INSERT INTO `des_contract` VALUES ('M000551', '106.04.20', 'MINI新竹', '馬啟銘', '1', '0', '');
INSERT INTO `des_contract` VALUES ('M000506', '106.04.20', 'MINI桃園', '柯雅芳', '1', '0', '');
INSERT INTO `des_contract` VALUES ('M000623', '106.04.20', 'MINI桃園', '柯雅芳', '1', '0', '');
INSERT INTO `des_contract` VALUES ('M000492', '106.04.20', 'MINI桃園', '邱彥泓', '1', '0', '');
INSERT INTO `des_contract` VALUES ('M000505', '106.04.20', 'MINI桃園', '柯雅芳', '1', '0', '');
INSERT INTO `des_contract` VALUES ('M000420', '106.04.20', 'MINI新竹', '王欣業', '1', '0', '');
INSERT INTO `des_contract` VALUES ('M000519', '106.05.20', 'MINI桃園', '文開明', '1', '0', '');
INSERT INTO `des_contract` VALUES ('M000586', '106.05.20', 'MINI新竹', '馬啟銘', '1', '0', '');
INSERT INTO `des_contract` VALUES ('M000547', '106.05.20', 'MINI桃園', '文開明', '1', '0', '');
INSERT INTO `des_contract` VALUES ('M000539', '106.05.20', 'MINI桃園', '簡暐哲', '1', '0', '');
INSERT INTO `des_contract` VALUES ('M000581', '106.05.20', 'MINI新竹', '林宜盟', '1', '0', '');
INSERT INTO `des_contract` VALUES ('M000570', '106.05.20', 'MINI新竹', '邱亭榕', '1', '0', '');
INSERT INTO `des_contract` VALUES ('M000578', '106.05.20', 'MINI新竹', '邱亭榕', '1', '0', '');
INSERT INTO `des_contract` VALUES ('M000529', '106.05.20', 'MINI桃園', '劉哲嘉', '1', '0', '');
INSERT INTO `des_contract` VALUES ('M000540', '106.05.20', 'MINI桃園', '簡暐哲', '1', '0', '');
INSERT INTO `des_contract` VALUES ('M000550', '106.05.20', 'MINI桃園', '嚴孟舜', '1', '0', '');
INSERT INTO `des_contract` VALUES ('M000549', '106.05.20', 'MINI桃園', '嚴孟舜', '1', '0', '');
INSERT INTO `des_contract` VALUES ('M000594', '106.05.20', 'MINI新竹', '馬啟銘', '1', '0', '');
INSERT INTO `des_contract` VALUES ('M000603', '106.05.20', 'MINI桃園', '嚴孟舜', '1', '0', '');
INSERT INTO `des_contract` VALUES ('M000577', '106.06.20', 'MINI新竹', '邱亭榕', '1', '0', '');
INSERT INTO `des_contract` VALUES ('M000542', '106.06.20', 'MINI桃園', '柯雅芳', '1', '0', '');
INSERT INTO `des_contract` VALUES ('M000613', '106.06.20', 'MINI桃園', '柯雅芳', '1', '0', '');
INSERT INTO `des_contract` VALUES ('M000588', '106.06.20', 'MINI新竹', '邱亭榕', '1', '0', '');
INSERT INTO `des_contract` VALUES ('M000560', '106.06.20', 'MINI新竹', '林宜盟', '1', '0', '');
INSERT INTO `des_contract` VALUES ('M000574', '106.05.19', '', '馬啟銘', '1', '0', '');
INSERT INTO `des_contract` VALUES ('M000626', '106.05.22', '', '嚴孟舜', '1', '0', '');
INSERT INTO `des_contract` VALUES ('M000607', '106.05.22', '', '文開明', '1', '0', '');
INSERT INTO `des_contract` VALUES ('M000630', '106.05.22', '', '柯雅芳', '1', '0', '');
INSERT INTO `des_contract` VALUES ('M000597', '106.05.22', '', '林宜盟', '1', '0', '');
INSERT INTO `des_contract` VALUES ('M000599', '106.05.22', '', '邱亭榕', '1', '0', '');
INSERT INTO `des_contract` VALUES ('M000617', '106.05.22', '', '簡暐哲', '1', '0', '');
INSERT INTO `des_contract` VALUES ('M000620', '106.05.24', '', '簡暐哲', '1', '0', '');
INSERT INTO `des_contract` VALUES ('M000653', '106.05.31', '', '馬啟銘', '1', '0', '');
INSERT INTO `des_contract` VALUES ('M000635', '106.06.01', '', '張駿宏', '1', '0', '');
INSERT INTO `des_contract` VALUES ('M000631', '106.06.01', '', '柯雅芳', '1', '0', '');
INSERT INTO `des_contract` VALUES ('M000600', '106.06.01', '', '馬啟銘', '1', '0', '');
INSERT INTO `des_contract` VALUES ('M000637', '106.06.01', '', '文開明', '0', '1', '106.06.03');
INSERT INTO `des_contract` VALUES ('M000598', '106.06.01', '', '邱亭榕', '1', '0', '');
INSERT INTO `des_contract` VALUES ('M000646', '106.06.03', '', '邱彥泓', '1', '0', '');
INSERT INTO `des_contract` VALUES ('M000638', '106.06.03', '', '柯雅芳', '1', '0', '');
INSERT INTO `des_contract` VALUES ('M000651', '106.06.05', '', '張修誠', '1', '0', '');
INSERT INTO `des_contract` VALUES ('M000640', '106.06.05', '', '張駿宏', '1', '0', '');
INSERT INTO `des_contract` VALUES ('M000641', '106.06.05', '', '張駿宏', '1', '0', '');
INSERT INTO `des_contract` VALUES ('M000627', '106.06.06', '', '鄭雅茹', '1', '0', '');
INSERT INTO `des_contract` VALUES ('M000633', '106.06.07', '', '嚴孟舜', '1', '0', '');
INSERT INTO `des_contract` VALUES ('M000632', '106.06.07', '', '嚴孟舜', '1', '0', '');
INSERT INTO `des_contract` VALUES ('M000701', '106.06.21', 'MINI桃園', '嚴孟舜', '1', '0', '');
INSERT INTO `des_contract` VALUES ('M000702', '', 'MINI桃園', '', '0', '0', '');
INSERT INTO `des_contract` VALUES ('M000703', '106.06.12', 'MINI桃園', '嚴孟舜', '1', '0', '');
INSERT INTO `des_contract` VALUES ('M000704', '106.06.22', 'MINI桃園', '簡暐哲', '1', '0', '');
INSERT INTO `des_contract` VALUES ('M000705', '106.06.21', 'MINI桃園', '簡暐哲', '1', '0', '');
INSERT INTO `des_contract` VALUES ('M000706', '', 'MINI桃園', '張駿宏', '1', '0', '');
INSERT INTO `des_contract` VALUES ('M000707', '', 'MINI桃園', '張駿宏', '1', '0', '');
INSERT INTO `des_contract` VALUES ('M000708', '', 'MINI桃園', '簡暐哲', '1', '0', '');
INSERT INTO `des_contract` VALUES ('M000709', '', 'MINI桃園', '簡暐哲', '1', '0', '');
INSERT INTO `des_contract` VALUES ('M000710', '', 'MINI桃園', '柯雅芳', '1', '0', '');
INSERT INTO `des_contract` VALUES ('M000711', '', 'MINI桃園', '柯雅芳', '1', '0', '');
INSERT INTO `des_contract` VALUES ('M000712', '', 'MINI桃園', '鄭雅茹', '0', '1', '106.06.29');
INSERT INTO `des_contract` VALUES ('M000713', '', 'MINI桃園', '鄭雅茹', '1', '0', '');
INSERT INTO `des_contract` VALUES ('M000714', '', 'MINI桃園', '劉哲嘉', '1', '0', '');
INSERT INTO `des_contract` VALUES ('M000715', '', 'MINI桃園', '', '0', '0', '');
INSERT INTO `des_contract` VALUES ('M000716', '', 'MINI桃園', '劉哲嘉', '1', '0', '');
INSERT INTO `des_contract` VALUES ('M000717', '', 'MINI桃園', '簡暐哲', '1', '0', '');
INSERT INTO `des_contract` VALUES ('M000718', '', 'MINI桃園', '', '0', '0', '');
INSERT INTO `des_contract` VALUES ('M000719', '', 'MINI桃園', '', '0', '0', '');
INSERT INTO `des_contract` VALUES ('M000720', '', 'MINI桃園', '張駿宏', '1', '0', '');
INSERT INTO `des_contract` VALUES ('M000721', '', 'MINI桃園', '', '0', '0', '');
INSERT INTO `des_contract` VALUES ('M000722', '', 'MINI桃園', '', '0', '0', '');
INSERT INTO `des_contract` VALUES ('M000723', '', 'MINI桃園', '', '0', '0', '');
INSERT INTO `des_contract` VALUES ('M000724', '', 'MINI桃園', '', '0', '0', '');
INSERT INTO `des_contract` VALUES ('M000725', '', 'MINI桃園', '', '0', '0', '');
INSERT INTO `des_contract` VALUES ('M000726', '', 'MINI桃園', '', '0', '0', '');
INSERT INTO `des_contract` VALUES ('M000727', '', 'MINI桃園', '', '0', '0', '');
INSERT INTO `des_contract` VALUES ('M000728', '', 'MINI桃園', '', '0', '0', '');
INSERT INTO `des_contract` VALUES ('M000729', '', 'MINI桃園', '', '0', '0', '');
INSERT INTO `des_contract` VALUES ('M000730', '', 'MINI桃園', '', '0', '0', '');
INSERT INTO `des_contract` VALUES ('M000731', '', 'MINI桃園', '', '0', '0', '');
INSERT INTO `des_contract` VALUES ('M000732', '', 'MINI桃園', '', '0', '0', '');
INSERT INTO `des_contract` VALUES ('M000733', '', 'MINI桃園', '', '0', '0', '');
INSERT INTO `des_contract` VALUES ('M000734', '', 'MINI桃園', '', '0', '0', '');
INSERT INTO `des_contract` VALUES ('M000735', '', 'MINI桃園', '', '0', '0', '');
INSERT INTO `des_contract` VALUES ('M000736', '', 'MINI桃園', '', '0', '0', '');
INSERT INTO `des_contract` VALUES ('M000737', '', 'MINI桃園', '', '0', '0', '');
INSERT INTO `des_contract` VALUES ('M000738', '', 'MINI桃園', '', '0', '0', '');
INSERT INTO `des_contract` VALUES ('M000739', '', 'MINI桃園', '', '0', '0', '');
INSERT INTO `des_contract` VALUES ('M000740', '', 'MINI桃園', '', '0', '0', '');
INSERT INTO `des_contract` VALUES ('M000741', '', 'MINI桃園', '', '0', '0', '');
INSERT INTO `des_contract` VALUES ('M000742', '', 'MINI桃園', '', '0', '0', '');
INSERT INTO `des_contract` VALUES ('M000743', '', 'MINI桃園', '', '0', '0', '');
INSERT INTO `des_contract` VALUES ('M000744', '', 'MINI桃園', '', '0', '0', '');
INSERT INTO `des_contract` VALUES ('M000745', '', 'MINI桃園', '', '0', '0', '');
INSERT INTO `des_contract` VALUES ('M000746', '', 'MINI桃園', '', '0', '0', '');
INSERT INTO `des_contract` VALUES ('M000747', '', 'MINI桃園', '', '0', '0', '');
INSERT INTO `des_contract` VALUES ('M000748', '', 'MINI桃園', '', '0', '0', '');
INSERT INTO `des_contract` VALUES ('M000749', '', 'MINI桃園', '', '0', '0', '');
INSERT INTO `des_contract` VALUES ('M000750', '', 'MINI桃園', '', '0', '0', '');
INSERT INTO `des_contract` VALUES ('M000676', '', 'MINI新竹', '', '0', '0', '');
INSERT INTO `des_contract` VALUES ('M000677', '', 'MINI新竹', '', '0', '0', '');
INSERT INTO `des_contract` VALUES ('M000678', '', 'MINI新竹', '', '0', '0', '');
INSERT INTO `des_contract` VALUES ('M000679', '', 'MINI新竹', '', '0', '0', '');
INSERT INTO `des_contract` VALUES ('M000680', '', 'MINI新竹', '', '0', '0', '');
INSERT INTO `des_contract` VALUES ('M000681', '', 'MINI新竹', '', '0', '0', '');
INSERT INTO `des_contract` VALUES ('M000682', '', 'MINI新竹', '', '0', '0', '');
INSERT INTO `des_contract` VALUES ('M000683', '', 'MINI新竹', '', '0', '0', '');
INSERT INTO `des_contract` VALUES ('M000684', '', 'MINI新竹', '', '0', '0', '');
INSERT INTO `des_contract` VALUES ('M000685', '', 'MINI新竹', '', '0', '0', '');
INSERT INTO `des_contract` VALUES ('M000686', '', 'MINI新竹', '', '0', '0', '');
INSERT INTO `des_contract` VALUES ('M000687', '', 'MINI新竹', '', '0', '0', '');
INSERT INTO `des_contract` VALUES ('M000688', '', 'MINI新竹', '', '0', '0', '');
INSERT INTO `des_contract` VALUES ('M000689', '', 'MINI新竹', '', '0', '0', '');
INSERT INTO `des_contract` VALUES ('M000690', '', 'MINI新竹', '', '0', '0', '');
INSERT INTO `des_contract` VALUES ('M000691', '', 'MINI新竹', '', '0', '0', '');
INSERT INTO `des_contract` VALUES ('M000692', '', 'MINI新竹', '', '0', '0', '');
INSERT INTO `des_contract` VALUES ('M000693', '', 'MINI新竹', '', '0', '0', '');
INSERT INTO `des_contract` VALUES ('M000694', '', 'MINI新竹', '', '0', '0', '');
INSERT INTO `des_contract` VALUES ('M000695', '', 'MINI新竹', '', '0', '0', '');
INSERT INTO `des_contract` VALUES ('M000696', '', 'MINI新竹', '', '0', '0', '');
INSERT INTO `des_contract` VALUES ('M000697', '', 'MINI新竹', '', '0', '0', '');
INSERT INTO `des_contract` VALUES ('M000698', '', 'MINI新竹', '', '0', '0', '');
INSERT INTO `des_contract` VALUES ('M000699', '', 'MINI新竹', '', '0', '0', '');
INSERT INTO `des_contract` VALUES ('M000700', '', 'MINI新竹', '', '0', '0', '');
INSERT INTO `des_contract` VALUES ('M000654', '', 'MINI新竹', '邱亭榕', '1', '0', '');
INSERT INTO `des_contract` VALUES ('M000655', '106.06.19', 'MINI新竹', '邱亭榕', '1', '0', '');
INSERT INTO `des_contract` VALUES ('M000656', '', 'MINI新竹', '', '0', '0', '');
INSERT INTO `des_contract` VALUES ('M000657', '106.06.19', 'MINI新竹', '林宜盟', '1', '0', '');
INSERT INTO `des_contract` VALUES ('M000658', '', 'MINI新竹', '林宜盟', '1', '0', '');
INSERT INTO `des_contract` VALUES ('M000659', '', 'MINI新竹', '張修誠', '1', '0', '');
INSERT INTO `des_contract` VALUES ('M000660', '106.06.19', 'MINI新竹', '馬啟銘', '1', '0', '');
INSERT INTO `des_contract` VALUES ('M000661', '', 'MINI新竹', '', '0', '0', '');
INSERT INTO `des_contract` VALUES ('M000662', '', 'MINI新竹', '', '0', '0', '');
INSERT INTO `des_contract` VALUES ('M000663', '', 'MINI新竹', '', '0', '0', '');
INSERT INTO `des_contract` VALUES ('M000664', '', 'MINI新竹', '馬啟銘', '1', '0', '');
INSERT INTO `des_contract` VALUES ('M000665', '', 'MINI新竹', '馬啟銘', '1', '0', '');
INSERT INTO `des_contract` VALUES ('M000666', '', 'MINI新竹', '', '0', '0', '');
INSERT INTO `des_contract` VALUES ('M000667', '', 'MINI新竹', '馬啟銘', '1', '0', '');
INSERT INTO `des_contract` VALUES ('M000668', '', 'MINI新竹', '', '0', '0', '');
INSERT INTO `des_contract` VALUES ('M000669', '', 'MINI新竹', '', '0', '0', '');
INSERT INTO `des_contract` VALUES ('M000670', '', 'MINI新竹', '', '0', '0', '');
INSERT INTO `des_contract` VALUES ('M000671', '', 'MINI新竹', '', '0', '0', '');
INSERT INTO `des_contract` VALUES ('M000672', '', 'MINI新竹', '', '0', '0', '');
INSERT INTO `des_contract` VALUES ('M000673', '', 'MINI新竹', '', '0', '0', '');
INSERT INTO `des_contract` VALUES ('M000674', '', 'MINI新竹', '', '0', '0', '');
INSERT INTO `des_contract` VALUES ('M000675', '', 'MINI新竹', '', '0', '0', '');
INSERT INTO `des_contract` VALUES ('M000000', '106.06.09', 'MINI桃園', '張駿宏', '0', '0', '');
INSERT INTO `des_contract` VALUES ('M000652', '106.06.13', 'MINI新竹', '馬啟銘', '1', '0', '');
INSERT INTO `des_contract` VALUES ('M000621', '106.06.14', 'MINI桃園', '簡暐哲', '1', '0', '');
INSERT INTO `des_contract` VALUES ('M000596', '', 'MINI新竹', '林宜盟', '1', '0', '');
INSERT INTO `des_contract` VALUES ('M000648', '106.06.16', 'MINI桃園', '張駿宏', '1', '0', '');
INSERT INTO `des_contract` VALUES ('M000649', '106.06.19', 'MINI桃園', '鄭雅茹', '1', '0', '');
INSERT INTO `des_contract` VALUES ('M000647', '106.06.19', 'MINI桃園', '張駿宏', '1', '0', '');
INSERT INTO `des_contract` VALUES ('M000644', '106.06.19', 'MINI桃園', '劉哲嘉', '1', '0', '');
INSERT INTO `des_contract` VALUES ('M000593', '106.06.01', 'MINI新竹', '林宜盟', '0', '1', '106.06.20');
INSERT INTO `des_contract` VALUES ('M000650', '106.06.21', 'MINI桃園', '鄭雅茹', '1', '0', '');
INSERT INTO `des_contract` VALUES ('M000801', '', 'MINI桃園', '', '0', '0', '');
INSERT INTO `des_contract` VALUES ('M000802', '', 'MINI桃園', '', '0', '0', '');
INSERT INTO `des_contract` VALUES ('M000803', '', 'MINI桃園', '', '0', '0', '');
INSERT INTO `des_contract` VALUES ('M000804', '', 'MINI桃園', '', '0', '0', '');
INSERT INTO `des_contract` VALUES ('M000805', '', 'MINI桃園', '', '0', '0', '');
INSERT INTO `des_contract` VALUES ('M000806', '', 'MINI桃園', '', '0', '0', '');
INSERT INTO `des_contract` VALUES ('M000807', '', 'MINI桃園', '', '0', '0', '');
INSERT INTO `des_contract` VALUES ('M000808', '', 'MINI桃園', '', '0', '0', '');
INSERT INTO `des_contract` VALUES ('M000809', '', 'MINI桃園', '', '0', '0', '');
INSERT INTO `des_contract` VALUES ('M000810', '', 'MINI桃園', '', '0', '0', '');
INSERT INTO `des_contract` VALUES ('M000811', '', 'MINI桃園', '', '0', '0', '');
INSERT INTO `des_contract` VALUES ('M000812', '', 'MINI桃園', '', '0', '0', '');
INSERT INTO `des_contract` VALUES ('M000813', '', 'MINI桃園', '', '0', '0', '');
INSERT INTO `des_contract` VALUES ('M000814', '', 'MINI桃園', '', '0', '0', '');
INSERT INTO `des_contract` VALUES ('M000815', '', 'MINI桃園', '', '0', '0', '');
INSERT INTO `des_contract` VALUES ('M000816', '', 'MINI桃園', '', '0', '0', '');
INSERT INTO `des_contract` VALUES ('M000817', '', 'MINI桃園', '', '0', '0', '');
INSERT INTO `des_contract` VALUES ('M000818', '', 'MINI桃園', '', '0', '0', '');
INSERT INTO `des_contract` VALUES ('M000819', '', 'MINI桃園', '', '0', '0', '');
INSERT INTO `des_contract` VALUES ('M000820', '', 'MINI桃園', '', '0', '0', '');
INSERT INTO `des_contract` VALUES ('M000821', '', 'MINI桃園', '', '0', '0', '');
INSERT INTO `des_contract` VALUES ('M000822', '', 'MINI桃園', '', '0', '0', '');
INSERT INTO `des_contract` VALUES ('M000823', '', 'MINI桃園', '', '0', '0', '');
INSERT INTO `des_contract` VALUES ('M000824', '', 'MINI桃園', '', '0', '0', '');
INSERT INTO `des_contract` VALUES ('M000825', '', 'MINI桃園', '', '0', '0', '');
INSERT INTO `des_contract` VALUES ('M000826', '', 'MINI桃園', '', '0', '0', '');
INSERT INTO `des_contract` VALUES ('M000827', '', 'MINI桃園', '', '0', '0', '');
INSERT INTO `des_contract` VALUES ('M000828', '', 'MINI桃園', '', '0', '0', '');
INSERT INTO `des_contract` VALUES ('M000829', '', 'MINI桃園', '', '0', '0', '');
INSERT INTO `des_contract` VALUES ('M000830', '', 'MINI桃園', '', '0', '0', '');
INSERT INTO `des_contract` VALUES ('M000831', '', 'MINI桃園', '', '0', '0', '');
INSERT INTO `des_contract` VALUES ('M000832', '', 'MINI桃園', '', '0', '0', '');
INSERT INTO `des_contract` VALUES ('M000833', '', 'MINI桃園', '', '0', '0', '');
INSERT INTO `des_contract` VALUES ('M000834', '', 'MINI桃園', '', '0', '0', '');
INSERT INTO `des_contract` VALUES ('M000835', '', 'MINI桃園', '', '0', '0', '');
INSERT INTO `des_contract` VALUES ('M000836', '', 'MINI桃園', '', '0', '0', '');
INSERT INTO `des_contract` VALUES ('M000837', '', 'MINI桃園', '', '0', '0', '');
INSERT INTO `des_contract` VALUES ('M000838', '', 'MINI桃園', '', '0', '0', '');
INSERT INTO `des_contract` VALUES ('M000839', '', 'MINI桃園', '', '0', '0', '');
INSERT INTO `des_contract` VALUES ('M000840', '', 'MINI桃園', '', '0', '0', '');
INSERT INTO `des_contract` VALUES ('M000841', '', 'MINI桃園', '', '0', '0', '');
INSERT INTO `des_contract` VALUES ('M000842', '', 'MINI桃園', '', '0', '0', '');
INSERT INTO `des_contract` VALUES ('M000843', '', 'MINI桃園', '', '0', '0', '');
INSERT INTO `des_contract` VALUES ('M000844', '', 'MINI桃園', '', '0', '0', '');
INSERT INTO `des_contract` VALUES ('M000845', '', 'MINI桃園', '', '0', '0', '');
INSERT INTO `des_contract` VALUES ('M000846', '', 'MINI桃園', '', '0', '0', '');
INSERT INTO `des_contract` VALUES ('M000847', '', 'MINI桃園', '', '0', '0', '');
INSERT INTO `des_contract` VALUES ('M000848', '', 'MINI桃園', '', '0', '0', '');
INSERT INTO `des_contract` VALUES ('M000849', '', 'MINI桃園', '', '0', '0', '');
INSERT INTO `des_contract` VALUES ('M000850', '', 'MINI桃園', '', '0', '0', '');
INSERT INTO `des_contract` VALUES ('M000751', '', 'MINI新竹', '', '0', '0', '');
INSERT INTO `des_contract` VALUES ('M000752', '', 'MINI新竹', '', '0', '0', '');
INSERT INTO `des_contract` VALUES ('M000753', '', 'MINI新竹', '', '0', '0', '');
INSERT INTO `des_contract` VALUES ('M000754', '', 'MINI新竹', '', '0', '0', '');
INSERT INTO `des_contract` VALUES ('M000755', '', 'MINI新竹', '', '0', '0', '');
INSERT INTO `des_contract` VALUES ('M000756', '', 'MINI新竹', '', '0', '0', '');
INSERT INTO `des_contract` VALUES ('M000757', '', 'MINI新竹', '', '0', '0', '');
INSERT INTO `des_contract` VALUES ('M000758', '', 'MINI新竹', '', '0', '0', '');
INSERT INTO `des_contract` VALUES ('M000759', '', 'MINI新竹', '', '0', '0', '');
INSERT INTO `des_contract` VALUES ('M000760', '', 'MINI新竹', '', '0', '0', '');
INSERT INTO `des_contract` VALUES ('M000761', '', 'MINI新竹', '', '0', '0', '');
INSERT INTO `des_contract` VALUES ('M000762', '', 'MINI新竹', '', '0', '0', '');
INSERT INTO `des_contract` VALUES ('M000763', '', 'MINI新竹', '', '0', '0', '');
INSERT INTO `des_contract` VALUES ('M000764', '', 'MINI新竹', '', '0', '0', '');
INSERT INTO `des_contract` VALUES ('M000765', '', 'MINI新竹', '', '0', '0', '');
INSERT INTO `des_contract` VALUES ('M000766', '', 'MINI新竹', '', '0', '0', '');
INSERT INTO `des_contract` VALUES ('M000767', '', 'MINI新竹', '', '0', '0', '');
INSERT INTO `des_contract` VALUES ('M000768', '', 'MINI新竹', '', '0', '0', '');
INSERT INTO `des_contract` VALUES ('M000769', '', 'MINI新竹', '', '0', '0', '');
INSERT INTO `des_contract` VALUES ('M000770', '', 'MINI新竹', '', '0', '0', '');
INSERT INTO `des_contract` VALUES ('M000771', '', 'MINI新竹', '', '0', '0', '');
INSERT INTO `des_contract` VALUES ('M000772', '', 'MINI新竹', '', '0', '0', '');
INSERT INTO `des_contract` VALUES ('M000773', '', 'MINI新竹', '', '0', '0', '');
INSERT INTO `des_contract` VALUES ('M000774', '', 'MINI新竹', '', '0', '0', '');
INSERT INTO `des_contract` VALUES ('M000775', '', 'MINI新竹', '', '0', '0', '');
INSERT INTO `des_contract` VALUES ('M000776', '', 'MINI新竹', '', '0', '0', '');
INSERT INTO `des_contract` VALUES ('M000777', '', 'MINI新竹', '', '0', '0', '');
INSERT INTO `des_contract` VALUES ('M000778', '', 'MINI新竹', '', '0', '0', '');
INSERT INTO `des_contract` VALUES ('M000779', '', 'MINI新竹', '', '0', '0', '');
INSERT INTO `des_contract` VALUES ('M000780', '', 'MINI新竹', '', '0', '0', '');
INSERT INTO `des_contract` VALUES ('M000781', '', 'MINI新竹', '', '0', '0', '');
INSERT INTO `des_contract` VALUES ('M000782', '', 'MINI新竹', '', '0', '0', '');
INSERT INTO `des_contract` VALUES ('M000783', '', 'MINI新竹', '', '0', '0', '');
INSERT INTO `des_contract` VALUES ('M000784', '', 'MINI新竹', '', '0', '0', '');
INSERT INTO `des_contract` VALUES ('M000785', '', 'MINI新竹', '', '0', '0', '');
INSERT INTO `des_contract` VALUES ('M000786', '', 'MINI新竹', '', '0', '0', '');
INSERT INTO `des_contract` VALUES ('M000787', '', 'MINI新竹', '', '0', '0', '');
INSERT INTO `des_contract` VALUES ('M000788', '', 'MINI新竹', '', '0', '0', '');
INSERT INTO `des_contract` VALUES ('M000789', '', 'MINI新竹', '', '0', '0', '');
INSERT INTO `des_contract` VALUES ('M000790', '', 'MINI新竹', '', '0', '0', '');
INSERT INTO `des_contract` VALUES ('M000791', '', 'MINI新竹', '', '0', '0', '');
INSERT INTO `des_contract` VALUES ('M000792', '', 'MINI新竹', '', '0', '0', '');
INSERT INTO `des_contract` VALUES ('M000793', '', 'MINI新竹', '', '0', '0', '');
INSERT INTO `des_contract` VALUES ('M000794', '', 'MINI新竹', '', '0', '0', '');
INSERT INTO `des_contract` VALUES ('M000795', '', 'MINI新竹', '', '0', '0', '');
INSERT INTO `des_contract` VALUES ('M000796', '', 'MINI新竹', '', '0', '0', '');
INSERT INTO `des_contract` VALUES ('M000797', '', 'MINI新竹', '', '0', '0', '');
INSERT INTO `des_contract` VALUES ('M000798', '', 'MINI新竹', '', '0', '0', '');
INSERT INTO `des_contract` VALUES ('M000799', '', 'MINI新竹', '', '0', '0', '');
INSERT INTO `des_contract` VALUES ('M000800', '', 'MINI新竹', '', '0', '0', '');
INSERT INTO `des_contract` VALUES ('M000582', '106.04.18', '', '林宜盟', '1', '0', '');
INSERT INTO `des_contract` VALUES ('M000615', '', '', '嚴孟舜', '1', '0', '');
INSERT INTO `des_contract` VALUES ('M000625', '106.06.23', 'MINI桃園', '劉哲嘉', '0', '1', '106.06.23');
INSERT INTO `des_contract` VALUES ('M000645', '', 'MINI桃園', '劉哲嘉', '1', '0', '');
INSERT INTO `des_contract` VALUES ('1061016', '', 'MINI桃園', '邱彥泓', '1', '0', '');
INSERT INTO `des_contract` VALUES ('M000639', '', 'MINI桃園', '柯雅芳', '1', '0', '');
INSERT INTO `des_contract` VALUES ('1060913', '106.06.26', 'MINI桃園', '邱彥泓', '1', '0', '');
INSERT INTO `des_contract` VALUES ('M000642', '', 'MINI桃園', '文開明', '0', '1', '106.06.29');

-- --------------------------------------------------------

-- 
-- 資料表格式： `des_function`
-- 

CREATE TABLE `des_function` (
  `MainIndex` int(5) unsigned DEFAULT NULL,
  `SubIndex` int(5) unsigned DEFAULT NULL,
  `Pos` tinyint(3) unsigned DEFAULT NULL,
  `Title` varchar(100) COLLATE utf8_unicode_ci DEFAULT NULL,
  `Des` varchar(300) COLLATE utf8_unicode_ci DEFAULT NULL,
  `Level` tinyint(1) unsigned DEFAULT NULL
) ENGINE=MyISAM DEFAULT CHARSET=utf8 COLLATE=utf8_unicode_ci;

-- 
-- 列出以下資料庫的數據： `des_function`
-- 

INSERT INTO `des_function` VALUES (1, 1, 1, '空白合約書製作', '輸入須建立的合約起始及終止編號，系統會檢查是否有重號並依輸立的合約編號自動產生新合約編號建檔。', 3);
INSERT INTO `des_function` VALUES (1, 2, 2, '空白合約書領取/作廢', '部門及業務領用空白合約登記及作廢己領用空白合約處理。', 5);
INSERT INTO `des_function` VALUES (1, 4, 3, '原廠訂車新合約輸入', '客戶購買BMW原廠期貨車合約建立，輸入客戶基本資料、客戶訂購期貨車資料〔車型代碼、外裝代碼、內裝代碼、選配原廠加裝配件、銷售條件...等〕及BMW原廠訂單號碼資料建檔。', 4);
INSERT INTO `des_function` VALUES (1, 6, 4, '車源新合約輸入', '客戶購買庫存、在途、調入車合約建立，輸入客戶基本資料、客戶訂購同行調入車資料〔調入訂單號碼、選配台裝加裝配件、銷售條件及售價...等〕資料建檔。', 4);
INSERT INTO `des_function` VALUES (1, 7, 5, '合約資料修改', '客戶基本資料修改、銷售條件...等〔非訂購車輛資料〕修改。', 4);
INSERT INTO `des_function` VALUES (1, 8, 6, '合約退換車', '客戶取消己訂車但保留購車合約作業〔客戶更改己訂購車的車型、外裝、內裝或己選配預計交貨的車輛，須先執行退車才能再更換〕。', 4);
INSERT INTO `des_function` VALUES (1, 10, 7, '換/配原廠訂車輸入', '客戶換購期貨車資料〔車型代碼、外裝代碼、內裝代碼、選配原廠加裝配件、銷售條件...等〕及BMW原廠訂單號碼資料建檔。', 4);
INSERT INTO `des_function` VALUES (1, 12, 8, '換/配車源輸入', '客戶換購庫存、在途、調入車資料〔車身號碼、牌照號碼(中古車)、選配台裝加裝配件、銷售條件...等〕資料建檔。', 4);
INSERT INTO `des_function` VALUES (1, 13, 9, '合約退購/作廢輸入', '客戶購車合約退購輸入作業〔客戶取消訂車或其它導致無法完成合約的因素〕。', 5);
INSERT INTO `des_function` VALUES (1, 20, 10, '交車核對表下載列印', '依合約、憑單、科目….等條件產生交車核對表單 EXCEL表，提供二次運用及列印使用。', 3);
INSERT INTO `des_function` VALUES (1, 21, 11, '空白合約書明細表', '依合約起啟、結束編號產生空白合約書狀態EXCEL表，提供二次運用及列印使用。', 2);
INSERT INTO `des_function` VALUES (1, 16, 12, '連續合約查詢', '依合約起啟、結束編號查詢所有合約的狀態。', 2);
INSERT INTO `des_function` VALUES (1, 17, 13, '綜合退換車合約查詢', '查詢退換客戶合約建檔資料、訂購車資料及所有與客戶合約相關的車輛資料。', 2);
INSERT INTO `des_function` VALUES (1, 18, 14, '綜合退購合約查詢', '查詢退購客戶合約建檔資料、訂購車資料及所有與客戶合約相關的車輛資料。', 2);
INSERT INTO `des_function` VALUES (1, 19, 15, '綜合成交合約查詢', '查詢成交客戶合約建檔資料、訂購車資料及所有與客戶合約相關的車輛資料。', 2);
INSERT INTO `des_function` VALUES (2, 1, 1, '可售車源查詢/保留', '依車系+車型查詢… 可銷售〔己保留、未保留〕的「現車庫存」、「原廠在途車」、 中古車等可銷售車資料，並可設定「主管保留」、「業務保留」。', 5);
INSERT INTO `des_function` VALUES (2, 2, 2, '己售未交車源查詢', '依車系+車型查詢… 己簽訂客戶購車合約的「現車庫存」、「原廠在途車」、 中古車等己銷售車資料，', 3);
INSERT INTO `des_function` VALUES (2, 3, 3, '訂車出廠/到港/投單', '由「汎德」提供的訂單最新通知，執行…裝船、到港、贖單及車身號、出廠、裝船、到港、贖單日期…等輸入作業。', 4);
INSERT INTO `des_function` VALUES (2, 10, 4, '批次靠港上傳', '由「汎德」提供的訂單最新出廠裝船通知，執行EXCEL表確認後上傳至資料厙存檔。', 9);
INSERT INTO `des_function` VALUES (3, 17, 7, '調入車申請下載列印', '依合約、憑單、科目….等條件產生調入車申請單 EXCEL表，提供二次運用及列印使用。', 3);
INSERT INTO `des_function` VALUES (2, 4, 6, '車輛到車/移位', '依車身號碼或訂單號執行到車車輛入厙及厙存車輛移位作業。', 4);
INSERT INTO `des_function` VALUES (2, 11, 5, '批次引擎號碼上傳', '由「汎德」提供的訂單最新到港通知，執行EXCEL表確認後上傳至資料厙存檔。', 9);
INSERT INTO `des_function` VALUES (2, 5, 7, '台裝選配操作', '客戶增加台裝選配資料輸入及修改，選配可分收費或不收費〔贈品〕。', 4);
INSERT INTO `des_function` VALUES (2, 6, 8, '車輛牌照登記', '依車身號碼或訂單號執行車輛基本資料〔牌照號、領牌、到證、交證日期…等〕。', 4);
INSERT INTO `des_function` VALUES (2, 7, 9, '交車確認輸入', '客戶辦理車輛牌照及客戶車輛點交資料輸入及修改處理。', 4);
INSERT INTO `des_function` VALUES (2, 9, 10, '新車到達通知表', '依查詢條件產生新車到達通知 EXCEL 明細表，提供二次運用。', 3);
INSERT INTO `des_function` VALUES (2, 8, 11, '綜合車輛查詢', '依車身號、訂單號、合約號….等條件，查詢車輛基本資料。', 2);
INSERT INTO `des_function` VALUES (3, 1, 1, '調入單輸入', '建立調入單資料作業處理。', 4);
INSERT INTO `des_function` VALUES (3, 2, 2, '調入單基本資料修改', '調入單基本資料〔新車、中古車、同行、調入日期、車身號、牌照號、入厙日期…等〕。', 4);
INSERT INTO `des_function` VALUES (3, 3, 3, '調出單輸入', '建立調出車資料作業處理。', 4);
INSERT INTO `des_function` VALUES (3, 4, 4, '調出單基本資料修改', '調出單基本資料〔新車、中古車、同行、調出日期、車身號、牌照號…等〕。', 4);
INSERT INTO `des_function` VALUES (3, 5, 5, '調入單刪除', '調入單刪除作業〔如果調入車己建立客戶購車合約，則須先取消客戶購車退車處理〕。', 5);
INSERT INTO `des_function` VALUES (3, 6, 6, '調出單刪除', '調出單刪除作業。', 5);
INSERT INTO `des_function` VALUES (3, 7, 9, '調入單查詢', '依調入單號、車身號、牌照號….等條件，查詢調入單車輛基本資料及相關記錄。', 3);
INSERT INTO `des_function` VALUES (3, 8, 10, '調出單查詢', '依調出單號、車身號、牌照號….等條件，查詢調出單車輛基本資料及相關記錄。', 3);
INSERT INTO `des_function` VALUES (3, 15, 11, '調入單明細表', '依查詢條件產生調入單明細資料報表 EXCEL表，並下載至指定位置，提供二次運用。', 3);
INSERT INTO `des_function` VALUES (3, 16, 12, '調出單明細表', '依查詢條件產生調出單明細資料報表 EXCEL表，並下載至指定位置，提供二次運用。', 3);
INSERT INTO `des_function` VALUES (3, 10, 13, '試乘車交車確認', '庫存車轉試乘車建立，輸入試乘車合約號，建立試乘車資料作業處理。', 4);
INSERT INTO `des_function` VALUES (3, 11, 14, '試乘車銷售輸入', '客戶購買試乘車合約建立，依可銷售試乘車-車身號碼及銷售合約號碼，執行試乘車合約資料輸入作業處理。', 4);
INSERT INTO `des_function` VALUES (3, 12, 15, '試乘車銷售資料修改', '依試乘車銷售合約編號，執行試乘車合約資料修改作業處理。', 4);
INSERT INTO `des_function` VALUES (3, 13, 16, '試乘車明細表', '依查詢條件產生試乘車明細資料報表 EXCEL表，並下載至指定位置，提供二次運用。', 3);
INSERT INTO `des_function` VALUES (3, 14, 17, '試乘銷售交車核對表', '依查詢條件產生試乘車明細資料報表 EXCEL表，並下載至指定位置，提供二次運用。', 3);
INSERT INTO `des_function` VALUES (4, 1, 1, '年度訂車計劃上傳', '原廠年度計劃訂車資料可以隨時在EXCEL表上修改確認後上傳至資料厙存檔。', 5);
INSERT INTO `des_function` VALUES (4, 2, 2, '年度應/已訂車查詢', '原廠年度計劃訂車數量、完成數量及差額數量查詢。', 3);
INSERT INTO `des_function` VALUES (4, 3, 3, '月度訂車試算表下載', '原廠月度計劃訂車資料可以隨時依年度計劃及客戶預訂資料產生EXCEL表至指定電腦文件匣位置存檔。', 3);
INSERT INTO `des_function` VALUES (4, 4, 4, '月訂單配車上傳確認', '將系統產生的原廠月度計劃訂車EXCEL資料表，依實際需求修改後上傳至資料厙存檔，並進行確認。', 5);
INSERT INTO `des_function` VALUES (4, 5, 5, '月訂單配車表下載', '將原廠月度計劃訂車EXCEL資料表，依客戶合約訂車配車〔訂單號碼〕確認後上傳至資料厙。', 3);
INSERT INTO `des_function` VALUES (6, 1, 1, '應收/已收憑單作業', '應收/己收憑單資料輸入處理。〔售車款-應收/己收、保險費-應收/己收、牌照及其他應收/己收〕', 4);
INSERT INTO `des_function` VALUES (6, 2, 2, '應付/已付憑單作業', '應付/己付憑單資料輸入處理。〔購車款-應付/己付、保險費-應付/己付、牌照及其他應付/己付〕', 4);
INSERT INTO `des_function` VALUES (6, 3, 3, '款清確認輸入', '客戶車輛款清確認作業。', 5);
INSERT INTO `des_function` VALUES (6, 4, 4, '財務明細帳下載', '依起啟日期、結束日期、科目名稱產生財務明細帳 EXCEL表，並下載至指定位置，提供二次運用。', 3);
INSERT INTO `des_function` VALUES (6, 5, 5, '應收/已收憑單查詢', '依憑單、科目、合約、車身號….等條件查詢相關應收/已收憑單記錄。', 3);
INSERT INTO `des_function` VALUES (6, 6, 6, '應付/已付憑單查詢', '依憑單、科目、合約、車身號….等條件查詢相關應付/已付憑單記錄。', 3);
INSERT INTO `des_function` VALUES (6, 7, 7, '合約應/已收帳下載', '依統計分析產生目前合約應收已收未收明細 EXCEL表，並下載至指定位置，提供二次運用。', 3);
INSERT INTO `des_function` VALUES (6, 8, 8, '車輛應/已付帳下載', '依統計分析產生目前車輛應付已付未付明細 EXCEL表，並下載至指定位置，提供二次運用。', 3);
INSERT INTO `des_function` VALUES (6, 9, 9, '調出應/已收帳下載', '依統計分析產生目前調出應收已收未收明細 EXCEL表，並下載至指定位置，提供二次運用。', 3);
INSERT INTO `des_function` VALUES (6, 10, 10, '調入應/已付帳下載', '依統計分析產生目前調入應收已收未收明細 EXCEL表，並下載至指定位置，提供二次運用。', 3);
INSERT INTO `des_function` VALUES (6, 11, 11, '合約/調出無收款下載', '將有合約或有調出單但無財務收款記錄，產生異常合約/調出無收款明細 EXCEL表。', 4);
INSERT INTO `des_function` VALUES (6, 12, 12, '車輛/調入無付款下載', '將有車輛或有調入單但無財務付款記錄，產生異常車輛/調入無付款明細 EXCEL表。', 4);
INSERT INTO `des_function` VALUES (6, 13, 13, '收款單下載列印', '依合約、憑單、科目….等條件產生收款單 EXCEL表，提供二次運用及列印使用。', 3);
INSERT INTO `des_function` VALUES (6, 14, 14, '到港提車明細表下載', '依到港日期、投單、配車….等條件產生到港提車明細表 EXCEL表，提供二次運用使用。', 3);
INSERT INTO `des_function` VALUES (6, 19, 15, '財務報表車系表下載', '財務報表統計時車系與車型對照表資料轉換成 EXCEL並下載至指定位置。', 3);
INSERT INTO `des_function` VALUES (6, 20, 16, '財務報表車系表上傳', '用 EXCEL 建立 財務統計 車系與車型對照 表 EXCEL 資料，經確認後上傳至資料厙存檔。', 4);
INSERT INTO `des_function` VALUES (6, 21, 17, '收款結算日期設定', '依合約單號、調出單號、已退購合約編號資料，設定該筆收款列入進銷存結算條件。', 4);
INSERT INTO `des_function` VALUES (6, 22, 18, '付款結算日期設定', '依訂單編號、調入單號、車身號碼資料，設定該筆付款列入進銷存結算條件。', 4);
INSERT INTO `des_function` VALUES (6, 18, 19, '月份結算鎖定確認', '依月份結算鎖定全部財務系統分錄資料確認作業。', 9);
INSERT INTO `des_function` VALUES (6, 23, 20, '進銷存預收款下載', '依查詢條件【年/月】產生進銷存預收款明細 EXCEL表，並下載至指定位置，提供二次運用。', 3);
INSERT INTO `des_function` VALUES (6, 24, 21, '進銷存預付款下載', '依查詢條件【年/月】產生進銷存預付款明細 EXCEL表，並下載至指定位置，提供二次運用。', 3);
INSERT INTO `des_function` VALUES (6, 25, 22, '進銷存C&S下載', '依查詢條件【年/月】產生進銷存 C&S 明細 EXCEL表，並下載至指定位置，提供二次運用。', 4);
INSERT INTO `des_function` VALUES (7, 1, 1, '車型代碼表上傳', '用 EXCEL 建立 車系、車型、年份…等 EXCEL 資料，經確認後上傳至資料厙存檔。', 3);
INSERT INTO `des_function` VALUES (7, 2, 2, '加費配備表上傳', '用 EXCEL 建立 依車系、車型、年份建立原廠選購配件、金額…等 EXCEL 資料，經確認後上傳至資料厙存檔。', 3);
INSERT INTO `des_function` VALUES (7, 3, 3, '車色代碼表上傳', '用 EXCEL 建立 車型外裝顏色代碼…等 EXCEL 資料，經確認後上傳至資料厙存檔。', 3);
INSERT INTO `des_function` VALUES (7, 4, 4, '內裝代碼表上傳', '用 EXCEL 建立 車型內裝顏色代碼…等 EXCEL 資料，經確認後上傳至資料厙存檔。', 3);
INSERT INTO `des_function` VALUES (7, 5, 5, '配備定價表上傳', '用 EXCEL 建立 各車型原廠選配定價、生效年月 EXCEL 資料，經確認後上傳至資料厙存檔。', 3);
INSERT INTO `des_function` VALUES (7, 7, 6, '車型代碼表下載', '車型代碼資料轉換成 EXCEL並下載至指定位置。', 1);
INSERT INTO `des_function` VALUES (7, 8, 7, '加費配備表下載', '原廠選配資料轉換成 EXCEL並下載至指定位置。', 1);
INSERT INTO `des_function` VALUES (7, 9, 8, '車色代碼表下載', '車款外裝代碼資料轉換成 EXCEL並下載至指定位置。', 1);
INSERT INTO `des_function` VALUES (7, 10, 9, '內裝代碼表下載', '車型內裝代碼資料轉換成 EXCEL並下載至指定位置。', 1);
INSERT INTO `des_function` VALUES (7, 11, 10, '配備定價表下載', '依生效年月產生各車型原廠選配定價資料轉換成 EXCEL並下載至指定位置。', 1);
INSERT INTO `des_function` VALUES (8, 2, 1, '己訂未交有效客戶表', '依查詢條件產生己訂未交有效客戶 EXCEL 明細表，提供二次運用。', 4);
INSERT INTO `des_function` VALUES (8, 3, 2, '可售車源表', '依查詢條件產生可售車源 EXCEL 明細表，提供二次運用。', 4);
INSERT INTO `des_function` VALUES (8, 4, 3, '存貨分析表', '依查詢統計條件產生車輛存貨分析 EXCEL 統計表，提供二次運用。', 4);
INSERT INTO `des_function` VALUES (8, 5, 4, '空白合約書領用表', '依查詢條件產生空白合約書領用 EXCEL 統計明細表，提供二次運用。', 3);
INSERT INTO `des_function` VALUES (8, 25, 5, '空白合約書作廢表', '依查詢條件產生空白合約書作廢 EXCEL 統計明細表，提供二次運用。', 5);
INSERT INTO `des_function` VALUES (8, 6, 6, '未向原廠訂車客戶表', '依查詢條件產生未向原廠訂車客戶 EXCEL 明細表，提供二次運用。', 4);
INSERT INTO `des_function` VALUES (8, 7, 7, '己訂未交車源表', '依查詢條件產生己訂未交車源 EXCEL 明細表，提供二次運用。', 4);
INSERT INTO `des_function` VALUES (8, 8, 8, '新車到港車源表', '依查詢條件產生新車到港車源 EXCEL 明細表，提供二次運用。', 4);
INSERT INTO `des_function` VALUES (8, 9, 9, '成交客戶表', '依查詢條件產生成交客戶 EXCEL 明細表，提供二次運用。', 3);
INSERT INTO `des_function` VALUES (8, 10, 10, '生產年月車源表', '依查詢條件產生原廠生產年月車源 EXCEL 明細表，提供二次運用。', 4);
INSERT INTO `des_function` VALUES (8, 11, 11, '存貨天數與台數表', '依查詢統計條件產生存貨天數與台數 EXCEL 統計明細表，提供二次運用。', 4);
INSERT INTO `des_function` VALUES (8, 15, 12, '地區領牌統計表', '依領牌日期等查詢條件產生地區別業務領牌統計表、EXCEL表，提供二次運用。', 3);
INSERT INTO `des_function` VALUES (8, 16, 13, '車系領牌統計表', '依領牌日期等查詢條件產生車系、車種別業務領牌統計表、EXCEL表，提供二次運用。', 3);
INSERT INTO `des_function` VALUES (8, 17, 14, '業代領牌統計表', '依領牌日期等查詢條件產生課別、業代別業務領牌統計表、EXCEL表，提供二次運用。', 3);
INSERT INTO `des_function` VALUES (8, 23, 15, '業務退/換購明細表', '依查詢條件產生業務退購、換購 EXCEL 明細表，提供二次運用。', 3);
INSERT INTO `des_function` VALUES (8, 21, 16, '業務簽約明細表', '依查詢條件產生業務簽約 EXCEL 明細表，提供二次運用。', 9);
INSERT INTO `des_function` VALUES (8, 22, 17, '業務交車明細表', '依查詢條件產生業務交車 EXCEL 明細表，提供二次運用。', 9);
INSERT INTO `des_function` VALUES (9, 1, 1, '新增使用人員', '新增使用本系統人員、名稱、密碼。', 9);
INSERT INTO `des_function` VALUES (9, 2, 2, '修改刪除使用人員', '修改使用本系統人員、名稱、密碼、使用權限，及刪除使用本系統人員。', 9);
INSERT INTO `des_function` VALUES (9, 3, 3, '修改功能名稱權限', '修改子能功顯名示名稱、要求使用人員進入最低權限。', 9);
INSERT INTO `des_function` VALUES (9, 4, 4, '修改管理員帳號密碼', '修改管理員登入本系統的帳號、密碼。', 9);
INSERT INTO `des_function` VALUES (9, 5, 5, '使用人員查詢', '查詢現有全部使用人員名稱、帳號、密碼。', 9);
INSERT INTO `des_function` VALUES (9, 6, 6, '新增CRM使用人員', '新增使用CRM系統人員、名稱、密碼。', 9);
INSERT INTO `des_function` VALUES (9, 7, 7, '修改刪除CRM人員', '修改使用CRM系統人員、名稱、密碼、使用權限，及刪除使用本系統人員。', 9);
INSERT INTO `des_function` VALUES (9, 8, 8, 'CRM使用人員查詢', '查詢現有全部CRM使用人員名稱、帳號、密碼。', 9);
INSERT INTO `des_function` VALUES (5, 1, 1, '必留墊pml位數', '必留-否則pml會少一位出錯', 1);
INSERT INTO `des_function` VALUES (3, 18, 8, '調出車申請下載列印', '依合約、憑單、科目….等條件產生調出車申請單 EXCEL表，提供二次運用及列印使用。', 3);
INSERT INTO `des_function` VALUES (8, 26, 18, '存貨分析簡表', '依查詢統計條件產生(尚優格式)車輛存貨分析 EXCEL 統計表，提供二次運用。', 5);

-- --------------------------------------------------------

-- 
-- 資料表格式： `des_function_sm`
-- 

CREATE TABLE `des_function_sm` (
  `MainIndex` int(5) unsigned DEFAULT NULL,
  `SubIndex` int(5) unsigned DEFAULT NULL,
  `Pos` tinyint(3) unsigned DEFAULT NULL,
  `Title` varchar(100) COLLATE utf8_unicode_ci DEFAULT NULL,
  `Des` varchar(300) COLLATE utf8_unicode_ci DEFAULT NULL,
  `Level` tinyint(1) unsigned DEFAULT NULL
) ENGINE=MyISAM DEFAULT CHARSET=utf8 COLLATE=utf8_unicode_ci;

-- 
-- 列出以下資料庫的數據： `des_function_sm`
-- 

INSERT INTO `des_function_sm` VALUES (1, 15, 1, '合約掃瞄查看', '將己掃描存檔至系統的客戶合約調出查看。', 5);
INSERT INTO `des_function_sm` VALUES (1, 21, 2, '空白合約書明細表', '依合約起啟、結束編號產生空白合約書狀態EXCEL表，提供二次運用及列印使用。', 5);
INSERT INTO `des_function_sm` VALUES (1, 16, 3, '連續合約查詢', '依合約起啟、結束編號查詢所有合約的狀態。', 5);
INSERT INTO `des_function_sm` VALUES (1, 17, 4, '綜合退換車合約查詢', '查詢退換客戶合約建檔資料、訂購車資料及所有與客戶合約相關的車輛資料。', 5);
INSERT INTO `des_function_sm` VALUES (1, 18, 5, '綜合退購合約查詢', '查詢退購客戶合約建檔資料、訂購車資料及所有與客戶合約相關的車輛資料。', 5);
INSERT INTO `des_function_sm` VALUES (1, 19, 6, '綜合成交合約查詢', '查詢成交客戶合約建檔資料、訂購車資料及所有與客戶合約相關的車輛資料。', 5);
INSERT INTO `des_function_sm` VALUES (2, 1, 1, '可售車源查詢', '依車系+車型查詢… 可銷售車資料。', 5);
INSERT INTO `des_function_sm` VALUES (2, 2, 2, '己售未交車源查詢', '依車系+車型查詢… 己簽訂客戶購車合約的「現車庫存」、「原廠在途車」、 中古車等己銷售車資料，', 5);
INSERT INTO `des_function_sm` VALUES (2, 9, 3, '新車到達通知表', '依查詢條件產生新車到達通知 EXCEL 明細表，提供二次運用。', 5);
INSERT INTO `des_function_sm` VALUES (2, 8, 4, '綜合車輛查詢', '依車身號、訂單號、合約號….等條件，查詢車輛基本資料。', 5);
INSERT INTO `des_function_sm` VALUES (3, 1, 1, '一定要有,不然會出錯', '一定要有,不然會出錯', 5);
INSERT INTO `des_function_sm` VALUES (4, 1, 1, '一定要有,不然會出錯', '一定要有,不然會出錯', 5);
INSERT INTO `des_function_sm` VALUES (5, 5, 1, '保險明細資料下載', '依查詢條件產生險明細帳 EXCEL表，並下載至指定位置，提供二次運用。', 5);
INSERT INTO `des_function_sm` VALUES (5, 6, 2, '保單查詢', '依合約編號、姓名、車身號、牌照號、保單號、保卡號….等條件，查詢調出保單基本資料及相關記錄。', 5);
INSERT INTO `des_function_sm` VALUES (6, 5, 1, '應收/已收憑單查詢', '依憑單、科目、合約、車身號….等條件查詢相關應收/已收憑單記錄。', 5);
INSERT INTO `des_function_sm` VALUES (6, 7, 2, '合約應/已收帳下載', '依統計分析產生目前合約應收已收未收明細 EXCEL表，並下載至指定位置，提供二次運用。', 9);
INSERT INTO `des_function_sm` VALUES (7, 7, 1, '車型代碼表下載', '車型代碼資料轉換成 EXCEL並下載至指定位置。', 5);
INSERT INTO `des_function_sm` VALUES (7, 8, 2, '加費配備表下載', '原廠選配資料轉換成 EXCEL並下載至指定位置。', 5);
INSERT INTO `des_function_sm` VALUES (7, 9, 3, '車色代碼表下載', '車款外裝代碼資料轉換成 EXCEL並下載至指定位置。', 5);
INSERT INTO `des_function_sm` VALUES (7, 10, 4, '內裝代碼表下載', '車型內裝代碼資料轉換成 EXCEL並下載至指定位置。', 5);
INSERT INTO `des_function_sm` VALUES (7, 11, 5, '配備定價表下載', '依生效年月產生各車型原廠選配定價資料轉換成 EXCEL並下載至指定位置。', 5);
INSERT INTO `des_function_sm` VALUES (8, 2, 1, '己訂未交有效客戶表', '依查詢條件產生己訂未交有效客戶 EXCEL 明細表，提供二次運用。', 5);
INSERT INTO `des_function_sm` VALUES (8, 3, 2, '可售車源表', '依查詢條件產生可售車源 EXCEL 明細表，提供二次運用。', 5);
INSERT INTO `des_function_sm` VALUES (8, 6, 3, '未向原廠訂車客戶表', '依查詢條件產生未向原廠訂車客戶 EXCEL 明細表，提供二次運用。', 5);
INSERT INTO `des_function_sm` VALUES (8, 7, 4, '己訂未交車源表', '依查詢條件產生己訂未交車源 EXCEL 明細表，提供二次運用。', 5);
INSERT INTO `des_function_sm` VALUES (8, 9, 5, '成交客戶表', '依查詢條件產生成交客戶 EXCEL 明細表，提供二次運用。', 5);
INSERT INTO `des_function_sm` VALUES (8, 17, 6, '業代領牌統計表', '依領牌日期等查詢條件產生課別、業代別業務領牌統計表、EXCEL表，提供二次運用。', 5);
INSERT INTO `des_function_sm` VALUES (8, 23, 7, '業務退/換購明細表', '依查詢條件產生業務退購、換購 EXCEL 明細表，提供二次運用。', 5);
INSERT INTO `des_function_sm` VALUES (9, 1, 1, '新增使用人員', '新增使用本系統人員、名稱、密碼。', 5);
INSERT INTO `des_function_sm` VALUES (9, 2, 2, '修改刪除使用人員', '修改使用本系統人員、名稱、密碼、使用權限，及刪除使用本系統人員。', 5);
INSERT INTO `des_function_sm` VALUES (9, 4, 3, '修改管理員帳號密碼', '修改管理員登入本系統的帳號、密碼。', 5);
INSERT INTO `des_function_sm` VALUES (9, 5, 4, '使用人員查詢', '查詢現有全部使用人員名稱、帳號、密碼。', 5);
INSERT INTO `des_function_sm` VALUES (9, 6, 5, '新增CRM使用人員', '新增使用CRM系統人員、名稱、密碼。', 5);
INSERT INTO `des_function_sm` VALUES (9, 7, 6, '修改刪除CRM人員', '修改使用CRM系統人員、名稱、密碼、使用權限，及刪除使用本系統人員。', 5);
INSERT INTO `des_function_sm` VALUES (9, 8, 7, 'CRM使用人員查詢', '查詢現有全部CRM使用人員名稱、帳號、密碼。', 5);

-- --------------------------------------------------------

-- 
-- 資料表格式： `des_inner`
-- 

CREATE TABLE `des_inner` (
  `InnerId` varchar(8) COLLATE utf8_unicode_ci NOT NULL,
  `DesEng` varchar(100) COLLATE utf8_unicode_ci NOT NULL,
  `DesCn` varchar(100) COLLATE utf8_unicode_ci NOT NULL,
  `DesEng2` varchar(100) COLLATE utf8_unicode_ci NOT NULL,
  `DesCn2` varchar(100) COLLATE utf8_unicode_ci NOT NULL,
  `DesEng3` varchar(100) COLLATE utf8_unicode_ci NOT NULL,
  `DesCn3` varchar(100) COLLATE utf8_unicode_ci NOT NULL
) ENGINE=MyISAM DEFAULT CHARSET=utf8 COLLATE=utf8_unicode_ci;

-- 
-- 列出以下資料庫的數據： `des_inner`
-- 

INSERT INTO `des_inner` VALUES ('BGE1', '', '', '', '', '', '');
INSERT INTO `des_inner` VALUES ('CXE1', '', '', '', '', '', '');
INSERT INTO `des_inner` VALUES ('FYE1', '', '', '', '', '', '');
INSERT INTO `des_inner` VALUES ('FYMJ', '', '', '', '', '', '');
INSERT INTO `des_inner` VALUES ('GSE1', '', '', '', '', '', '');
INSERT INTO `des_inner` VALUES ('NEE1', '', '', '', '', '', '');
INSERT INTO `des_inner` VALUES ('NYM9', '', '', '', '', '', '');
INSERT INTO `des_inner` VALUES ('TYE1', '', '', '', '', '', '');

-- --------------------------------------------------------

-- 
-- 資料表格式： `des_log`
-- 

CREATE TABLE `des_log` (
  `UserId` varchar(4) DEFAULT NULL,
  `Tmk` datetime NOT NULL,
  `Path` varchar(50) NOT NULL,
  `ip` varchar(15) NOT NULL
) ENGINE=InnoDB DEFAULT CHARSET=latin1;

-- 
-- 列出以下資料庫的數據： `des_log`
-- 


-- --------------------------------------------------------

-- 
-- 資料表格式： `des_opt_des`
-- 

CREATE TABLE `des_opt_des` (
  `OptId` varchar(8) COLLATE utf8_unicode_ci NOT NULL,
  `DesEng` varchar(100) COLLATE utf8_unicode_ci NOT NULL,
  `DesCn` varchar(100) COLLATE utf8_unicode_ci NOT NULL
) ENGINE=MyISAM DEFAULT CHARSET=utf8 COLLATE=utf8_unicode_ci;

-- 
-- 列出以下資料庫的數據： `des_opt_des`
-- 

INSERT INTO `des_opt_des` VALUES ('0BE', 'Cloth Track(BE)', 'Track布內裝');
INSERT INTO `des_opt_des` VALUES ('0BH', 'Atelier內裝', 'Atelier內裝');
INSERT INTO `des_opt_des` VALUES ('0BK', 'Cloth(BK)', 'Cloth(BK)');
INSERT INTO `des_opt_des` VALUES ('0CB', '', '換Individual Merino真皮皮椅');
INSERT INTO `des_opt_des` VALUES ('0HA', 'Hexagon', '織布/麂皮');
INSERT INTO `des_opt_des` VALUES ('0KC', 'Sensatec', '透氣皮');
INSERT INTO `des_opt_des` VALUES ('0LC', 'Dakota', 'Dakota真皮內裝');
INSERT INTO `des_opt_des` VALUES ('0LU', 'Nevada', 'Nevada真皮內裝');
INSERT INTO `des_opt_des` VALUES ('0LZ', 'Nappa真皮內裝', 'Nappa真皮內裝');
INSERT INTO `des_opt_des` VALUES ('0NA', 'Nappa真皮內裝', 'Nappa真皮內裝');
INSERT INTO `des_opt_des` VALUES ('0PD', 'Dakota內裝', 'Dakota內裝');
INSERT INTO `des_opt_des` VALUES ('0X3', '真皮大包內裝', '真皮大包內裝');
INSERT INTO `des_opt_des` VALUES ('0Z1', 'BMW Individual Merino', 'BMW Individual Merino真皮內裝');
INSERT INTO `des_opt_des` VALUES ('0ZA', 'Individual Merino', 'Merino真皮內裝');
INSERT INTO `des_opt_des` VALUES ('0ZB', 'Ind Merino全真皮內裝', 'Ind Merino全真皮內裝');
INSERT INTO `des_opt_des` VALUES ('111', '', '手排系統');
INSERT INTO `des_opt_des` VALUES ('217', 'Active steering', '主動式轉向系統含Servotronic');
INSERT INTO `des_opt_des` VALUES ('21A', 'M款Ferric Gray雙輻式461型輪圈', 'M款Ferric Gray雙輻式461型輪圈');
INSERT INTO `des_opt_des` VALUES ('21B', 'M款Ferric Grey雙幅式441型鋁圈', 'M款Ferric Grey雙幅式441型鋁圈');
INSERT INTO `des_opt_des` VALUES ('21C', 'M款Bicolour Orbit Grey 雙輻式442型輪圈', 'M款Bicolour Orbit Grey 雙輻式442型輪圈');
INSERT INTO `des_opt_des` VALUES ('21H', 'M款雙幅式648M型輪圈', 'M款雙幅式648M型輪圈');
INSERT INTO `des_opt_des` VALUES ('223', '動態避震控制系統', '動態避震控制系統');
INSERT INTO `des_opt_des` VALUES ('24D', '雙輻式567型輪圈', '雙輻式567型輪圈');
INSERT INTO `des_opt_des` VALUES ('24N', 'V幅式628型輪圈', 'V幅式628型輪圈');
INSERT INTO `des_opt_des` VALUES ('255', 'Sports leather steering wheel', '跑車式真皮方向盤');
INSERT INTO `des_opt_des` VALUES ('27Z', 'W幅式646型輪圈(Only with 3E1)', 'W幅式646型輪圈(Only with 3E1)');
INSERT INTO `des_opt_des` VALUES ('28B', '8Jx19/tyres 225/45 R19', 'Y幅式511型輪圈');
INSERT INTO `des_opt_des` VALUES ('28C', 'Y輻式511型輪圈', 'Y輻式511型輪圈');
INSERT INTO `des_opt_des` VALUES ('2A4', 'F:8Jx19/Tyres 225/40 R19 R:8.5Jx19/Tyres 255/35 R19', '雙幅式401型輪圈');
INSERT INTO `des_opt_des` VALUES ('2A5', '雙幅式397型輪圈', '雙幅式397型輪圈');
INSERT INTO `des_opt_des` VALUES ('2A7', 'F:7.5Jx18/tyres 225/40 R18 R:8Jx18/tyers 245/35 R18', '雙幅式385型輪圈');
INSERT INTO `des_opt_des` VALUES ('2AS', '7.5Jx17/Tyres 225/45 R17', 'Tubine 381型輪圈');
INSERT INTO `des_opt_des` VALUES ('2AU', '8Jx18/tyres 245/45 R18 ', '流線式364型輪圈');
INSERT INTO `des_opt_des` VALUES ('2AX', '', '輪圈');
INSERT INTO `des_opt_des` VALUES ('2D4', '9Jx19/tyres 255/50 R19', '星幅式449型輪圈');
INSERT INTO `des_opt_des` VALUES ('2D9', '星幅式606型輪圈', '星幅式606型輪圈');
INSERT INTO `des_opt_des` VALUES ('2DE', '9Jx19/tyres 275/40 R20 R:11Jx20/tyres 315/35 R20', '星幅式334型輪圈(not with 330/337)');
INSERT INTO `des_opt_des` VALUES ('2DP', 'F:8.5Jx19/Tyres 245/40 R19 R:9Jx19/Tyres 275/35 R19', '星幅式367型輪圈');
INSERT INTO `des_opt_des` VALUES ('2DW', '7.5Jx17/Tyres 225/50 R17', '星幅式393型輪圈');
INSERT INTO `des_opt_des` VALUES ('2DX', '星幅式394型輪圈', '星幅式394型輪圈');
INSERT INTO `des_opt_des` VALUES ('2DY', '8Jx18/Tyres 225/50 R18', '星幅式396型輪圈');
INSERT INTO `des_opt_des` VALUES ('2E3', 'Y幅式608型輪圈', 'Y幅式608型輪圈');
INSERT INTO `des_opt_des` VALUES ('2EB', 'Y幅式305型輪圈', 'Y幅式305型輪圈');
INSERT INTO `des_opt_des` VALUES ('2EC', '8Jx18/Tyres 245/50 R18 W', 'Y幅式308型輪圈');
INSERT INTO `des_opt_des` VALUES ('2FB', '', '輪圈');
INSERT INTO `des_opt_des` VALUES ('2FL', 'F:7.5Jx17/tyres 225/50 R17 R:8.5Jx17/tyres 255/45 R17', 'V幅式395型輪圈');
INSERT INTO `des_opt_des` VALUES ('2FM', 'V輻式398型輪圈', 'V輻式398型輪圈');
INSERT INTO `des_opt_des` VALUES ('2FY', 'V幅式479型輪圈', 'V幅式479型輪圈');
INSERT INTO `des_opt_des` VALUES ('2FZ', 'V幅式485型輪圈', 'V幅式485型輪圈');
INSERT INTO `des_opt_des` VALUES ('2G3', 'Turbine 472型輪圈', 'Turbine 472型輪圈');
INSERT INTO `des_opt_des` VALUES ('2H2', '多幅式416型輪圈', '多幅式416型輪圈');
INSERT INTO `des_opt_des` VALUES ('2H3', '多輻式414型輪圈', '多輻式414型輪圈');
INSERT INTO `des_opt_des` VALUES ('2H7', 'V幅式450型輪圈', 'V幅式450型輪圈');
INSERT INTO `des_opt_des` VALUES ('2HL', 'F:8.5Jx19/tyres 245/45 R19 Y R:9.5Jx19/tyres 275/40 R19 Y', '多幅式252型輪圈');
INSERT INTO `des_opt_des` VALUES ('2K2', '', 'V幅式328型輪圈');
INSERT INTO `des_opt_des` VALUES ('2K8', 'V幅式307型輪圈', 'V幅式307型輪圈');
INSERT INTO `des_opt_des` VALUES ('2L1', '多幅式399行輪圈', '多幅式399行輪圈');
INSERT INTO `des_opt_des` VALUES ('2L3', 'V幅式395型輪圈', 'V幅式395型輪圈');
INSERT INTO `des_opt_des` VALUES ('2L9', '雙輻式384型輪圈', '雙輻式384型輪圈');
INSERT INTO `des_opt_des` VALUES ('2LP', '7Jx17/Tyres 205/50 R17', 'Y幅式380型輪圈');
INSERT INTO `des_opt_des` VALUES ('2LS', 'Y幅式451型輪圈', 'Y幅式451型輪圈');
INSERT INTO `des_opt_des` VALUES ('2LU', 'Y幅式480型輪圈', 'Y幅式480型輪圈');
INSERT INTO `des_opt_des` VALUES ('2LV', 'Y幅式484型輪圈', 'Y幅式484型輪圈');
INSERT INTO `des_opt_des` VALUES ('2MV', 'F:8Jx19/Tyres 225/35 R19 R:9Jx19/Tyres 255/30 R19', 'M款雙幅式326M行輪圈');
INSERT INTO `des_opt_des` VALUES ('2MZ', 'F:8.5Jx19/Tyres 245/40 R19 R:9Jx19/Tyres 275/35 R19', 'Individual V幅式349型輪圈');
INSERT INTO `des_opt_des` VALUES ('2N4', 'M款星幅式386型輪圈', 'M款星幅式386型輪圈');
INSERT INTO `des_opt_des` VALUES ('2ND', 'M款雙幅式351型M輪圈', 'M款雙幅式351型M輪圈');
INSERT INTO `des_opt_des` VALUES ('2NH', 'M Sport brake', 'M款運動化煞車套件(前嗣後二)');
INSERT INTO `des_opt_des` VALUES ('2NK', 'M Carbon ceranuc brake', 'M款陶瓷碳纖維煞車系統');
INSERT INTO `des_opt_des` VALUES ('2NM', 'M款雙幅式373型輪圈(ONLY WITH 337)', 'M款雙幅式373型輪圈(ONLY WITH 337)');
INSERT INTO `des_opt_des` VALUES ('2NZ', 'F:8.5Jx19/Tyres 245/40 R19 R:9Jx19/Tyres 275/35 R19', 'M款雙幅式351型M輪圈');
INSERT INTO `des_opt_des` VALUES ('2P5', 'Turbine 415行輪圈', 'Turbine 415行輪圈');
INSERT INTO `des_opt_des` VALUES ('2PA', 'Locking wheel bolts', '防盜螺帽');
INSERT INTO `des_opt_des` VALUES ('2PE', 'M款星幅式400行輪圈(ONLY WITH 337)', 'M款星幅式400行輪圈(ONLY WITH337)');
INSERT INTO `des_opt_des` VALUES ('2PF', 'M款星幅式403型輪圈', 'M款星幅式403型輪圈');
INSERT INTO `des_opt_des` VALUES ('2PL', 'F:8Jx19/Tyres 225/40 R19 R:9Jx19/Tyres 255/35 R19', 'M款雙幅式442型 Only with 337');
INSERT INTO `des_opt_des` VALUES ('2PU', '防盜螺帽', '防盜螺帽');
INSERT INTO `des_opt_des` VALUES ('2SW', 'F:8.5Jx19/Tyres 245/45 R19 R:9.5Jx19/Tyres 275/40 R19', '星幅式272型輪圈');
INSERT INTO `des_opt_des` VALUES ('2T1', '星幅式407型輪圈 R19', '星幅式407型輪圈 R19');
INSERT INTO `des_opt_des` VALUES ('2T2', '星幅式490型輪圈', '星幅式490型輪圈');
INSERT INTO `des_opt_des` VALUES ('2T3', 'BMW Individual V幅式649型輪圈', 'BMW Individual V幅式649型輪圈');
INSERT INTO `des_opt_des` VALUES ('2T5', '雙幅式605型輪圈', '雙幅式605型輪圈');
INSERT INTO `des_opt_des` VALUES ('2TP', 'M款雙幅式612型輪圈', 'M款雙幅式612型輪圈');
INSERT INTO `des_opt_des` VALUES ('2TT', 'M款雙幅式486型輪圈', 'M款雙幅式486型輪圈');
INSERT INTO `des_opt_des` VALUES ('2TU', 'M款雙幅式486型輪圈', 'M款雙幅式486型輪圈');
INSERT INTO `des_opt_des` VALUES ('2TX', '20吋 601型輪圈', '20吋 601型輪圈');
INSERT INTO `des_opt_des` VALUES ('2U9', '雙幅式385型輪圈', '雙幅式385型輪圈');
INSERT INTO `des_opt_des` VALUES ('2V2', 'M款雙幅式310M型輪圈', 'M款雙幅式310M型輪圈');
INSERT INTO `des_opt_des` VALUES ('2V5', 'F:8Jx19/Tyres 225/45 R19 R:9Jx19/Tyres 255/40 R19', 'M款雙幅式598型輪圈 Only with 337');
INSERT INTO `des_opt_des` VALUES ('2VB', '電子監控胎壓偵測緊示系統', '電子監控胎壓偵測緊示系統');
INSERT INTO `des_opt_des` VALUES ('2VF', 'M款主動懸吊', 'M款主動懸吊');
INSERT INTO `des_opt_des` VALUES ('2VG', '動態性輔助系統', '動態性輔助系統');
INSERT INTO `des_opt_des` VALUES ('2VH', '整合式主動轉向系統', '整合式主動轉向系統');
INSERT INTO `des_opt_des` VALUES ('2VL', 'Variable sport steering', '可變式運動轉向系統');
INSERT INTO `des_opt_des` VALUES ('2VM', '舒適型懸吊套件', '舒適型懸吊套件');
INSERT INTO `des_opt_des` VALUES ('2VS', 'Executive主動式調節懸吊系統', 'Executive主動式調節懸吊系統');
INSERT INTO `des_opt_des` VALUES ('2VX', 'F:8.5Jx20/tyres 245/40 R20 R:10Jx20/tyres 275/35 R20', 'M款雙輻式310M型輪圈(only with 337)');
INSERT INTO `des_opt_des` VALUES ('2VY', 'M款鍛造雙幅式437型輪圈', 'M款鍛造雙幅式437型輪圈');
INSERT INTO `des_opt_des` VALUES ('2VZ', 'M款鍛造雙幅式437型輪圈-黑色', 'M款鍛造雙幅式437型輪圈-黑色');
INSERT INTO `des_opt_des` VALUES ('2W4', 'F:8.5JX19/tyres 245/40 R19 R:9Jx19/tures 275/35 R19', '多幅式455型輪圈(Only with 7S2)');
INSERT INTO `des_opt_des` VALUES ('2W8', 'W幅式470型20吋輪圈', 'W幅式470型20吋輪圈');
INSERT INTO `des_opt_des` VALUES ('2WE', 'F:8.5Jx19/Tyres 245/40 R19 R:9Jx19/Tyres 275/35 R19', 'W幅式423型輪圈');
INSERT INTO `des_opt_des` VALUES ('2WF', '', '');
INSERT INTO `des_opt_des` VALUES ('2WS', '多幅式619型鋁圈', '多幅式619型鋁圈');
INSERT INTO `des_opt_des` VALUES ('2WV', 'Multi-spoke 481型輪圈', 'Multi-spoke 481型輪圈');
INSERT INTO `des_opt_des` VALUES ('2XE', '黑色真皮方向盤', '黑色真皮方向盤');
INSERT INTO `des_opt_des` VALUES ('302', 'Alarm System', '防盜系統');
INSERT INTO `des_opt_des` VALUES ('316', 'Automatic operation of tailgate', '電動行李箱緊閉系統');
INSERT INTO `des_opt_des` VALUES ('322', 'Comfort access system', '免鑰匙晶片控制系統');
INSERT INTO `des_opt_des` VALUES ('323', 'Soft-Close function for doors', '車門自動緊閉系統');
INSERT INTO `des_opt_des` VALUES ('328', '鋁質登車踏板', '鋁質登車踏板');
INSERT INTO `des_opt_des` VALUES ('336', '跑車套件', '跑車套件');
INSERT INTO `des_opt_des` VALUES ('337', 'M Sport package', '跑車化套件組');
INSERT INTO `des_opt_des` VALUES ('346', '外部鍍鉻處理(前保桿)', '外部鍍鉻處理(前保桿)');
INSERT INTO `des_opt_des` VALUES ('348', 'Highlight exterior', '運動造型引擎蓋');
INSERT INTO `des_opt_des` VALUES ('356', '全車強化隔熱玻璃', '全車強化隔熱玻璃');
INSERT INTO `des_opt_des` VALUES ('358', 'Climate comfort windscreen', '前擋強化隔熱玻璃');
INSERT INTO `des_opt_des` VALUES ('386', 'Roof rails', '銀色鋁質車頂置物架與霧銀側裙下護板');
INSERT INTO `des_opt_des` VALUES ('3AA', '黑色車頂置物架及側裙下護板亮黑處理', '黑色車頂置物架及側裙下護板亮黑處理');
INSERT INTO `des_opt_des` VALUES ('3AC', '', '拖車勾');
INSERT INTO `des_opt_des` VALUES ('3AG', 'Rear view comera', '倒車顯示系統');
INSERT INTO `des_opt_des` VALUES ('3AH', '', '');
INSERT INTO `des_opt_des` VALUES ('3AP', 'Windscreen with grey shade band', '前擋遮陽玻璃');
INSERT INTO `des_opt_des` VALUES ('3AS', 'Roof rails silver', '金屬銀車頂置物架');
INSERT INTO `des_opt_des` VALUES ('3AT', 'Roof rail Aluminium satiated', '鋁質車頂架');
INSERT INTO `des_opt_des` VALUES ('3BE', 'Mirror caps Black', '白色後視鏡外蓋(only with Sport)');
INSERT INTO `des_opt_des` VALUES ('3BG', 'Mirror caps White', '白色後視鏡外蓋');
INSERT INTO `des_opt_des` VALUES ('3E1', 'Pure Excellence外觀套件', 'Pure Excellence外觀套件');
INSERT INTO `des_opt_des` VALUES ('3E2', 'Pure Experience外觀套件', 'Pure Experience外觀套件');
INSERT INTO `des_opt_des` VALUES ('3L8', 'Extended contents in satinised aluminium', '鍛面鋁質窗框');
INSERT INTO `des_opt_des` VALUES ('3MB', 'BMW Individual Exterieur line Aluminium satinated', '緞面鋁質窗框');
INSERT INTO `des_opt_des` VALUES ('3XL', '', '');
INSERT INTO `des_opt_des` VALUES ('402', 'Panorama glass roof', '全景式電動玻璃天窗');
INSERT INTO `des_opt_des` VALUES ('403', 'Glass roof, electric', '電動玻璃天窗');
INSERT INTO `des_opt_des` VALUES ('407', 'Sky Lounge全景式電動玻璃天窗', 'Sky Lounge全景式電動玻璃天窗');
INSERT INTO `des_opt_des` VALUES ('413', '行李廂分隔網', '行李廂分隔網');
INSERT INTO `des_opt_des` VALUES ('415', 'Sunblind for rear window, electric', '電動厚窗簾');
INSERT INTO `des_opt_des` VALUES ('416', '電動厚窗簾含電動側窗簾', '電動厚窗簾含電動側窗簾');
INSERT INTO `des_opt_des` VALUES ('417', 'Roller sunblind for rear side windows, mechanical', '後座手動側窗簾');
INSERT INTO `des_opt_des` VALUES ('441', '吸煙裝置', '吸煙裝置');
INSERT INTO `des_opt_des` VALUES ('453', 'Active seat ventilation, front', '雙前座主動式通風座椅');
INSERT INTO `des_opt_des` VALUES ('454', 'Active seat ventilation,rear', '後座主動式通風座椅(only with 456+494)');
INSERT INTO `des_opt_des` VALUES ('455', '', '主動舒放式雙前座座椅');
INSERT INTO `des_opt_des` VALUES ('456', 'Comfort seats fornt, electrically adjustable', '雙前舒適型電動座椅含記憶裝置');
INSERT INTO `des_opt_des` VALUES ('459', 'Seat adjustment, electric with memory for driver''s seat', '雙前座電動調整座椅含駕駛座記憶功能');
INSERT INTO `des_opt_des` VALUES ('465', 'Through-loading system', '40:20:40可折式後座椅背含後座中央扶手');
INSERT INTO `des_opt_des` VALUES ('481', 'Sport seats for driver and front passenger', '雙前座跑車座椅');
INSERT INTO `des_opt_des` VALUES ('488', 'Lumbar support for driver and front passebger', '雙前座腰靠電動調整');
INSERT INTO `des_opt_des` VALUES ('490', '', '');
INSERT INTO `des_opt_des` VALUES ('494', 'Seat heating for driver and front passenger', '雙前座加熱座椅');
INSERT INTO `des_opt_des` VALUES ('4AB', '鏡面核桃木飾板', '鏡面核桃木飾板');
INSERT INTO `des_opt_des` VALUES ('4AC', 'Fine-Wood trim poplar grain', 'Poplar Grain木飾內裝');
INSERT INTO `des_opt_des` VALUES ('4AD', 'Interior trim finishers Aluminium, finely brushed lengthwise', '鋁質刷面處理飾板');
INSERT INTO `des_opt_des` VALUES ('4AE', '前座可調式中央扶手', '前座可調式中央扶手');
INSERT INTO `des_opt_des` VALUES ('4AS', 'Poplar Grain Grey木飾板', 'Poplar Grain Grey木飾板');
INSERT INTO `des_opt_des` VALUES ('4AT', 'Interior trim finishers black high-gloss', '黑色高光澤飾板');
INSERT INTO `des_opt_des` VALUES ('4AX', '栗木飾皮含木紋飾條', '栗木飾皮含木紋飾條');
INSERT INTO `des_opt_des` VALUES ('4AY', '橡木飾版含金屬飾條', '橡木飾版含金屬飾條');
INSERT INTO `des_opt_des` VALUES ('4B7', 'Fine-wood trim Finline high-gloss', 'Fineline high-gloss木飾板');
INSERT INTO `des_opt_des` VALUES ('4B8', 'Fine-wood trim burled walnut with Inlays', 'Inlays木飾板');
INSERT INTO `des_opt_des` VALUES ('4B9', 'Interior trim finishers Fine Brushed Aluminium', 'Fine Brushed Aluminium飾板');
INSERT INTO `des_opt_des` VALUES ('4BN', 'Ash grain木飾板', 'Ash grain木飾板');
INSERT INTO `des_opt_des` VALUES ('4BP', 'Poplar Grain木飾板-淺色', 'Poplar Grain木飾板-淺色');
INSERT INTO `des_opt_des` VALUES ('4CB', 'Fine-wood trim Fineline natural', 'Fineline木飾板');
INSERT INTO `des_opt_des` VALUES ('4CE', 'Fineline深色木飾板', 'Fineline深色木飾板');
INSERT INTO `des_opt_des` VALUES ('4CK', 'Fine-wood trim', 'Fineline淺色木飾板  Only with 337');
INSERT INTO `des_opt_des` VALUES ('4CV', 'Fine-wood trim Americah Oak', 'Americah Oak木飾板');
INSERT INTO `des_opt_des` VALUES ('4DD', 'Fineline Pure木飾板', 'Fineline Pure木飾板');
INSERT INTO `des_opt_des` VALUES ('4DL', 'Hightlight trim finishers Black high-gloss', '黑色高光澤飾條(位於飾板下方)');
INSERT INTO `des_opt_des` VALUES ('4DM', 'Pearl 高光澤飾條', 'Pearl 高光澤飾條');
INSERT INTO `des_opt_des` VALUES ('4DN', '紅色飾條(位於飾板下方)', '紅色飾條(位於飾板下方)');
INSERT INTO `des_opt_des` VALUES ('4DX', 'Hightlight trim finishers Estoril Blue matt', '藍色飾條(位於飾板下方)');
INSERT INTO `des_opt_des` VALUES ('4DZ', 'Pear dark飾板', 'Pear dark飾板');
INSERT INTO `des_opt_des` VALUES ('4EB', 'Fine-wood trim Fineline Bay matt', ' Fineline Bay木飾板');
INSERT INTO `des_opt_des` VALUES ('4EF', 'Alumlnlum mesh effect 飾板(only with 7S1/337)', 'Interior trim finishers Alumlnlum mesh effect');
INSERT INTO `des_opt_des` VALUES ('4EH', 'Black Hight gloss木飾板', 'Black Hight gloss木飾板');
INSERT INTO `des_opt_des` VALUES ('4EZ', 'Fine-wood trim ash grain with metal inlays', 'Ash Grain 木飾板');
INSERT INTO `des_opt_des` VALUES ('4F4', 'Executive Lounge後座椅(only with 4T6+4T7+6FR)', 'Executive Lounge後座椅(only with 4T6+4T7+6FR)');
INSERT INTO `des_opt_des` VALUES ('4F5', '總裁級中央扶手(含後座可收納專用桌)', '總裁級中央扶手(含後座可收納專用桌)');
INSERT INTO `des_opt_des` VALUES ('4FD', '後座可調式空間系統', '後座可調式空間系統');
INSERT INTO `des_opt_des` VALUES ('4FF', '後座舒適型座椅(NOT WITH 4UB)', '後座舒適型座椅(NOT WITH 4UB)');
INSERT INTO `des_opt_des` VALUES ('4FT', '鋁質飾板 + 黑色高光澤飾條', '鋁質飾板 + 黑色高光澤飾條');
INSERT INTO `des_opt_des` VALUES ('4FU', 'Fineline黑色飾板+Pearl Chrome飾條', 'Fineline黑色飾板+Pearl Chrome飾條');
INSERT INTO `des_opt_des` VALUES ('4FV', 'Fineline淺色木飾板', 'Fineline淺色木飾板');
INSERT INTO `des_opt_des` VALUES ('4FW', 'Fineline核桃木飾板+Pearl Chrome飾條', 'Fineline核桃木飾板+Pearl Chrome飾條');
INSERT INTO `des_opt_des` VALUES ('4FZ', 'Fineline木飾板+Pearl Chrome飾條', 'Fineline木飾板+Pearl Chrome飾條');
INSERT INTO `des_opt_des` VALUES ('4KS', 'Contrast stitching', '內裝特殊縫線處理');
INSERT INTO `des_opt_des` VALUES ('4L3', 'Dark Copper 高光澤飾板', 'Dark Copper 高光澤飾板');
INSERT INTO `des_opt_des` VALUES ('4LM', 'Fineline black with metal effect hight-golss木飾內裝', 'Fineline black with metal effect hight-golss木飾內裝');
INSERT INTO `des_opt_des` VALUES ('4LR', 'Finelin Stream木飾板+Pearl Chrome飾條', 'Finelin Stream木飾板+Pearl Chrome飾條');
INSERT INTO `des_opt_des` VALUES ('4LS', '鋁質刷面飾板+Pearl Chrome飾條', '鋁質刷面飾板+Pearl Chrome飾條');
INSERT INTO `des_opt_des` VALUES ('4LU', '高光澤黑色飾板+Pearl Chrome飾條', '高光澤黑色飾板+Pearl Chrome飾條');
INSERT INTO `des_opt_des` VALUES ('4LV', '黑色高光澤飾板含紅色飾條', '黑色高光澤飾板含紅色飾條');
INSERT INTO `des_opt_des` VALUES ('4LX', '', '');
INSERT INTO `des_opt_des` VALUES ('4M8', 'BMW Individual rear-seat reading lights', 'Individual 後座閱讀燈');
INSERT INTO `des_opt_des` VALUES ('4MC', '', '');
INSERT INTO `des_opt_des` VALUES ('4ML', 'Individual interior piano finish', 'Piano finish鋼琴鏡面飾板');
INSERT INTO `des_opt_des` VALUES ('4MR', 'Interior trim finishers Aluminium Hexagon', 'Aluminium Hexagon飾板');
INSERT INTO `des_opt_des` VALUES ('4NB', 'Automatic air conditioning with 4-zone control', '四區分離式恆溫空調系統');
INSERT INTO `des_opt_des` VALUES ('4ND', 'Interument panel with leather finish with extended features', '儀表台真皮包覆');
INSERT INTO `des_opt_des` VALUES ('4NH', '頸部加熱功能', '頸部加熱功能');
INSERT INTO `des_opt_des` VALUES ('4NM', '香氛套件', '香氛套件');
INSERT INTO `des_opt_des` VALUES ('4T6', '後座椅按摩功能', '後座椅按摩功能');
INSERT INTO `des_opt_des` VALUES ('4T7', '前座椅按摩功能', '前座椅按摩功能');
INSERT INTO `des_opt_des` VALUES ('4U1', 'Ceramic surround for contrils', '陶瓷控制旋鈕');
INSERT INTO `des_opt_des` VALUES ('4UB', '3rd row seats(incl.220)', '第三排座椅');
INSERT INTO `des_opt_des` VALUES ('4UM', 'Massage function for rear-seat backrest', '後座椅背按摩功能(only with 460)');
INSERT INTO `des_opt_des` VALUES ('4UV', '後座可折式餐桌', '後座可折式餐桌');
INSERT INTO `des_opt_des` VALUES ('4WG', '鋁質格紋飾板+黑色飾條', '鋁質格紋飾板+黑色飾條');
INSERT INTO `des_opt_des` VALUES ('502', 'Heaklight washer system', '頭燈高壓清洗裝置');
INSERT INTO `des_opt_des` VALUES ('508', 'Park distance contril (PDC) front and rear', '前後方停車警示系統');
INSERT INTO `des_opt_des` VALUES ('520', '霧燈', '霧燈');
INSERT INTO `des_opt_des` VALUES ('524', 'Adaptuve Headlights with cornering lights', '主動式轉向頭燈');
INSERT INTO `des_opt_des` VALUES ('544', 'Cruise control with braking function', '定速控制系統');
INSERT INTO `des_opt_des` VALUES ('552', 'Adaptive LED headlights', 'LED頭燈含主動轉向功能');
INSERT INTO `des_opt_des` VALUES ('575', 'Additional 12-volt power sockets', '額外12V電源插座');
INSERT INTO `des_opt_des` VALUES ('5A1', 'LED霧燈', 'LED霧燈');
INSERT INTO `des_opt_des` VALUES ('5A3', '夜視系統含行人辨識輔助照明', '夜視系統含行人辨識輔助照明');
INSERT INTO `des_opt_des` VALUES ('5AC', 'High-beam assistance', '遠光燈輔助系統');
INSERT INTO `des_opt_des` VALUES ('5AD', 'Lane Departure Warning including apporach warning', '車道偏離系統');
INSERT INTO `des_opt_des` VALUES ('5AG', 'Lane Change Warning', '車道變換警示系統');
INSERT INTO `des_opt_des` VALUES ('5AL', 'Active protection', 'Active protection主動安全防護系統');
INSERT INTO `des_opt_des` VALUES ('5AS', 'Driving Assistant', '碰撞預警系統');
INSERT INTO `des_opt_des` VALUES ('6AD', '抬頭顯示器', '抬頭顯示器');
INSERT INTO `des_opt_des` VALUES ('5AT', 'Driving Assistant plus', '主動式定速控制系統含車道偏離警示系統');
INSERT INTO `des_opt_des` VALUES ('5AZ', 'BMW雷射頭燈(Only with 5AC)', 'BMW雷射頭燈(Only with 5AC)');
INSERT INTO `des_opt_des` VALUES ('5DC', 'Folding rear-seat headrests', '可收折式後座頭枕');
INSERT INTO `des_opt_des` VALUES ('5DF', 'Actove criose control with Stop and Go function', '主動式定速控制含車距控制系統');
INSERT INTO `des_opt_des` VALUES ('5DK', 'Side view', '車側攝影機');
INSERT INTO `des_opt_des` VALUES ('5DL', 'Surround view', '環景顯示系統');
INSERT INTO `des_opt_des` VALUES ('5DP', 'Park Assistnat', '停車輔助系統');
INSERT INTO `des_opt_des` VALUES ('601', 'TV function', '數位電視功能');
INSERT INTO `des_opt_des` VALUES ('606', '原廠中文衛星導航系統', '原廠中文衛星導航系統');
INSERT INTO `des_opt_des` VALUES ('609', 'Navigation system Professional', '原廠中文衛星導航系統');
INSERT INTO `des_opt_des` VALUES ('610', 'Head-up Display', '抬頭顯示器');
INSERT INTO `des_opt_des` VALUES ('644', 'Universal cellphone preparation', '藍芽免持行動電話系統');
INSERT INTO `des_opt_des` VALUES ('674', 'HIFI loudspeaker system Harman Kardon', 'Harman/Kardon高傳真音響系統(12支揚聲器)');
INSERT INTO `des_opt_des` VALUES ('676', 'HiFi loud speaker system', 'HiFi 高傳真音響系統(12支揚聲器)');
INSERT INTO `des_opt_des` VALUES ('677', 'HiFi system Professional', '高傳真音響系統(16支揚聲器)');
INSERT INTO `des_opt_des` VALUES ('688', 'Harman Kardon surround sound system', 'Harman/Kardon高傳真音響系統(16支揚聲器)');
INSERT INTO `des_opt_des` VALUES ('696', 'DVD changer for 6 DVDs', 'DVD 六片換片機');
INSERT INTO `des_opt_des` VALUES ('6AC', 'Intelligent emergency cal', '緊急求助服務');
INSERT INTO `des_opt_des` VALUES ('6AE', 'Teleservices', '遠端售後服務通知(only with 6AC/6AK)');
INSERT INTO `des_opt_des` VALUES ('6AM', 'Real Time Traffic Information', '即時路況訊息(only with 6AK+609)(使用期限為3年)');
INSERT INTO `des_opt_des` VALUES ('6AK', '互聯駕駛服務(使用期限3年)', '互聯駕駛服務(使用期限3年)');
INSERT INTO `des_opt_des` VALUES ('6AP', '遠端控制服務', '遠端控制服務');
INSERT INTO `des_opt_des` VALUES ('6F2', 'Bang Olufsen', 'Bang Olufsen音響系統(16支揚聲器)');
INSERT INTO `des_opt_des` VALUES ('6FH', '', '');
INSERT INTO `des_opt_des` VALUES ('6FL', 'USB audio interface', 'USB音源插槽');
INSERT INTO `des_opt_des` VALUES ('6FR', '後座影音系統含後座專屬控制平板', '後座影音系統含後座專屬控制平板');
INSERT INTO `des_opt_des` VALUES ('6NF', 'Extended connectivity of the music player in the mobile phon', '行動電話音樂播放連接安裝準備(需加購零件加裝品:手機固定座)');
INSERT INTO `des_opt_des` VALUES ('6NS', 'Connected Telephony', '藍芽免持行動電話系統');
INSERT INTO `des_opt_des` VALUES ('6UK', 'BMW Night Vision with person recognition', '第二代BMW夜視輔助系統');
INSERT INTO `des_opt_des` VALUES ('6UP', '原廠中文衛星導航系統與抬頭顯示器', '原廠中文衛星導航系統與抬頭顯示器');
INSERT INTO `des_opt_des` VALUES ('6WA', 'Instriment cluster with extended contents', '9.2"延伸資訊儀表顯示幕');
INSERT INTO `des_opt_des` VALUES ('6WB', '10.25"多重行車模式儀表板', '10.25"多重行車模式儀表板');
INSERT INTO `des_opt_des` VALUES ('704', 'M Sport suspension', 'M跑車懸吊系統(車身降低15MM)');
INSERT INTO `des_opt_des` VALUES ('710', 'M sport suspenssion', 'M款多功能真皮方向盤');
INSERT INTO `des_opt_des` VALUES ('760', 'BMW individual high-gloss Shadow Line', '高光澤黑色窗框');
INSERT INTO `des_opt_des` VALUES ('775', 'BMW individual headliner anthracite', '黑色車內頂篷(ABC柱、遮陽板、車頂把手以黑色裝飾)');
INSERT INTO `des_opt_des` VALUES ('776', 'Individial Alcantara headliner', 'Individial Alcantara麂皮車內頂蓬');
INSERT INTO `des_opt_des` VALUES ('7AC', 'Sport Line', 'Sport Line');
INSERT INTO `des_opt_des` VALUES ('7HW', 'X LINE', 'X LINE');
INSERT INTO `des_opt_des` VALUES ('7KB', 'Navigation package Professional', '原廠中文衛星系統(含：藍芽免持系統+USB音源插槽)');
INSERT INTO `des_opt_des` VALUES ('7KG', 'Exterior design Pure Extravagance', 'Pure Extravagance 外觀套件');
INSERT INTO `des_opt_des` VALUES ('7KX', 'BMW I Loft', 'BMW I Loft');
INSERT INTO `des_opt_des` VALUES ('7KY', 'BMW I Lodge', 'BMW I Lodge');
INSERT INTO `des_opt_des` VALUES ('7KZ', 'BMW I Suite', 'BMW I Suite');
INSERT INTO `des_opt_des` VALUES ('7LB', 'Pure Extravagance Cognac/Black+M sport  package(NARQ)', 'Pure Extravagance Cognac/Black+M sport 套件(only with 337)');
INSERT INTO `des_opt_des` VALUES ('7MA', 'Competition package', 'Competition組合');
INSERT INTO `des_opt_des` VALUES ('7ME', 'M Driver''s Package', 'M駕駛套件');
INSERT INTO `des_opt_des` VALUES ('7S1', 'Modern Line', 'Modern Line');
INSERT INTO `des_opt_des` VALUES ('7S2', 'Luxury Line', 'Luxury Line');
INSERT INTO `des_opt_des` VALUES ('7S5', 'Pure Excellence內裝套件', 'Pure Excellence內裝套件');
INSERT INTO `des_opt_des` VALUES ('7S9', '互聯駕駛服務套件', '互聯駕駛服務套件');
INSERT INTO `des_opt_des` VALUES ('7XA', 'M leather steering wheel with gear-shift paddles', 'M款多功能真皮方向盤含換檔撥桿');
INSERT INTO `des_opt_des` VALUES ('866', '', '中文顯示');
INSERT INTO `des_opt_des` VALUES ('888', 'Z4 豪華版', 'Z4 豪華版');
INSERT INTO `des_opt_des` VALUES ('894', 'JCW套件', 'JCW套件');
INSERT INTO `des_opt_des` VALUES ('940', 'IND車色', 'IND車色');
INSERT INTO `des_opt_des` VALUES ('957', 'Luxury Edition', '8.8吋MINI原廠觸控衛星導航系統含手機無線充電裝置');
INSERT INTO `des_opt_des` VALUES ('9MR', '', '');
INSERT INTO `des_opt_des` VALUES ('IND', 'MINI Yours車色', 'MINI Yours車色');
INSERT INTO `des_opt_des` VALUES ('OHA', 'Hexagon', '換織布/麂皮皮椅');
INSERT INTO `des_opt_des` VALUES ('OKC', 'Sensatec', '換透氣皮椅');
INSERT INTO `des_opt_des` VALUES ('OLC', 'Dakota', '換真皮皮椅');
INSERT INTO `des_opt_des` VALUES ('OLU', '', 'Nevada換真皮內裝');
INSERT INTO `des_opt_des` VALUES ('ONA', '', '');
INSERT INTO `des_opt_des` VALUES ('OPA', '', '');
INSERT INTO `des_opt_des` VALUES ('OX3', '', '');
INSERT INTO `des_opt_des` VALUES ('OZA', '', '');
INSERT INTO `des_opt_des` VALUES ('OZB', '', '換Individual Merino真皮皮椅');
INSERT INTO `des_opt_des` VALUES ('X12', 'BMW Individual paintwork Rauct', 'Individual車色');
INSERT INTO `des_opt_des` VALUES ('XD5', 'IND麂皮車內頂蓬', 'IND麂皮車內頂蓬');
INSERT INTO `des_opt_des` VALUES ('XE7', 'IND鋼琴烤漆飾板', 'IND鋼琴烤漆飾板');
INSERT INTO `des_opt_des` VALUES ('XE8', '', 'Individual拼花鋼琴烤漆飾板');
INSERT INTO `des_opt_des` VALUES ('XE9', 'BMW Individual interior trim finishers in leather', 'Individual皮質飾板');
INSERT INTO `des_opt_des` VALUES ('XEW', 'BMW Individual fine-wood', 'Sen Light brown核桃木飾板');
INSERT INTO `des_opt_des` VALUES ('XEX', 'Ash grain White木飾板', 'Ash grain White木飾板');
INSERT INTO `des_opt_des` VALUES ('XL1', 'Individual方向盤內崁飾板', 'Individual方向盤內崁飾板');
INSERT INTO `des_opt_des` VALUES ('XL3', 'Ash grain White木飾板', 'Ash grain White木飾板');
INSERT INTO `des_opt_des` VALUES ('XT1', 'Merino真皮儀錶板包覆', 'Merino真皮儀錶板包覆');
INSERT INTO `des_opt_des` VALUES ('226', '跑車化懸吊', '跑車化懸吊');
INSERT INTO `des_opt_des` VALUES ('249', '多功能方向盤含定速裝置', '多功能方向盤含定速裝置');
INSERT INTO `des_opt_des` VALUES ('258', '失壓續跑胎', '失壓續跑胎');
INSERT INTO `des_opt_des` VALUES ('320', '取消車尾MINI Logo及車型徽飾', '取消車尾MINI Logo及車型徽飾');
INSERT INTO `des_opt_des` VALUES ('325', '跑車式後擾流翼', '跑車式後擾流翼');
INSERT INTO `des_opt_des` VALUES ('327', '賽車式樣引擎蓋飾條:白', '賽車式樣引擎蓋飾條:白');
INSERT INTO `des_opt_des` VALUES ('329', '賽車式樣引擎蓋飾條:黑', '賽車式樣引擎蓋飾條:黑');
INSERT INTO `des_opt_des` VALUES ('345', '車內豪華鍍鉻裝飾(前/後出風口、車內門把半環、中控台)', '車內豪華鍍鉻裝飾(前/後出風口、車內門把半環、中控台)');
INSERT INTO `des_opt_des` VALUES ('382', '白色車頂與後視鏡外蓋', '白色車頂與後視鏡外蓋');
INSERT INTO `des_opt_des` VALUES ('383', '黑色車頂與後視鏡外蓋', '黑色車頂與後視鏡外蓋');
INSERT INTO `des_opt_des` VALUES ('405', '後視鏡蓋鍍鉻處理', '後視鏡蓋鍍鉻處理');
INSERT INTO `des_opt_des` VALUES ('431', '自動防眩車內後視鏡', '自動防眩車內後視鏡');
INSERT INTO `des_opt_des` VALUES ('473', '前座中央扶手', '前座中央扶手');
INSERT INTO `des_opt_des` VALUES ('507', '後方停車警示系統', '後方停車警示系統');
INSERT INTO `des_opt_des` VALUES ('521', '雨珠感應式雨刷系統含頭燈自動啟閉控制', '雨珠感應式雨刷系統含頭燈自動啟閉控制');
INSERT INTO `des_opt_des` VALUES ('387', '迴風網(含專屬收納袋)', '迴風網(含專屬收納袋)');
INSERT INTO `des_opt_des` VALUES ('534', '雙區自動恆溫空調系統', '雙區自動恆溫空調系統');
INSERT INTO `des_opt_des` VALUES ('785', '方向燈白燈組', '方向燈白燈組');
INSERT INTO `des_opt_des` VALUES ('20A', '鋁圈Imprint Spoke', '鋁圈Imprint Spoke');
INSERT INTO `des_opt_des` VALUES ('20D', '鋁圈Pair Spoke', '鋁圈Pair Spoke');
INSERT INTO `des_opt_des` VALUES ('20F', '鋁圈Pin Spoke', '鋁圈Pin Spoke');
INSERT INTO `des_opt_des` VALUES ('20G', '鋁圈Black Pin Spoke', '鋁圈Black Pin Spoke');
INSERT INTO `des_opt_des` VALUES ('20H', '鋁圈Edged Spoke', '鋁圈Edged Spoke');
INSERT INTO `des_opt_des` VALUES ('20K', '鋁圈MINI Yours Masterpiece', '鋁圈MINI Yours Masterpiece');
INSERT INTO `des_opt_des` VALUES ('225', '舒適化懸吊', '舒適化懸吊');
INSERT INTO `des_opt_des` VALUES ('2BO', '鋁圈Tentacle Spoke silver', '鋁圈Tentacle Spoke silver');
INSERT INTO `des_opt_des` VALUES ('2E4', '鋁圈Cup Spoke 2-tone', '鋁圈Cup Spoke 2-tone');
INSERT INTO `des_opt_des` VALUES ('2E8', '鋁圈Cone Spokes silver', '鋁圈Cone Spokes silver');
INSERT INTO `des_opt_des` VALUES ('2E9', '鋁圈Cone Spokes white', '鋁圈Cone Spokes white');
INSERT INTO `des_opt_des` VALUES ('2ED', '鋁圈Roulette Spoke two-tone', '鋁圈Roulette Spoke two-tone');
INSERT INTO `des_opt_des` VALUES ('2EE', '鋁圈MINI Yours Vanity Spoke two-tone', '鋁圈MINI Yours Vanity Spoke two-tone');
INSERT INTO `des_opt_des` VALUES ('2EV', '鋁圈Black Star Spoke', '鋁圈Black Star Spoke');
INSERT INTO `des_opt_des` VALUES ('2EW', '鋁圈Star Spoke', '鋁圈Star Spoke');
INSERT INTO `des_opt_des` VALUES ('2F1', '鋁圈Cosmos Spoke silver', '鋁圈Cosmos Spoke silver');
INSERT INTO `des_opt_des` VALUES ('2F2', '鋁圈Cosmos Spoke black', '鋁圈Cosmos Spoke black');
INSERT INTO `des_opt_des` VALUES ('2F3', '鋁圈Loop Spoke silver', '鋁圈Loop Spoke silver');
INSERT INTO `des_opt_des` VALUES ('2GZ', '鋁圈Victory Spoke black', '鋁圈Victory Spoke black');
INSERT INTO `des_opt_des` VALUES ('2HR', '鋁圈Black Net Spoke', '鋁圈Black Net Spoke');
INSERT INTO `des_opt_des` VALUES ('2HU', '鋁圈Vent Spoke', '鋁圈Vent Spoke');
INSERT INTO `des_opt_des` VALUES ('2QA', '鋁圈MINI Yours Masterpiece', '鋁圈MINI Yours Masterpiece');
INSERT INTO `des_opt_des` VALUES ('2TB', '跑車化自排八速變速箱含換檔撥片及排檔桿紅色縫線', '跑車化自排八速變速箱含換檔撥片及排檔桿紅色縫線');
INSERT INTO `des_opt_des` VALUES ('2XB', 'MINI Yours跑車式真皮方向盤(不含換檔撥片)', 'MINI Yours跑車式真皮方向盤(不含換檔撥片)');
INSERT INTO `des_opt_des` VALUES ('2XC', 'John Cooper Works跑車式真皮方向盤(不含換檔撥片)', 'John Cooper Works跑車式真皮方向盤(不含換檔撥片)');
INSERT INTO `des_opt_des` VALUES ('3A3', '紅色車頂與後視鏡外蓋', '紅色車頂與後視鏡外蓋');
INSERT INTO `des_opt_des` VALUES ('3A7', 'JCW專屬引擎蓋飾條/尾門賽車飾條-黑', 'JCW專屬引擎蓋飾條/尾門賽車飾條-黑');
INSERT INTO `des_opt_des` VALUES ('3A8', 'JCW專屬引擎蓋飾條/尾門賽車飾條-紅', 'JCW專屬引擎蓋飾條/尾門賽車飾條-紅');
INSERT INTO `des_opt_des` VALUES ('3AB', '後視鏡蓋與車身同色', '後視鏡蓋與車身同色');
INSERT INTO `des_opt_des` VALUES ('3CA', 'MINI ALL4越野外觀套件', 'MINI ALL4越野外觀套件');
INSERT INTO `des_opt_des` VALUES ('3AF', '銀色車頂與後視鏡外蓋', '銀色車頂與後視鏡外蓋');
INSERT INTO `des_opt_des` VALUES ('3BT', 'SEVEN 專屬賽車式樣引擎蓋飾條:銀棕', 'SEVEN 專屬賽車式樣引擎蓋飾條:銀棕');
INSERT INTO `des_opt_des` VALUES ('497', '後座中央扶手', '後座中央扶手');
INSERT INTO `des_opt_des` VALUES ('4AA', '車內黑色套件組合(A.B.C柱、遮陽板、車頂把手黑色處理)', '車內黑色套件組合(A.B.C柱、遮陽板、車頂把手黑色處理)');
INSERT INTO `des_opt_des` VALUES ('4BD', 'Piano Black內裝飾板', 'Piano Black內裝飾板');
INSERT INTO `des_opt_des` VALUES ('4C0', 'Satellite Grey淺色內裝', 'Satellite Grey淺色內裝');
INSERT INTO `des_opt_des` VALUES ('4C3', 'Colour Line 飾條 Satellite Grey', 'Colour Line 飾條 Satellite Grey');
INSERT INTO `des_opt_des` VALUES ('4D2', 'Colour Line 飾條 Dark Truffle', 'Colour Line 飾條 Dark Truffle');
INSERT INTO `des_opt_des` VALUES ('4DB', 'Dark Silver 內裝飾板', 'Dark Silver 內裝飾板');
INSERT INTO `des_opt_des` VALUES ('4EU', 'Firework 內裝飾板', 'Firework 內裝飾板');
INSERT INTO `des_opt_des` VALUES ('4F1', 'Colour Line 飾條 British Oak', 'Colour Line 飾條 British Oak');
INSERT INTO `des_opt_des` VALUES ('4F3', 'Colour Line 飾條 Glowing Red', 'Colour Line 飾條 Glowing Red');
INSERT INTO `des_opt_des` VALUES ('4F6', 'MINI 野餐座墊', 'MINI 野餐座墊');
INSERT INTO `des_opt_des` VALUES ('4FN', 'JCW雙前座筒型賽車座椅', 'JCW雙前座筒型賽車座椅');
INSERT INTO `des_opt_des` VALUES ('4FQ', 'Colour Line 飾條 Malt Brown', 'Colour Line 飾條 Malt Brown');
INSERT INTO `des_opt_des` VALUES ('4G5', 'MINI Yours 內裝飾板 Chestnut含LED光條', 'MINI Yours 內裝飾板 Chestnut含LED光條');
INSERT INTO `des_opt_des` VALUES ('4G6', 'MINI Yours 內裝飾板 British Oak含LED光條', 'MINI Yours 內裝飾板 British Oak含LED光條');
INSERT INTO `des_opt_des` VALUES ('4GS', 'MINI Yours 內裝飾板 Off-White', 'MINI Yours 內裝飾板 Off-White');
INSERT INTO `des_opt_des` VALUES ('4GT', 'MINI Yours 內裝飾板 Dark Cottonwood ', 'MINI Yours 內裝飾板 Dark Cottonwood ');
INSERT INTO `des_opt_des` VALUES ('4GU', 'MINI Yours 內裝飾板 Fibre Alloy', 'MINI Yours 內裝飾板 Fibre Alloy');
INSERT INTO `des_opt_des` VALUES ('4GV', 'MINI Yours 內裝飾板 Piano Black illuminated', 'MINI Yours 內裝飾板 Piano Black illuminated');
INSERT INTO `des_opt_des` VALUES ('4GW', 'MINI Yours 內裝飾板 Pure Burgundy illuminated', 'MINI Yours 內裝飾板 Pure Burgundy illuminated');
INSERT INTO `des_opt_des` VALUES ('4GX', 'MINI Yours 內裝飾板 Fibre Alloy illuminated', 'MINI Yours 內裝飾板 Fibre Alloy illuminated');
INSERT INTO `des_opt_des` VALUES ('4V9', '車內可調式氣氛燈含車外車門把手照明', '車內可調式氣氛燈含車外車門把手照明');
INSERT INTO `des_opt_des` VALUES ('4VA', '運動化模式切換Green節能模式', '運動化模式切換Green節能模式');
INSERT INTO `des_opt_des` VALUES ('5A2', 'LED頭燈', 'LED頭燈');
INSERT INTO `des_opt_des` VALUES ('5A4', 'LED頭燈含轉向輔助燈(含黑色頭燈底座)', 'LED頭燈含轉向輔助燈(含黑色頭燈底座)');
INSERT INTO `des_opt_des` VALUES ('6FP', 'MINI Visual Boost 6.5吋繁體中文螢幕', 'MINI Visual Boost 6.5吋繁體中文螢幕');
INSERT INTO `des_opt_des` VALUES ('6ND', '藍芽免持行動電話系統', '藍芽免持行動電話系統');
INSERT INTO `des_opt_des` VALUES ('6NE', '行動電話固定座安裝準備', '行動電話固定座安裝準備');
INSERT INTO `des_opt_des` VALUES ('6UM', 'MINI原廠中文衛星導航系統', 'MINI原廠中文衛星導航系統');
INSERT INTO `des_opt_des` VALUES ('7GD', 'MINI SEVEN', 'MINI SEVEN');
INSERT INTO `des_opt_des` VALUES ('7L5', '8.8吋MINI原廠觸控衛星導航系統含手機無線充電裝置', '8.8吋MINI原廠觸控衛星導航系統含手機無線充電裝置');
INSERT INTO `des_opt_des` VALUES ('0NY', 'Chester真皮內裝', 'Chester真皮內裝');
INSERT INTO `des_opt_des` VALUES ('0TY', 'MINI YOURS LEATHER LOUNGE真皮內裝', 'MINI YOURS LEATHER LOUNGE真皮內裝');
INSERT INTO `des_opt_des` VALUES ('0T9', 'LOUNGE真皮內裝', 'LOUNGE真皮內裝');
INSERT INTO `des_opt_des` VALUES ('0KD', 'Black Pearl透氣皮/織布內裝', 'Black Pearl透氣皮/織布內裝');
INSERT INTO `des_opt_des` VALUES ('0GS', 'Dinamica真皮跑車式內裝', 'Dinamica真皮跑車式內裝');
INSERT INTO `des_opt_des` VALUES ('0NE', 'Chester真皮內裝', 'Chester真皮內裝');

-- --------------------------------------------------------

-- 
-- 資料表格式： `des_opt_price`
-- 

CREATE TABLE `des_opt_price` (
  `CatId` varchar(8) COLLATE utf8_unicode_ci NOT NULL,
  `OptId` varchar(8) COLLATE utf8_unicode_ci NOT NULL,
  `Price` bigint(8) unsigned NOT NULL,
  `ListMonth` varchar(7) COLLATE utf8_unicode_ci NOT NULL
) ENGINE=MyISAM DEFAULT CHARSET=utf8 COLLATE=utf8_unicode_ci;

-- 
-- 列出以下資料庫的數據： `des_opt_price`
-- 

INSERT INTO `des_opt_price` VALUES ('1118', '255', 18000, '1211');
INSERT INTO `des_opt_price` VALUES ('1119', '255', 19000, '1211');
INSERT INTO `des_opt_price` VALUES ('1119', '302', 200500, '1210');
INSERT INTO `des_opt_price` VALUES ('1119', '302', 210000, '1211');
INSERT INTO `des_opt_price` VALUES ('1A11', '0KC', 22000, '1211');
INSERT INTO `des_opt_price` VALUES ('1A11', '2VL', 16000, '1211');
INSERT INTO `des_opt_price` VALUES ('1A11', '322', 27000, '1211');
INSERT INTO `des_opt_price` VALUES ('1A11', '3AG', 27000, '1211');
INSERT INTO `des_opt_price` VALUES ('1A11', '3BE', 0, '1211');
INSERT INTO `des_opt_price` VALUES ('1A11', '459', 79000, '1211');
INSERT INTO `des_opt_price` VALUES ('1A11', '508', 25000, '1211');
INSERT INTO `des_opt_price` VALUES ('1A11', '544', 29000, '1211');
INSERT INTO `des_opt_price` VALUES ('1A11', '575', 1000, '1211');
INSERT INTO `des_opt_price` VALUES ('1A11', '5AC', 9000, '1211');
INSERT INTO `des_opt_price` VALUES ('1A11', '775', 13000, '1211');
INSERT INTO `des_opt_price` VALUES ('1A31', '0LC', 101000, '1211');
INSERT INTO `des_opt_price` VALUES ('1A31', '2N4', 30000, '1307');
INSERT INTO `des_opt_price` VALUES ('1A31', '322', 27000, '1211');
INSERT INTO `des_opt_price` VALUES ('1A31', '3AG', 27000, '1211');
INSERT INTO `des_opt_price` VALUES ('1A31', '459', 79000, '1211');
INSERT INTO `des_opt_price` VALUES ('1A31', '508', 25000, '1211');
INSERT INTO `des_opt_price` VALUES ('1A31', '575', 1000, '1211');
INSERT INTO `des_opt_price` VALUES ('1A31', '609', 132000, '1211');
INSERT INTO `des_opt_price` VALUES ('1A31', '674', 51000, '1211');
INSERT INTO `des_opt_price` VALUES ('1A31', '6WA', 11000, '1211');
INSERT INTO `des_opt_price` VALUES ('1A51', '2NH', 38000, '1403');
INSERT INTO `des_opt_price` VALUES ('1B71', '0LC', 92000, '1211');
INSERT INTO `des_opt_price` VALUES ('1B71', '111', 0, '1307');
INSERT INTO `des_opt_price` VALUES ('1B71', '302', 32000, '1211');
INSERT INTO `des_opt_price` VALUES ('1B71', '322', 28000, '1211');
INSERT INTO `des_opt_price` VALUES ('1B71', '322', 28000, '1307');
INSERT INTO `des_opt_price` VALUES ('1B71', '3AG', 28000, '1211');
INSERT INTO `des_opt_price` VALUES ('1B71', '3AG', 28000, '1307');
INSERT INTO `des_opt_price` VALUES ('1B71', '502', 19000, '1211');
INSERT INTO `des_opt_price` VALUES ('1B71', '508', 20000, '1211');
INSERT INTO `des_opt_price` VALUES ('1B71', '508', 20000, '1307');
INSERT INTO `des_opt_price` VALUES ('1B71', '524', 27000, '1211');
INSERT INTO `des_opt_price` VALUES ('1B71', '575', 1000, '1211');
INSERT INTO `des_opt_price` VALUES ('1B71', '575', 1000, '1307');
INSERT INTO `des_opt_price` VALUES ('1B71', '5AC', 10000, '1211');
INSERT INTO `des_opt_price` VALUES ('1B71', '5AD', 34000, '1211');
INSERT INTO `des_opt_price` VALUES ('1B71', '5DC', 4000, '1211');
INSERT INTO `des_opt_price` VALUES ('1B71', '5DC', 4000, '1307');
INSERT INTO `des_opt_price` VALUES ('1B71', '674', 30000, '1211');
INSERT INTO `des_opt_price` VALUES ('1B71', '674', 34000, '1307');
INSERT INTO `des_opt_price` VALUES ('1B71', '6NF', 7000, '1211');
INSERT INTO `des_opt_price` VALUES ('1B71', '6NF', 7000, '2111');
INSERT INTO `des_opt_price` VALUES ('1C31', '3AP', 6000, '1307');
INSERT INTO `des_opt_price` VALUES ('1C31', '3BG', 0, '1211');
INSERT INTO `des_opt_price` VALUES ('1C31', '403', 62000, '1307');
INSERT INTO `des_opt_price` VALUES ('1C31', '704', 22000, '1211');
INSERT INTO `des_opt_price` VALUES ('1H91', '2PA', 1000, '1512');
INSERT INTO `des_opt_price` VALUES ('1H91', '302', 32000, '1512');
INSERT INTO `des_opt_price` VALUES ('1H91', '346', 13000, '1512');
INSERT INTO `des_opt_price` VALUES ('1H91', '3AP', 6000, '1512');
INSERT INTO `des_opt_price` VALUES ('1H91', '403', 53000, '1512');
INSERT INTO `des_opt_price` VALUES ('1H91', '441', 2000, '1512');
INSERT INTO `des_opt_price` VALUES ('1H91', '465', 13000, '1512');
INSERT INTO `des_opt_price` VALUES ('1H91', '494', 22000, '1512');
INSERT INTO `des_opt_price` VALUES ('1H91', '575', 1000, '1512');
INSERT INTO `des_opt_price` VALUES ('1H91', '5AS', 34000, '1512');
INSERT INTO `des_opt_price` VALUES ('1H91', '7ME', 162000, '1512');
INSERT INTO `des_opt_price` VALUES ('1J11', '0HA', 0, '1311');
INSERT INTO `des_opt_price` VALUES ('1J11', '21A', 51000, '1503');
INSERT INTO `des_opt_price` VALUES ('1J11', '2PU', 38000, '1311');
INSERT INTO `des_opt_price` VALUES ('1J11', '322', 25000, '1311');
INSERT INTO `des_opt_price` VALUES ('1J11', '337', 100000, '1311');
INSERT INTO `des_opt_price` VALUES ('1J11', '403', 51000, '1503');
INSERT INTO `des_opt_price` VALUES ('1J11', '465', 16000, '1311');
INSERT INTO `des_opt_price` VALUES ('1J11', '488', 18000, '1311');
INSERT INTO `des_opt_price` VALUES ('1J11', '508', 22000, '1311');
INSERT INTO `des_opt_price` VALUES ('1J11', '544', 29000, '1311');
INSERT INTO `des_opt_price` VALUES ('1J11', '575', 1000, '1311');
INSERT INTO `des_opt_price` VALUES ('1J11', '609', 126000, '1311');
INSERT INTO `des_opt_price` VALUES ('1J11', '674', 50000, '1311');
INSERT INTO `des_opt_price` VALUES ('1J11', '6WA', 11000, '1311');
INSERT INTO `des_opt_price` VALUES ('1J71', '2PA', 1000, '1311');
INSERT INTO `des_opt_price` VALUES ('1J71', '322', 26000, '1311');
INSERT INTO `des_opt_price` VALUES ('1J71', '465', 16000, '1311');
INSERT INTO `des_opt_price` VALUES ('1J71', '508', 23000, '1311');
INSERT INTO `des_opt_price` VALUES ('1J71', '508', 16000, '1503');
INSERT INTO `des_opt_price` VALUES ('1J71', '575', 1000, '1311');
INSERT INTO `des_opt_price` VALUES ('1J71', '5AS', 34000, '1311');
INSERT INTO `des_opt_price` VALUES ('1J71', '5DC', 4000, '1311');
INSERT INTO `des_opt_price` VALUES ('1J71', '674', 36000, '1311');
INSERT INTO `des_opt_price` VALUES ('1J71', '674', 35000, '1503');
INSERT INTO `des_opt_price` VALUES ('1U91', '2NH', 38000, '1503');
INSERT INTO `des_opt_price` VALUES ('1U91', '2VB', 12000, '1503');
INSERT INTO `des_opt_price` VALUES ('1U91', '2VF', 48000, '1503');
INSERT INTO `des_opt_price` VALUES ('1U91', '322', 18000, '1503');
INSERT INTO `des_opt_price` VALUES ('1U91', '609', 106000, '1503');
INSERT INTO `des_opt_price` VALUES ('1U91', '676', 18000, '1503');
INSERT INTO `des_opt_price` VALUES ('1U91', '6WA', 9000, '1503');
INSERT INTO `des_opt_price` VALUES ('1V11', '674', 36000, '1503');
INSERT INTO `des_opt_price` VALUES ('2A31', '2G3', 0, '1411');
INSERT INTO `des_opt_price` VALUES ('2A31', '2LU', 44000, '1411');
INSERT INTO `des_opt_price` VALUES ('2A31', '2LV', 88000, '1408');
INSERT INTO `des_opt_price` VALUES ('2A31', '302', 30000, '1408');
INSERT INTO `des_opt_price` VALUES ('2A31', '302', 30000, '1409');
INSERT INTO `des_opt_price` VALUES ('2A31', '316', 29000, '1408');
INSERT INTO `des_opt_price` VALUES ('2A31', '316', 29000, '1410');
INSERT INTO `des_opt_price` VALUES ('2A31', '322', 25000, '1408');
INSERT INTO `des_opt_price` VALUES ('2A31', '322', 25000, '1411');
INSERT INTO `des_opt_price` VALUES ('2A31', '346', 14000, '1411');
INSERT INTO `des_opt_price` VALUES ('2A31', '3AG', 25000, '1408');
INSERT INTO `des_opt_price` VALUES ('2A31', '3AG', 25000, '1412');
INSERT INTO `des_opt_price` VALUES ('2A31', '402', 80000, '1411');
INSERT INTO `des_opt_price` VALUES ('2A31', '488', 18000, '1408');
INSERT INTO `des_opt_price` VALUES ('2A31', '488', 18000, '1413');
INSERT INTO `des_opt_price` VALUES ('2A31', '4FD', 20000, '1408');
INSERT INTO `des_opt_price` VALUES ('2A31', '4FZ', 18000, '1408');
INSERT INTO `des_opt_price` VALUES ('2A31', '4LR', 27000, '1408');
INSERT INTO `des_opt_price` VALUES ('2A31', '508', 22000, '1408');
INSERT INTO `des_opt_price` VALUES ('2A31', '508', 22000, '1417');
INSERT INTO `des_opt_price` VALUES ('2A31', '520', 13000, '1408');
INSERT INTO `des_opt_price` VALUES ('2A31', '520', 13000, '1414');
INSERT INTO `des_opt_price` VALUES ('2A31', '544', 27000, '1411');
INSERT INTO `des_opt_price` VALUES ('2A31', '575', 1000, '1408');
INSERT INTO `des_opt_price` VALUES ('2A31', '575', 1000, '1415');
INSERT INTO `des_opt_price` VALUES ('2A31', '5AS', 48000, '1408');
INSERT INTO `des_opt_price` VALUES ('2A31', '5AS', 48000, '1416');
INSERT INTO `des_opt_price` VALUES ('2A31', '5DP', 0, '1408');
INSERT INTO `des_opt_price` VALUES ('2A31', '5DP', 0, '1418');
INSERT INTO `des_opt_price` VALUES ('2A31', '610', 32000, '1408');
INSERT INTO `des_opt_price` VALUES ('2A31', '610', 32000, '1419');
INSERT INTO `des_opt_price` VALUES ('2A31', '674', 50000, '1408');
INSERT INTO `des_opt_price` VALUES ('2A31', '674', 50000, '1420');
INSERT INTO `des_opt_price` VALUES ('2A31', '6UP', 126000, '1408');
INSERT INTO `des_opt_price` VALUES ('2A31', '6UP', 126000, '1421');
INSERT INTO `des_opt_price` VALUES ('2A31', '7S2', 98000, '1408');
INSERT INTO `des_opt_price` VALUES ('2A31', '7S2', 98000, '1422');
INSERT INTO `des_opt_price` VALUES ('2A31', '894', 165000, '1408');
INSERT INTO `des_opt_price` VALUES ('2A31', '894', 165000, '1423');
INSERT INTO `des_opt_price` VALUES ('2A51', '223', 32000, '1411');
INSERT INTO `des_opt_price` VALUES ('2A51', '2PA', 1000, '1411');
INSERT INTO `des_opt_price` VALUES ('2A51', '2TU', 51000, '1411');
INSERT INTO `des_opt_price` VALUES ('2A51', '2VL', 45000, '1411');
INSERT INTO `des_opt_price` VALUES ('2A51', '337', 169000, '1411');
INSERT INTO `des_opt_price` VALUES ('2A51', '488', 18000, '1411');
INSERT INTO `des_opt_price` VALUES ('2A51', '610', 32000, '1411');
INSERT INTO `des_opt_price` VALUES ('2A51', '674', 50000, '1411');
INSERT INTO `des_opt_price` VALUES ('2A51', '6UP', 126000, '1411');
INSERT INTO `des_opt_price` VALUES ('2A71', '0PD', 79000, '1411');
INSERT INTO `des_opt_price` VALUES ('2A71', '2FZ', 0, '1411');
INSERT INTO `des_opt_price` VALUES ('2A71', '2TT', 0, '1411');
INSERT INTO `des_opt_price` VALUES ('2A71', '2TU', 51000, '1411');
INSERT INTO `des_opt_price` VALUES ('2A71', '316', 29000, '1408');
INSERT INTO `des_opt_price` VALUES ('2A71', '322', 25000, '1408');
INSERT INTO `des_opt_price` VALUES ('2A71', '337', 150000, '1411');
INSERT INTO `des_opt_price` VALUES ('2A71', '3AG', 25000, '1408');
INSERT INTO `des_opt_price` VALUES ('2A71', '4FD', 20000, '1408');
INSERT INTO `des_opt_price` VALUES ('2A71', '508', 22000, '1408');
INSERT INTO `des_opt_price` VALUES ('2A71', '5DP', 0, '1408');
INSERT INTO `des_opt_price` VALUES ('2A71', '610', 32000, '1408');
INSERT INTO `des_opt_price` VALUES ('2A71', '674', 50000, '1411');
INSERT INTO `des_opt_price` VALUES ('2A71', '6UP', 126000, '1408');
INSERT INTO `des_opt_price` VALUES ('2C11', '2LU', 44000, '1408');
INSERT INTO `des_opt_price` VALUES ('2C11', '2LU', 44000, '1416');
INSERT INTO `des_opt_price` VALUES ('2C11', '2U9', 44000, '1408');
INSERT INTO `des_opt_price` VALUES ('2C11', '316', 29000, '1408');
INSERT INTO `des_opt_price` VALUES ('2C11', '316', 29000, '1409');
INSERT INTO `des_opt_price` VALUES ('2C11', '322', 25000, '1408');
INSERT INTO `des_opt_price` VALUES ('2C11', '322', 25000, '1410');
INSERT INTO `des_opt_price` VALUES ('2C11', '3AG', 25000, '1408');
INSERT INTO `des_opt_price` VALUES ('2C11', '4FD', 20000, '1408');
INSERT INTO `des_opt_price` VALUES ('2C11', '4LR', 27000, '1408');
INSERT INTO `des_opt_price` VALUES ('2C11', '4LR', 27000, '1411');
INSERT INTO `des_opt_price` VALUES ('2C11', '4LU', 9000, '1411');
INSERT INTO `des_opt_price` VALUES ('2C11', '508', 22000, '1408');
INSERT INTO `des_opt_price` VALUES ('2C11', '508', 22000, '1412');
INSERT INTO `des_opt_price` VALUES ('2C11', '5DP', 0, '1408');
INSERT INTO `des_opt_price` VALUES ('2C11', '5DP', 0, '1413');
INSERT INTO `des_opt_price` VALUES ('2C11', '610', 32000, '1408');
INSERT INTO `des_opt_price` VALUES ('2C11', '610', 32000, '1414');
INSERT INTO `des_opt_price` VALUES ('2C11', '6UP', 126000, '1408');
INSERT INTO `des_opt_price` VALUES ('2C11', '6UP', 126000, '1415');
INSERT INTO `des_opt_price` VALUES ('2D31', '2FY', 0, '1507');
INSERT INTO `des_opt_price` VALUES ('2E51', '223', 32000, '1503');
INSERT INTO `des_opt_price` VALUES ('2E51', '2LU', 0, '1503');
INSERT INTO `des_opt_price` VALUES ('2E51', '2PA', 1000, '1503');
INSERT INTO `des_opt_price` VALUES ('2E51', '2WV', 0, '1503');
INSERT INTO `des_opt_price` VALUES ('2E51', '322', 25000, '1503');
INSERT INTO `des_opt_price` VALUES ('2E51', '346', 14000, '1503');
INSERT INTO `des_opt_price` VALUES ('2E51', '3AT', 19000, '1503');
INSERT INTO `des_opt_price` VALUES ('2E51', '402', 79000, '1503');
INSERT INTO `des_opt_price` VALUES ('2E51', '413', 12000, '1503');
INSERT INTO `des_opt_price` VALUES ('2E51', '481', 31000, '1503');
INSERT INTO `des_opt_price` VALUES ('2E51', '488', 18000, '1503');
INSERT INTO `des_opt_price` VALUES ('2E51', '4UV', 12000, '1503');
INSERT INTO `des_opt_price` VALUES ('2E51', '544', 27000, '1503');
INSERT INTO `des_opt_price` VALUES ('2E51', '575', 1000, '1503');
INSERT INTO `des_opt_price` VALUES ('2E51', '5AS', 48000, '1503');
INSERT INTO `des_opt_price` VALUES ('2E51', '610', 32000, '1503');
INSERT INTO `des_opt_price` VALUES ('2E51', '6AK', 22000, '1503');
INSERT INTO `des_opt_price` VALUES ('2E51', '6AP', 16000, '1503');
INSERT INTO `des_opt_price` VALUES ('2E51', '6UP', 126000, '1503');
INSERT INTO `des_opt_price` VALUES ('2E51', '710', 18000, '1503');
INSERT INTO `des_opt_price` VALUES ('2G71', '2L9', 57000, '1511');
INSERT INTO `des_opt_price` VALUES ('2G71', '337', 10000, '1503');
INSERT INTO `des_opt_price` VALUES ('2G71', '508', 15000, '1503');
INSERT INTO `des_opt_price` VALUES ('2Z21', '2W8', 0, '1408');
INSERT INTO `des_opt_price` VALUES ('3A15', '4DL', 0, '1308');
INSERT INTO `des_opt_price` VALUES ('3A15', '894', 120000, '1308');
INSERT INTO `des_opt_price` VALUES ('3A55', '322', 37000, '1308');
INSERT INTO `des_opt_price` VALUES ('3A55', '508', 24000, '1308');
INSERT INTO `des_opt_price` VALUES ('3A55', '5AG', 36000, '1308');
INSERT INTO `des_opt_price` VALUES ('3A55', '704', 25000, '1308');
INSERT INTO `des_opt_price` VALUES ('3A55', '710', 18000, '1308');
INSERT INTO `des_opt_price` VALUES ('3B15', '2DX', 0, '1308');
INSERT INTO `des_opt_price` VALUES ('3C91', '2NK', 137000, '1403');
INSERT INTO `des_opt_price` VALUES ('3C91', '2PA', 1000, '1403');
INSERT INTO `des_opt_price` VALUES ('3C91', '2VY', 134000, '1403');
INSERT INTO `des_opt_price` VALUES ('3C91', '2VZ', 148000, '1403');
INSERT INTO `des_opt_price` VALUES ('3C91', '441', 0, '1403');
INSERT INTO `des_opt_price` VALUES ('3C91', '552', 137000, '1403');
INSERT INTO `des_opt_price` VALUES ('3C91', '575', 1000, '1403');
INSERT INTO `des_opt_price` VALUES ('3C91', '5AG', 41000, '1403');
INSERT INTO `des_opt_price` VALUES ('3C91', '5AS', 38000, '1403');
INSERT INTO `des_opt_price` VALUES ('3C91', '5DL', 54000, '1403');
INSERT INTO `des_opt_price` VALUES ('3C91', '688', 79000, '1403');
INSERT INTO `des_opt_price` VALUES ('3C91', '7ME', 177000, '1403');
INSERT INTO `des_opt_price` VALUES ('3G71', '2NH', 44000, '1303');
INSERT INTO `des_opt_price` VALUES ('3G71', '2NH', 44000, '1311');
INSERT INTO `des_opt_price` VALUES ('3G71', '2VF', 70000, '1311');
INSERT INTO `des_opt_price` VALUES ('3G71', '322', 37000, '1311');
INSERT INTO `des_opt_price` VALUES ('3G71', '337', 183000, '1303');
INSERT INTO `des_opt_price` VALUES ('3G71', '337', 183000, '1311');
INSERT INTO `des_opt_price` VALUES ('3G71', '3AA', 0, '1311');
INSERT INTO `des_opt_price` VALUES ('3G71', '3AG', 27000, '1311');
INSERT INTO `des_opt_price` VALUES ('3G71', '417', 16000, '1311');
INSERT INTO `des_opt_price` VALUES ('3G71', '508', 24000, '1311');
INSERT INTO `des_opt_price` VALUES ('3G71', '5AG', 36000, '1303');
INSERT INTO `des_opt_price` VALUES ('3G71', '5DC', 4000, '1311');
INSERT INTO `des_opt_price` VALUES ('3G71', '5DL', 47000, '1303');
INSERT INTO `des_opt_price` VALUES ('3G71', '609', 152000, '1303');
INSERT INTO `des_opt_price` VALUES ('3G71', '688', 69000, '1311');
INSERT INTO `des_opt_price` VALUES ('3G71', '6WA', 11000, '1311');
INSERT INTO `des_opt_price` VALUES ('3N11', '2H2', 0, '1311');
INSERT INTO `des_opt_price` VALUES ('3N11', '322', 37000, '1311');
INSERT INTO `des_opt_price` VALUES ('3N11', '403', 70000, '1311');
INSERT INTO `des_opt_price` VALUES ('3N11', '4AD', 12000, '1311');
INSERT INTO `des_opt_price` VALUES ('3N11', '4CE', 0, '1311');
INSERT INTO `des_opt_price` VALUES ('3N11', '4DM', 0, '1311');
INSERT INTO `des_opt_price` VALUES ('3N11', '508', 24000, '1311');
INSERT INTO `des_opt_price` VALUES ('3N11', '544', 20000, '1311');
INSERT INTO `des_opt_price` VALUES ('3N11', '609', 126000, '1311');
INSERT INTO `des_opt_price` VALUES ('3N11', '6WA', 11000, '1311');
INSERT INTO `des_opt_price` VALUES ('3N11', '7S2', 0, '1311');
INSERT INTO `des_opt_price` VALUES ('3N31', '2NH', 44000, '1307');
INSERT INTO `des_opt_price` VALUES ('3N31', '2PL', 60000, '1307');
INSERT INTO `des_opt_price` VALUES ('3N31', '2T1', 60000, '1403');
INSERT INTO `des_opt_price` VALUES ('3N31', '322', 37000, '1403');
INSERT INTO `des_opt_price` VALUES ('3N31', '337', 222000, '1307');
INSERT INTO `des_opt_price` VALUES ('3N31', '4AD', 12000, '1307');
INSERT INTO `des_opt_price` VALUES ('3N31', '4DL', 0, '1307');
INSERT INTO `des_opt_price` VALUES ('3N31', '5DL', 47000, '1307');
INSERT INTO `des_opt_price` VALUES ('3N31', '894', 0, '1307');
INSERT INTO `des_opt_price` VALUES ('3R11', '2PL', 63000, '1307');
INSERT INTO `des_opt_price` VALUES ('3R11', '4DL', 0, '1403');
INSERT INTO `des_opt_price` VALUES ('3R91', '0X3', 112000, '1404');
INSERT INTO `des_opt_price` VALUES ('3R91', '2NK', 528000, '1404');
INSERT INTO `des_opt_price` VALUES ('3R91', '2PA', 1000, '1404');
INSERT INTO `des_opt_price` VALUES ('3R91', '2VF', 137000, '1404');
INSERT INTO `des_opt_price` VALUES ('3R91', '2VZ', 148000, '1404');
INSERT INTO `des_opt_price` VALUES ('3R91', '302', 35000, '1404');
INSERT INTO `des_opt_price` VALUES ('3R91', '403', 0, '1404');
INSERT INTO `des_opt_price` VALUES ('3R91', '552', 137000, '1404');
INSERT INTO `des_opt_price` VALUES ('3R91', '575', 1000, '1404');
INSERT INTO `des_opt_price` VALUES ('3R91', '5DL', 54000, '1404');
INSERT INTO `des_opt_price` VALUES ('3R91', '688', 79000, '1404');
INSERT INTO `des_opt_price` VALUES ('3R91', '7ME', 177000, '1404');
INSERT INTO `des_opt_price` VALUES ('3T31', '2VF', 73000, '1411');
INSERT INTO `des_opt_price` VALUES ('3T31', '337', 220000, '1411');
INSERT INTO `des_opt_price` VALUES ('3T31', '494', 24000, '1411');
INSERT INTO `des_opt_price` VALUES ('3T31', '4NH', 26000, '1411');
INSERT INTO `des_opt_price` VALUES ('3T31', '5DF', 59000, '1411');
INSERT INTO `des_opt_price` VALUES ('3T31', '610', 65000, '1411');
INSERT INTO `des_opt_price` VALUES ('3V31', '2P5', 0, '1311');
INSERT INTO `des_opt_price` VALUES ('3V31', '2VL', 16000, '1411');
INSERT INTO `des_opt_price` VALUES ('3V31', '2XE', 0, '1311');
INSERT INTO `des_opt_price` VALUES ('3V31', '322', 37000, '1411');
INSERT INTO `des_opt_price` VALUES ('3V31', '4DM', 0, '1311');
INSERT INTO `des_opt_price` VALUES ('3X11', '0LC', 90000, '1307');
INSERT INTO `des_opt_price` VALUES ('3X11', '2DY', 0, '1307');
INSERT INTO `des_opt_price` VALUES ('3X11', '2FM', 22000, '1307');
INSERT INTO `des_opt_price` VALUES ('3X11', '2NH', 44000, '1307');
INSERT INTO `des_opt_price` VALUES ('3X11', '2VF', 70000, '1307');
INSERT INTO `des_opt_price` VALUES ('3X11', '2VL', 29000, '1307');
INSERT INTO `des_opt_price` VALUES ('3X11', '302', 30000, '1307');
INSERT INTO `des_opt_price` VALUES ('3X11', '322', 37000, '1307');
INSERT INTO `des_opt_price` VALUES ('3X11', '337', 200000, '1307');
INSERT INTO `des_opt_price` VALUES ('3X11', '3AG', 27000, '1307');
INSERT INTO `des_opt_price` VALUES ('3X11', '4AD', 12000, '1307');
INSERT INTO `des_opt_price` VALUES ('3X11', '4AE', 9000, '1307');
INSERT INTO `des_opt_price` VALUES ('3X11', '4B8', 13000, '1307');
INSERT INTO `des_opt_price` VALUES ('3X11', '502', 17000, '1307');
INSERT INTO `des_opt_price` VALUES ('3X11', '524', 37000, '1307');
INSERT INTO `des_opt_price` VALUES ('3X11', '575', 1000, '1307');
INSERT INTO `des_opt_price` VALUES ('3X11', '5AC', 9000, '1307');
INSERT INTO `des_opt_price` VALUES ('3X11', '5AG', 36000, '1307');
INSERT INTO `des_opt_price` VALUES ('3X11', '5AL', 22000, '1307');
INSERT INTO `des_opt_price` VALUES ('3X11', '5AS', 33000, '1307');
INSERT INTO `des_opt_price` VALUES ('3X11', '5DF', 54000, '1307');
INSERT INTO `des_opt_price` VALUES ('3X11', '5DL', 47000, '1307');
INSERT INTO `des_opt_price` VALUES ('3X11', '5DP', 22000, '1307');
INSERT INTO `des_opt_price` VALUES ('3X11', '601', 63000, '1307');
INSERT INTO `des_opt_price` VALUES ('3X11', '609', 126000, '1307');
INSERT INTO `des_opt_price` VALUES ('3X11', '610', 62000, '1307');
INSERT INTO `des_opt_price` VALUES ('3X11', '688', 69000, '1307');
INSERT INTO `des_opt_price` VALUES ('3X11', '6WA', 11000, '1307');
INSERT INTO `des_opt_price` VALUES ('3X11', '760', 16000, '1307');
INSERT INTO `des_opt_price` VALUES ('3X31', '2NH', 44000, '1307');
INSERT INTO `des_opt_price` VALUES ('3X31', '2V5', 46000, '1307');
INSERT INTO `des_opt_price` VALUES ('3X31', '337', 200000, '1307');
INSERT INTO `des_opt_price` VALUES ('3X31', '488', 13000, '1307');
INSERT INTO `des_opt_price` VALUES ('3X31', '4DX', 0, '1307');
INSERT INTO `des_opt_price` VALUES ('3X31', '4MR', 0, '1307');
INSERT INTO `des_opt_price` VALUES ('3X31', '5DL', 47000, '1307');
INSERT INTO `des_opt_price` VALUES ('3X31', '610', 62000, '1307');
INSERT INTO `des_opt_price` VALUES ('3X31', '688', 48000, '1307');
INSERT INTO `des_opt_price` VALUES ('4A11', '21B', 13000, '1501');
INSERT INTO `des_opt_price` VALUES ('4A11', '2AT', 0, '1405');
INSERT INTO `des_opt_price` VALUES ('4A11', '2PA', 1000, '1405');
INSERT INTO `des_opt_price` VALUES ('4A11', '322', 37000, '1405');
INSERT INTO `des_opt_price` VALUES ('4A11', '337', 220000, '1501');
INSERT INTO `des_opt_price` VALUES ('4A11', '403', 70000, '1405');
INSERT INTO `des_opt_price` VALUES ('4A11', '4AT', 0, '1405');
INSERT INTO `des_opt_price` VALUES ('4A11', '4DN', 0, '1405');
INSERT INTO `des_opt_price` VALUES ('4A11', '609', 126000, '1405');
INSERT INTO `des_opt_price` VALUES ('4A11', '688', 69000, '1501');
INSERT INTO `des_opt_price` VALUES ('4A11', '710', 13000, '1501');
INSERT INTO `des_opt_price` VALUES ('4A11', '760', 23000, '1405');
INSERT INTO `des_opt_price` VALUES ('4A11', '775', 15000, '1405');
INSERT INTO `des_opt_price` VALUES ('4A11', '7AC', 0, '1405');
INSERT INTO `des_opt_price` VALUES ('4A11', '940', 220000, '1411');
INSERT INTO `des_opt_price` VALUES ('4A51', '0LC', 0, '1405');
INSERT INTO `des_opt_price` VALUES ('4A51', '2NH', 44000, '1405');
INSERT INTO `des_opt_price` VALUES ('4A51', '2PF', 60000, '1405');
INSERT INTO `des_opt_price` VALUES ('4A51', '2PL', 60000, '1405');
INSERT INTO `des_opt_price` VALUES ('4A51', '322', 37000, '1405');
INSERT INTO `des_opt_price` VALUES ('4A51', '337', 220000, '1405');
INSERT INTO `des_opt_price` VALUES ('4A51', '894', 250000, '1405');
INSERT INTO `des_opt_price` VALUES ('4A51', 'XE7', 0, '1405');
INSERT INTO `des_opt_price` VALUES ('4A51', 'XL3', 0, '1405');
INSERT INTO `des_opt_price` VALUES ('5A31', '2ND', 82000, '1403');
INSERT INTO `des_opt_price` VALUES ('5A31', '336', 307000, '1411');
INSERT INTO `des_opt_price` VALUES ('5A31', '337', 376000, '1403');
INSERT INTO `des_opt_price` VALUES ('5A31', '456', 87000, '1307');
INSERT INTO `des_opt_price` VALUES ('5A31', '4B9', 0, '1403');
INSERT INTO `des_opt_price` VALUES ('5A31', '4BN', 0, '1307');
INSERT INTO `des_opt_price` VALUES ('5A31', '575', 4000, '1403');
INSERT INTO `des_opt_price` VALUES ('5A31', '5A1', 13000, '1403');
INSERT INTO `des_opt_price` VALUES ('5A31', '5AG', 41000, '1403');
INSERT INTO `des_opt_price` VALUES ('5B11', '2K2', 0, '1307');
INSERT INTO `des_opt_price` VALUES ('5B11', '4DZ', 0, '1307');
INSERT INTO `des_opt_price` VALUES ('5G11', '337', 362000, '1307');
INSERT INTO `des_opt_price` VALUES ('5G11', '5A1', 13000, '1307');
INSERT INTO `des_opt_price` VALUES ('5G11', '609', 131000, '1307');
INSERT INTO `des_opt_price` VALUES ('5G11', '688', 69000, '1307');
INSERT INTO `des_opt_price` VALUES ('5J71', '5DF', 98000, '1307');
INSERT INTO `des_opt_price` VALUES ('5M21', '2SW', 0, '1307');
INSERT INTO `des_opt_price` VALUES ('6A01', '2WE', 148000, '1307');
INSERT INTO `des_opt_price` VALUES ('6A01', '337', 228000, '1303');
INSERT INTO `des_opt_price` VALUES ('6A01', '416', 90000, '1307');
INSERT INTO `des_opt_price` VALUES ('6A01', '4AS', 0, '1307');
INSERT INTO `des_opt_price` VALUES ('6A01', '4KS', 0, '1303');
INSERT INTO `des_opt_price` VALUES ('6A01', '4MR', 0, '1303');
INSERT INTO `des_opt_price` VALUES ('6A01', '4ND', 105000, '1303');
INSERT INTO `des_opt_price` VALUES ('6A01', '5DL', 51000, '1307');
INSERT INTO `des_opt_price` VALUES ('6A01', '677', 93000, '1307');
INSERT INTO `des_opt_price` VALUES ('6A01', '894', 420000, '1307');
INSERT INTO `des_opt_price` VALUES ('6A61', '4CV', 0, '1303');
INSERT INTO `des_opt_price` VALUES ('6A61', '894', 420000, '1307');
INSERT INTO `des_opt_price` VALUES ('6A61', 'IND', 96000, '1303');
INSERT INTO `des_opt_price` VALUES ('6B21', '0ZB', 481000, '1403');
INSERT INTO `des_opt_price` VALUES ('6B21', '4KS', 18000, '1303');
INSERT INTO `des_opt_price` VALUES ('6B21', '4ND', 105000, '1303');
INSERT INTO `des_opt_price` VALUES ('6B21', '775', 28000, '1403');
INSERT INTO `des_opt_price` VALUES ('6B21', 'XD5', 101000, '1403');
INSERT INTO `des_opt_price` VALUES ('6B21', 'XEX', 31000, '1403');
INSERT INTO `des_opt_price` VALUES ('6B21', 'XL1', 51000, '1403');
INSERT INTO `des_opt_price` VALUES ('6D01', '0NA', 108000, '1511');
INSERT INTO `des_opt_price` VALUES ('6D01', '2NM', 94000, '1511');
INSERT INTO `des_opt_price` VALUES ('6D01', '323', 49000, '1511');
INSERT INTO `des_opt_price` VALUES ('6D01', '337', 501000, '1511');
INSERT INTO `des_opt_price` VALUES ('6D01', '456', 68000, '1511');
INSERT INTO `des_opt_price` VALUES ('6D01', '552', 58000, '1511');
INSERT INTO `des_opt_price` VALUES ('6D01', '5AC', 0, '1511');
INSERT INTO `des_opt_price` VALUES ('7A01', '4AY', 46000, '1603');
INSERT INTO `des_opt_price` VALUES ('7E21', '0NA', 108000, '1507');
INSERT INTO `des_opt_price` VALUES ('7E21', '21H', 94000, '1511');
INSERT INTO `des_opt_price` VALUES ('7E21', '24N', 188000, '1511');
INSERT INTO `des_opt_price` VALUES ('7E21', '27Z', 207000, '1511');
INSERT INTO `des_opt_price` VALUES ('7E21', '2T3', 207000, '1511');
INSERT INTO `des_opt_price` VALUES ('7E21', '2VH', 105000, '1511');
INSERT INTO `des_opt_price` VALUES ('7E21', '2VS', 213000, '1511');
INSERT INTO `des_opt_price` VALUES ('7E21', '2WS', 0, '1507');
INSERT INTO `des_opt_price` VALUES ('7E21', '356', 87000, '1511');
INSERT INTO `des_opt_price` VALUES ('7E21', '3E1', 64000, '1507');
INSERT INTO `des_opt_price` VALUES ('7E21', '402', 86000, '1507');
INSERT INTO `des_opt_price` VALUES ('7E21', '407', 152000, '1511');
INSERT INTO `des_opt_price` VALUES ('7E21', '4AX', 16000, '1507');
INSERT INTO `des_opt_price` VALUES ('7E21', '4BP', 6000, '1507');
INSERT INTO `des_opt_price` VALUES ('7E21', '4F4', 159000, '1507');
INSERT INTO `des_opt_price` VALUES ('7E21', '4F5', 213000, '1511');
INSERT INTO `des_opt_price` VALUES ('7E21', '4LM', 8000, '1511');
INSERT INTO `des_opt_price` VALUES ('7E21', '4ND', 105000, '1507');
INSERT INTO `des_opt_price` VALUES ('7E21', '4NM', 23000, '1511');
INSERT INTO `des_opt_price` VALUES ('7E21', '4T6', 80000, '1511');
INSERT INTO `des_opt_price` VALUES ('7E21', '4T7', 80000, '1511');
INSERT INTO `des_opt_price` VALUES ('7E21', '4U1', 41000, '1511');
INSERT INTO `des_opt_price` VALUES ('7E21', '552', 127000, '1507');
INSERT INTO `des_opt_price` VALUES ('7E21', '5AC', 9000, '1507');
INSERT INTO `des_opt_price` VALUES ('7E21', '5AT', 224000, '1507');
INSERT INTO `des_opt_price` VALUES ('7E21', '5AZ', 213000, '1511');
INSERT INTO `des_opt_price` VALUES ('7E21', '601', 90000, '1511');
INSERT INTO `des_opt_price` VALUES ('7E21', '6FR', 189000, '1507');
INSERT INTO `des_opt_price` VALUES ('8A15', '0LC', 93000, '1508');
INSERT INTO `des_opt_price` VALUES ('8A15', '2H3', 0, '1508');
INSERT INTO `des_opt_price` VALUES ('8A15', '4FU', 10000, '1508');
INSERT INTO `des_opt_price` VALUES ('8A15', '606', 101000, '1508');
INSERT INTO `des_opt_price` VALUES ('8A75', '21C', 0, '1507');
INSERT INTO `des_opt_price` VALUES ('8E35', '2L3', 61000, '1508');
INSERT INTO `des_opt_price` VALUES ('8E35', '4FU', 10000, '1508');
INSERT INTO `des_opt_price` VALUES ('8G31', '0KC', 15000, '1507');
INSERT INTO `des_opt_price` VALUES ('8G31', '2NH', 44000, '1507');
INSERT INTO `des_opt_price` VALUES ('8G31', '2PE', 0, '1507');
INSERT INTO `des_opt_price` VALUES ('8G31', '2PF', 47000, '1507');
INSERT INTO `des_opt_price` VALUES ('8G31', '322', 37000, '1507');
INSERT INTO `des_opt_price` VALUES ('8G31', '3AT', 8000, '1507');
INSERT INTO `des_opt_price` VALUES ('8G31', '488', 18000, '1507');
INSERT INTO `des_opt_price` VALUES ('8G31', '4LS', 0, '1507');
INSERT INTO `des_opt_price` VALUES ('8G31', '5AG', 36000, '1507');
INSERT INTO `des_opt_price` VALUES ('8G31', '5DC', 4000, '1507');
INSERT INTO `des_opt_price` VALUES ('8G31', '5DL', 47000, '1507');
INSERT INTO `des_opt_price` VALUES ('8G31', '610', 62000, '1507');
INSERT INTO `des_opt_price` VALUES ('8G31', '676', 25000, '1507');
INSERT INTO `des_opt_price` VALUES ('8G31', '688', 69000, '1507');
INSERT INTO `des_opt_price` VALUES ('8G31', '6WA', 9000, '1507');
INSERT INTO `des_opt_price` VALUES ('FV91', '0Z1', 521000, '1307');
INSERT INTO `des_opt_price` VALUES ('FV91', '2NK', 637000, '1307');
INSERT INTO `des_opt_price` VALUES ('FV91', '2NZ', 199000, '1307');
INSERT INTO `des_opt_price` VALUES ('FV91', '2TX', 0, '1411');
INSERT INTO `des_opt_price` VALUES ('FV91', '358', 14000, '1307');
INSERT INTO `des_opt_price` VALUES ('FV91', '4CE', 0, '1411');
INSERT INTO `des_opt_price` VALUES ('FV91', '575', 4000, '1307');
INSERT INTO `des_opt_price` VALUES ('FV91', '5AL', 25000, '1307');
INSERT INTO `des_opt_price` VALUES ('FV91', '5AS', 47000, '1307');
INSERT INTO `des_opt_price` VALUES ('FV91', '6F2', 207000, '1307');
INSERT INTO `des_opt_price` VALUES ('FV91', '6UK', 145000, '1307');
INSERT INTO `des_opt_price` VALUES ('FV91', '760', 0, '1307');
INSERT INTO `des_opt_price` VALUES ('FV91', '776', 74000, '1307');
INSERT INTO `des_opt_price` VALUES ('FV91', '7MA', 637000, '1307');
INSERT INTO `des_opt_price` VALUES ('FV91', 'XEW', 40000, '1307');
INSERT INTO `des_opt_price` VALUES ('FW11', '2K2', 57000, '1211');
INSERT INTO `des_opt_price` VALUES ('FW11', '323', 41000, '1211');
INSERT INTO `des_opt_price` VALUES ('HS71', '24D', 0, '1511');
INSERT INTO `des_opt_price` VALUES ('HS71', '28C', 48000, '1511');
INSERT INTO `des_opt_price` VALUES ('HS71', '4LV', 0, '1511');
INSERT INTO `des_opt_price` VALUES ('HS71', '7S9', 44000, '1511');
INSERT INTO `des_opt_price` VALUES ('HT71', '322', 25000, '1507');
INSERT INTO `des_opt_price` VALUES ('HT71', '402', 79000, '1507');
INSERT INTO `des_opt_price` VALUES ('HT71', '544', 27000, '1507');
INSERT INTO `des_opt_price` VALUES ('HT71', '676', 18000, '1507');
INSERT INTO `des_opt_price` VALUES ('HU51', '223', 32000, '1507');
INSERT INTO `des_opt_price` VALUES ('HU51', '2VL', 16000, '1507');
INSERT INTO `des_opt_price` VALUES ('HU51', '302', 30000, '1507');
INSERT INTO `des_opt_price` VALUES ('HU51', '413', 12000, '1507');
INSERT INTO `des_opt_price` VALUES ('HU51', '4FD', 19000, '1507');
INSERT INTO `des_opt_price` VALUES ('HU51', '575', 1000, '1507');
INSERT INTO `des_opt_price` VALUES ('HU51', '5AS', 48000, '1507');
INSERT INTO `des_opt_price` VALUES ('HU51', '610', 44000, '1507');
INSERT INTO `des_opt_price` VALUES ('HU51', '674', 34000, '1507');
INSERT INTO `des_opt_price` VALUES ('HU51', '6UP', 85000, '1507');
INSERT INTO `des_opt_price` VALUES ('HU51', '710', 18000, '1507');
INSERT INTO `des_opt_price` VALUES ('HU51', '775', 13000, '1507');
INSERT INTO `des_opt_price` VALUES ('KR01', '2H7', 79000, '1312');
INSERT INTO `des_opt_price` VALUES ('KR01', '2LS', 192000, '1312');
INSERT INTO `des_opt_price` VALUES ('KR01', '2VM', 119000, '1312');
INSERT INTO `des_opt_price` VALUES ('KR01', '3AT', 23000, '1312');
INSERT INTO `des_opt_price` VALUES ('KR01', '453', 54000, '1312');
INSERT INTO `des_opt_price` VALUES ('KR01', '494', 25000, '1312');
INSERT INTO `des_opt_price` VALUES ('KR01', '4U1', 36000, '1312');
INSERT INTO `des_opt_price` VALUES ('KR01', '4UB', 158000, '1312');
INSERT INTO `des_opt_price` VALUES ('KR01', '609', 137000, '1312');
INSERT INTO `des_opt_price` VALUES ('KS21', '2H7', 76000, '1312');
INSERT INTO `des_opt_price` VALUES ('KS21', '2PA', 1000, '1312');
INSERT INTO `des_opt_price` VALUES ('KS21', '2T2', 82000, '1312');
INSERT INTO `des_opt_price` VALUES ('KS21', '302', 30000, '1312');
INSERT INTO `des_opt_price` VALUES ('KS21', '3AT', 22000, '1312');
INSERT INTO `des_opt_price` VALUES ('KS21', '3E1', 89000, '1312');
INSERT INTO `des_opt_price` VALUES ('KS21', '3E2', 126000, '1312');
INSERT INTO `des_opt_price` VALUES ('KS21', '3MB', 39000, '1312');
INSERT INTO `des_opt_price` VALUES ('KS21', '402', 108000, '1312');
INSERT INTO `des_opt_price` VALUES ('KS21', '456', 84000, '1312');
INSERT INTO `des_opt_price` VALUES ('KS21', '488', 23000, '1312');
INSERT INTO `des_opt_price` VALUES ('KS21', '4AC', 18000, '1312');
INSERT INTO `des_opt_price` VALUES ('KS21', '4FF', 32000, '1312');
INSERT INTO `des_opt_price` VALUES ('KS21', '4UB', 151000, '1312');
INSERT INTO `des_opt_price` VALUES ('KS21', '502', 17000, '1312');
INSERT INTO `des_opt_price` VALUES ('KS21', '524', 38000, '1312');
INSERT INTO `des_opt_price` VALUES ('KS21', '5A1', 13000, '1312');
INSERT INTO `des_opt_price` VALUES ('KS21', '5AC', 9000, '1312');
INSERT INTO `des_opt_price` VALUES ('KS21', '5AG', 39000, '1312');
INSERT INTO `des_opt_price` VALUES ('KS21', '5AS', 41000, '1312');
INSERT INTO `des_opt_price` VALUES ('KS21', '5AT', 126000, '1312');
INSERT INTO `des_opt_price` VALUES ('KS21', '5DL', 47000, '1312');
INSERT INTO `des_opt_price` VALUES ('KS21', '609', 137000, '1312');
INSERT INTO `des_opt_price` VALUES ('KS21', '610', 88000, '1312');
INSERT INTO `des_opt_price` VALUES ('KS21', '710', 17000, '1312');
INSERT INTO `des_opt_price` VALUES ('KS41', '4AC', 19000, '1308');
INSERT INTO `des_opt_price` VALUES ('KS81', '4DD', 17000, '1312');
INSERT INTO `des_opt_price` VALUES ('KS81', '6WB', 28000, '1503');
INSERT INTO `des_opt_price` VALUES ('KU21', '322', 65000, '1412');
INSERT INTO `des_opt_price` VALUES ('KU21', '328', 32000, '1412');
INSERT INTO `des_opt_price` VALUES ('KU21', '710', 17000, '1412');
INSERT INTO `des_opt_price` VALUES ('KW81', '0ZA', 326000, '1412');
INSERT INTO `des_opt_price` VALUES ('KW81', '2TP', 170000, '1412');
INSERT INTO `des_opt_price` VALUES ('KW81', '323', 46000, '1412');
INSERT INTO `des_opt_price` VALUES ('KW81', '358', 20000, '1412');
INSERT INTO `des_opt_price` VALUES ('KW81', '403', 90000, '1412');
INSERT INTO `des_opt_price` VALUES ('KW81', '453', 59000, '1412');
INSERT INTO `des_opt_price` VALUES ('KW81', '5A3', 152000, '1412');
INSERT INTO `des_opt_price` VALUES ('KW81', '5AG', 45000, '1412');
INSERT INTO `des_opt_price` VALUES ('KW81', '5AL', 25000, '1412');
INSERT INTO `des_opt_price` VALUES ('KW81', '5AS', 47000, '1412');
INSERT INTO `des_opt_price` VALUES ('KW81', '6F2', 207000, '1412');
INSERT INTO `des_opt_price` VALUES ('KW81', 'XD5', 0, '1412');
INSERT INTO `des_opt_price` VALUES ('KW81', 'XT1', 0, '1412');
INSERT INTO `des_opt_price` VALUES ('LL31', '888', 250000, '1403');
INSERT INTO `des_opt_price` VALUES ('LL51', '2MV', 43000, '1307');
INSERT INTO `des_opt_price` VALUES ('LS01', '488', 20000, '1508');
INSERT INTO `des_opt_price` VALUES ('LW31', '2DP', 148000, '1303');
INSERT INTO `des_opt_price` VALUES ('LW31', '2MZ', 148000, '1303');
INSERT INTO `des_opt_price` VALUES ('LW31', '4KS', 18000, '1303');
INSERT INTO `des_opt_price` VALUES ('LW31', '4ND', 105000, '1303');
INSERT INTO `des_opt_price` VALUES ('SZ61', '0LZ', 44000, '1307');
INSERT INTO `des_opt_price` VALUES ('SZ61', '223', 82000, '1307');
INSERT INTO `des_opt_price` VALUES ('SZ61', '416', 31000, '1307');
INSERT INTO `des_opt_price` VALUES ('SZ61', '456', 87000, '1307');
INSERT INTO `des_opt_price` VALUES ('SZ61', '488', 23000, '1307');
INSERT INTO `des_opt_price` VALUES ('SZ61', '4NB', 35000, '1307');
INSERT INTO `des_opt_price` VALUES ('SZ61', '4U1', 35000, '1307');
INSERT INTO `des_opt_price` VALUES ('SZ61', '5A1', 13000, '1307');
INSERT INTO `des_opt_price` VALUES ('SZ61', '676', 31000, '1307');
INSERT INTO `des_opt_price` VALUES ('SZ61', '688', 44000, '1307');
INSERT INTO `des_opt_price` VALUES ('SZ61', '760', 16000, '1307');
INSERT INTO `des_opt_price` VALUES ('SZ61', '775', 24000, '1307');
INSERT INTO `des_opt_price` VALUES ('UR11', '111', 0, '1303');
INSERT INTO `des_opt_price` VALUES ('UR11', '302', 30000, '1203');
INSERT INTO `des_opt_price` VALUES ('UR11', '322', 39000, '1203');
INSERT INTO `des_opt_price` VALUES ('UR11', '3AP', 6000, '1203');
INSERT INTO `des_opt_price` VALUES ('UR11', '459', 79000, '1203');
INSERT INTO `des_opt_price` VALUES ('UR11', '488', 18000, '1203');
INSERT INTO `des_opt_price` VALUES ('UR11', '508', 19000, '1203');
INSERT INTO `des_opt_price` VALUES ('UR11', '524', 26000, '1203');
INSERT INTO `des_opt_price` VALUES ('UR11', '676', 34000, '1203');
INSERT INTO `des_opt_price` VALUES ('UR11', '688', 66000, '1203');
INSERT INTO `des_opt_price` VALUES ('UR11', '7KB', 145000, '1203');
INSERT INTO `des_opt_price` VALUES ('VL31', '0LU', 101000, '1211');
INSERT INTO `des_opt_price` VALUES ('VL31', '4EB', 22000, '1211');
INSERT INTO `des_opt_price` VALUES ('WX31', '0KC', 0, '1308');
INSERT INTO `des_opt_price` VALUES ('WX31', '0LU', 79000, '1308');
INSERT INTO `des_opt_price` VALUES ('WX31', '0LU', 88000, '1404');
INSERT INTO `des_opt_price` VALUES ('WX31', '2E3', 60000, '1404');
INSERT INTO `des_opt_price` VALUES ('WX31', '2EB', 9000, '1512');
INSERT INTO `des_opt_price` VALUES ('WX31', '2EC', 13000, '1308');
INSERT INTO `des_opt_price` VALUES ('WX31', '2T5', 60000, '1404');
INSERT INTO `des_opt_price` VALUES ('WX31', '322', 31000, '1308');
INSERT INTO `des_opt_price` VALUES ('WX31', '322', 37000, '1404');
INSERT INTO `des_opt_price` VALUES ('WX31', '488', 20000, '1404');
INSERT INTO `des_opt_price` VALUES ('WX31', '4AD', 0, '1308');
INSERT INTO `des_opt_price` VALUES ('WX31', '4FU', 23000, '1404');
INSERT INTO `des_opt_price` VALUES ('WX31', '4FW', 23000, '1404');
INSERT INTO `des_opt_price` VALUES ('WX31', '5AC', 9000, '1404');
INSERT INTO `des_opt_price` VALUES ('WX31', '5AG', 36000, '1512');
INSERT INTO `des_opt_price` VALUES ('WX31', '610', 75000, '1308');
INSERT INTO `des_opt_price` VALUES ('WX31', '610', 70000, '1404');
INSERT INTO `des_opt_price` VALUES ('WX31', '676', 25000, '1308');
INSERT INTO `des_opt_price` VALUES ('WX31', '676', 25000, '1512');
INSERT INTO `des_opt_price` VALUES ('WX31', '688', 69000, '1404');
INSERT INTO `des_opt_price` VALUES ('WX31', '710', 13000, '1404');
INSERT INTO `des_opt_price` VALUES ('WX31', '7XA', 7000, '1308');
INSERT INTO `des_opt_price` VALUES ('WX91', '223', 70000, '1404');
INSERT INTO `des_opt_price` VALUES ('WX91', '2E3', 60000, '1404');
INSERT INTO `des_opt_price` VALUES ('WX91', '2VG', 9000, '1404');
INSERT INTO `des_opt_price` VALUES ('WX91', '322', 31000, '1308');
INSERT INTO `des_opt_price` VALUES ('WX91', '322', 30000, '1404');
INSERT INTO `des_opt_price` VALUES ('WX91', '358', 16000, '1404');
INSERT INTO `des_opt_price` VALUES ('WX91', '3AP', 6000, '1404');
INSERT INTO `des_opt_price` VALUES ('WX91', '417', 16000, '1404');
INSERT INTO `des_opt_price` VALUES ('WX91', '488', 20000, '1404');
INSERT INTO `des_opt_price` VALUES ('WX91', '4DE', 4000, '1308');
INSERT INTO `des_opt_price` VALUES ('WX91', '4FU', 23000, '1404');
INSERT INTO `des_opt_price` VALUES ('WX91', '4FV', 23000, '1404');
INSERT INTO `des_opt_price` VALUES ('WX91', '552', 120000, '1404');
INSERT INTO `des_opt_price` VALUES ('WX91', '5A1', 13000, '1404');
INSERT INTO `des_opt_price` VALUES ('WX91', '5AC', 9000, '1404');
INSERT INTO `des_opt_price` VALUES ('WX91', '5AG', 36000, '1404');
INSERT INTO `des_opt_price` VALUES ('WX91', '5AS', 33000, '1404');
INSERT INTO `des_opt_price` VALUES ('WX91', '610', 70000, '1404');
INSERT INTO `des_opt_price` VALUES ('WX91', '688', 69000, '1404');
INSERT INTO `des_opt_price` VALUES ('WX91', '710', 13000, '1404');
INSERT INTO `des_opt_price` VALUES ('WX91', '760', 0, '1404');
INSERT INTO `des_opt_price` VALUES ('WX91', '775', 12000, '1404');
INSERT INTO `des_opt_price` VALUES ('WZ51', '0LU', 75000, '1404');
INSERT INTO `des_opt_price` VALUES ('WZ51', '322', 37000, '1404');
INSERT INTO `des_opt_price` VALUES ('WZ51', '488', 20000, '1404');
INSERT INTO `des_opt_price` VALUES ('XC01', '4CB', 3000, '1211');
INSERT INTO `des_opt_price` VALUES ('XW31', '0LU', 92000, '1408');
INSERT INTO `des_opt_price` VALUES ('XW31', '2D9', 73000, '1408');
INSERT INTO `des_opt_price` VALUES ('XW31', '322', 37000, '1408');
INSERT INTO `des_opt_price` VALUES ('XW31', '403', 70000, '1409');
INSERT INTO `des_opt_price` VALUES ('XW31', '481', 35000, '1410');
INSERT INTO `des_opt_price` VALUES ('XW31', '4FW', 14000, '1408');
INSERT INTO `des_opt_price` VALUES ('XW31', '4L3', 0, '1408');
INSERT INTO `des_opt_price` VALUES ('XW31', '5AT', 78000, '1413');
INSERT INTO `des_opt_price` VALUES ('XW31', '609', 132000, '1408');
INSERT INTO `des_opt_price` VALUES ('XW31', '676', 25000, '1411');
INSERT INTO `des_opt_price` VALUES ('XW31', '688', 69000, '1408');
INSERT INTO `des_opt_price` VALUES ('XW31', '710', 6000, '1408');
INSERT INTO `des_opt_price` VALUES ('XW31', '760', 112000, '1412');
INSERT INTO `des_opt_price` VALUES ('XW31', '7HW', 112000, '1408');
INSERT INTO `des_opt_price` VALUES ('XW51', '223', 73000, '1408');
INSERT INTO `des_opt_price` VALUES ('XW51', '2PA', 1000, '1408');
INSERT INTO `des_opt_price` VALUES ('XW51', '2V2', 63000, '1408');
INSERT INTO `des_opt_price` VALUES ('XW51', '322', 39000, '1408');
INSERT INTO `des_opt_price` VALUES ('XW51', '488', 21000, '1408');
INSERT INTO `des_opt_price` VALUES ('XW51', '4FU', 15000, '1408');
INSERT INTO `des_opt_price` VALUES ('XW51', '4FW', 15000, '1408');
INSERT INTO `des_opt_price` VALUES ('XW51', '5AT', 82000, '1408');
INSERT INTO `des_opt_price` VALUES ('XW51', '610', 73000, '1408');
INSERT INTO `des_opt_price` VALUES ('XW51', '688', 72000, '1408');
INSERT INTO `des_opt_price` VALUES ('XX31', '223', 73000, '1408');
INSERT INTO `des_opt_price` VALUES ('XX31', '322', 39000, '1408');
INSERT INTO `des_opt_price` VALUES ('XX31', '502', 18000, '1408');
INSERT INTO `des_opt_price` VALUES ('XX31', '524', 38000, '1408');
INSERT INTO `des_opt_price` VALUES ('XX31', '5A1', 14000, '1408');
INSERT INTO `des_opt_price` VALUES ('XX31', '5AC', 10000, '1408');
INSERT INTO `des_opt_price` VALUES ('XX31', '5AT', 82000, '1408');
INSERT INTO `des_opt_price` VALUES ('XX31', '610', 73000, '1408');
INSERT INTO `des_opt_price` VALUES ('XX31', '894', 465000, '1408');
INSERT INTO `des_opt_price` VALUES ('YE01', '5AG', 43000, '1211');
INSERT INTO `des_opt_price` VALUES ('YE01', '5AT', 169000, '1211');
INSERT INTO `des_opt_price` VALUES ('YE01', '601', 81000, '1211');

-- --------------------------------------------------------

-- 
-- 資料表格式： `des_plan`
-- 

CREATE TABLE `des_plan` (
  `Year` varchar(4) COLLATE utf8_unicode_ci NOT NULL,
  `Month` varchar(2) COLLATE utf8_unicode_ci NOT NULL,
  `CatId` varchar(8) COLLATE utf8_unicode_ci NOT NULL,
  `Qty` int(5) unsigned DEFAULT NULL
) ENGINE=MyISAM DEFAULT CHARSET=utf8 COLLATE=utf8_unicode_ci;

-- 
-- 列出以下資料庫的數據： `des_plan`
-- 

INSERT INTO `des_plan` VALUES ('102', '1', 'UR11', 1);
INSERT INTO `des_plan` VALUES ('102', '1', '1A11', 2);
INSERT INTO `des_plan` VALUES ('102', '2', '1A11', 5);
INSERT INTO `des_plan` VALUES ('102', '3', '1A11', 1);
INSERT INTO `des_plan` VALUES ('102', '4', '1A11', 2);
INSERT INTO `des_plan` VALUES ('102', '5', '1A11', 2);
INSERT INTO `des_plan` VALUES ('102', '7', '1A11', 5);
INSERT INTO `des_plan` VALUES ('102', '8', '1A11', 2);
INSERT INTO `des_plan` VALUES ('102', '9', '1A11', 2);
INSERT INTO `des_plan` VALUES ('102', '10', '1A11', 2);
INSERT INTO `des_plan` VALUES ('102', '11', '1A11', 1);
INSERT INTO `des_plan` VALUES ('102', '1', '1A31', 2);
INSERT INTO `des_plan` VALUES ('102', '2', '1A31', 7);
INSERT INTO `des_plan` VALUES ('102', '3', '1A31', 3);
INSERT INTO `des_plan` VALUES ('102', '4', '1A31', 5);
INSERT INTO `des_plan` VALUES ('102', '5', '1A31', 3);
INSERT INTO `des_plan` VALUES ('102', '6', '1A31', 3);
INSERT INTO `des_plan` VALUES ('102', '7', '1A31', 6);
INSERT INTO `des_plan` VALUES ('102', '8', '1A31', 3);
INSERT INTO `des_plan` VALUES ('102', '9', '1A31', 3);
INSERT INTO `des_plan` VALUES ('102', '10', '1A31', 3);
INSERT INTO `des_plan` VALUES ('102', '11', '1A31', 2);
INSERT INTO `des_plan` VALUES ('102', '1', '1B71', 1);
INSERT INTO `des_plan` VALUES ('102', '2', '1B71', 3);
INSERT INTO `des_plan` VALUES ('102', '4', '1B71', 1);
INSERT INTO `des_plan` VALUES ('102', '7', '1B71', 1);
INSERT INTO `des_plan` VALUES ('102', '9', '1B71', 1);
INSERT INTO `des_plan` VALUES ('102', '1', '1C31', 1);
INSERT INTO `des_plan` VALUES ('102', '3', '1C31', 2);
INSERT INTO `des_plan` VALUES ('102', '5', '1C31', 3);
INSERT INTO `des_plan` VALUES ('102', '6', '1C31', 2);
INSERT INTO `des_plan` VALUES ('102', '7', '1C31', 6);
INSERT INTO `des_plan` VALUES ('102', '8', '1C31', 2);
INSERT INTO `des_plan` VALUES ('102', '9', '1C31', 1);
INSERT INTO `des_plan` VALUES ('102', '10', '1C31', 3);
INSERT INTO `des_plan` VALUES ('102', '11', '1C31', 1);
INSERT INTO `des_plan` VALUES ('102', '11', 'IH11', 3);
INSERT INTO `des_plan` VALUES ('102', '11', '1J71', 2);
INSERT INTO `des_plan` VALUES ('102', '1', 'VL31', 3);
INSERT INTO `des_plan` VALUES ('102', '3', 'VL31', 2);
INSERT INTO `des_plan` VALUES ('102', '4', 'VL31', 1);
INSERT INTO `des_plan` VALUES ('102', '5', 'VL31', 2);
INSERT INTO `des_plan` VALUES ('102', '7', 'VL31', 3);
INSERT INTO `des_plan` VALUES ('102', '8', 'VL31', 2);
INSERT INTO `des_plan` VALUES ('102', '9', 'VL31', 2);
INSERT INTO `des_plan` VALUES ('102', '10', 'VL31', 3);
INSERT INTO `des_plan` VALUES ('102', '1', 'VL91', 1);
INSERT INTO `des_plan` VALUES ('102', '2', 'VL91', 2);
INSERT INTO `des_plan` VALUES ('102', '3', 'VL91', 1);
INSERT INTO `des_plan` VALUES ('102', '4', 'VL91', 2);
INSERT INTO `des_plan` VALUES ('102', '6', 'VL91', 1);
INSERT INTO `des_plan` VALUES ('102', '7', 'VL91', 2);
INSERT INTO `des_plan` VALUES ('102', '9', 'VL91', 2);
INSERT INTO `des_plan` VALUES ('102', '10', 'VL91', 2);
INSERT INTO `des_plan` VALUES ('102', '1', 'VM71', 1);
INSERT INTO `des_plan` VALUES ('102', '3', 'VM71', 1);
INSERT INTO `des_plan` VALUES ('102', '7', 'VM71', 1);
INSERT INTO `des_plan` VALUES ('102', '10', 'VM71', 1);
INSERT INTO `des_plan` VALUES ('102', '1', 'VN91', 2);
INSERT INTO `des_plan` VALUES ('102', '2', 'VN91', 2);
INSERT INTO `des_plan` VALUES ('102', '3', 'VN91', 1);
INSERT INTO `des_plan` VALUES ('102', '4', 'VN91', 2);
INSERT INTO `des_plan` VALUES ('102', '5', 'VN91', 1);
INSERT INTO `des_plan` VALUES ('102', '7', 'VN91', 2);
INSERT INTO `des_plan` VALUES ('102', '8', 'VN91', 1);
INSERT INTO `des_plan` VALUES ('102', '9', 'VN91', 1);
INSERT INTO `des_plan` VALUES ('102', '11', 'VN91', 2);
INSERT INTO `des_plan` VALUES ('102', '1', '3A11', 2);
INSERT INTO `des_plan` VALUES ('102', '2', '3A11', 6);
INSERT INTO `des_plan` VALUES ('102', '3', '3A11', 2);
INSERT INTO `des_plan` VALUES ('102', '4', '3A11', 3);
INSERT INTO `des_plan` VALUES ('102', '5', '3A11', 3);
INSERT INTO `des_plan` VALUES ('102', '6', '3A11', 1);
INSERT INTO `des_plan` VALUES ('102', '7', '3A11', 4);
INSERT INTO `des_plan` VALUES ('102', '8', '3A11', 2);
INSERT INTO `des_plan` VALUES ('102', '9', '3A11', 3);
INSERT INTO `des_plan` VALUES ('102', '10', '3A11', 2);
INSERT INTO `des_plan` VALUES ('102', '2', '3A55', 2);
INSERT INTO `des_plan` VALUES ('102', '3', '3A55', 2);
INSERT INTO `des_plan` VALUES ('102', '4', '3A55', 1);
INSERT INTO `des_plan` VALUES ('102', '5', '3A55', 1);
INSERT INTO `des_plan` VALUES ('102', '7', '3A55', 2);
INSERT INTO `des_plan` VALUES ('102', '8', '3A55', 1);
INSERT INTO `des_plan` VALUES ('102', '9', '3A55', 1);
INSERT INTO `des_plan` VALUES ('102', '10', '3A55', 1);
INSERT INTO `des_plan` VALUES ('102', '11', '3A55', 1);
INSERT INTO `des_plan` VALUES ('102', '2', '3A91', 1);
INSERT INTO `des_plan` VALUES ('102', '3', '3A91', 1);
INSERT INTO `des_plan` VALUES ('102', '7', '3A91', 1);
INSERT INTO `des_plan` VALUES ('102', '9', '3A91', 1);
INSERT INTO `des_plan` VALUES ('102', '1', '3B15', 2);
INSERT INTO `des_plan` VALUES ('102', '2', '3B15', 2);
INSERT INTO `des_plan` VALUES ('102', '3', '3B15', 5);
INSERT INTO `des_plan` VALUES ('102', '4', '3B15', 8);
INSERT INTO `des_plan` VALUES ('102', '5', '3B15', 5);
INSERT INTO `des_plan` VALUES ('102', '6', '3B15', 5);
INSERT INTO `des_plan` VALUES ('102', '7', '3B15', 8);
INSERT INTO `des_plan` VALUES ('102', '8', '3B15', 8);
INSERT INTO `des_plan` VALUES ('102', '9', '3B15', 5);
INSERT INTO `des_plan` VALUES ('102', '10', '3B15', 8);
INSERT INTO `des_plan` VALUES ('102', '11', '3B15', 3);
INSERT INTO `des_plan` VALUES ('102', '1', '3D15', 2);
INSERT INTO `des_plan` VALUES ('102', '2', '3D15', 3);
INSERT INTO `des_plan` VALUES ('102', '3', '3D15', 5);
INSERT INTO `des_plan` VALUES ('102', '4', '3D15', 6);
INSERT INTO `des_plan` VALUES ('102', '5', '3D15', 5);
INSERT INTO `des_plan` VALUES ('102', '6', '3D15', 5);
INSERT INTO `des_plan` VALUES ('102', '7', '3D15', 8);
INSERT INTO `des_plan` VALUES ('102', '8', '3D15', 6);
INSERT INTO `des_plan` VALUES ('102', '9', '3D15', 6);
INSERT INTO `des_plan` VALUES ('102', '10', '3D15', 5);
INSERT INTO `des_plan` VALUES ('102', '11', '3D15', 5);
INSERT INTO `des_plan` VALUES ('102', '3', '3D35', 2);
INSERT INTO `des_plan` VALUES ('102', '4', '3D35', 1);
INSERT INTO `des_plan` VALUES ('102', '5', '3D35', 1);
INSERT INTO `des_plan` VALUES ('102', '7', '3D35', 2);
INSERT INTO `des_plan` VALUES ('102', '8', '3D35', 1);
INSERT INTO `des_plan` VALUES ('102', '9', '3D35', 1);
INSERT INTO `des_plan` VALUES ('102', '10', '3D35', 1);
INSERT INTO `des_plan` VALUES ('102', '4', '3F91', 1);
INSERT INTO `des_plan` VALUES ('102', '7', '3F91', 1);
INSERT INTO `des_plan` VALUES ('102', '10', '3F91', 1);
INSERT INTO `des_plan` VALUES ('102', '3', '3X11', 3);
INSERT INTO `des_plan` VALUES ('102', '5', '3X11', 1);
INSERT INTO `des_plan` VALUES ('102', '7', '3X11', 2);
INSERT INTO `des_plan` VALUES ('102', '9', '3X11', 1);
INSERT INTO `des_plan` VALUES ('102', '11', '3X11', 1);
INSERT INTO `des_plan` VALUES ('102', '3', '3X31', 2);
INSERT INTO `des_plan` VALUES ('102', '6', '3X31', 1);
INSERT INTO `des_plan` VALUES ('102', '8', '3X31', 1);
INSERT INTO `des_plan` VALUES ('102', '1', '3G51', 1);
INSERT INTO `des_plan` VALUES ('102', '2', '3G51', 2);
INSERT INTO `des_plan` VALUES ('102', '5', '3G51', 1);
INSERT INTO `des_plan` VALUES ('102', '7', '3G51', 1);
INSERT INTO `des_plan` VALUES ('102', '9', '3G51', 1);
INSERT INTO `des_plan` VALUES ('102', '2', '3G71', 1);
INSERT INTO `des_plan` VALUES ('102', '2', '3K31', 3);
INSERT INTO `des_plan` VALUES ('102', '4', '3K31', 1);
INSERT INTO `des_plan` VALUES ('102', '7', '3K31', 2);
INSERT INTO `des_plan` VALUES ('102', '9', '3K31', 1);
INSERT INTO `des_plan` VALUES ('102', '11', '3K31', 1);
INSERT INTO `des_plan` VALUES ('102', '7', '3N31', 2);
INSERT INTO `des_plan` VALUES ('102', '8', '3N31', 1);
INSERT INTO `des_plan` VALUES ('102', '10', '3N31', 1);
INSERT INTO `des_plan` VALUES ('102', '11', '3N31', 1);
INSERT INTO `des_plan` VALUES ('102', '11', '3N21', 2);
INSERT INTO `des_plan` VALUES ('102', '7', '3R11', 1);
INSERT INTO `des_plan` VALUES ('102', '10', '3R11', 1);
INSERT INTO `des_plan` VALUES ('102', '11', '3V31', 1);
INSERT INTO `des_plan` VALUES ('102', '11', '3T31', 1);
INSERT INTO `des_plan` VALUES ('102', '1', 'WX31', 5);
INSERT INTO `des_plan` VALUES ('102', '2', 'WX31', 3);
INSERT INTO `des_plan` VALUES ('102', '3', 'WX31', 2);
INSERT INTO `des_plan` VALUES ('102', '4', 'WX31', 2);
INSERT INTO `des_plan` VALUES ('102', '5', 'WX31', 3);
INSERT INTO `des_plan` VALUES ('102', '6', 'WX31', 2);
INSERT INTO `des_plan` VALUES ('102', '7', 'WX31', 1);
INSERT INTO `des_plan` VALUES ('102', '8', 'WX31', 3);
INSERT INTO `des_plan` VALUES ('102', '9', 'WX31', 3);
INSERT INTO `des_plan` VALUES ('102', '10', 'WX31', 3);
INSERT INTO `des_plan` VALUES ('102', '11', 'WX31', 1);
INSERT INTO `des_plan` VALUES ('102', '1', 'WX91', 5);
INSERT INTO `des_plan` VALUES ('102', '2', 'WX91', 3);
INSERT INTO `des_plan` VALUES ('102', '4', 'WX91', 2);
INSERT INTO `des_plan` VALUES ('102', '5', 'WX91', 1);
INSERT INTO `des_plan` VALUES ('102', '7', 'WX91', 1);
INSERT INTO `des_plan` VALUES ('102', '8', 'WX91', 2);
INSERT INTO `des_plan` VALUES ('102', '9', 'WX91', 2);
INSERT INTO `des_plan` VALUES ('102', '10', 'WX91', 1);
INSERT INTO `des_plan` VALUES ('102', '1', 'WY31', 5);
INSERT INTO `des_plan` VALUES ('102', '2', 'WY31', 2);
INSERT INTO `des_plan` VALUES ('102', '3', 'WY31', 3);
INSERT INTO `des_plan` VALUES ('102', '4', 'WY31', 2);
INSERT INTO `des_plan` VALUES ('102', '5', 'WY31', 2);
INSERT INTO `des_plan` VALUES ('102', '6', 'WY31', 2);
INSERT INTO `des_plan` VALUES ('102', '7', 'WY31', 2);
INSERT INTO `des_plan` VALUES ('102', '8', 'WY31', 3);
INSERT INTO `des_plan` VALUES ('102', '9', 'WY31', 2);
INSERT INTO `des_plan` VALUES ('102', '10', 'WY31', 2);
INSERT INTO `des_plan` VALUES ('102', '2', 'WY51', 1);
INSERT INTO `des_plan` VALUES ('102', '4', 'WY51', 1);
INSERT INTO `des_plan` VALUES ('102', '8', 'WY51', 2);
INSERT INTO `des_plan` VALUES ('102', '10', 'WY51', 1);
INSERT INTO `des_plan` VALUES ('102', '3', 'LL31', 2);
INSERT INTO `des_plan` VALUES ('102', '6', 'LL31', 1);
INSERT INTO `des_plan` VALUES ('102', '7', 'LL31', 2);
INSERT INTO `des_plan` VALUES ('102', '10', 'LL31', 1);
INSERT INTO `des_plan` VALUES ('102', '3', 'LM71', 1);
INSERT INTO `des_plan` VALUES ('102', '7', 'LM71', 1);
INSERT INTO `des_plan` VALUES ('102', '9', 'LM71', 1);
INSERT INTO `des_plan` VALUES ('102', '2', 'SN21', 1);
INSERT INTO `des_plan` VALUES ('102', '3', 'SN21', 1);
INSERT INTO `des_plan` VALUES ('102', '1', 'XC01', 1);
INSERT INTO `des_plan` VALUES ('102', '2', 'XC01', 4);
INSERT INTO `des_plan` VALUES ('102', '3', 'XC01', 1);
INSERT INTO `des_plan` VALUES ('102', '4', 'XC01', 1);
INSERT INTO `des_plan` VALUES ('102', '3', 'XC61', 1);
INSERT INTO `des_plan` VALUES ('102', '7', '5M21', 1);
INSERT INTO `des_plan` VALUES ('102', '10', '5M21', 1);
INSERT INTO `des_plan` VALUES ('102', '7', '5N21', 2);
INSERT INTO `des_plan` VALUES ('102', '9', '5N21', 1);
INSERT INTO `des_plan` VALUES ('102', '10', '5N21', 1);
INSERT INTO `des_plan` VALUES ('102', '11', '5N21', 1);
INSERT INTO `des_plan` VALUES ('102', '3', 'FR11', 1);
INSERT INTO `des_plan` VALUES ('102', '4', 'FR11', 1);
INSERT INTO `des_plan` VALUES ('102', '1', 'FW11', 8);
INSERT INTO `des_plan` VALUES ('102', '2', 'FW11', 5);
INSERT INTO `des_plan` VALUES ('102', '3', 'FW11', 10);
INSERT INTO `des_plan` VALUES ('102', '4', 'FW11', 10);
INSERT INTO `des_plan` VALUES ('102', '5', 'FW11', 8);
INSERT INTO `des_plan` VALUES ('102', '4', 'FZ91', 1);
INSERT INTO `des_plan` VALUES ('102', '7', 'FZ91', 1);
INSERT INTO `des_plan` VALUES ('102', '10', 'FZ91', 1);
INSERT INTO `des_plan` VALUES ('102', '4', 'XA51', 1);
INSERT INTO `des_plan` VALUES ('102', '2', 'XA71', 1);
INSERT INTO `des_plan` VALUES ('102', '1', 'XG11', 5);
INSERT INTO `des_plan` VALUES ('102', '2', 'XG11', 5);
INSERT INTO `des_plan` VALUES ('102', '3', 'XG11', 8);
INSERT INTO `des_plan` VALUES ('102', '4', 'XG11', 8);
INSERT INTO `des_plan` VALUES ('102', '5', 'XG11', 5);
INSERT INTO `des_plan` VALUES ('102', '1', 'XG31', 2);
INSERT INTO `des_plan` VALUES ('102', '3', 'XG31', 2);
INSERT INTO `des_plan` VALUES ('102', '4', 'XG31', 1);
INSERT INTO `des_plan` VALUES ('102', '7', '5A31', 12);
INSERT INTO `des_plan` VALUES ('102', '8', '5A31', 10);
INSERT INTO `des_plan` VALUES ('102', '9', '5A31', 12);
INSERT INTO `des_plan` VALUES ('102', '10', '5A31', 8);
INSERT INTO `des_plan` VALUES ('102', '11', '5A31', 6);
INSERT INTO `des_plan` VALUES ('102', '7', '5A51', 5);
INSERT INTO `des_plan` VALUES ('102', '8', '5A51', 5);
INSERT INTO `des_plan` VALUES ('102', '9', '5A51', 3);
INSERT INTO `des_plan` VALUES ('102', '10', '5A51', 3);
INSERT INTO `des_plan` VALUES ('102', '11', '5A51', 3);
INSERT INTO `des_plan` VALUES ('102', '7', '5B11', 1);
INSERT INTO `des_plan` VALUES ('102', '11', '5B11', 1);
INSERT INTO `des_plan` VALUES ('102', '7', '5C31', 12);
INSERT INTO `des_plan` VALUES ('102', '8', '5C31', 12);
INSERT INTO `des_plan` VALUES ('102', '9', '5C31', 10);
INSERT INTO `des_plan` VALUES ('102', '10', '5C31', 10);
INSERT INTO `des_plan` VALUES ('102', '11', '5C31', 5);
INSERT INTO `des_plan` VALUES ('102', '7', '5D11', 2);
INSERT INTO `des_plan` VALUES ('102', '9', '5D11', 1);
INSERT INTO `des_plan` VALUES ('102', '10', '5D11', 1);
INSERT INTO `des_plan` VALUES ('102', '1', 'MX11', 1);
INSERT INTO `des_plan` VALUES ('102', '2', 'MX11', 3);
INSERT INTO `des_plan` VALUES ('102', '3', 'MX11', 1);
INSERT INTO `des_plan` VALUES ('102', '2', 'XL11', 1);
INSERT INTO `des_plan` VALUES ('102', '3', 'XL11', 1);
INSERT INTO `des_plan` VALUES ('102', '7', '5J31', 2);
INSERT INTO `des_plan` VALUES ('102', '9', '5J31', 1);
INSERT INTO `des_plan` VALUES ('102', '10', '5J31', 2);
INSERT INTO `des_plan` VALUES ('102', '11', '5J31', 2);
INSERT INTO `des_plan` VALUES ('102', '7', '5G11', 2);
INSERT INTO `des_plan` VALUES ('102', '9', '5G11', 2);
INSERT INTO `des_plan` VALUES ('102', '10', '5G11', 1);
INSERT INTO `des_plan` VALUES ('102', '11', '5G11', 2);
INSERT INTO `des_plan` VALUES ('102', '7', '5G51', 1);
INSERT INTO `des_plan` VALUES ('102', '8', '5G51', 1);
INSERT INTO `des_plan` VALUES ('102', '10', '5G51', 1);
INSERT INTO `des_plan` VALUES ('102', '1', 'ZV41', 5);
INSERT INTO `des_plan` VALUES ('102', '3', 'ZV41', 5);
INSERT INTO `des_plan` VALUES ('102', '4', 'ZV41', 3);
INSERT INTO `des_plan` VALUES ('102', '5', 'ZV41', 2);
INSERT INTO `des_plan` VALUES ('102', '6', 'ZV41', 3);
INSERT INTO `des_plan` VALUES ('102', '7', 'ZV41', 3);
INSERT INTO `des_plan` VALUES ('102', '8', 'ZV41', 2);
INSERT INTO `des_plan` VALUES ('102', '1', 'ZW41', 3);
INSERT INTO `des_plan` VALUES ('102', '2', 'ZW41', 2);
INSERT INTO `des_plan` VALUES ('102', '3', 'ZW41', 2);
INSERT INTO `des_plan` VALUES ('102', '4', 'ZW41', 2);
INSERT INTO `des_plan` VALUES ('102', '5', 'ZW41', 1);
INSERT INTO `des_plan` VALUES ('102', '1', 'FG21', 3);
INSERT INTO `des_plan` VALUES ('102', '2', 'FG21', 1);
INSERT INTO `des_plan` VALUES ('102', '3', 'FG21', 3);
INSERT INTO `des_plan` VALUES ('102', '4', 'FG21', 2);
INSERT INTO `des_plan` VALUES ('102', '6', 'FG21', 2);
INSERT INTO `des_plan` VALUES ('102', '8', 'FG21', 5);
INSERT INTO `des_plan` VALUES ('102', '9', 'FG21', 2);
INSERT INTO `des_plan` VALUES ('102', '10', 'FG21', 2);
INSERT INTO `des_plan` VALUES ('102', '11', 'FG21', 1);
INSERT INTO `des_plan` VALUES ('102', '4', 'FH01', 2);
INSERT INTO `des_plan` VALUES ('102', '8', 'FH01', 2);
INSERT INTO `des_plan` VALUES ('102', '12', 'KR03', 3);
INSERT INTO `des_plan` VALUES ('102', '8', 'KS41', 5);
INSERT INTO `des_plan` VALUES ('102', '9', 'KS41', 3);
INSERT INTO `des_plan` VALUES ('102', '10', 'KS41', 2);
INSERT INTO `des_plan` VALUES ('102', '11', 'KS41', 3);
INSERT INTO `des_plan` VALUES ('102', '4', 'LW31', 2);
INSERT INTO `des_plan` VALUES ('102', '7', 'LW31', 2);
INSERT INTO `des_plan` VALUES ('102', '10', 'LW31', 1);
INSERT INTO `des_plan` VALUES ('102', '1', '6A01', 1);
INSERT INTO `des_plan` VALUES ('102', '3', '6A01', 2);
INSERT INTO `des_plan` VALUES ('102', '5', '6A01', 2);
INSERT INTO `des_plan` VALUES ('102', '7', '6A01', 2);
INSERT INTO `des_plan` VALUES ('102', '9', '6A01', 2);
INSERT INTO `des_plan` VALUES ('102', '10', '6A01', 1);
INSERT INTO `des_plan` VALUES ('102', '11', '6A01', 1);
INSERT INTO `des_plan` VALUES ('102', '2', '6A61', 1);
INSERT INTO `des_plan` VALUES ('102', '4', '6B21', 1);
INSERT INTO `des_plan` VALUES ('102', '7', '6B21', 1);
INSERT INTO `des_plan` VALUES ('102', '3', '6C91', 1);
INSERT INTO `des_plan` VALUES ('102', '1', 'YA01', 1);
INSERT INTO `des_plan` VALUES ('102', '7', 'YA01', 1);
INSERT INTO `des_plan` VALUES ('102', '4', 'YA21', 1);
INSERT INTO `des_plan` VALUES ('102', '7', 'YA21', 1);
INSERT INTO `des_plan` VALUES ('102', '10', 'YA21', 1);
INSERT INTO `des_plan` VALUES ('102', '9', 'YA61', 1);
INSERT INTO `des_plan` VALUES ('102', '1', 'YC21', 1);
INSERT INTO `des_plan` VALUES ('102', '2', 'YC21', 2);
INSERT INTO `des_plan` VALUES ('102', '3', 'YC21', 1);
INSERT INTO `des_plan` VALUES ('102', '5', 'YC21', 3);
INSERT INTO `des_plan` VALUES ('102', '6', 'YC21', 2);
INSERT INTO `des_plan` VALUES ('102', '7', 'YC21', 2);
INSERT INTO `des_plan` VALUES ('102', '9', 'YC21', 2);
INSERT INTO `des_plan` VALUES ('102', '11', 'YC21', 1);
INSERT INTO `des_plan` VALUES ('102', '1', 'YE01', 1);
INSERT INTO `des_plan` VALUES ('102', '2', 'YE01', 2);
INSERT INTO `des_plan` VALUES ('102', '4', 'YE01', 1);
INSERT INTO `des_plan` VALUES ('102', '7', 'YE01', 1);
INSERT INTO `des_plan` VALUES ('102', '9', 'YE01', 1);
INSERT INTO `des_plan` VALUES ('102', '2', 'YE41', 3);
INSERT INTO `des_plan` VALUES ('102', '3', 'YE41', 2);
INSERT INTO `des_plan` VALUES ('102', '4', 'YE41', 3);
INSERT INTO `des_plan` VALUES ('102', '5', 'YE41', 2);
INSERT INTO `des_plan` VALUES ('102', '6', 'YE41', 3);
INSERT INTO `des_plan` VALUES ('102', '7', 'YE41', 4);
INSERT INTO `des_plan` VALUES ('102', '8', 'YE41', 2);
INSERT INTO `des_plan` VALUES ('102', '9', 'YE41', 1);
INSERT INTO `des_plan` VALUES ('102', '10', 'YE41', 3);
INSERT INTO `des_plan` VALUES ('102', '11', 'YE41', 1);
INSERT INTO `des_plan` VALUES ('102', '5', 'YE81', 1);
INSERT INTO `des_plan` VALUES ('102', '9', 'YE81', 1);
INSERT INTO `des_plan` VALUES ('102', '3', 'YG41', 1);
INSERT INTO `des_plan` VALUES ('102', '5', 'YG41', 1);
INSERT INTO `des_plan` VALUES ('102', '7', 'YG41', 1);
INSERT INTO `des_plan` VALUES ('102', '10', 'YG41', 1);

-- --------------------------------------------------------

-- 
-- 資料表格式： `des_scan`
-- 

CREATE TABLE `des_scan` (
  `ScanId` int(8) unsigned NOT NULL AUTO_INCREMENT,
  `CntrNo` varchar(20) COLLATE utf8_unicode_ci DEFAULT NULL,
  `Dat` varchar(10) COLLATE utf8_unicode_ci DEFAULT NULL,
  `Tmk` varchar(14) COLLATE utf8_unicode_ci NOT NULL,
  `VoidFlag` varchar(1) COLLATE utf8_unicode_ci DEFAULT '0',
  PRIMARY KEY (`ScanId`)
) ENGINE=MyISAM DEFAULT CHARSET=utf8 COLLATE=utf8_unicode_ci AUTO_INCREMENT=1 ;

-- 
-- 列出以下資料庫的數據： `des_scan`
-- 


-- --------------------------------------------------------

-- 
-- 資料表格式： `des_upfile`
-- 

CREATE TABLE `des_upfile` (
  `Typ` varchar(2) COLLATE utf8_unicode_ci DEFAULT NULL,
  `UserId` varchar(4) COLLATE utf8_unicode_ci DEFAULT NULL,
  `Dat` varchar(10) COLLATE utf8_unicode_ci DEFAULT NULL,
  `Tmk` varchar(14) COLLATE utf8_unicode_ci DEFAULT NULL,
  `Year` varchar(4) COLLATE utf8_unicode_ci NOT NULL,
  `Month` varchar(2) COLLATE utf8_unicode_ci NOT NULL,
  `ChkOkFlag` varchar(1) COLLATE utf8_unicode_ci NOT NULL DEFAULT '0',
  `ConfUser` varchar(4) COLLATE utf8_unicode_ci DEFAULT '0'
) ENGINE=MyISAM DEFAULT CHARSET=utf8 COLLATE=utf8_unicode_ci;

-- 
-- 列出以下資料庫的數據： `des_upfile`
-- 

INSERT INTO `des_upfile` VALUES ('10', '98', '2017-05-13', '20170513124618', '', '', '0', '0');
INSERT INTO `des_upfile` VALUES ('10', '98', '2017-05-13', '20170513125814', '', '', '0', '0');
INSERT INTO `des_upfile` VALUES ('12', '98', '2017-05-13', '20170513130920', '', '', '0', '0');
INSERT INTO `des_upfile` VALUES ('13', '98', '2017-05-13', '20170513131928', '', '', '0', '0');
INSERT INTO `des_upfile` VALUES ('10', '98', '2017-05-24', '20170524030834', '', '', '0', '0');
INSERT INTO `des_upfile` VALUES ('12', '98', '2017-05-24', '20170524032623', '', '', '0', '0');
INSERT INTO `des_upfile` VALUES ('13', '98', '2017-05-24', '20170524032923', '', '', '0', '0');
INSERT INTO `des_upfile` VALUES ('11', '1091', '2017-06-09', '20170609120012', '', '', '0', '0');
INSERT INTO `des_upfile` VALUES ('51', '1091', '2017-06-09', '20170609152224', '106', '7', '0', '0');
INSERT INTO `des_upfile` VALUES ('10', '1091', '2017-06-14', '20170614112959', '', '', '0', '0');
INSERT INTO `des_upfile` VALUES ('10', '1091', '2017-06-14', '20170614113154', '', '', '0', '0');
INSERT INTO `des_upfile` VALUES ('51', '1091', '2017-06-15', '20170615122956', '106', '7', '0', '0');
INSERT INTO `des_upfile` VALUES ('51', '1091', '2017-06-20', '20170620145850', '106', '7', '0', '0');
INSERT INTO `des_upfile` VALUES ('11', '1091', '2017-06-20', '20170620151326', '', '', '0', '0');
INSERT INTO `des_upfile` VALUES ('51', '1091', '2017-06-22', '20170622160307', '106', '7', '1', '0');
INSERT INTO `des_upfile` VALUES ('51', '1091', '2017-06-22', '20170622160409', '106', '7', '1', '0');
INSERT INTO `des_upfile` VALUES ('51', '1091', '2017-06-22', '20170622160822', '106', '7', '1', '1091');
INSERT INTO `des_upfile` VALUES ('20', '1091', '2017-06-23', '20170623122741', '', '', '0', '0');
INSERT INTO `des_upfile` VALUES ('21', '1091', '2017-06-23', '20170623122916', '', '', '0', '0');
INSERT INTO `des_upfile` VALUES ('20', '1091', '2017-06-23', '20170623123731', '', '', '0', '0');
INSERT INTO `des_upfile` VALUES ('20', '1091', '2017-06-23', '20170623123935', '', '', '0', '0');
INSERT INTO `des_upfile` VALUES ('20', '1091', '2017-06-23', '20170623145206', '', '', '0', '0');
INSERT INTO `des_upfile` VALUES ('20', '1091', '2017-06-26', '20170626175905', '', '', '0', '0');
INSERT INTO `des_upfile` VALUES ('20', '98', '2017-06-28', '20170628170853', '', '', '0', '0');
INSERT INTO `des_upfile` VALUES ('20', '98', '2017-06-28', '20170628171117', '', '', '0', '0');
INSERT INTO `des_upfile` VALUES ('20', '98', '2017-06-28', '20170628171442', '', '', '0', '0');
