-- http://www.phpmyadmin.net
-- 
-- 主機: localhost
-- 建立日期: Jul 03, 2017, 10:16 AM
-- 伺服器版本: 5.5.31
-- PHP 版本: 5.5.20
-- 
-- 資料庫: `b-work-tt-moto`
-- 

-- --------------------------------------------------------

-- 
-- 資料表格式： `car_contract`
-- 

CREATE TABLE `car_contract` (
  `SaleId` bigint(8) NOT NULL AUTO_INCREMENT,
  `Dat` varchar(10) COLLATE utf8_unicode_ci NOT NULL,
  `CntrNo` varchar(20) COLLATE utf8_unicode_ci NOT NULL,
  `CllOutNo` varchar(20) COLLATE utf8_unicode_ci NOT NULL,
  `Dep` varchar(20) CHARACTER SET utf8 DEFAULT NULL,
  `SaleMan` varchar(10) COLLATE utf8_unicode_ci NOT NULL,
  `Name` varchar(100) COLLATE utf8_unicode_ci DEFAULT NULL,
  `BirthDay` varchar(10) COLLATE utf8_unicode_ci NOT NULL,
  `IdNo` varchar(10) COLLATE utf8_unicode_ci NOT NULL,
  `LicNo` varchar(10) COLLATE utf8_unicode_ci NOT NULL,
  `Tel` varchar(20) COLLATE utf8_unicode_ci NOT NULL,
  `Cell` varchar(20) COLLATE utf8_unicode_ci NOT NULL,
  `City` varchar(20) COLLATE utf8_unicode_ci NOT NULL,
  `Adr` varchar(100) COLLATE utf8_unicode_ci NOT NULL,
  `Payment` varchar(10) COLLATE utf8_unicode_ci NOT NULL,
  `LeaseCo` varchar(100) COLLATE utf8_unicode_ci DEFAULT NULL,
  `LoanCo` varchar(100) COLLATE utf8_unicode_ci DEFAULT NULL,
  `CntrAmt` bigint(10) DEFAULT '0',
  `EstDelDat` varchar(10) COLLATE utf8_unicode_ci NOT NULL,
  `Memo` varchar(50) COLLATE utf8_unicode_ci NOT NULL,
  `FinalDat` varchar(10) COLLATE utf8_unicode_ci NOT NULL,
  `FinalUser` varchar(4) COLLATE utf8_unicode_ci DEFAULT '0',
  PRIMARY KEY (`SaleId`)
) ENGINE=InnoDB AUTO_INCREMENT=72 DEFAULT CHARSET=utf8 COLLATE=utf8_unicode_ci AUTO_INCREMENT=72 ;

-- 
-- 列出以下資料庫的數據： `car_contract`
-- 

INSERT INTO `car_contract` VALUES (1, '105.04.20', 'MT106020', '', '重機', '戴松穎', '林文冠', '52.02.16', 'A123232681', '', '', '', '新北市淡水區', '坪頂路291號13樓', '現金', '', '', 0, '', '', '', '0');
INSERT INTO `car_contract` VALUES (2, '105.06.20', 'MT106055', '', '重機', '吳臣宏', '林宏勳', '42.09.02', 'Q102041772', '', '', '', '桃園市中壢區', '興仁路二段436號3樓之3', '現金', '', '', 0, '', '', '', '0');
INSERT INTO `car_contract` VALUES (3, '105.04.20', 'MT05001', '', '公司', '許平', '大桐汽車股份有限公司', '', '', '43871955', '', '', '桃園市桃園區', '文中路746號', '現金', '', '', 0, '', '', '', '0');
INSERT INTO `car_contract` VALUES (4, '105.07.20', 'MT106039', '', '重機', '戴松穎', '張銘輝', '56.03.19', 'J120264705', '', '', '', '新竹市北區', '東區東山街60巷19號', '現金', '', '', 0, '', '', '', '0');
INSERT INTO `car_contract` VALUES (5, '104.06.20', 'MT106038', '', '重機', '戴松穎', '蔡欣憲', '59.05.02', 'V120531934', '', '', '', '台東縣台東市', '新展街23巷2弄24號5樓', '現金', '', '', 0, '', '', '', '0');
INSERT INTO `car_contract` VALUES (6, '105.05.20', 'MT106053', '', '重機', '朱光龍', '古建庭', '70.08.20', 'H122996067', '', '', '', '桃園市平鎮區', '賦梅北路437號', '現金', '', '', 0, '', '', '', '0');
INSERT INTO `car_contract` VALUES (7, '105.11.20', 'MT00909', '', '重機', '戴松穎', '翁偉哲建築師事務所', '', '', '26771262', '', '', '新竹縣竹北市', '四維街95巷9號', '現金', '', '', 0, '', '', '', '0');
INSERT INTO `car_contract` VALUES (8, '105.11.20', 'MT00931', '', '重機', '戴松穎', '張運松', '59.10.11', 'S121867930', '', '', '', '桃園市中壢區', '龍昌路298號', '現金', '', '', 0, '', '', '', '0');
INSERT INTO `car_contract` VALUES (9, '105.11.20', 'MT00932', '', '重機', '戴松穎', '黃振昇', '60.11.24', 'U120427201', '', '', '', '台北市大安區', '信義路三段147巷5弄11之3號', '現金', '', '', 0, '', '', '', '0');
INSERT INTO `car_contract` VALUES (10, '105.11.20', 'MT00939', '', '重機', '吳臣宏', '郭文煌', '64.09.05', 'H121891232', '', '', '', '桃園市中壢區', '榮和五街78號', '現金', '', '', 0, '', '', '', '0');
INSERT INTO `car_contract` VALUES (11, '106.01.20', 'MT00923', '', '重機', '吳臣宏', '黃清發', '45.01.11', 'C100758933', '', '', '', '基隆市仁愛區', '成功一路118巷3弄5之1號', '現金', '', '', 0, '', '', '', '0');
INSERT INTO `car_contract` VALUES (12, '106.02.20', 'MT01056', '', '重機', '戴松穎', '吳文亮', '57.07.24', 'L121343564', '', '', '', '台中市豐原區', '西勢路114巷26號', '現金', '', '', 0, '', '', '', '0');
INSERT INTO `car_contract` VALUES (13, '106.02.20', 'MT01072', '', '重機', '戴松穎', '鄧德民', '59.02.21', 'N120425792', '', '', '', '彰化縣鹿港鎮', '海浴路鹿興巷175號', '現金', '', '', 0, '', '', '', '0');
INSERT INTO `car_contract` VALUES (14, '106.02.20', 'MT00947', '', '重機', '鑾季遠', '黃萬松', '50.02.20', 'U120281527', '', '', '', '桃園市龍潭區', '民強街31號地下一樓', '現金', '', '', 0, '', '', '', '0');
INSERT INTO `car_contract` VALUES (15, '106.02.20', 'MT106037', '', '重機', '戴松穎', '合相股份有限公司', '', '', '12869413', '', '', '台北市中山區', '民權西路79號5樓', '現金', '', '', 0, '', '', '', '0');
INSERT INTO `car_contract` VALUES (16, '106.02.20', 'MT01049', '', '重機', '鑾季遠', '劉家孟', '', '', '', '', '', '', '', '', NULL, NULL, 0, '', '', '', '0');
INSERT INTO `car_contract` VALUES (17, '106.02.20', 'MT01039', '', '重機', '吳臣宏', '楊家騄', '', '', '', '', '', '', '', '', NULL, NULL, 0, '', '', '', '0');
INSERT INTO `car_contract` VALUES (18, '106.02.20', 'MT106041', '', '重機', '吳臣宏', '王怡喬', '', '', '', '', '', '', '', '', NULL, NULL, 0, '', '', '', '0');
INSERT INTO `car_contract` VALUES (19, '106.02.20', 'MT106061', '', '重機', '吳臣宏', '涂耀文', '55.05.18', 'Q120678295', '', '', '', '嘉義縣朴子市', '大槺榔93號', '現金', '', '', 0, '', '', '', '0');
INSERT INTO `car_contract` VALUES (20, '106.03.20', 'MT01100', '', '重機', '鑾季遠', '張志仁', '61.05.11', 'H121210862', '', '', '', '桃園市龜山區', '萬壽路一段301號', '現金', '', '', 0, '', '', '', '0');
INSERT INTO `car_contract` VALUES (21, '106.03.20', 'MT106044', '', '重機', '戴松穎', '王銘文', '55.05.28', 'C120398906', '', '', '', '台東縣綠島鄉', '漁港3之1號', '現金', '', '', 0, '', '', '', '0');
INSERT INTO `car_contract` VALUES (22, '106.03.20', 'MT106052', '', '重機', '戴松穎', '劉詔', '44.01.12', 'H102177557', '', '', '', '桃園市平鎮區', '南平路二段400號', '現金', '', '', 0, '', '', '', '0');
INSERT INTO `car_contract` VALUES (23, '106.03.20', 'MT01090', '', '重機', '吳臣宏', '陳厚翰', '', '', '', '', '', '', '', '', NULL, NULL, 0, '', '', '', '0');
INSERT INTO `car_contract` VALUES (24, '106.03.20', 'MT106060', '', '', '鑾季遠', '林俊良', '', '', '', '', '', '桃園市桃園區', '', '現金', '', '', 0, '', '', '', '0');
INSERT INTO `car_contract` VALUES (25, '106.03.20', 'MT106018', '', '', '鑾季遠', '李興華', '', '', '', '', '', '桃園市桃園區', '', '現金', '', '', 0, '', '', '', '0');
INSERT INTO `car_contract` VALUES (26, '106.03.20', 'MT01081', '', '重機', '戴松穎', '江尚龍', '', '', '', '', '', '', '', '', NULL, NULL, 0, '', '', '', '0');
INSERT INTO `car_contract` VALUES (27, '106.03.20', 'MT00950', '', '重機', '吳臣宏', '林俊宏', '', '', '', '', '', '', '', '', NULL, NULL, 0, '', '', '', '0');
INSERT INTO `car_contract` VALUES (28, '106.03.20', 'MT106024', '', '重機', '吳臣宏', '邱守仁', '', '', '', '', '', '', '', '', NULL, NULL, 0, '', '', '', '0');
INSERT INTO `car_contract` VALUES (29, '106.03.20', 'MT106023', '', '重機', '吳瑞和', '李朝岳', '', '', '', '', '', '', '', '', NULL, NULL, 0, '', '', '', '0');
INSERT INTO `car_contract` VALUES (30, '106.03.20', 'MT106046', '', '重機', '戴松穎', '廖友維', '', '', '', '', '', '', '', '', NULL, NULL, 0, '', '', '', '0');
INSERT INTO `car_contract` VALUES (31, '106.03.20', 'MT106047', '', '重機', '鑾季遠', '徐心儀', '', '', '', '', '', '', '', '', NULL, NULL, 0, '', '', '', '0');
INSERT INTO `car_contract` VALUES (32, '106.03.20', 'MT106002', '', '重機', '吳臣宏', '徐鳳徽', '', '', '', '', '', '', '', '', NULL, NULL, 0, '', '', '', '0');
INSERT INTO `car_contract` VALUES (33, '106.03.20', 'MT106015', '', '重機', '朱光龍', '黃桂柔', '', '', '', '', '', '', '', '', NULL, NULL, 0, '', '', '', '0');
INSERT INTO `car_contract` VALUES (34, '106.03.20', 'MT01091', '', '重機', '吳臣宏', '梁棟', '', '', '', '', '', '', '', '', NULL, NULL, 0, '', '', '', '0');
INSERT INTO `car_contract` VALUES (35, '106.03.20', 'MT01079', '', '重機', '朱光龍', '朱施蓉', '', '', '', '', '', '', '', '', NULL, NULL, 0, '', '', '', '0');
INSERT INTO `car_contract` VALUES (36, '106.04.20', 'MT106019', '', '重機', '戴松穎', '陳品誠', '', '', '', '', '', '', '', '', NULL, NULL, 0, '', '', '', '0');
INSERT INTO `car_contract` VALUES (37, '106.04.20', 'MT106042', '', '重機', '吳臣宏', '鄭益昇', '', '', '', '', '', '', '', '', NULL, NULL, 0, '', '', '', '0');
INSERT INTO `car_contract` VALUES (38, '106.04.20', 'MT01065', '', '重機', '戴松穎', '王樂興', '', '', '', '', '', '', '', '', NULL, NULL, 0, '', '', '', '0');
INSERT INTO `car_contract` VALUES (39, '106.04.20', 'MT01084', '', '重機', '戴松穎', '孫茂霖', '', '', '', '', '', '', '', '', NULL, NULL, 0, '', '', '', '0');
INSERT INTO `car_contract` VALUES (40, '106.04.20', 'MT01083', '', '重機', '戴松穎', '林建民', '', '', '', '', '', '', '', '', NULL, NULL, 0, '', '', '', '0');
INSERT INTO `car_contract` VALUES (41, '106.04.20', 'MT01067', '', '重機', '戴松穎', '林坤清', '', '', '', '', '', '', '', '', NULL, NULL, 0, '', '', '', '0');
INSERT INTO `car_contract` VALUES (42, '106.04.20', 'MT106012', '', '重機', '吳臣宏', '陳國鈞', '', '', '', '', '', '', '', '', NULL, NULL, 0, '', '', '', '0');
INSERT INTO `car_contract` VALUES (43, '106.04.20', 'MT106051', '', '重機', '鑾季遠', '向月端', '53.08.15', 'H221551753', '', '', '', '桃園市平鎮區', '振昌街18號', '現金', '', '', 0, '', '', '', '0');
INSERT INTO `car_contract` VALUES (44, '106.04.20', 'MT106005', '', '重機', '戴松穎', '周志留', '', '', '', '', '', '', '', '', NULL, NULL, 0, '', '', '', '0');
INSERT INTO `car_contract` VALUES (45, '106.04.20', 'MT106008', '', '重機', '戴松穎', '邱國芳', '', '', '', '', '', '', '', '', NULL, NULL, 0, '', '', '', '0');
INSERT INTO `car_contract` VALUES (46, '106.04.20', 'MT106013', '', '', '戴松穎', '李國安', '', '', '', '', '', '桃園市桃園區', '', '現金', '', '', 0, '', '', '', '0');
INSERT INTO `car_contract` VALUES (47, '106.04.20', 'MT01060', '', '重機', '戴松穎', '余佳銘', '', '', '', '', '', '', '', '', NULL, NULL, 0, '', '', '', '0');
INSERT INTO `car_contract` VALUES (48, '106.05.20', 'MT106057', '', '重機', '戴松穎', '許志宏', '', '', '', '', '', '', '', '', NULL, NULL, 0, '', '', '', '0');
INSERT INTO `car_contract` VALUES (49, '106.05.20', 'MT106040', '', '重機', '吳臣宏', '羅勝男', '', '', '', '', '', '', '', '', NULL, NULL, 0, '', '', '', '0');
INSERT INTO `car_contract` VALUES (50, '106.05.20', 'MT106027', '', '重機', '鑾季遠', '洪榮德', '', '', '', '', '', '', '', '', NULL, NULL, 0, '', '', '', '0');
INSERT INTO `car_contract` VALUES (51, '106.06.20', 'MT106045', '', '重機', '戴松穎', '洪阿芳', '', '', '', '', '', '', '', '', NULL, NULL, 0, '', '', '', '0');
INSERT INTO `car_contract` VALUES (52, '106.05.25', 'MT106059', '', '重機', '戴松穎', '劉連進', '55.09.26', 'F122019527', '', '', '', '新北市土城區', '國際路67號', '現金', '', '', 0, '', '', '', '0');
INSERT INTO `car_contract` VALUES (53, '106.06.01', 'MT106067', '', '', '戴松穎', '張連利', '', '', '', '', '', '桃園市桃園區', '', '現金', '', '', 0, '', '', '', '0');
INSERT INTO `car_contract` VALUES (54, '106.06.01', 'MT106066', '', '', '鑾季遠', '吳旻耕', '', '', '', '', '', '桃園市桃園區', '', '現金', '', '', 0, '', '', '', '0');
INSERT INTO `car_contract` VALUES (55, '106.05.19', 'MT106056', '', '重機', '吳臣宏', '廖浩良', '79.07.08', 'H124150603', '', '', '', '桃園市觀音區', '三座屋4之8號', '現金', '', '', 0, '', '', '', '0');
INSERT INTO `car_contract` VALUES (56, '106.05.22', 'MT106064', '', '', '吳臣宏', '李佩思', '', '', '', '', '', '桃園市桃園區', '', '現金', '', '', 0, '', '', '', '0');
INSERT INTO `car_contract` VALUES (57, '106.05.22', 'MT106065', '', '', '吳臣宏', '陳信評', '', '', '', '', '', '桃園市桃園區', '', '現金', '', '', 0, '', '', '', '0');
INSERT INTO `car_contract` VALUES (58, '106.05.24', 'MT106058', '', '重機', '戴松穎', '陳子翔', '76.05.28', 'O100168145', '', '', '', '新竹市北區', '香山區經國路三段92巷30號11樓', '現金', '', '', 0, '', '', '', '0');
INSERT INTO `car_contract` VALUES (59, '106.05.31', 'MT00721', '', '重機', '戴松穎', '創快設計有限公司', '', '', '54227742', '', '', '桃園市桃園區', '大業路一段97號8樓', '現金', '', '', 0, '', '', '', '0');
INSERT INTO `car_contract` VALUES (60, '106.06.06', 'MT106068', '', '重機', '戴松穎', '袁敬和', '53.09.06', 'Y120216595', '', '0988085301', '', '台北市士林區', '忠誠路一段155號7樓', '現金', '', '', 0, '', '', '', '0');
INSERT INTO `car_contract` VALUES (61, '106.06.09', 'MT106069', '', '', '戴松穎', '夏榮聰', '', '', '', '0910293386', '', '桃園市桃園區', '', '現金', '', '', 0, '', '', '', '0');
INSERT INTO `car_contract` VALUES (63, '106.06.21', 'MT106048', '', '重機', '鑾季遠', '李志雄', '', '', '', '', '0937995977', '桃園市桃園區', '', '現金', '', '', 0, '', '', '', '0');
INSERT INTO `car_contract` VALUES (64, '106.06.22', 'MT106071', '', '重機', '戴松穎', '郭承榮', '55.05.11', 'E121268016', '', '', '', '高雄市新興區', '六合一路147號', '現金', '', '', 0, '', '', '', '0');
INSERT INTO `car_contract` VALUES (65, '106.06.23', 'MT106014', '', '重機', '鑾季遠', '呂金益', '', 'F100126103', '', '', '0935917139', '桃園市桃園區', '', '現金', '', '', 0, '', '', '', '0');
INSERT INTO `car_contract` VALUES (66, '106.06.26', 'MT106063', '', '重機', '吳臣宏', '曾士銘', '57.08.04', 'S120086995', '', '', '0911741512', '桃園市桃園區', '', '現金', '', '', 0, '', '', '', '0');
INSERT INTO `car_contract` VALUES (67, '106.06.26', 'MT106072', '', '重機', '吳臣宏', '葉秋宏', '60.11.12', 'F120110432', '', '', '0932189879', '桃園市桃園區', '', '現金', '', '', 0, '', '', '', '0');
INSERT INTO `car_contract` VALUES (68, '106.06.28', 'MT106076', '', '重機', '鑾季遠', '賴國民', '', 'B121252533', '', '', '0932617955', '桃園市桃園區', '', '現金', '', '', 0, '', '', '', '0');
INSERT INTO `car_contract` VALUES (69, '106.06.28', 'MT106077', '', '重機', '鑾季遠', '陳彥銘', '', 'L121632351', '', '', '0935367950', '桃園市桃園區', '', '現金', '', '', 0, '', '', '', '0');
INSERT INTO `car_contract` VALUES (70, '106.07.01', 'MT106078', '', '重機', '廖宗林', '林豐稘', '58.04.29', 'F129496568', '', '', '0933097126', '桃園市桃園區', '', '現金', '', '', 0, '', '', '', '0');
INSERT INTO `car_contract` VALUES (71, '106.07.01', 'MT106075', '', '重機', '鑾季遠', '夏慶霖', '', 'H121300585', '', '', '0935216669', '桃園市桃園區', '', '現金', '', '', 0, '', '', '', '0');

-- --------------------------------------------------------

-- 
-- 資料表格式： `car_contract_void`
-- 

CREATE TABLE `car_contract_void` (
  `SaleId` varchar(8) COLLATE utf8_unicode_ci NOT NULL,
  `Dat` varchar(10) COLLATE utf8_unicode_ci NOT NULL,
  `CntrNo` varchar(20) COLLATE utf8_unicode_ci NOT NULL,
  `CllOutNo` varchar(20) COLLATE utf8_unicode_ci NOT NULL,
  `Dep` varchar(20) COLLATE utf8_unicode_ci NOT NULL,
  `SaleMan` varchar(10) COLLATE utf8_unicode_ci NOT NULL,
  `Name` varchar(100) COLLATE utf8_unicode_ci DEFAULT NULL,
  `BirthDay` varchar(10) COLLATE utf8_unicode_ci NOT NULL,
  `IdNo` varchar(10) COLLATE utf8_unicode_ci NOT NULL,
  `LicNo` varchar(10) COLLATE utf8_unicode_ci NOT NULL,
  `Tel` varchar(20) COLLATE utf8_unicode_ci NOT NULL,
  `Cell` varchar(20) COLLATE utf8_unicode_ci NOT NULL,
  `City` varchar(20) COLLATE utf8_unicode_ci NOT NULL,
  `Adr` varchar(100) COLLATE utf8_unicode_ci NOT NULL,
  `Payment` varchar(10) COLLATE utf8_unicode_ci NOT NULL,
  `LeaseCo` varchar(100) COLLATE utf8_unicode_ci DEFAULT NULL,
  `LoanCo` varchar(100) COLLATE utf8_unicode_ci DEFAULT NULL,
  `CntrAmt` bigint(10) DEFAULT NULL,
  `EstDelDat` varchar(10) COLLATE utf8_unicode_ci NOT NULL,
  `Memo` varchar(50) COLLATE utf8_unicode_ci NOT NULL,
  `FinalUser` varchar(4) COLLATE utf8_unicode_ci DEFAULT '0',
  `ChgFlag` varchar(1) COLLATE utf8_unicode_ci NOT NULL DEFAULT '0',
  `VoidDat` varchar(10) COLLATE utf8_unicode_ci NOT NULL,
  `Remark` varchar(100) COLLATE utf8_unicode_ci NOT NULL,
  `Tmk` datetime NOT NULL,
  `UserId` varchar(4) COLLATE utf8_unicode_ci NOT NULL
) ENGINE=MyISAM DEFAULT CHARSET=utf8 COLLATE=utf8_unicode_ci;

-- 
-- 列出以下資料庫的數據： `car_contract_void`
-- 

INSERT INTO `car_contract_void` VALUES ('17', '106.02.20', 'MT01039', '', '重機', '吳臣宏', '楊家騄', '', '', '', '', '', '', '', '', '', '', 0, '', '', '0', '1', '106.06.05', '換車', '2017-06-05 15:02:15', '1083');
INSERT INTO `car_contract_void` VALUES ('18', '106.02.20', 'MT106041', '', '重機', '吳臣宏', '王怡喬', '', '', '', '', '', '', '', '', '', '', 0, '', '', '0', '1', '106.06.05', '換車', '2017-06-05 15:03:36', '1083');
INSERT INTO `car_contract_void` VALUES ('35', '106.03.20', 'MT01079', '', '重機', '朱光龍', '朱施蓉', '', '', '', '', '', '', '', '', '', '', 0, '', '', '0', '1', '106.06.05', '不排車', '2017-06-05 15:06:55', '1083');
INSERT INTO `car_contract_void` VALUES ('43', '106.04.20', 'MT106051', '', '重機', '鑾季遠', '向月端', '', '', '', '', '', '', '', '', '', '', 0, '', '', '0', '1', '106.06.05', '換車', '2017-06-05 15:08:49', '1083');
INSERT INTO `car_contract_void` VALUES ('58', '106.05.24', 'MT106058', '', '', '戴松穎', '陳子翔', '', '', '', '', '', '桃園市', '', '現金', '', '', 0, '', '', '0', '1', '106.06.14', '換車', '2017-06-14 16:10:04', '1083');
INSERT INTO `car_contract_void` VALUES ('62', '106.06.12', 'MT106062', '', '重機', '吳臣宏', '陳振鴻', '', 'A128928280', '', '', '0930977255', '桃園市', '', '現金', '', '', 0, '', '', '0', '1', '106.06.13', '待退車', '2017-06-15 13:24:49', '1083');
INSERT INTO `car_contract_void` VALUES ('62', '106.06.12', 'MT106062', '', '重機', '吳臣宏', '陳振鴻', '', 'A128928280', '', '', '0930977255', '桃園市', '', '現金', '', '', 0, '', '', '0', '2', '106.06.13', '待退車', '2017-06-15 13:25:45', '1083');
INSERT INTO `car_contract_void` VALUES ('18', '106.02.20', 'MT106041', '', '重機', '吳臣宏', '王怡喬', '', '', '', '', '', '', '', '', '', '', 0, '', '', '0', '1', '106.06.21', '退訂', '2017-06-21 10:12:05', '1083');
INSERT INTO `car_contract_void` VALUES ('17', '106.02.20', 'MT01039', '', '重機', '吳臣宏', '楊家騄', '', '', '', '', '', '', '', '', '', '', 0, '', '', '0', '1', '106.06.22', '換車', '2017-06-22 11:18:50', '1083');
INSERT INTO `car_contract_void` VALUES ('34', '106.03.20', 'MT01091', '', '重機', '吳臣宏', '梁棟', '', '', '', '', '', '', '', '', '', '', 0, '', '', '0', '1', '106.06.22', '換車', '2017-06-22 11:31:49', '1083');
INSERT INTO `car_contract_void` VALUES ('57', '106.05.22', 'MT106065', '', '', '吳臣宏', '陳信評', '', '', '', '', '', '桃園市', '', '現金', '', '', 0, '', '', '0', '1', '106.06.23', '換車型', '2017-06-23 09:05:32', '1083');
INSERT INTO `car_contract_void` VALUES ('19', '106.02.20', 'MT106061', '', '重機', '朱光龍', '涂耀文', '', '', '', '', '', '', '', '', '', '', 0, '', '', '0', '1', '106.06.23', '換車', '2017-06-23 15:31:45', '1083');
INSERT INTO `car_contract_void` VALUES ('24', '106.03.20', 'MT106060', '', '', '鑾季遠', '林俊良', '', '', '', '', '', '桃園市', '', '現金', '', '', 0, '', '', '0', '1', '106.06.23', '換車', '2017-06-23 17:47:13', '1083');

-- --------------------------------------------------------

-- 
-- 資料表格式： `car_deco`
-- 

CREATE TABLE `car_deco` (
  `CarId` varchar(8) COLLATE utf8_unicode_ci NOT NULL,
  `SerNo` tinyint(3) unsigned NOT NULL,
  `Dat` varchar(10) COLLATE utf8_unicode_ci NOT NULL,
  `DecoNo` varchar(100) COLLATE utf8_unicode_ci NOT NULL,
  `Des` varchar(100) COLLATE utf8_unicode_ci NOT NULL,
  `Amt` decimal(10,2) DEFAULT '0.00',
  `Memo` varchar(100) COLLATE utf8_unicode_ci NOT NULL
) ENGINE=MyISAM DEFAULT CHARSET=utf8 COLLATE=utf8_unicode_ci;

-- 
-- 列出以下資料庫的數據： `car_deco`
-- 


-- --------------------------------------------------------

-- 
-- 資料表格式： `car_fina_lock`
-- 

CREATE TABLE `car_fina_lock` (
  `LockDat` varchar(10) CHARACTER SET utf8 COLLATE utf8_unicode_ci DEFAULT NULL,
  `LockTmk` datetime DEFAULT NULL,
  `LockUser` varchar(4) CHARACTER SET utf8 COLLATE utf8_unicode_ci DEFAULT NULL,
  `LockMemo` varchar(50) CHARACTER SET utf8 COLLATE utf8_unicode_ci DEFAULT NULL
) ENGINE=InnoDB DEFAULT CHARSET=latin1;

-- 
-- 列出以下資料庫的數據： `car_fina_lock`
-- 

INSERT INTO `car_fina_lock` VALUES ('104.12.31', '2015-12-31 23:59:59', '98', 'Init');

-- --------------------------------------------------------

-- 
-- 資料表格式： `car_fina_pay`
-- 

CREATE TABLE `car_fina_pay` (
  `CarId` varchar(8) COLLATE utf8_unicode_ci DEFAULT NULL,
  `BegDat` varchar(10) COLLATE utf8_unicode_ci DEFAULT NULL,
  `EndDat` varchar(10) COLLATE utf8_unicode_ci NOT NULL,
  `CarInCat` varchar(1) COLLATE utf8_unicode_ci DEFAULT '1',
  `PaySum` bigint(10) NOT NULL
) ENGINE=MyISAM DEFAULT CHARSET=utf8 COLLATE=utf8_unicode_ci;

-- 
-- 列出以下資料庫的數據： `car_fina_pay`
-- 


-- --------------------------------------------------------

-- 
-- 資料表格式： `car_fina_rec`
-- 

CREATE TABLE `car_fina_rec` (
  `SaleId` varchar(8) COLLATE utf8_unicode_ci DEFAULT NULL,
  `BegDat` varchar(10) COLLATE utf8_unicode_ci DEFAULT NULL,
  `EndDat` varchar(10) COLLATE utf8_unicode_ci NOT NULL,
  `CntrCat` varchar(1) COLLATE utf8_unicode_ci DEFAULT '1'
) ENGINE=MyISAM DEFAULT CHARSET=utf8 COLLATE=utf8_unicode_ci;

-- 
-- 列出以下資料庫的數據： `car_fina_rec`
-- 

INSERT INTO `car_fina_rec` VALUES ('15', '106.04.10', '106.06.12', '1');
INSERT INTO `car_fina_rec` VALUES ('22', '106.05.03', '106.06.09', '1');
INSERT INTO `car_fina_rec` VALUES ('63', '106.06.20', '', '1');
INSERT INTO `car_fina_rec` VALUES ('58', '106.05.23', '106.06.05', '1');
INSERT INTO `car_fina_rec` VALUES ('65', '106.06.26', '', '1');
INSERT INTO `car_fina_rec` VALUES ('19', '106.05.17', '106.06.23', '1');
INSERT INTO `car_fina_rec` VALUES ('64', '106.06.21', '106.06.24', '1');

-- --------------------------------------------------------

-- 
-- 資料表格式： `car_finance`
-- 

CREATE TABLE `car_finance` (
  `FinaCat` varchar(2) COLLATE utf8_unicode_ci NOT NULL,
  `SrcId` varchar(8) COLLATE utf8_unicode_ci NOT NULL,
  `SerNo` tinyint(3) unsigned NOT NULL,
  `Dat` varchar(10) COLLATE utf8_unicode_ci NOT NULL,
  `Subject` varchar(100) COLLATE utf8_unicode_ci NOT NULL,
  `Des` varchar(100) COLLATE utf8_unicode_ci NOT NULL,
  `Amt` bigint(12) DEFAULT '0',
  `AmtTax` bigint(12) DEFAULT '0',
  `AmtUnTax` bigint(12) DEFAULT '0',
  `InvNo` varchar(20) COLLATE utf8_unicode_ci NOT NULL,
  `Memo` varchar(100) COLLATE utf8_unicode_ci NOT NULL,
  `PrtFlag` varchar(1) COLLATE utf8_unicode_ci NOT NULL DEFAULT '0'
) ENGINE=MyISAM DEFAULT CHARSET=utf8 COLLATE=utf8_unicode_ci;

-- 
-- 列出以下資料庫的數據： `car_finance`
-- 

INSERT INTO `car_finance` VALUES ('2', '15', 3, '106.06.12', '尾款', '現金', 10000, 0, 0, 'NX98971592', '', '0');
INSERT INTO `car_finance` VALUES ('2', '15', 2, '106.06.12', '二次款', '5259', 1119000, 0, 0, '', '', '0');
INSERT INTO `car_finance` VALUES ('2', '15', 1, '106.04.10', '訂金', 'VISA', 20000, 0, 0, 'NK28973705', '折', '0');
INSERT INTO `car_finance` VALUES ('2', '22', 2, '106.06.09', '尾款', '5259', 1189000, 0, 0, 'NX98971602', '', '0');
INSERT INTO `car_finance` VALUES ('2', '22', 1, '106.05.03', '訂金', '現金', 10000, 0, 0, 'NX98971051', '', '0');
INSERT INTO `car_finance` VALUES ('2', '63', 1, '106.06.20', '訂金', 'VISA', 100000, 0, 0, 'NX98972079', '', '0');
INSERT INTO `car_finance` VALUES ('2', '19', 2, '106.06.21', '二次款', 'VISA', 70000, 0, 0, 'NX98972084', '', '0');
INSERT INTO `car_finance` VALUES ('2', '58', 2, '106.06.05', '二次款', '5259', 179000, 0, 0, '', '', '0');
INSERT INTO `car_finance` VALUES ('2', '58', 1, '106.05.23', '訂金', 'VISA', 30000, 0, 0, 'NX98971080', '卡號9700', '0');
INSERT INTO `car_finance` VALUES ('2', '58', 3, '106.06.05', '尾款', '5259', 600000, 0, 0, 'NX98971572', '和潤60', '0');
INSERT INTO `car_finance` VALUES ('2', '65', 1, '106.06.26', '訂金', '現金', 20000, 0, 0, 'NX98972089', '', '0');
INSERT INTO `car_finance` VALUES ('2', '19', 3, '106.06.23', '尾款', '5259', 720000, 0, 0, 'NX98971693', '', '0');
INSERT INTO `car_finance` VALUES ('2', '19', 1, '106.05.17', '訂金', 'VISA', 30000, 0, 0, 'NX98971068', '', '0');
INSERT INTO `car_finance` VALUES ('2', '64', 1, '106.06.21', '尾款', '5259', 536000, 0, 0, 'NX98971680', '', '0');
INSERT INTO `car_finance` VALUES ('2', '64', 2, '106.06.24', '尾款', 'VISA', 100000, 0, 0, 'NX98971344', '補尾款', '0');

-- --------------------------------------------------------

-- 
-- 資料表格式： `car_insur`
-- 

CREATE TABLE `car_insur` (
  `InsId` int(8) unsigned NOT NULL AUTO_INCREMENT,
  `CntrNo` varchar(10) COLLATE utf8_unicode_ci DEFAULT NULL,
  `CntrName` varchar(100) COLLATE utf8_unicode_ci DEFAULT NULL,
  `CntrId` varchar(10) COLLATE utf8_unicode_ci DEFAULT NULL,
  `CntrBDat` varchar(10) COLLATE utf8_unicode_ci DEFAULT NULL,
  `CntrCity` varchar(20) COLLATE utf8_unicode_ci NOT NULL,
  `CntrAdd` varchar(100) COLLATE utf8_unicode_ci DEFAULT NULL,
  `CntrTel` varchar(50) COLLATE utf8_unicode_ci NOT NULL,
  `CntrCell` varchar(20) COLLATE utf8_unicode_ci NOT NULL,
  `CarModel` varchar(50) COLLATE utf8_unicode_ci DEFAULT NULL,
  `CarCat` varchar(8) COLLATE utf8_unicode_ci NOT NULL,
  `CarPdMon` varchar(8) COLLATE utf8_unicode_ci NOT NULL,
  `CarFrNo` varchar(20) COLLATE utf8_unicode_ci DEFAULT NULL,
  `CarOpt` varchar(100) COLLATE utf8_unicode_ci NOT NULL,
  `CarPltDat` varchar(10) COLLATE utf8_unicode_ci NOT NULL,
  `CarPltNo` varchar(20) COLLATE utf8_unicode_ci NOT NULL,
  `SaleDep` varchar(20) COLLATE utf8_unicode_ci NOT NULL,
  `SaleMan` varchar(20) COLLATE utf8_unicode_ci NOT NULL,
  `SalePay` varchar(10) COLLATE utf8_unicode_ci NOT NULL,
  `CarLeaCo` varchar(100) COLLATE utf8_unicode_ci DEFAULT NULL,
  `KeyInMan` varchar(10) COLLATE utf8_unicode_ci NOT NULL,
  `InsCat` varchar(10) COLLATE utf8_unicode_ci NOT NULL,
  `InsCo` varchar(10) COLLATE utf8_unicode_ci NOT NULL,
  `InsCdDat` varchar(10) COLLATE utf8_unicode_ci NOT NULL,
  `InsCdNo` varchar(20) COLLATE utf8_unicode_ci DEFAULT NULL,
  `InsNo` varchar(20) COLLATE utf8_unicode_ci DEFAULT NULL,
  `InsBegDat` varchar(10) COLLATE utf8_unicode_ci NOT NULL,
  `InsEndDat` varchar(10) COLLATE utf8_unicode_ci NOT NULL,
  `InsAmt1` bigint(12) DEFAULT NULL,
  `InsAmt2` bigint(12) DEFAULT NULL,
  `InsAmt3` bigint(12) DEFAULT NULL,
  `InsAmt4` bigint(12) DEFAULT NULL,
  `InsAmt5` bigint(12) DEFAULT NULL,
  `InsAmt6` bigint(12) DEFAULT NULL,
  `InsAmt7` bigint(12) DEFAULT NULL,
  `InsAmt8` bigint(12) DEFAULT NULL,
  `InsAmt9` bigint(12) DEFAULT NULL,
  `InsAmt10` bigint(12) DEFAULT NULL,
  `InsDes1` varchar(50) COLLATE utf8_unicode_ci NOT NULL,
  `InsDes2` varchar(50) COLLATE utf8_unicode_ci NOT NULL,
  `InsDes3` varchar(50) COLLATE utf8_unicode_ci NOT NULL,
  `InsDes4` varchar(50) COLLATE utf8_unicode_ci NOT NULL,
  `InsDes5` varchar(50) COLLATE utf8_unicode_ci NOT NULL,
  `InsDes6` varchar(50) COLLATE utf8_unicode_ci NOT NULL,
  `InsDes7` varchar(50) COLLATE utf8_unicode_ci NOT NULL,
  `InsDes8` varchar(50) COLLATE utf8_unicode_ci NOT NULL,
  `InsDes9` varchar(50) COLLATE utf8_unicode_ci NOT NULL,
  `InsDes10` varchar(50) COLLATE utf8_unicode_ci NOT NULL,
  `InsTotal` bigint(12) NOT NULL,
  `InsMemo` varchar(100) COLLATE utf8_unicode_ci NOT NULL,
  `PayDat` varchar(10) COLLATE utf8_unicode_ci NOT NULL,
  `PayMemo` varchar(100) COLLATE utf8_unicode_ci NOT NULL,
  `AvlFlag` varchar(1) COLLATE utf8_unicode_ci NOT NULL DEFAULT '1',
  `InsAmtLink` bigint(12) NOT NULL,
  `InsProgram` varchar(20) COLLATE utf8_unicode_ci NOT NULL,
  `CarResell` varchar(20) COLLATE utf8_unicode_ci NOT NULL,
  `LeaseExp` varchar(20) COLLATE utf8_unicode_ci NOT NULL,
  `LastSaleMan` varchar(10) COLLATE utf8_unicode_ci NOT NULL,
  `LastUpDtTmk` varchar(14) COLLATE utf8_unicode_ci DEFAULT NULL,
  PRIMARY KEY (`InsId`)
) ENGINE=MyISAM DEFAULT CHARSET=utf8 COLLATE=utf8_unicode_ci AUTO_INCREMENT=1 ;

-- 
-- 列出以下資料庫的數據： `car_insur`
-- 


-- --------------------------------------------------------

-- 
-- 資料表格式： `car_pur`
-- 

CREATE TABLE `car_pur` (
  `CarId` int(8) unsigned NOT NULL AUTO_INCREMENT,
  `SaleId` varchar(8) COLLATE utf8_unicode_ci NOT NULL,
  `FrNo10` varchar(50) COLLATE utf8_unicode_ci NOT NULL,
  `FrNo7` varchar(7) COLLATE utf8_unicode_ci NOT NULL,
  `CatId` varchar(8) COLLATE utf8_unicode_ci NOT NULL,
  `Color` varchar(10) COLLATE utf8_unicode_ci NOT NULL,
  `InColor` varchar(10) COLLATE utf8_unicode_ci NOT NULL,
  `OptList` varchar(100) COLLATE utf8_unicode_ci NOT NULL,
  `OrderNo` varchar(20) COLLATE utf8_unicode_ci NOT NULL,
  `Status` int(3) unsigned DEFAULT '0',
  `CllInNo` varchar(20) COLLATE utf8_unicode_ci NOT NULL,
  `OrderDat` varchar(10) COLLATE utf8_unicode_ci NOT NULL,
  `Supplier` varchar(20) COLLATE utf8_unicode_ci DEFAULT NULL,
  `Locat` varchar(10) COLLATE utf8_unicode_ci NOT NULL,
  `RsvFlag` varchar(1) COLLATE utf8_unicode_ci DEFAULT '0',
  `RsvMemo` varchar(50) COLLATE utf8_unicode_ci NOT NULL,
  `TestDrive` varchar(2) COLLATE utf8_unicode_ci DEFAULT '0',
  `TDCat` varchar(100) COLLATE utf8_unicode_ci NOT NULL,
  `OptPrice` varchar(10) COLLATE utf8_unicode_ci NOT NULL,
  PRIMARY KEY (`CarId`)
) ENGINE=MyISAM AUTO_INCREMENT=234 DEFAULT CHARSET=utf8 COLLATE=utf8_unicode_ci AUTO_INCREMENT=234 ;

-- 
-- 列出以下資料庫的數據： `car_pur`
-- 

INSERT INTO `car_pur` VALUES (1, '', 'WB1061301G', 'ZZ28774', '0613', 'NOP', 'B', '', '8518022', 41, '', '105.01.01', '', '', '0', '', '0', '', '');
INSERT INTO `car_pur` VALUES (2, '', 'WB10A1304G', 'Z195635', '0A13', 'NC9', 'B', 'NC9', '8518211', 41, '', '105.02.01', '', '', '0', '', '0', '', '');
INSERT INTO `car_pur` VALUES (3, '', 'WB10A1306G', 'Z195605', '0A13', 'NC9', 'B', 'NC9', '8518376', 41, '', '105.03.01', '', '', '0', '', '0', '', '');
INSERT INTO `car_pur` VALUES (4, '69', 'WB10A1308G', 'Z196142', '0A13', 'NC9', 'B', 'NC9', '8518632', 41, '', '105.04.01', '', '', '0', '', '0', '', '');
INSERT INTO `car_pur` VALUES (5, '68', 'WB10A130XG', 'Z196370', '0A13', 'N97', 'B', 'N97', '8519068', 41, '', '105.06.01', '', '', '0', '', '0', '', '');
INSERT INTO `car_pur` VALUES (6, '', 'WB10A1402G', 'Z197804', '0A14', 'NA1', 'B', '230.233.610', '8518380', 41, '', '105.03.01', '', '', '0', '', '0', '', '');
INSERT INTO `car_pur` VALUES (7, '1', 'WB10A1401G', 'Z197843', '0A14', 'NA1', 'B', '230.233', '8518635', 41, '', '105.04.01', '', '', '0', '', '0', '', '');
INSERT INTO `car_pur` VALUES (8, '63', 'WB10A1500H', 'Z379193', '0A15', 'N1N', 'B', '861', '8009568', 41, '', '105.10.01', '', '桃園', '0', '', '0', '', '');
INSERT INTO `car_pur` VALUES (9, '', 'WB10A1507H', 'Z379191', '0A15', 'N86', 'B', 'N86', '8009571', 41, '', '105.10.01', '', '', '0', '', '0', '', '');
INSERT INTO `car_pur` VALUES (10, '', 'WB10B1206G', 'ZL07883', '0B12', 'NC3', 'B&G', 'NC3', '8518367', 41, '', '105.03.01', '', '桃園', '0', '', '0', '', '');
INSERT INTO `car_pur` VALUES (11, '', 'WB10B1208G', 'ZL07903', '0B12', 'ND2', 'B&G', '862', '8518368', 41, '', '105.03.01', '', '桃園', '0', '', '0', '', '');
INSERT INTO `car_pur` VALUES (12, '', 'WB10B1200G', 'ZL07930', '0B12', 'NB5', 'B&G', '861', '8518501', 41, '', '105.04.01', '', '桃園', '0', '', '0', '', '');
INSERT INTO `car_pur` VALUES (13, '64', 'WB10B1202G', 'ZL07931', '0B12', 'ND2', 'B&G', '862', '8518502', 41, '', '105.04.01', '', '桃園', '0', '', '0', '', '');
INSERT INTO `car_pur` VALUES (14, '', 'WB10B1208G', 'ZL07934', '0B12', 'NC3', 'B&G', 'NC3', '8519043', 41, '', '105.06.01', '', '桃園', '0', '', '0', '', '');
INSERT INTO `car_pur` VALUES (15, '', 'WB10B1407G', 'ZC97798', '0B14', 'NB5', 'B', '539.764.774', '8517949', 41, '', '105.03.01', '', '桃園', '0', '', '0', '', '');
INSERT INTO `car_pur` VALUES (16, '', 'WB10B1409G', 'ZC97799', '0B14', 'ND8', 'B', '539.764.774', '8518194', 41, '', '105.03.01', '', '', '0', '', '0', '', '');
INSERT INTO `car_pur` VALUES (17, '', 'WB10B1400G', 'ZC97805', '0B14', 'NOA', 'B', '539.764.NOA', '8518362', 41, '', '105.03.01', '', '', '0', '', '0', '', '');
INSERT INTO `car_pur` VALUES (18, '', 'WB10B1402G', 'ZC97806', '0B14', 'NOA', 'B', '539.764.NOA', '8518363', 41, '', '105.03.01', '', '', '0', '', '0', '', '');
INSERT INTO `car_pur` VALUES (19, '', 'WB10B1404G', 'ZC97807', '0B14', 'ND8', 'B', '539.764', '8518364', 41, '', '105.03.01', '', '', '0', '', '0', '', '');
INSERT INTO `car_pur` VALUES (20, '', 'WB10B1404G', 'ZC97811', '0B14', 'ND9', 'B', '429.430.ND9', '8518810', 41, '', '105.05.01', '', '', '0', '', '0', '', '');
INSERT INTO `car_pur` VALUES (21, '', 'WB10B1405G', 'ZC97816', '0B14', 'NB5', 'B', '539.764', '8519045', 41, '', '105.06.01', '', '', '0', '', '0', '', '');
INSERT INTO `car_pur` VALUES (22, '', 'WB10B1401G', 'ZC97814', '0B14', 'NOA', 'B', '539.764.NOA', '8519044', 41, '', '105.06.01', '', '', '0', '', '0', '', '');
INSERT INTO `car_pur` VALUES (23, '70', 'WB10C1405G', 'Z314804', '0C14', 'ND2', 'B', '', '8518562', 41, '', '105.04.01', '', '', '0', '', '0', '', '');
INSERT INTO `car_pur` VALUES (24, '', 'WB10C140XG', 'Z314877', '0C14', 'ND2', 'B', '', '8518779', 41, '', '105.05.01', '', '', '0', '', '0', '', '');
INSERT INTO `car_pur` VALUES (25, '', 'WB10C1401G', 'Z314878', '0C14', 'ND2', 'B', '', '8518780', 41, '', '105.05.01', '', '', '0', '', '0', '', '');
INSERT INTO `car_pur` VALUES (26, '2', 'WB10C1403G', 'Z314915', '0C14', 'ND2', 'B', '', '8519035', 41, '', '105.06.01', '', '', '0', '', '0', '', '');
INSERT INTO `car_pur` VALUES (27, '55', 'WB10C1402G', 'Z314887', '0C14', 'NOV', 'B', 'NOV', '8518975', 41, '', '105.06.01', '', '', '0', '', '0', '', '');
INSERT INTO `car_pur` VALUES (28, '3', 'WB10C1403G', 'Z314803', '0C14', 'ND2', 'B', '', '8518561', 41, '', '105.04.01', '', '', '0', '', '0', '', '');
INSERT INTO `car_pur` VALUES (29, '4', 'WB10C1405G', 'Z314950', '0C14', 'NB5', 'B', '263', '8519310', 41, '', '105.07.01', '', '', '0', '', '0', '', '');
INSERT INTO `car_pur` VALUES (30, '5', 'WB10D1309G', 'Z462033', '0D13', 'NB5', 'B', '', '8516741', 41, '', '104.06.01', '', '', '0', '', '0', '', '');
INSERT INTO `car_pur` VALUES (31, '6', 'WB10D120XG', 'Z696960', '0D12', 'NB5', 'B', '', '8518846', 41, '', '105.05.01', '', '', '0', '', '0', '', '');
INSERT INTO `car_pur` VALUES (32, '', 'WB10D1208G', 'Z696939', '0D12', 'ND2', 'B', 'ND2', '8518847', 41, '', '105.05.01', '', '', '0', '', '0', '', '');
INSERT INTO `car_pur` VALUES (33, '', 'WB10D1206G', 'Z696972', '0D12', 'ND2', 'B', 'ND2', '8519246', 41, '', '105.07.01', '', '', '0', '', '0', '', '');
INSERT INTO `car_pur` VALUES (34, '', 'WB10D1208G', 'Z696973', '0D12', 'ND2', 'B', 'ND2', '8519247', 41, '', '105.07.01', '', '', '0', '', '0', '', '');
INSERT INTO `car_pur` VALUES (35, '7', 'WB10J3300H', 'Z794075', '0J33', 'N1R', 'BR', '', '8009738', 41, '', '105.11.01', '', '', '0', '', '0', '', '');
INSERT INTO `car_pur` VALUES (36, '8', 'WB10J3305H', 'Z794086', '0J33', 'N1R', 'BR', '', '8009746', 41, '', '105.11.01', '', '', '0', '', '0', '', '');
INSERT INTO `car_pur` VALUES (37, '9', 'WB10J3307H', 'Z794087', '0J33', 'N1R', 'BR', '', '8009747', 41, '', '105.11.01', '', '', '0', '', '0', '', '');
INSERT INTO `car_pur` VALUES (38, '10', 'WB10J3309H', 'Z794088', '0J33', 'N1R', 'BR', '', '8009748', 41, '', '105.11.01', '', '', '0', '', '0', '', '');
INSERT INTO `car_pur` VALUES (39, '59', 'WB10A1306H', 'Z399807', '0A13', '751', 'B', ' ', '8013048', 41, '', '106.01.01', '', '桃園', '0', '', '0', '', '');
INSERT INTO `car_pur` VALUES (40, '', '', '', '0A14', 'N1F', 'B', ' 233,560,861', '8013054', 1, '', '106.01.01', '', '', '0', '', '0', '', '');
INSERT INTO `car_pur` VALUES (41, '', '', '', '0A14', 'N44', 'B', ' 233,862', '8013055', 1, '', '106.01.01', '', '', '0', '', '0', '', '');
INSERT INTO `car_pur` VALUES (42, '', '', '', '0A14', 'NA5', 'B', ' 233', '8013056', 1, '', '106.01.01', '', '', '0', '', '0', '', '');
INSERT INTO `car_pur` VALUES (43, '', '', '', '0A15', 'N1N', 'B', ' 861', '8013058', 1, '', '106.01.01', '', '', '0', '', '0', '', '');
INSERT INTO `car_pur` VALUES (44, '11', 'WB10J3307H', 'Z794235', '0J33', 'N1R', 'BR', ' 17B,519,771', '8013045', 31, '', '106.01.01', '', '桃園', '0', '', '0', '', '');
INSERT INTO `car_pur` VALUES (45, '', 'WB10J3309H', 'Z794236', '0J33', 'N1R', 'BR', ' 519,771', '8013046', 31, '', '106.01.01', '', '桃園', '0', '', '0', '', '');
INSERT INTO `car_pur` VALUES (46, '12', 'WB10A1209H', 'Z897761', '0A12', 'NB5', 'B&OG', ' ', '8013344', 41, '', '106.02.01', '', '', '0', '', '0', '', '');
INSERT INTO `car_pur` VALUES (47, '13', 'WB10A1200H', 'Z897762', '0A12', 'NB5', 'B&OG', ' ', '8013345', 41, '', '106.02.01', '', '', '0', '', '0', '', '');
INSERT INTO `car_pur` VALUES (48, '14', 'WB10A1207H', 'Z897726', '0A12', 'N1H', 'B', ' 200', '8013346', 41, '', '106.02.01', '', '', '0', '', '0', '', '');
INSERT INTO `car_pur` VALUES (49, '15', 'WB10A1202H', 'Z897763', '0A12', 'N0L', 'B&R', ' ', '8013347', 41, '', '106.02.01', '', '桃園', '0', '', '0', '', '');
INSERT INTO `car_pur` VALUES (50, '52', 'WB10A1204H', 'Z897764', '0A12', 'N0L', 'B&R', ' ', '8013348', 41, '', '106.02.01', '', '桃園', '0', '', '0', '', '');
INSERT INTO `car_pur` VALUES (51, '', '', '', '0A15', 'N1N', 'B', ' 861', '8013358', 1, '', '106.02.01', '', '', '0', '', '0', '', '');
INSERT INTO `car_pur` VALUES (52, '', '', '', '0A15', 'N86', 'B', ' ', '8013359', 1, '', '106.02.01', '', '', '0', '', '0', '', '');
INSERT INTO `car_pur` VALUES (53, '16', 'WB10J330XH', 'Z794259', '0J33', 'N1R', 'BR', ' 771', '8013325', 31, '', '106.02.01', '', '桃園', '0', '', '0', '', '');
INSERT INTO `car_pur` VALUES (54, '', 'WB10J3306H', 'Z794260', '0J33', 'N1R', 'BR', ' 771', '8013326', 31, '', '106.02.01', '', '桃園', '0', '', '0', '', '');
INSERT INTO `car_pur` VALUES (55, '58', 'WB10J3308H', 'Z794261', '0J33', 'N1R', 'BR', ' 771', '8013327', 31, '', '106.02.01', '', '桃園', '0', '', '0', '', '');
INSERT INTO `car_pur` VALUES (56, '', 'WB10J330XH', 'Z794262', '0J33', 'N1R', 'BR', ' 771', '8013328', 31, '', '106.02.01', '', '桃園', '0', '', '0', '', '');
INSERT INTO `car_pur` VALUES (57, '', 'WB10J3301H', 'Z794263', '0J33', 'N1R', 'BR', ' 771', '8013329', 31, '', '106.02.01', '', '桃園', '0', '', '0', '', '');
INSERT INTO `car_pur` VALUES (58, '', 'WB10J3300H', 'Z794268', '0J33', 'N1R', 'BR', ' 771', '8013330', 31, '', '106.02.01', '', '桃園', '0', '', '0', '', '');
INSERT INTO `car_pur` VALUES (59, '', 'WB10J3302H', 'Z794269', '0J33', 'N1R', 'BR', ' 519,771', '8013331', 11, '', '106.02.01', '', '', '0', '', '0', '', '');
INSERT INTO `car_pur` VALUES (60, '19', 'WB10J3303H', 'Z794264', '0J33', 'N1R', 'BR', ' 519,771', '8013332', 11, '', '106.02.01', '', '桃園', '0', '', '0', '', '');
INSERT INTO `car_pur` VALUES (61, '', 'WB10J3303H', 'Z794247', '0J33', 'N1R', 'BR', ' 17B,771', '8013334', 11, '', '106.02.01', '', '桃園', '0', '', '0', '', '');
INSERT INTO `car_pur` VALUES (62, '', 'WB10J3305H', 'Z794248', '0J33', 'N1R', 'BR', ' 17B,771', '8013335', 11, '', '106.02.01', '', '桃園', '0', '', '0', '', '');
INSERT INTO `car_pur` VALUES (63, '60', 'WB10A1207H', 'Z898021', '0A12', 'NB5', 'B&OG', ' ', '8013716', 31, '', '106.03.01', '', '桃園', '0', '', '0', '', '');
INSERT INTO `car_pur` VALUES (64, '20', 'WB10A1204H', 'Z898008', '0A12', 'N1H', 'B', ' 200', '8013717', 31, '', '106.03.01', '', '桃園', '0', '', '0', '', '');
INSERT INTO `car_pur` VALUES (65, '43', 'WB10A1206H', 'Z898012', '0A12', 'N0L', 'B&R', ' ', '8013718', 31, '', '106.03.01', '', '桃園', '0', '', '0', '', '');
INSERT INTO `car_pur` VALUES (66, '21', 'WB10A1304H', 'Z431492', '0A13', '751', 'B', ' ', '8013719', 31, '', '106.03.01', '', '桃園', '0', '', '0', '', '');
INSERT INTO `car_pur` VALUES (67, '22', 'WB10A1306H', 'Z431493', '0A13', 'N1K', 'B', ' ', '8013720', 31, '', '106.03.01', '', '桃園', '0', '', '0', '', '');
INSERT INTO `car_pur` VALUES (68, '23', 'WB10A6109H', 'Z655390', '0A61', 'ND2', 'B', ' 771', '8013690', 11, '', '106.03.01', '', '', '0', '', '0', '', '');
INSERT INTO `car_pur` VALUES (69, '', 'WB10C1406H', 'Z314991', '0C14', 'NB5', 'B', ' ', '8013569', 11, '', '106.03.01', '', '桃園', '0', '', '0', '', '');
INSERT INTO `car_pur` VALUES (70, '', 'WB10C1404H', 'Z314987', '0C14', 'N0V', 'B', ' ', '8013570', 11, '', '106.03.01', '', '桃園', '0', '', '0', '', '');
INSERT INTO `car_pur` VALUES (71, '', 'WB10C1406H', 'Z314988', '0C14', 'N0V', 'B', ' ', '8013571', 11, '', '106.03.01', '', '桃園', '0', '', '0', '', '');
INSERT INTO `car_pur` VALUES (72, '', '', '', '0C15', 'NB5', 'B', ' ', '8013573', 1, '', '106.03.01', '', '', '0', '', '0', '', '');
INSERT INTO `car_pur` VALUES (73, '56', 'WB10C1504H', 'Z316026', '0C15', 'ND2', 'B', ' ', '8013577', 11, '', '106.03.01', '', '桃園', '0', '', '0', '', '');
INSERT INTO `car_pur` VALUES (74, '25', '', '', '0C15', 'N0W', 'B', ' ', '8013584', 1, '', '106.03.01', '', '', '0', '', '0', '', '');
INSERT INTO `car_pur` VALUES (75, '26', '', '', '0J03', 'ND2', 'B', ' ', '8013604', 1, '', '106.03.01', '', '', '0', '', '0', '', '');
INSERT INTO `car_pur` VALUES (76, '27', '', '', '0J03', 'ND2', 'B', ' ', '8013605', 1, '', '106.03.01', '', '', '0', '', '0', '', '');
INSERT INTO `car_pur` VALUES (77, '28', '', '', '0J03', 'ND2', 'B', ' ', '8013606', 1, '', '106.03.01', '', '', '0', '', '0', '', '');
INSERT INTO `car_pur` VALUES (78, '29', '', '', '0J03', 'ND2', 'B', ' ', '8013607', 1, '', '106.03.01', '', '', '0', '', '0', '', '');
INSERT INTO `car_pur` VALUES (79, '30', '', '', '0J03', 'ND2', 'B', ' ', '8013608', 1, '', '106.03.01', '', '', '0', '', '0', '', '');
INSERT INTO `car_pur` VALUES (80, '', '', '', '0J03', 'ND2', 'B', ' ', '8013609', 1, '', '106.03.01', '', '', '0', '', '0', '', '');
INSERT INTO `car_pur` VALUES (81, '', '', '', '0J03', 'ND2', 'B', ' 17A', '8013613', 1, '', '106.03.01', '', '', '0', '', '0', '', '');
INSERT INTO `car_pur` VALUES (82, '', '', '', '0J03', 'ND2', 'B', ' 17A', '8013614', 1, '', '106.03.01', '', '', '0', '', '0', '', '');
INSERT INTO `car_pur` VALUES (83, '', '', '', '0J03', 'ND2', 'B', ' 17B', '8013617', 1, '', '106.03.01', '', '', '0', '', '0', '', '');
INSERT INTO `car_pur` VALUES (84, '31', '', '', '0J13', 'N0Y', 'B', ' ', '8013648', 1, '', '106.03.01', '', '', '0', '', '0', '', '');
INSERT INTO `car_pur` VALUES (85, '', '', '', '0J13', 'N0Y', 'B', ' ', '8013649', 1, '', '106.03.01', '', '', '0', '', '0', '', '');
INSERT INTO `car_pur` VALUES (86, '', '', '', '0J13', 'N0Y', 'B', ' ', '8013650', 1, '', '106.03.01', '', '', '0', '', '0', '', '');
INSERT INTO `car_pur` VALUES (87, '32', '', '', '0J23', 'NB5', 'B', ' ', '8013656', 1, '', '106.03.01', '', '', '0', '', '0', '', '');
INSERT INTO `car_pur` VALUES (88, '33', '', '', '0J23', 'NB5', 'B', ' ', '8013657', 1, '', '106.03.01', '', '', '0', '', '0', '', '');
INSERT INTO `car_pur` VALUES (89, '', '', '', '0J23', 'NB5', 'B', ' ', '8013658', 1, '', '106.03.01', '', '', '0', '', '0', '', '');
INSERT INTO `car_pur` VALUES (90, '', '', '', '0J23', 'NB5', 'B', ' ', '8013659', 1, '', '106.03.01', '', '', '0', '', '0', '', '');
INSERT INTO `car_pur` VALUES (91, '', '', '', '0J23', 'NB5', 'B', ' ', '8013660', 1, '', '106.03.01', '', '', '0', '', '0', '', '');
INSERT INTO `car_pur` VALUES (92, '', 'WB10J3309H', 'Z794284', '0J33', 'N1R', 'BR', ' ', '8013671', 11, '', '106.03.01', '', '', '0', '', '0', '', '');
INSERT INTO `car_pur` VALUES (93, '', 'WB10J3300H', 'Z794285', '0J33', 'N1R', 'BR', ' ', '8013672', 11, '', '106.03.01', '', '', '0', '', '0', '', '');
INSERT INTO `car_pur` VALUES (94, '17', 'WB10J3302H', 'Z794286', '0J33', 'N1R', 'BR', ' ', '8013673', 11, '', '106.03.01', '', '桃園', '0', '', '0', '', '');
INSERT INTO `car_pur` VALUES (95, '', 'WB10J3304H', 'Z794287', '0J33', 'N1R', 'BR', ' 17B,633', '8013674', 11, '', '106.03.01', '', '', '0', '', '0', '', '');
INSERT INTO `car_pur` VALUES (96, '34', 'WB10J3306H', 'Z794288', '0J33', 'N1R', 'BR', ' 17B,633', '8013675', 11, '', '106.03.01', '', '', '0', '', '0', '', '');
INSERT INTO `car_pur` VALUES (97, '', '', '', '0A12', 'N0L', 'B&R', ' 499', '8014183', 1, '', '106.04.01', '', '', '0', '', '0', '', '');
INSERT INTO `car_pur` VALUES (98, '36', '', '', '0A12', 'N1H', 'B', ' 200,499', '8014184', 1, '', '106.04.01', '', '', '0', '', '0', '', '');
INSERT INTO `car_pur` VALUES (99, '37', '', '', '0A12', 'N1H', 'B', ' 200', '8014185', 1, '', '106.04.01', '', '', '0', '', '0', '', '');
INSERT INTO `car_pur` VALUES (100, '67', '', '', '0A12', 'NB5', 'B&OG', ' ', '8014186', 1, '', '106.04.01', '', '', '0', '', '0', '', '');
INSERT INTO `car_pur` VALUES (101, '', '', '', '0A12', 'NB5', 'B&OG', ' 499', '8014187', 1, '', '106.04.01', '', '', '0', '', '0', '', '');
INSERT INTO `car_pur` VALUES (102, '', '', '', '0A13', 'N97', 'B', ' ', '8014124', 1, '', '106.04.01', '', '', '0', '', '0', '', '');
INSERT INTO `car_pur` VALUES (103, '38', '', '', '0A61', 'N1S', 'B', ' 771,776', '8013679', 1, '', '106.04.01', '', '', '0', '', '0', '', '');
INSERT INTO `car_pur` VALUES (104, '39', '', '', '0A61', 'N1S', 'B', ' 771,776', '8013683', 1, '', '106.04.01', '', '', '0', '', '0', '', '');
INSERT INTO `car_pur` VALUES (105, '40', '', '', '0A61', 'N1S', 'B', ' 771,776', '8013684', 1, '', '106.04.01', '', '', '0', '', '0', '', '');
INSERT INTO `car_pur` VALUES (106, '41', '', '', '0A61', 'N1S', 'B', ' 776', '8013689', 1, '', '106.04.01', '', '', '0', '', '0', '', '');
INSERT INTO `car_pur` VALUES (107, '42', '', '', '0A61', 'NB5', 'B', ' 499,771,776', '8014140', 1, '', '106.04.01', '', '', '0', '', '0', '', '');
INSERT INTO `car_pur` VALUES (108, '61', '', '', '0A61', 'N86', 'BL&W', ' 413,499,776', '8014143', 1, '', '106.04.01', '', '', '0', '', '0', '', '');
INSERT INTO `car_pur` VALUES (109, '44', '', '', '0A61', 'N1S', 'B', ' ', '8014145', 1, '', '106.04.01', '', '', '0', '', '0', '', '');
INSERT INTO `car_pur` VALUES (110, '45', '', '', '0A61', 'N86', 'BL&W', ' ', '8014146', 1, '', '106.04.01', '', '', '0', '', '0', '', '');
INSERT INTO `car_pur` VALUES (111, '46', '', '', '0A61', 'N1S', 'B', ' 776', '8014148', 1, '', '106.04.01', '', '', '0', '', '0', '', '');
INSERT INTO `car_pur` VALUES (112, '', '', '', '0C14', 'ND2', 'B', ' ', '8014018', 1, '', '106.04.01', '', '', '0', '', '0', '', '');
INSERT INTO `car_pur` VALUES (113, '', '', '', '0C14', 'ND2', 'B', ' ', '8014019', 1, '', '106.04.01', '', '', '0', '', '0', '', '');
INSERT INTO `car_pur` VALUES (114, '', '', '', '0C14', 'N0V', 'B', ' ', '8014026', 1, '', '106.04.01', '', '', '0', '', '0', '', '');
INSERT INTO `car_pur` VALUES (115, '', '', '', '0C14', 'N0V', 'B', ' ', '8014027', 1, '', '106.04.01', '', '', '0', '', '0', '', '');
INSERT INTO `car_pur` VALUES (116, '65', '', '', '0C15', 'N0W', 'B', ' ', '8013585', 1, '', '106.04.01', '', '', '0', '', '0', '', '');
INSERT INTO `car_pur` VALUES (117, '24', '', '', '0C15', 'NB5', 'B', ' ', '8014152', 1, '', '106.04.01', '', '', '0', '', '0', '', '');
INSERT INTO `car_pur` VALUES (118, '', '', '', '0C15', 'NB5', 'B', ' ', '8014153', 1, '', '106.04.01', '', '', '0', '', '0', '', '');
INSERT INTO `car_pur` VALUES (119, '', '', '', '0C15', 'ND2', 'B', ' ', '8014164', 1, '', '106.04.01', '', '', '0', '', '0', '', '');
INSERT INTO `car_pur` VALUES (120, '', '', '', '0C15', 'N0W', 'B', ' ', '8014168', 1, '', '106.04.01', '', '', '0', '', '0', '', '');
INSERT INTO `car_pur` VALUES (121, '', '', '', '0C15', 'N0W', 'B', ' ', '8014169', 1, '', '106.04.01', '', '', '0', '', '0', '', '');
INSERT INTO `car_pur` VALUES (122, '', '', '', '0C15', 'N0W', 'B', ' ', '8014170', 1, '', '106.04.01', '', '', '0', '', '0', '', '');
INSERT INTO `car_pur` VALUES (123, '47', '', '', '0J03', 'ND2', 'B', ' ', '8013603', 1, '', '106.04.01', '', '', '0', '', '0', '', '');
INSERT INTO `car_pur` VALUES (124, '', '', '', '0J03', 'ND2', 'B', ' 17A', '8014038', 1, '', '106.04.01', '', '', '0', '', '0', '', '');
INSERT INTO `car_pur` VALUES (125, '', '', '', '0J03', 'ND2', 'B', ' 17A', '8014039', 1, '', '106.04.01', '', '', '0', '', '0', '', '');
INSERT INTO `car_pur` VALUES (126, '', '', '', '0J03', 'ND2', 'B', ' 17B', '8014040', 1, '', '106.04.01', '', '', '0', '', '0', '', '');
INSERT INTO `car_pur` VALUES (127, '', '', '', '0J03', 'ND2', 'B', ' ', '8014095', 1, '', '106.04.01', '', '', '0', '', '0', '', '');
INSERT INTO `car_pur` VALUES (128, '', '', '', '0J03', 'ND2', 'B', ' ', '8014096', 1, '', '106.04.01', '', '', '0', '', '0', '', '');
INSERT INTO `car_pur` VALUES (129, '', '', '', '0J03', 'ND2', 'B', ' ', '8014097', 1, '', '106.04.01', '', '', '0', '', '0', '', '');
INSERT INTO `car_pur` VALUES (130, '', '', '', '0J03', 'ND2', 'B', ' ', '8014098', 1, '', '106.04.01', '', '', '0', '', '0', '', '');
INSERT INTO `car_pur` VALUES (131, '', '', '', '0J03', 'ND2', 'B', ' ', '8014099', 1, '', '106.04.01', '', '', '0', '', '0', '', '');
INSERT INTO `car_pur` VALUES (132, '', '', '', '0J13', 'N0Y', 'B', ' ', '8014120', 1, '', '106.04.01', '', '', '0', '', '0', '', '');
INSERT INTO `car_pur` VALUES (133, '', '', '', '0J13', 'N0Y', 'B', ' ', '8014121', 1, '', '106.04.01', '', '', '0', '', '0', '', '');
INSERT INTO `car_pur` VALUES (134, '', '', '', '0J13', 'N0Y', 'B', ' ', '8014122', 1, '', '106.04.01', '', '', '0', '', '0', '', '');
INSERT INTO `car_pur` VALUES (135, '', '', '', '0J23', 'NB5', 'B', ' ', '8014130', 1, '', '106.04.01', '', '', '0', '', '0', '', '');
INSERT INTO `car_pur` VALUES (136, '', '', '', '0J23', 'NB5', 'B', ' ', '8014131', 1, '', '106.04.01', '', '', '0', '', '0', '', '');
INSERT INTO `car_pur` VALUES (137, '', '', '', '0J23', 'NB5', 'B', ' ', '8014132', 1, '', '106.04.01', '', '', '0', '', '0', '', '');
INSERT INTO `car_pur` VALUES (138, '', '', '', '0J33', 'N1R', 'BR', ' ', '8014134', 1, '', '106.04.01', '', '', '0', '', '0', '', '');
INSERT INTO `car_pur` VALUES (139, '', '', '', '0J33', 'N1R', 'BR', ' ', '8014135', 1, '', '106.04.01', '', '', '0', '', '0', '', '');
INSERT INTO `car_pur` VALUES (140, '', '', '', '0J33', 'N1R', 'BR', ' ', '8014136', 1, '', '106.04.01', '', '', '0', '', '0', '', '');
INSERT INTO `car_pur` VALUES (141, '', '', '', '0J33', 'N1R', 'BR', ' 17B,633', '8014137', 1, '', '106.04.01', '', '', '0', '', '0', '', '');
INSERT INTO `car_pur` VALUES (142, '', '', '', '0J33', 'N1R', 'BR', ' 633', '8014138', 1, '', '106.04.01', '', '', '0', '', '0', '', '');
INSERT INTO `car_pur` VALUES (143, '71', '', '', '0A12', 'NB5', 'B&OG', ' ', '8014524', 1, '', '106.05.01', '', '', '0', '', '0', '', '');
INSERT INTO `car_pur` VALUES (144, '48', '', '', '0A12', 'N1H', 'B', ' 200', '8014525', 1, '', '106.05.01', '', '', '0', '', '0', '', '');
INSERT INTO `car_pur` VALUES (145, '', '', '', '0A12', 'N1H', 'B', ' 200', '8014526', 1, '', '106.05.01', '', '', '0', '', '0', '', '');
INSERT INTO `car_pur` VALUES (146, '', '', '', '0A15', 'N1N', 'B', ' 861', '8014535', 1, '', '106.05.01', '', '', '0', '', '0', '', '');
INSERT INTO `car_pur` VALUES (147, '', '', '', '0A15', 'N1N', 'B', ' 861', '8014536', 1, '', '106.05.01', '', '', '0', '', '0', '', '');
INSERT INTO `car_pur` VALUES (148, '', '', '', '0A15', 'N1N', 'B', ' 861', '8014537', 1, '', '106.05.01', '', '', '0', '', '0', '', '');
INSERT INTO `car_pur` VALUES (149, '', '', '', '0A15', 'N1N', 'B', ' 861', '8014538', 1, '', '106.05.01', '', '', '0', '', '0', '', '');
INSERT INTO `car_pur` VALUES (150, '', '', '', '0A15', 'N86', 'B', ' ', '8014544', 1, '', '106.05.01', '', '', '0', '', '0', '', '');
INSERT INTO `car_pur` VALUES (151, '', '', '', '0A15', 'N86', 'B', ' ', '8014545', 1, '', '106.05.01', '', '', '0', '', '0', '', '');
INSERT INTO `car_pur` VALUES (152, '', '', '', '0A15', 'N86', 'B', ' ', '8014546', 1, '', '106.05.01', '', '', '0', '', '0', '', '');
INSERT INTO `car_pur` VALUES (153, '', '', '', '0A61', 'NB5', 'B', ' ', '8014514', 1, '', '106.05.01', '', '', '0', '', '0', '', '');
INSERT INTO `car_pur` VALUES (154, '49', '', '', '0A61', 'N86', 'BL&W', ' ', '8014516', 1, '', '106.05.01', '', '', '0', '', '0', '', '');
INSERT INTO `car_pur` VALUES (155, '', '', '', '0A61', 'N1S', 'B', ' ', '8014517', 1, '', '106.05.01', '', '', '0', '', '0', '', '');
INSERT INTO `car_pur` VALUES (156, '', '', '', '0A61', 'N1S', 'B', ' ', '8014518', 1, '', '106.05.01', '', '', '0', '', '0', '', '');
INSERT INTO `car_pur` VALUES (157, '50', '', '', '0A61', 'N1S', 'B', ' 499,603,771,776', '8014519', 1, '', '106.05.01', '', '', '0', '', '0', '', '');
INSERT INTO `car_pur` VALUES (158, '', '', '', '0C14', 'NB5', 'B', ' ', '8014483', 1, '', '106.05.01', '', '', '0', '', '0', '', '');
INSERT INTO `car_pur` VALUES (159, '', '', '', '0C14', 'ND2', 'B', ' ', '8014484', 1, '', '106.05.01', '', '', '0', '', '0', '', '');
INSERT INTO `car_pur` VALUES (160, '', '', '', '0C15', 'NB5', 'B', ' ', '8014485', 1, '', '106.05.01', '', '', '0', '', '0', '', '');
INSERT INTO `car_pur` VALUES (161, '', '', '', '0C15', 'NB5', 'B', ' ', '8014486', 1, '', '106.05.01', '', '', '0', '', '0', '', '');
INSERT INTO `car_pur` VALUES (162, '', '', '', '0C15', 'ND2', 'B', ' ', '8014487', 1, '', '106.05.01', '', '', '0', '', '0', '', '');
INSERT INTO `car_pur` VALUES (163, '', '', '', '0C15', 'N0W', 'B', ' ', '8014488', 1, '', '106.05.01', '', '', '0', '', '0', '', '');
INSERT INTO `car_pur` VALUES (164, '', '', '', '0C15', 'N0W', 'B', ' ', '8014489', 1, '', '106.05.01', '', '', '0', '', '0', '', '');
INSERT INTO `car_pur` VALUES (165, '', '', '', '0J03', 'ND2', 'B', ' ', '8014490', 1, '', '106.05.01', '', '', '0', '', '0', '', '');
INSERT INTO `car_pur` VALUES (166, '', '', '', '0J03', 'ND2', 'B', ' ', '8014491', 1, '', '106.05.01', '', '', '0', '', '0', '', '');
INSERT INTO `car_pur` VALUES (167, '', '', '', '0J03', 'ND2', 'B', ' ', '8014492', 1, '', '106.05.01', '', '', '0', '', '0', '', '');
INSERT INTO `car_pur` VALUES (168, '', '', '', '0J03', 'ND2', 'B', ' ', '8014493', 1, '', '106.05.01', '', '', '0', '', '0', '', '');
INSERT INTO `car_pur` VALUES (169, '', '', '', '0J03', 'ND2', 'B', ' ', '8014494', 1, '', '106.05.01', '', '', '0', '', '0', '', '');
INSERT INTO `car_pur` VALUES (170, '', '', '', '0J23', 'NB5', 'B', ' ', '8014495', 1, '', '106.05.01', '', '', '0', '', '0', '', '');
INSERT INTO `car_pur` VALUES (171, '', '', '', '0J23', 'NB5', 'B', ' ', '8014496', 1, '', '106.05.01', '', '', '0', '', '0', '', '');
INSERT INTO `car_pur` VALUES (172, '', '', '', '0J23', 'NB5', 'B', ' ', '8014497', 1, '', '106.05.01', '', '', '0', '', '0', '', '');
INSERT INTO `car_pur` VALUES (173, '', '', '', '0J33', 'N1R', 'BR', ' 771', '8014498', 1, '', '106.05.01', '', '', '0', '', '0', '', '');
INSERT INTO `car_pur` VALUES (174, '', '', '', '0J33', 'N1R', 'BR', ' 771', '8014499', 1, '', '106.05.01', '', '', '0', '', '0', '', '');
INSERT INTO `car_pur` VALUES (175, '', '', '', '0J33', 'N1R', 'BR', ' 771', '8014500', 1, '', '106.05.01', '', '', '0', '', '0', '', '');
INSERT INTO `car_pur` VALUES (176, '', '', '', '0J33', 'N1R', 'BR', ' 771', '8014501', 1, '', '106.05.01', '', '', '0', '', '0', '', '');
INSERT INTO `car_pur` VALUES (177, '', '', '', '0J33', 'N1R', 'BR', ' 771', '8014502', 1, '', '106.05.01', '', '', '0', '', '0', '', '');
INSERT INTO `car_pur` VALUES (178, '', '', '', '0A12', 'NB5', 'B&OG', ' 499', '8014937', 1, '', '106.06.01', '', '', '0', '', '0', '', '');
INSERT INTO `car_pur` VALUES (179, '', '', '', '0A12', 'NB5', 'B&OG', ' ', '8014938', 1, '', '106.06.01', '', '', '0', '', '0', '', '');
INSERT INTO `car_pur` VALUES (180, '', '', '', '0A12', 'N1H', 'B', ' 200,499', '8014939', 1, '', '106.06.01', '', '', '0', '', '0', '', '');
INSERT INTO `car_pur` VALUES (181, '', '', '', '0A12', 'N1H', 'B', ' 200', '8014940', 1, '', '106.06.01', '', '', '0', '', '0', '', '');
INSERT INTO `car_pur` VALUES (182, '', '', '', '0A12', 'N0L', 'B&R', ' ', '8014941', 1, '', '106.06.01', '', '', '0', '', '0', '', '');
INSERT INTO `car_pur` VALUES (183, '53', '', '', '0A13', '751', 'B', ' ', '8014942', 1, '', '106.06.01', '', '', '0', '', '0', '', '');
INSERT INTO `car_pur` VALUES (184, '', '', '', '0A14', 'N44', 'B', ' 776,862', '8014944', 1, '', '106.06.01', '', '', '0', '', '0', '', '');
INSERT INTO `car_pur` VALUES (185, '', '', '', '0A14', 'N1F', 'B', ' 560,776,861', '8014945', 1, '', '106.06.01', '', '', '0', '', '0', '', '');
INSERT INTO `car_pur` VALUES (186, '', '', '', '0A61', 'N86', 'BL&W', ' ', '8014928', 1, '', '106.06.01', '', '', '0', '', '0', '', '');
INSERT INTO `car_pur` VALUES (187, '', '', '', '0A61', 'N86', 'BL&W', ' 413,499,776', '8014929', 1, '', '106.06.01', '', '', '0', '', '0', '', '');
INSERT INTO `car_pur` VALUES (188, '', '', '', '0A61', 'N86', 'BL&W', ' 413,499,776', '8014930', 1, '', '106.06.01', '', '', '0', '', '0', '', '');
INSERT INTO `car_pur` VALUES (189, '', '', '', '0A61', 'N1S', 'B', ' ', '8014931', 1, '', '106.06.01', '', '', '0', '', '0', '', '');
INSERT INTO `car_pur` VALUES (190, '', '', '', '0A61', 'N1S', 'B', ' ', '8014932', 1, '', '106.06.01', '', '', '0', '', '0', '', '');
INSERT INTO `car_pur` VALUES (191, '', '', '', '0A61', 'N1S', 'B', ' ', '8014933', 1, '', '106.06.01', '', '', '0', '', '0', '', '');
INSERT INTO `car_pur` VALUES (192, '51', '', '', '0A61', 'N1S', 'B', ' 776', '8014934', 1, '', '106.06.01', '', '', '0', '', '0', '', '');
INSERT INTO `car_pur` VALUES (193, '', '', '', '0A61', 'N1S', 'B', ' 776', '8014935', 1, '', '106.06.01', '', '', '0', '', '0', '', '');
INSERT INTO `car_pur` VALUES (194, '', '', '', '0C14', 'NB5', 'B', ' ', '8014846', 1, '', '106.06.01', '', '', '0', '', '0', '', '');
INSERT INTO `car_pur` VALUES (195, '', '', '', '0C14', 'NB5', 'B', ' ', '8014847', 1, '', '106.06.01', '', '', '0', '', '0', '', '');
INSERT INTO `car_pur` VALUES (196, '', '', '', '0C15', 'NB5', 'B', ' ', '8014851', 1, '', '106.06.01', '', '', '0', '', '0', '', '');
INSERT INTO `car_pur` VALUES (197, '', '', '', '0C15', 'NB5', 'B', ' ', '8014852', 1, '', '106.06.01', '', '', '0', '', '0', '', '');
INSERT INTO `car_pur` VALUES (198, '', '', '', '0C15', 'ND2', 'B', ' ', '8014853', 1, '', '106.06.01', '', '', '0', '', '0', '', '');
INSERT INTO `car_pur` VALUES (199, '', '', '', '0C15', 'N0W', 'B', ' ', '8014856', 1, '', '106.06.01', '', '', '0', '', '0', '', '');
INSERT INTO `car_pur` VALUES (200, '', '', '', '0C15', 'N0W', 'B', ' ', '8014857', 1, '', '106.06.01', '', '', '0', '', '0', '', '');
INSERT INTO `car_pur` VALUES (201, '', '', '', '0J03', 'ND2', 'B', ' ', '8014863', 1, '', '106.06.01', '', '', '0', '', '0', '', '');
INSERT INTO `car_pur` VALUES (202, '', '', '', '0J03', 'ND2', 'B', ' ', '8014864', 1, '', '106.06.01', '', '', '0', '', '0', '', '');
INSERT INTO `car_pur` VALUES (203, '', '', '', '0J03', 'ND2', 'B', ' ', '8014865', 1, '', '106.06.01', '', '', '0', '', '0', '', '');
INSERT INTO `car_pur` VALUES (204, '66', '', '', '0J13', 'N0Y', 'B', ' 650', '8014891', 1, '', '106.06.01', '', '', '0', '', '0', '', '');
INSERT INTO `car_pur` VALUES (205, '', '', '', '0J13', 'N0Y', 'B', ' 650', '8014892', 1, '', '106.06.01', '', '', '0', '', '0', '', '');
INSERT INTO `car_pur` VALUES (206, '', '', '', '0J13', 'N0Y', 'B', ' 650', '8014893', 1, '', '106.06.01', '', '', '0', '', '0', '', '');
INSERT INTO `car_pur` VALUES (207, '', '', '', '0J13', 'N0Y', 'B', ' 650', '8014894', 1, '', '106.06.01', '', '', '0', '', '0', '', '');
INSERT INTO `car_pur` VALUES (208, '', '', '', '0J13', 'N0Y', 'B', ' 650', '8014895', 1, '', '106.06.01', '', '', '0', '', '0', '', '');
INSERT INTO `car_pur` VALUES (209, '', '', '', '0J13', 'N0Y', 'B', ' 650', '8014896', 1, '', '106.06.01', '', '', '0', '', '0', '', '');
INSERT INTO `car_pur` VALUES (210, '', '', '', '0J13', 'N0Y', 'B', ' 650', '8014897', 1, '', '106.06.01', '', '', '0', '', '0', '', '');
INSERT INTO `car_pur` VALUES (211, '', '', '', '0J13', 'N0Y', 'B', ' 650', '8014898', 1, '', '106.06.01', '', '', '0', '', '0', '', '');
INSERT INTO `car_pur` VALUES (212, '', '', '', '0J13', 'N0Y', 'B', ' 650', '8014899', 1, '', '106.06.01', '', '', '0', '', '0', '', '');
INSERT INTO `car_pur` VALUES (213, '', '', '', '0J13', 'N0Y', 'B', ' 650', '8014900', 1, '', '106.06.01', '', '', '0', '', '0', '', '');
INSERT INTO `car_pur` VALUES (214, '', '', '', '0J23', 'NB5', 'B', ' ', '8014906', 1, '', '106.06.01', '', '', '0', '', '0', '', '');
INSERT INTO `car_pur` VALUES (215, '', '', '', '0J23', 'NB5', 'B', ' ', '8014907', 1, '', '106.06.01', '', '', '0', '', '0', '', '');
INSERT INTO `car_pur` VALUES (216, '', '', '', '0J33', 'N1R', 'BR', ' ', '8014908', 1, '', '106.06.01', '', '', '0', '', '0', '', '');
INSERT INTO `car_pur` VALUES (217, '', '', '', '0J33', 'N1R', 'BR', ' ', '8014909', 1, '', '106.06.01', '', '', '0', '', '0', '', '');
INSERT INTO `car_pur` VALUES (218, '', '', '', '0J33', 'N1R', 'BR', ' ', '8014910', 1, '', '106.06.01', '', '', '0', '', '0', '', '');
INSERT INTO `car_pur` VALUES (219, '', '', '', '0J33', 'N1R', 'BR', ' ', '8014911', 1, '', '106.06.01', '', '', '0', '', '0', '', '');
INSERT INTO `car_pur` VALUES (220, '', '', '', '0J33', 'N1R', 'BR', ' ', '8014912', 1, '', '106.06.01', '', '', '0', '', '0', '', '');
INSERT INTO `car_pur` VALUES (221, '', '', '', '0J43', 'NB5', 'LR', ' ', '8014913', 1, '', '106.06.01', '', '', '0', '', '0', '', '');
INSERT INTO `car_pur` VALUES (222, '', '', '', '0J43', 'NB5', 'LR', ' ', '8014914', 1, '', '106.06.01', '', '', '0', '', '0', '', '');
INSERT INTO `car_pur` VALUES (223, '', '', '', '0J43', 'NB5', 'LR', ' ', '8014915', 1, '', '106.06.01', '', '', '0', '', '0', '', '');
INSERT INTO `car_pur` VALUES (224, '', '', '', '0J43', 'NB5', 'LR', ' ', '8014916', 1, '', '106.06.01', '', '', '0', '', '0', '', '');
INSERT INTO `car_pur` VALUES (225, '', '', '', '0J43', 'NB5', 'LR', ' ', '8014917', 1, '', '106.06.01', '', '', '0', '', '0', '', '');
INSERT INTO `car_pur` VALUES (226, '', '', '', '0A61', 'NB5', 'B', '', '8015302', 1, '', '106.07.01', '汎德', '', '0', '', '0', '', '');
INSERT INTO `car_pur` VALUES (227, '', '', '', '0A61', 'NB5', 'B', '', '8015303', 1, '', '106.07.01', '汎德', '', '0', '', '0', '', '');
INSERT INTO `car_pur` VALUES (228, '54', '', '', '0A61', 'N86', 'BL&W', '413,499,776', '8015304', 1, '', '106.07.01', '汎德', '', '0', '', '0', '', '23000');
INSERT INTO `car_pur` VALUES (229, '', '', '', '0A61', 'N86', 'BL&W', '', '8015305', 1, '', '106.07.01', '汎德', '', '0', '', '0', '', '');
INSERT INTO `car_pur` VALUES (230, '', '', '', '0J03', 'ND2', 'B', '', '8015298', 1, '', '106.07.01', '汎德', '', '0', '', '0', '', '');
INSERT INTO `car_pur` VALUES (231, '', '', '', '0J03', 'ND2', 'B', '', '8015299', 1, '', '106.07.01', '汎德', '', '0', '', '0', '', '');
INSERT INTO `car_pur` VALUES (232, '', '', '', '0J33', 'N1R', 'BR', '', '8015300', 1, '', '106.07.01', '汎德', '', '0', '', '0', '', '');
INSERT INTO `car_pur` VALUES (233, '', '', '', '0J33', 'N1R', 'BR', '', '8015301', 1, '', '106.07.01', '汎德', '', '0', '', '0', '', '');

-- --------------------------------------------------------

-- 
-- 資料表格式： `car_pur_a`
-- 

CREATE TABLE `car_pur_a` (
  `CarId` varchar(8) COLLATE utf8_unicode_ci NOT NULL,
  `PrdcMon` varchar(8) COLLATE utf8_unicode_ci NOT NULL,
  `ShipMon` varchar(8) COLLATE utf8_unicode_ci NOT NULL,
  `EstDat` varchar(10) COLLATE utf8_unicode_ci NOT NULL,
  `ArrDat` varchar(10) COLLATE utf8_unicode_ci NOT NULL,
  `RdmDat` varchar(10) COLLATE utf8_unicode_ci NOT NULL,
  `InDat` varchar(10) COLLATE utf8_unicode_ci NOT NULL,
  `PlateDat` varchar(10) COLLATE utf8_unicode_ci NOT NULL,
  ` DocDat` varchar(10) COLLATE utf8_unicode_ci NOT NULL,
  `EngNo` varchar(20) COLLATE utf8_unicode_ci NOT NULL,
  `PlateNo` varchar(20) COLLATE utf8_unicode_ci NOT NULL,
  `DealAmt` bigint(10) NOT NULL DEFAULT '0',
  `Memo` varchar(200) COLLATE utf8_unicode_ci DEFAULT NULL,
  `DeliDat` varchar(10) COLLATE utf8_unicode_ci NOT NULL,
  `DeliMan` varchar(20) COLLATE utf8_unicode_ci DEFAULT NULL,
  `DeliUser` varchar(4) COLLATE utf8_unicode_ci NOT NULL,
  `BmwDocDat` varchar(10) COLLATE utf8_unicode_ci NOT NULL,
  `BmwDocDelDat` varchar(10) COLLATE utf8_unicode_ci NOT NULL
) ENGINE=MyISAM DEFAULT CHARSET=utf8 COLLATE=utf8_unicode_ci;

-- 
-- 列出以下資料庫的數據： `car_pur_a`
-- 

INSERT INTO `car_pur_a` VALUES ('1', '1601', '1601', '105.03.25', '105.03.25', '105.07.07', '105.07.14', '', '', '', '', 0, NULL, '', NULL, '', '', '');
INSERT INTO `car_pur_a` VALUES ('2', '1602', '1602', '105.04.22', '105.04.22', '105.05.20', '105.05.24', '', '', '', '', 0, NULL, '', NULL, '', '', '');
INSERT INTO `car_pur_a` VALUES ('3', '1603', '1603', '105.06.14', '105.06.14', '105.07.06', '105.07.13', '', '', '', '', 0, NULL, '', NULL, '', '', '');
INSERT INTO `car_pur_a` VALUES ('4', '1604', '1604', '105.06.07', '105.06.07', '105.07.06', '105.07.13', '', '', '', '', 0, NULL, '', NULL, '', '', '');
INSERT INTO `car_pur_a` VALUES ('5', '1606', '1606', '105.08.03', '105.08.03', '105.09.07', '105.09.13', '', '', '', '', 0, NULL, '', NULL, '', '', '');
INSERT INTO `car_pur_a` VALUES ('6', '1603', '1603', '105.06.14', '105.06.14', '105.07.06', '105.07.12', '', '', '', '', 0, NULL, '', NULL, '', '', '');
INSERT INTO `car_pur_a` VALUES ('7', '1604', '1604', '105.06.07', '105.06.07', '105.07.06', '105.07.12', '106.05.18', '', '', 'LGB-9037', 0, '', '', NULL, '', '', '');
INSERT INTO `car_pur_a` VALUES ('8', '1610', '1610', '106.03.06', '106.03.06', '106.04.25', '', '', '', '', '', 0, NULL, '', NULL, '', '', '');
INSERT INTO `car_pur_a` VALUES ('9', '1610', '1610', '106.03.06', '106.03.06', '106.04.25', '106.04.26', '', '', '', '', 0, NULL, '', NULL, '', '', '');
INSERT INTO `car_pur_a` VALUES ('10', '1603', '1603', '105.05.10', '105.05.10', '105.11.23', '105.11.25', '', '', '', '', 0, NULL, '', NULL, '', '', '');
INSERT INTO `car_pur_a` VALUES ('11', '1603', '1603', '105.05.10', '105.05.10', '105.11.23', '105.11.25', '', '', '', '', 0, NULL, '', NULL, '', '', '');
INSERT INTO `car_pur_a` VALUES ('12', '1604', '1604', '105.06.07', '105.06.07', '106.02.12', '106.02.15', '', '', '', '', 0, NULL, '', NULL, '', '', '');
INSERT INTO `car_pur_a` VALUES ('13', '1604', '1604', '105.06.14', '105.06.14', '105.12.01', '105.12.08', '106.06.23', '', '', 'LGC-0823', 0, '', '', NULL, '', '', '');
INSERT INTO `car_pur_a` VALUES ('14', '1606', '1606', '105.08.03', '105.08.03', '105.12.01', '105.12.06', '', '', '', '', 0, NULL, '', NULL, '', '', '');
INSERT INTO `car_pur_a` VALUES ('15', '1603', '1603', '105.05.02', '105.05.02', '105.09.14', '105.10.03', '', '', '', '', 0, NULL, '', NULL, '', '', '');
INSERT INTO `car_pur_a` VALUES ('16', '1603', '1603', '105.05.10', '105.05.10', '105.08.23', '105.08.31', '', '', '', '', 0, NULL, '', NULL, '', '', '');
INSERT INTO `car_pur_a` VALUES ('17', '1603', '1603', '105.05.10', '105.05.10', '105.09.20', '105.10.03', '', '', '', '', 0, NULL, '', NULL, '', '', '');
INSERT INTO `car_pur_a` VALUES ('18', '1603', '1603', '105.05.10', '105.05.10', '105.09.14', '105.10.03', '', '', '', '', 0, NULL, '', NULL, '', '', '');
INSERT INTO `car_pur_a` VALUES ('19', '1603', '1603', '105.06.14', '105.06.14', '105.11.23', '105.11.24', '', '', '', '', 0, NULL, '', NULL, '', '', '');
INSERT INTO `car_pur_a` VALUES ('20', '1605', '1604', '105.07.05', '105.07.05', '105.11.23', '105.11.25', '', '', '', '', 0, NULL, '', NULL, '', '', '');
INSERT INTO `car_pur_a` VALUES ('21', '1606', '1606', '105.08.03', '105.08.03', '105.12.22', '105.12.26', '', '', '', '', 0, NULL, '', NULL, '', '', '');
INSERT INTO `car_pur_a` VALUES ('22', '1606', '1606', '105.08.03', '105.08.03', '105.11.23', '105.11.25', '', '', '', '', 0, NULL, '', NULL, '', '', '');
INSERT INTO `car_pur_a` VALUES ('23', '1604', '1604', '105.06.28', '105.06.28', '106.02.11', '106.02.16', '', '', '', '', 0, NULL, '', NULL, '', '', '');
INSERT INTO `car_pur_a` VALUES ('24', '1605', '1605', '105.07.12', '105.07.12', '106.02.11', '106.02.16', '', '', '', '', 0, NULL, '', NULL, '', '', '');
INSERT INTO `car_pur_a` VALUES ('25', '1605', '1605', '105.07.12', '105.07.12', '106.02.11', '106.02.16', '', '', '', '', 0, NULL, '', NULL, '', '', '');
INSERT INTO `car_pur_a` VALUES ('26', '1606', '1606', '105.08.16', '105.08.16', '106.03.05', '106.03.10', '106.05.19', '', '', 'LGB-9051', 0, '', '', NULL, '', '', '');
INSERT INTO `car_pur_a` VALUES ('27', '1606', '1606', '105.08.16', '105.08.16', '106.03.23', '106.03.27', '106.05.22', '', '', 'LGB-9052', 0, '', '', NULL, '', '', '');
INSERT INTO `car_pur_a` VALUES ('28', '1604', '1604', '105.06.28', '105.06.28', '106.01.14', '106.01.17', '106.05.15', '', '', 'LGC-0779', 0, '試乘車', '', NULL, '', '', '');
INSERT INTO `car_pur_a` VALUES ('29', '1607', '1607', '105.09.13', '105.09.13', '106.04.21', '106.04.25', '106.05.05', '', '', 'LGB-9026', 0, '', '', NULL, '', '', '');
INSERT INTO `car_pur_a` VALUES ('30', '1506', '1506', '104.08.14', '104.08.14', '105.04.10', '105.04.15', '106.05.04', '', '', 'LGC-0768', 0, '', '', NULL, '', '', '');
INSERT INTO `car_pur_a` VALUES ('31', '1605', '1605', '105.07.12', '105.07.12', '106.03.29', '106.04.07', '106.05.11', '', '', 'LGC-0769', 0, '', '', NULL, '', '', '');
INSERT INTO `car_pur_a` VALUES ('32', '1605', '1505', '105.07.05', '105.07.05', '105.12.28', '105.12.29', '', '', '', '', 0, NULL, '', NULL, '', '', '');
INSERT INTO `car_pur_a` VALUES ('33', '1607', '1607', '105.09.13', '105.09.13', '105.12.28', '105.12.29', '', '', '', '', 0, NULL, '', NULL, '', '', '');
INSERT INTO `car_pur_a` VALUES ('34', '1607', '1607', '105.09.13', '105.09.13', '105.12.28', '105.12.29', '', '', '', '', 0, NULL, '', NULL, '', '', '');
INSERT INTO `car_pur_a` VALUES ('35', '1611', '1611', '106.03.06', '106.03.06', '106.03.30', '106.04.26', '106.05.11', '', '', 'LGD-2567', 0, '', '', NULL, '', '', '');
INSERT INTO `car_pur_a` VALUES ('36', '1611', '1611', '106.03.06', '106.03.06', '106.04.24', '106.04.25', '106.05.04', '', '', 'LGB-9056', 0, '', '', NULL, '', '', '');
INSERT INTO `car_pur_a` VALUES ('37', '1611', '1611', '106.03.06', '106.03.06', '106.04.25', '106.05.02', '106.05.08', '', '', 'LGB-9066', 0, '', '', NULL, '', '', '');
INSERT INTO `car_pur_a` VALUES ('38', '1611', '1611', '106.03.06', '106.03.06', '106.04.25', '106.05.02', '106.05.11', '', '', 'BF-595', 0, '', '', NULL, '', '', '');
INSERT INTO `car_pur_a` VALUES ('39', '1701', '', '106.05.14', '106.05.14', '106.05.18', '', '106.06.01', '', '', 'LGC-0880', 0, '', '', NULL, '', '', '');
INSERT INTO `car_pur_a` VALUES ('40', '1701', '', '', '', '', '', '', '', '', '', 0, NULL, '', NULL, '', '', '');
INSERT INTO `car_pur_a` VALUES ('41', '1701', '', '', '', '', '', '', '', '', '', 0, NULL, '', NULL, '', '', '');
INSERT INTO `car_pur_a` VALUES ('42', '1701', '', '', '', '', '', '', '', '', '', 0, NULL, '', NULL, '', '', '');
INSERT INTO `car_pur_a` VALUES ('43', '1701', '', '', '', '', '', '', '', '', '', 0, NULL, '', NULL, '', '', '');
INSERT INTO `car_pur_a` VALUES ('44', '1701', '', '106.05.14', '106.05.14', '106.06.01', '', '106.06.09', '', '', 'LGC-0815', 0, '', '', NULL, '', '', '');
INSERT INTO `car_pur_a` VALUES ('45', '1701', '', '106.05.14', '106.05.14', '106.06.01', '', '', '', '', '', 0, '', '', NULL, '', '', '');
INSERT INTO `car_pur_a` VALUES ('46', '1702', '', '106.05.14', '106.05.14', '106.05.18', '', '106.05.25', '', '', 'LGB-9089', 0, '', '', NULL, '', '', '');
INSERT INTO `car_pur_a` VALUES ('47', '1702', '', '106.05.14', '106.05.14', '106.05.18', '', '106.05.26', '', '', 'LGC-2269', 0, '', '', NULL, '', '', '');
INSERT INTO `car_pur_a` VALUES ('48', '1702', '', '106.05.14', '106.05.14', '106.05.18', '', '106.05.25', '', '', 'LGB-9078', 0, '', '', NULL, '', '', '');
INSERT INTO `car_pur_a` VALUES ('49', '1702', '', '106.05.14', '106.05.14', '106.05.18', '', '106.06.12', '', '', 'LGE-0713', 0, '', '', NULL, '', '', '');
INSERT INTO `car_pur_a` VALUES ('50', '1702', '', '106.05.14', '106.05.14', '106.05.18', '', '106.06.03', '', '', 'LGB-5563', 0, '', '', NULL, '', '', '');
INSERT INTO `car_pur_a` VALUES ('51', '1702', '', '', '', '', '', '', '', '', '', 0, NULL, '', NULL, '', '', '');
INSERT INTO `car_pur_a` VALUES ('52', '1702', '', '', '', '', '', '', '', '', '', 0, NULL, '', NULL, '', '', '');
INSERT INTO `car_pur_a` VALUES ('53', '1702', '', '106.05.14', '106.05.14', '106.05.23', '', '', '', '', '', 0, '', '', NULL, '', '', '');
INSERT INTO `car_pur_a` VALUES ('54', '1702', '', '106.05.14', '106.05.14', '106.05.23', '', '', '', '', '', 0, '', '', NULL, '', '', '');
INSERT INTO `car_pur_a` VALUES ('55', '1702', '', '106.05.14', '106.05.14', '106.06.01', '', '106.06.15', '', '', 'LGB-9111', 0, '', '', NULL, '', '', '');
INSERT INTO `car_pur_a` VALUES ('56', '1702', '', '106.05.14', '106.05.14', '106.05.23', '', '', '', '', '', 0, '', '', NULL, '', '', '');
INSERT INTO `car_pur_a` VALUES ('57', '1702', '', '106.05.14', '106.05.14', '106.06.01', '', '', '', '', '', 0, '', '', NULL, '', '', '');
INSERT INTO `car_pur_a` VALUES ('58', '1702', '', '106.05.14', '106.05.14', '106.06.01', '', '', '', '', '', 0, '', '', NULL, '', '', '');
INSERT INTO `car_pur_a` VALUES ('59', '1702', '', '106.05.14', '106.05.14', '', '', '', '', '', '', 0, NULL, '', NULL, '', '', '');
INSERT INTO `car_pur_a` VALUES ('60', '1702', '', '106.05.14', '106.05.14', '', '', '106.06.26', '', '', 'LGB-9383', 0, '', '', NULL, '', '', '');
INSERT INTO `car_pur_a` VALUES ('61', '1702', '', '106.05.14', '106.05.14', '', '', '', '', '', '', 0, NULL, '', NULL, '', '', '');
INSERT INTO `car_pur_a` VALUES ('62', '1702', '', '106.05.14', '106.05.14', '', '', '', '', '', '', 0, NULL, '', NULL, '', '', '');
INSERT INTO `car_pur_a` VALUES ('63', '1703', '', '106.05.20', '106.05.20', '106.05.31', '', '106.06.07', '', '', 'LGB-9351', 0, '', '', NULL, '', '', '');
INSERT INTO `car_pur_a` VALUES ('64', '1703', '', '106.05.20', '106.05.20', '106.05.31', '', '106.06.09', '', '', 'LGB-8688', 0, '', '', NULL, '', '', '');
INSERT INTO `car_pur_a` VALUES ('65', '1703', '', '106.05.20', '106.05.20', '106.05.31', '', '106.06.09', '', '', 'LGC-0868', 0, '', '', NULL, '', '', '');
INSERT INTO `car_pur_a` VALUES ('66', '1703', '', '106.05.20', '106.05.20', '106.05.31', '', '106.06.08', '', '', 'LGF-5678', 0, '', '', NULL, '', '', '');
INSERT INTO `car_pur_a` VALUES ('67', '1703', '', '106.05.20', '106.05.20', '106.05.31', '', '106.06.13', '', '', 'LGC-0898', 0, '', '', NULL, '', '', '');
INSERT INTO `car_pur_a` VALUES ('68', '1703', '', '106.05.20', '106.05.20', '', '', '', '', '', '', 0, NULL, '', NULL, '', '', '');
INSERT INTO `car_pur_a` VALUES ('69', '1703', '', '106.05.20', '106.05.20', '106.06.28', '', '', '', '', '', 0, '', '', NULL, '', '', '');
INSERT INTO `car_pur_a` VALUES ('70', '1703', '', '106.05.20', '106.05.20', '106.06.28', '', '', '', '', '', 0, '', '', NULL, '', '', '');
INSERT INTO `car_pur_a` VALUES ('71', '1703', '', '106.05.20', '106.05.20', '106.06.28', '', '', '', '', '', 0, '', '', NULL, '', '', '');
INSERT INTO `car_pur_a` VALUES ('72', '1703', '', '', '', '', '', '', '', '', '', 0, NULL, '', NULL, '', '', '');
INSERT INTO `car_pur_a` VALUES ('73', '1703', '', '106.05.20', '106.05.20', '106.06.28', '', '', '', '', '', 0, '', '', NULL, '', '', '');
INSERT INTO `car_pur_a` VALUES ('74', '1704', '', '', '', '', '', '', '', '', '', 0, '', '', NULL, '', '', '');
INSERT INTO `car_pur_a` VALUES ('75', '1703', '', '', '', '', '', '', '', '', '', 0, NULL, '', NULL, '', '', '');
INSERT INTO `car_pur_a` VALUES ('76', '1703', '', '', '', '', '', '', '', '', '', 0, NULL, '', NULL, '', '', '');
INSERT INTO `car_pur_a` VALUES ('77', '1703', '', '', '', '', '', '', '', '', '', 0, NULL, '', NULL, '', '', '');
INSERT INTO `car_pur_a` VALUES ('78', '1703', '', '', '', '', '', '', '', '', '', 0, NULL, '', NULL, '', '', '');
INSERT INTO `car_pur_a` VALUES ('79', '1703', '', '', '', '', '', '', '', '', '', 0, NULL, '', NULL, '', '', '');
INSERT INTO `car_pur_a` VALUES ('80', '1703', '', '', '', '', '', '', '', '', '', 0, NULL, '', NULL, '', '', '');
INSERT INTO `car_pur_a` VALUES ('81', '1703', '', '', '', '', '', '', '', '', '', 0, NULL, '', NULL, '', '', '');
INSERT INTO `car_pur_a` VALUES ('82', '1703', '', '', '', '', '', '', '', '', '', 0, NULL, '', NULL, '', '', '');
INSERT INTO `car_pur_a` VALUES ('83', '1703', '', '', '', '', '', '', '', '', '', 0, NULL, '', NULL, '', '', '');
INSERT INTO `car_pur_a` VALUES ('84', '1703', '', '', '', '', '', '', '', '', '', 0, NULL, '', NULL, '', '', '');
INSERT INTO `car_pur_a` VALUES ('85', '1703', '', '', '', '', '', '', '', '', '', 0, NULL, '', NULL, '', '', '');
INSERT INTO `car_pur_a` VALUES ('86', '1703', '', '', '', '', '', '', '', '', '', 0, NULL, '', NULL, '', '', '');
INSERT INTO `car_pur_a` VALUES ('87', '1703', '', '', '', '', '', '', '', '', '', 0, NULL, '', NULL, '', '', '');
INSERT INTO `car_pur_a` VALUES ('88', '1703', '', '', '', '', '', '', '', '', '', 0, NULL, '', NULL, '', '', '');
INSERT INTO `car_pur_a` VALUES ('89', '1703', '', '', '', '', '', '', '', '', '', 0, NULL, '', NULL, '', '', '');
INSERT INTO `car_pur_a` VALUES ('90', '1703', '', '', '', '', '', '', '', '', '', 0, NULL, '', NULL, '', '', '');
INSERT INTO `car_pur_a` VALUES ('91', '1703', '', '', '', '', '', '', '', '', '', 0, NULL, '', NULL, '', '', '');
INSERT INTO `car_pur_a` VALUES ('92', '1703', '', '106.05.20', '106.05.20', '', '', '', '', '', '', 0, NULL, '', NULL, '', '', '');
INSERT INTO `car_pur_a` VALUES ('93', '1703', '', '106.05.20', '106.05.20', '', '', '', '', '', '', 0, NULL, '', NULL, '', '', '');
INSERT INTO `car_pur_a` VALUES ('94', '1703', '', '106.05.20', '106.05.20', '', '', '', '', '', '', 0, NULL, '', NULL, '', '', '');
INSERT INTO `car_pur_a` VALUES ('95', '1703', '', '106.05.20', '106.05.20', '', '', '', '', '', '', 0, NULL, '', NULL, '', '', '');
INSERT INTO `car_pur_a` VALUES ('96', '1703', '', '106.05.20', '106.05.20', '', '', '', '', '', '', 0, NULL, '', NULL, '', '', '');
INSERT INTO `car_pur_a` VALUES ('97', '1704', '', '', '', '', '', '', '', '', '', 0, NULL, '', NULL, '', '', '');
INSERT INTO `car_pur_a` VALUES ('98', '1704', '', '', '', '', '', '', '', '', '', 0, NULL, '', NULL, '', '', '');
INSERT INTO `car_pur_a` VALUES ('99', '1704', '', '', '', '', '', '', '', '', '', 0, NULL, '', NULL, '', '', '');
INSERT INTO `car_pur_a` VALUES ('100', '1704', '', '', '', '', '', '', '', '', '', 0, '', '', NULL, '', '', '');
INSERT INTO `car_pur_a` VALUES ('101', '1704', '', '', '', '', '', '', '', '', '', 0, '', '', NULL, '', '', '');
INSERT INTO `car_pur_a` VALUES ('102', '1704', '', '', '', '', '', '', '', '', '', 0, NULL, '', NULL, '', '', '');
INSERT INTO `car_pur_a` VALUES ('103', '1704', '', '', '', '', '', '', '', '', '', 0, NULL, '', NULL, '', '', '');
INSERT INTO `car_pur_a` VALUES ('104', '1704', '', '', '', '', '', '', '', '', '', 0, NULL, '', NULL, '', '', '');
INSERT INTO `car_pur_a` VALUES ('105', '1704', '', '', '', '', '', '', '', '', '', 0, NULL, '', NULL, '', '', '');
INSERT INTO `car_pur_a` VALUES ('106', '1704', '', '', '', '', '', '', '', '', '', 0, NULL, '', NULL, '', '', '');
INSERT INTO `car_pur_a` VALUES ('107', '1704', '', '', '', '', '', '', '', '', '', 0, NULL, '', NULL, '', '', '');
INSERT INTO `car_pur_a` VALUES ('108', '1704', '', '', '', '', '', '', '', '', '', 0, NULL, '', NULL, '', '', '');
INSERT INTO `car_pur_a` VALUES ('109', '1704', '', '', '', '', '', '', '', '', '', 0, NULL, '', NULL, '', '', '');
INSERT INTO `car_pur_a` VALUES ('110', '1704', '', '', '', '', '', '', '', '', '', 0, NULL, '', NULL, '', '', '');
INSERT INTO `car_pur_a` VALUES ('111', '1704', '', '', '', '', '', '', '', '', '', 0, NULL, '', NULL, '', '', '');
INSERT INTO `car_pur_a` VALUES ('112', '1704', '', '', '', '', '', '', '', '', '', 0, NULL, '', NULL, '', '', '');
INSERT INTO `car_pur_a` VALUES ('113', '1704', '', '', '', '', '', '', '', '', '', 0, NULL, '', NULL, '', '', '');
INSERT INTO `car_pur_a` VALUES ('114', '1704', '', '', '', '', '', '', '', '', '', 0, NULL, '', NULL, '', '', '');
INSERT INTO `car_pur_a` VALUES ('115', '1704', '', '', '', '', '', '', '', '', '', 0, NULL, '', NULL, '', '', '');
INSERT INTO `car_pur_a` VALUES ('116', '1704', '', '', '', '', '', '', '', '', '', 0, NULL, '', NULL, '', '', '');
INSERT INTO `car_pur_a` VALUES ('117', '1704', '', '', '', '', '', '', '', '', '', 0, NULL, '', NULL, '', '', '');
INSERT INTO `car_pur_a` VALUES ('118', '1704', '', '', '', '', '', '', '', '', '', 0, NULL, '', NULL, '', '', '');
INSERT INTO `car_pur_a` VALUES ('119', '1704', '', '', '', '', '', '', '', '', '', 0, NULL, '', NULL, '', '', '');
INSERT INTO `car_pur_a` VALUES ('120', '1704', '', '', '', '', '', '', '', '', '', 0, NULL, '', NULL, '', '', '');
INSERT INTO `car_pur_a` VALUES ('121', '1704', '', '', '', '', '', '', '', '', '', 0, NULL, '', NULL, '', '', '');
INSERT INTO `car_pur_a` VALUES ('122', '1704', '', '', '', '', '', '', '', '', '', 0, NULL, '', NULL, '', '', '');
INSERT INTO `car_pur_a` VALUES ('123', '1703', '', '', '', '', '', '', '', '', '', 0, '', '', NULL, '', '', '');
INSERT INTO `car_pur_a` VALUES ('124', '1704', '', '', '', '', '', '', '', '', '', 0, NULL, '', NULL, '', '', '');
INSERT INTO `car_pur_a` VALUES ('125', '1704', '', '', '', '', '', '', '', '', '', 0, NULL, '', NULL, '', '', '');
INSERT INTO `car_pur_a` VALUES ('126', '1704', '', '', '', '', '', '', '', '', '', 0, NULL, '', NULL, '', '', '');
INSERT INTO `car_pur_a` VALUES ('127', '1704', '', '', '', '', '', '', '', '', '', 0, NULL, '', NULL, '', '', '');
INSERT INTO `car_pur_a` VALUES ('128', '1704', '', '', '', '', '', '', '', '', '', 0, NULL, '', NULL, '', '', '');
INSERT INTO `car_pur_a` VALUES ('129', '1704', '', '', '', '', '', '', '', '', '', 0, NULL, '', NULL, '', '', '');
INSERT INTO `car_pur_a` VALUES ('130', '1704', '', '', '', '', '', '', '', '', '', 0, NULL, '', NULL, '', '', '');
INSERT INTO `car_pur_a` VALUES ('131', '1704', '', '', '', '', '', '', '', '', '', 0, NULL, '', NULL, '', '', '');
INSERT INTO `car_pur_a` VALUES ('132', '1704', '', '', '', '', '', '', '', '', '', 0, NULL, '', NULL, '', '', '');
INSERT INTO `car_pur_a` VALUES ('133', '1704', '', '', '', '', '', '', '', '', '', 0, NULL, '', NULL, '', '', '');
INSERT INTO `car_pur_a` VALUES ('134', '1704', '', '', '', '', '', '', '', '', '', 0, NULL, '', NULL, '', '', '');
INSERT INTO `car_pur_a` VALUES ('135', '1704', '', '', '', '', '', '', '', '', '', 0, NULL, '', NULL, '', '', '');
INSERT INTO `car_pur_a` VALUES ('136', '1704', '', '', '', '', '', '', '', '', '', 0, NULL, '', NULL, '', '', '');
INSERT INTO `car_pur_a` VALUES ('137', '1704', '', '', '', '', '', '', '', '', '', 0, NULL, '', NULL, '', '', '');
INSERT INTO `car_pur_a` VALUES ('138', '1704', '', '', '', '', '', '', '', '', '', 0, NULL, '', NULL, '', '', '');
INSERT INTO `car_pur_a` VALUES ('139', '1704', '', '', '', '', '', '', '', '', '', 0, NULL, '', NULL, '', '', '');
INSERT INTO `car_pur_a` VALUES ('140', '1704', '', '', '', '', '', '', '', '', '', 0, NULL, '', NULL, '', '', '');
INSERT INTO `car_pur_a` VALUES ('141', '1704', '', '', '', '', '', '', '', '', '', 0, NULL, '', NULL, '', '', '');
INSERT INTO `car_pur_a` VALUES ('142', '1704', '', '', '', '', '', '', '', '', '', 0, NULL, '', NULL, '', '', '');
INSERT INTO `car_pur_a` VALUES ('143', '1705', '', '', '', '', '', '', '', '', '', 0, NULL, '', NULL, '', '', '');
INSERT INTO `car_pur_a` VALUES ('144', '1705', '', '', '', '', '', '', '', '', '', 0, NULL, '', NULL, '', '', '');
INSERT INTO `car_pur_a` VALUES ('145', '1705', '', '', '', '', '', '', '', '', '', 0, NULL, '', NULL, '', '', '');
INSERT INTO `car_pur_a` VALUES ('146', '1705', '', '', '', '', '', '', '', '', '', 0, NULL, '', NULL, '', '', '');
INSERT INTO `car_pur_a` VALUES ('147', '1705', '', '', '', '', '', '', '', '', '', 0, NULL, '', NULL, '', '', '');
INSERT INTO `car_pur_a` VALUES ('148', '1705', '', '', '', '', '', '', '', '', '', 0, NULL, '', NULL, '', '', '');
INSERT INTO `car_pur_a` VALUES ('149', '1705', '', '', '', '', '', '', '', '', '', 0, NULL, '', NULL, '', '', '');
INSERT INTO `car_pur_a` VALUES ('150', '1705', '', '', '', '', '', '', '', '', '', 0, NULL, '', NULL, '', '', '');
INSERT INTO `car_pur_a` VALUES ('151', '1705', '', '', '', '', '', '', '', '', '', 0, NULL, '', NULL, '', '', '');
INSERT INTO `car_pur_a` VALUES ('152', '1705', '', '', '', '', '', '', '', '', '', 0, NULL, '', NULL, '', '', '');
INSERT INTO `car_pur_a` VALUES ('153', '1705', '', '', '', '', '', '', '', '', '', 0, NULL, '', NULL, '', '', '');
INSERT INTO `car_pur_a` VALUES ('154', '1705', '', '', '', '', '', '', '', '', '', 0, NULL, '', NULL, '', '', '');
INSERT INTO `car_pur_a` VALUES ('155', '1705', '', '', '', '', '', '', '', '', '', 0, NULL, '', NULL, '', '', '');
INSERT INTO `car_pur_a` VALUES ('156', '1705', '', '', '', '', '', '', '', '', '', 0, NULL, '', NULL, '', '', '');
INSERT INTO `car_pur_a` VALUES ('157', '1705', '', '', '', '', '', '', '', '', '', 0, NULL, '', NULL, '', '', '');
INSERT INTO `car_pur_a` VALUES ('158', '1705', '', '', '', '', '', '', '', '', '', 0, NULL, '', NULL, '', '', '');
INSERT INTO `car_pur_a` VALUES ('159', '1705', '', '', '', '', '', '', '', '', '', 0, NULL, '', NULL, '', '', '');
INSERT INTO `car_pur_a` VALUES ('160', '1705', '', '', '', '', '', '', '', '', '', 0, NULL, '', NULL, '', '', '');
INSERT INTO `car_pur_a` VALUES ('161', '1705', '', '', '', '', '', '', '', '', '', 0, NULL, '', NULL, '', '', '');
INSERT INTO `car_pur_a` VALUES ('162', '1705', '', '', '', '', '', '', '', '', '', 0, NULL, '', NULL, '', '', '');
INSERT INTO `car_pur_a` VALUES ('163', '1705', '', '', '', '', '', '', '', '', '', 0, NULL, '', NULL, '', '', '');
INSERT INTO `car_pur_a` VALUES ('164', '1705', '', '', '', '', '', '', '', '', '', 0, NULL, '', NULL, '', '', '');
INSERT INTO `car_pur_a` VALUES ('165', '1705', '', '', '', '', '', '', '', '', '', 0, NULL, '', NULL, '', '', '');
INSERT INTO `car_pur_a` VALUES ('166', '1705', '', '', '', '', '', '', '', '', '', 0, NULL, '', NULL, '', '', '');
INSERT INTO `car_pur_a` VALUES ('167', '1705', '', '', '', '', '', '', '', '', '', 0, NULL, '', NULL, '', '', '');
INSERT INTO `car_pur_a` VALUES ('168', '1705', '', '', '', '', '', '', '', '', '', 0, NULL, '', NULL, '', '', '');
INSERT INTO `car_pur_a` VALUES ('169', '1705', '', '', '', '', '', '', '', '', '', 0, NULL, '', NULL, '', '', '');
INSERT INTO `car_pur_a` VALUES ('170', '1705', '', '', '', '', '', '', '', '', '', 0, NULL, '', NULL, '', '', '');
INSERT INTO `car_pur_a` VALUES ('171', '1705', '', '', '', '', '', '', '', '', '', 0, NULL, '', NULL, '', '', '');
INSERT INTO `car_pur_a` VALUES ('172', '1705', '', '', '', '', '', '', '', '', '', 0, NULL, '', NULL, '', '', '');
INSERT INTO `car_pur_a` VALUES ('173', '1705', '', '', '', '', '', '', '', '', '', 0, NULL, '', NULL, '', '', '');
INSERT INTO `car_pur_a` VALUES ('174', '1705', '', '', '', '', '', '', '', '', '', 0, NULL, '', NULL, '', '', '');
INSERT INTO `car_pur_a` VALUES ('175', '1705', '', '', '', '', '', '', '', '', '', 0, NULL, '', NULL, '', '', '');
INSERT INTO `car_pur_a` VALUES ('176', '1705', '', '', '', '', '', '', '', '', '', 0, NULL, '', NULL, '', '', '');
INSERT INTO `car_pur_a` VALUES ('177', '1705', '', '', '', '', '', '', '', '', '', 0, NULL, '', NULL, '', '', '');
INSERT INTO `car_pur_a` VALUES ('178', '1706', '', '', '', '', '', '', '', '', '', 0, NULL, '', NULL, '', '', '');
INSERT INTO `car_pur_a` VALUES ('179', '1706', '', '', '', '', '', '', '', '', '', 0, NULL, '', NULL, '', '', '');
INSERT INTO `car_pur_a` VALUES ('180', '1706', '', '', '', '', '', '', '', '', '', 0, NULL, '', NULL, '', '', '');
INSERT INTO `car_pur_a` VALUES ('181', '1706', '', '', '', '', '', '', '', '', '', 0, NULL, '', NULL, '', '', '');
INSERT INTO `car_pur_a` VALUES ('182', '1706', '', '', '', '', '', '', '', '', '', 0, NULL, '', NULL, '', '', '');
INSERT INTO `car_pur_a` VALUES ('183', '1706', '', '', '', '', '', '', '', '', '', 0, NULL, '', NULL, '', '', '');
INSERT INTO `car_pur_a` VALUES ('184', '1706', '', '', '', '', '', '', '', '', '', 0, NULL, '', NULL, '', '', '');
INSERT INTO `car_pur_a` VALUES ('185', '1706', '', '', '', '', '', '', '', '', '', 0, NULL, '', NULL, '', '', '');
INSERT INTO `car_pur_a` VALUES ('186', '1706', '', '', '', '', '', '', '', '', '', 0, NULL, '', NULL, '', '', '');
INSERT INTO `car_pur_a` VALUES ('187', '1706', '', '', '', '', '', '', '', '', '', 0, NULL, '', NULL, '', '', '');
INSERT INTO `car_pur_a` VALUES ('188', '1706', '', '', '', '', '', '', '', '', '', 0, NULL, '', NULL, '', '', '');
INSERT INTO `car_pur_a` VALUES ('189', '1706', '', '', '', '', '', '', '', '', '', 0, NULL, '', NULL, '', '', '');
INSERT INTO `car_pur_a` VALUES ('190', '1706', '', '', '', '', '', '', '', '', '', 0, NULL, '', NULL, '', '', '');
INSERT INTO `car_pur_a` VALUES ('191', '1706', '', '', '', '', '', '', '', '', '', 0, NULL, '', NULL, '', '', '');
INSERT INTO `car_pur_a` VALUES ('192', '1706', '', '', '', '', '', '', '', '', '', 0, NULL, '', NULL, '', '', '');
INSERT INTO `car_pur_a` VALUES ('193', '1706', '', '', '', '', '', '', '', '', '', 0, NULL, '', NULL, '', '', '');
INSERT INTO `car_pur_a` VALUES ('194', '1706', '', '', '', '', '', '', '', '', '', 0, NULL, '', NULL, '', '', '');
INSERT INTO `car_pur_a` VALUES ('195', '1706', '', '', '', '', '', '', '', '', '', 0, NULL, '', NULL, '', '', '');
INSERT INTO `car_pur_a` VALUES ('196', '1706', '', '', '', '', '', '', '', '', '', 0, NULL, '', NULL, '', '', '');
INSERT INTO `car_pur_a` VALUES ('197', '1706', '', '', '', '', '', '', '', '', '', 0, NULL, '', NULL, '', '', '');
INSERT INTO `car_pur_a` VALUES ('198', '1706', '', '', '', '', '', '', '', '', '', 0, NULL, '', NULL, '', '', '');
INSERT INTO `car_pur_a` VALUES ('199', '1706', '', '', '', '', '', '', '', '', '', 0, NULL, '', NULL, '', '', '');
INSERT INTO `car_pur_a` VALUES ('200', '1706', '', '', '', '', '', '', '', '', '', 0, NULL, '', NULL, '', '', '');
INSERT INTO `car_pur_a` VALUES ('201', '1706', '', '', '', '', '', '', '', '', '', 0, NULL, '', NULL, '', '', '');
INSERT INTO `car_pur_a` VALUES ('202', '1706', '', '', '', '', '', '', '', '', '', 0, NULL, '', NULL, '', '', '');
INSERT INTO `car_pur_a` VALUES ('203', '1706', '', '', '', '', '', '', '', '', '', 0, NULL, '', NULL, '', '', '');
INSERT INTO `car_pur_a` VALUES ('204', '1706', '', '', '', '', '', '', '', '', '', 0, '', '', NULL, '', '', '');
INSERT INTO `car_pur_a` VALUES ('205', '1706', '', '', '', '', '', '', '', '', '', 0, '', '', NULL, '', '', '');
INSERT INTO `car_pur_a` VALUES ('206', '1706', '', '', '', '', '', '', '', '', '', 0, '', '', NULL, '', '', '');
INSERT INTO `car_pur_a` VALUES ('207', '1706', '', '', '', '', '', '', '', '', '', 0, '', '', NULL, '', '', '');
INSERT INTO `car_pur_a` VALUES ('208', '1706', '', '', '', '', '', '', '', '', '', 0, '', '', NULL, '', '', '');
INSERT INTO `car_pur_a` VALUES ('209', '1706', '', '', '', '', '', '', '', '', '', 0, '', '', NULL, '', '', '');
INSERT INTO `car_pur_a` VALUES ('210', '1706', '', '', '', '', '', '', '', '', '', 0, '', '', NULL, '', '', '');
INSERT INTO `car_pur_a` VALUES ('211', '1706', '', '', '', '', '', '', '', '', '', 0, '', '', NULL, '', '', '');
INSERT INTO `car_pur_a` VALUES ('212', '1706', '', '', '', '', '', '', '', '', '', 0, '', '', NULL, '', '', '');
INSERT INTO `car_pur_a` VALUES ('213', '1706', '', '', '', '', '', '', '', '', '', 0, '', '', NULL, '', '', '');
INSERT INTO `car_pur_a` VALUES ('214', '1706', '', '', '', '', '', '', '', '', '', 0, NULL, '', NULL, '', '', '');
INSERT INTO `car_pur_a` VALUES ('215', '1706', '', '', '', '', '', '', '', '', '', 0, NULL, '', NULL, '', '', '');
INSERT INTO `car_pur_a` VALUES ('216', '1706', '', '', '', '', '', '', '', '', '', 0, NULL, '', NULL, '', '', '');
INSERT INTO `car_pur_a` VALUES ('217', '1706', '', '', '', '', '', '', '', '', '', 0, NULL, '', NULL, '', '', '');
INSERT INTO `car_pur_a` VALUES ('218', '1706', '', '', '', '', '', '', '', '', '', 0, NULL, '', NULL, '', '', '');
INSERT INTO `car_pur_a` VALUES ('219', '1706', '', '', '', '', '', '', '', '', '', 0, NULL, '', NULL, '', '', '');
INSERT INTO `car_pur_a` VALUES ('220', '1706', '', '', '', '', '', '', '', '', '', 0, NULL, '', NULL, '', '', '');
INSERT INTO `car_pur_a` VALUES ('221', '1706', '', '', '', '', '', '', '', '', '', 0, NULL, '', NULL, '', '', '');
INSERT INTO `car_pur_a` VALUES ('222', '1706', '', '', '', '', '', '', '', '', '', 0, NULL, '', NULL, '', '', '');
INSERT INTO `car_pur_a` VALUES ('223', '1706', '', '', '', '', '', '', '', '', '', 0, NULL, '', NULL, '', '', '');
INSERT INTO `car_pur_a` VALUES ('224', '1706', '', '', '', '', '', '', '', '', '', 0, NULL, '', NULL, '', '', '');
INSERT INTO `car_pur_a` VALUES ('225', '1706', '', '', '', '', '', '', '', '', '', 0, NULL, '', NULL, '', '', '');
INSERT INTO `car_pur_a` VALUES ('226', '1707', '1707', '', '', '', '', '', '', '', '', 0, NULL, '', NULL, '', '', '');
INSERT INTO `car_pur_a` VALUES ('227', '1707', '1707', '', '', '', '', '', '', '', '', 0, NULL, '', NULL, '', '', '');
INSERT INTO `car_pur_a` VALUES ('228', '1707', '1707', '', '', '', '', '', '', '', '', 0, '', '', NULL, '', '', '');
INSERT INTO `car_pur_a` VALUES ('229', '1707', '1707', '', '', '', '', '', '', '', '', 0, NULL, '', NULL, '', '', '');
INSERT INTO `car_pur_a` VALUES ('230', '1707', '1707', '', '', '', '', '', '', '', '', 0, NULL, '', NULL, '', '', '');
INSERT INTO `car_pur_a` VALUES ('231', '1707', '1707', '', '', '', '', '', '', '', '', 0, NULL, '', NULL, '', '', '');
INSERT INTO `car_pur_a` VALUES ('232', '1707', '1707', '', '', '', '', '', '', '', '', 0, NULL, '', NULL, '', '', '');
INSERT INTO `car_pur_a` VALUES ('233', '1707', '1707', '', '', '', '', '', '', '', '', 0, NULL, '', NULL, '', '', '');

-- --------------------------------------------------------

-- 
-- 資料表格式： `car_pur_a_void`
-- 

CREATE TABLE `car_pur_a_void` (
  `CarId` varchar(8) COLLATE utf8_unicode_ci NOT NULL,
  `PrdcMon` varchar(8) COLLATE utf8_unicode_ci NOT NULL,
  `ShipMon` varchar(8) COLLATE utf8_unicode_ci NOT NULL,
  `EstDat` varchar(10) COLLATE utf8_unicode_ci NOT NULL,
  `ArrDat` varchar(10) COLLATE utf8_unicode_ci NOT NULL,
  `RdmDat` varchar(10) COLLATE utf8_unicode_ci NOT NULL,
  `InDat` varchar(10) COLLATE utf8_unicode_ci NOT NULL,
  `PlateDat` varchar(10) COLLATE utf8_unicode_ci NOT NULL,
  `EngNo` varchar(20) COLLATE utf8_unicode_ci NOT NULL,
  `PlateNo` varchar(20) COLLATE utf8_unicode_ci NOT NULL,
  `DealAmt` bigint(10) NOT NULL DEFAULT '0',
  `Memo` varchar(200) COLLATE utf8_unicode_ci DEFAULT NULL,
  `DeliDat` varchar(10) COLLATE utf8_unicode_ci NOT NULL,
  `DeliMan` varchar(20) COLLATE utf8_unicode_ci DEFAULT NULL,
  `DeliUser` varchar(4) COLLATE utf8_unicode_ci NOT NULL,
  `BmwDocDat` varchar(10) COLLATE utf8_unicode_ci NOT NULL,
  `BmwDocDelDat` varchar(10) COLLATE utf8_unicode_ci NOT NULL
) ENGINE=MyISAM DEFAULT CHARSET=utf8 COLLATE=utf8_unicode_ci;

-- 
-- 列出以下資料庫的數據： `car_pur_a_void`
-- 


-- --------------------------------------------------------

-- 
-- 資料表格式： `car_pur_void`
-- 

CREATE TABLE `car_pur_void` (
  `CarId` int(8) unsigned NOT NULL DEFAULT '0',
  `SaleId` varchar(8) COLLATE utf8_unicode_ci NOT NULL,
  `FrNo10` varchar(50) COLLATE utf8_unicode_ci NOT NULL,
  `FrNo7` varchar(7) COLLATE utf8_unicode_ci NOT NULL,
  `CatId` varchar(8) COLLATE utf8_unicode_ci NOT NULL,
  `Color` varchar(10) COLLATE utf8_unicode_ci NOT NULL,
  `InColor` varchar(10) COLLATE utf8_unicode_ci NOT NULL,
  `OptList` varchar(100) COLLATE utf8_unicode_ci NOT NULL,
  `OrderNo` varchar(20) COLLATE utf8_unicode_ci NOT NULL,
  `Status` int(3) unsigned DEFAULT '0',
  `CllInNo` varchar(20) COLLATE utf8_unicode_ci NOT NULL,
  `OrderDat` varchar(10) COLLATE utf8_unicode_ci NOT NULL,
  `Supplier` varchar(10) COLLATE utf8_unicode_ci NOT NULL,
  `Locat` varchar(10) COLLATE utf8_unicode_ci NOT NULL,
  `RsvFlag` varchar(1) COLLATE utf8_unicode_ci DEFAULT '0',
  `RsvMemo` varchar(50) COLLATE utf8_unicode_ci NOT NULL
) ENGINE=MyISAM DEFAULT CHARSET=utf8 COLLATE=utf8_unicode_ci;

-- 
-- 列出以下資料庫的數據： `car_pur_void`
-- 


-- --------------------------------------------------------

-- 
-- 資料表格式： `car_sale`
-- 

CREATE TABLE `car_sale` (
  `SaleId` varchar(8) COLLATE utf8_unicode_ci NOT NULL,
  `CarId` varchar(8) COLLATE utf8_unicode_ci NOT NULL,
  `CatId` varchar(8) COLLATE utf8_unicode_ci NOT NULL,
  `Color` varchar(10) COLLATE utf8_unicode_ci NOT NULL,
  `InColor` varchar(10) COLLATE utf8_unicode_ci NOT NULL,
  `OptList` varchar(100) COLLATE utf8_unicode_ci NOT NULL,
  `ChkFlag` varchar(1) COLLATE utf8_unicode_ci NOT NULL DEFAULT '0'
) ENGINE=MyISAM DEFAULT CHARSET=utf8 COLLATE=utf8_unicode_ci;

-- 
-- 列出以下資料庫的數據： `car_sale`
-- 

INSERT INTO `car_sale` VALUES ('1', '7', '0A14', 'NA1', 'B', '230.233', '0');
INSERT INTO `car_sale` VALUES ('2', '26', '0C14', 'ND2', 'B', '', '0');
INSERT INTO `car_sale` VALUES ('3', '28', '0C14', 'ND2', 'B', '', '0');
INSERT INTO `car_sale` VALUES ('4', '29', '0C14', 'NB5', 'B', '263', '0');
INSERT INTO `car_sale` VALUES ('5', '30', '0D13', 'NB5', 'B', '', '0');
INSERT INTO `car_sale` VALUES ('6', '31', '0D12', 'NB5', 'B', '', '0');
INSERT INTO `car_sale` VALUES ('7', '35', '0J33', 'N1R', 'BR', '', '0');
INSERT INTO `car_sale` VALUES ('8', '36', '0J33', 'N1R', 'BR', '', '0');
INSERT INTO `car_sale` VALUES ('9', '37', '0J33', 'N1R', 'BR', '', '0');
INSERT INTO `car_sale` VALUES ('10', '38', '0J33', 'N1R', 'BR', '', '0');
INSERT INTO `car_sale` VALUES ('11', '44', '0J33', 'N1R', 'BR', ' 17B,519,771', '0');
INSERT INTO `car_sale` VALUES ('12', '46', '0A12', 'NB5', 'B&OG', ' ', '0');
INSERT INTO `car_sale` VALUES ('13', '47', '0A12', 'NB5', 'B&OG', ' ', '0');
INSERT INTO `car_sale` VALUES ('14', '48', '0A12', 'N1H', 'B', ' 200', '0');
INSERT INTO `car_sale` VALUES ('15', '49', '0A12', 'N0L', 'B&R', ' ', '0');
INSERT INTO `car_sale` VALUES ('16', '53', '0J33', 'N1R', 'BR', '', '0');
INSERT INTO `car_sale` VALUES ('19', '60', '0J33', 'N1R', 'BR', ' 519,771', '0');
INSERT INTO `car_sale` VALUES ('20', '64', '0A12', 'N1H', 'B', ' 200', '0');
INSERT INTO `car_sale` VALUES ('21', '66', '0A13', '751', 'B', ' ', '0');
INSERT INTO `car_sale` VALUES ('22', '67', '0A13', 'N1K', 'B', ' ', '0');
INSERT INTO `car_sale` VALUES ('23', '68', '0A61', 'ND2', 'B', '', '0');
INSERT INTO `car_sale` VALUES ('24', '117', '0C15', 'NB5', 'B', ' ', '0');
INSERT INTO `car_sale` VALUES ('25', '74', '0C15', 'N0W', 'B', ' ', '0');
INSERT INTO `car_sale` VALUES ('26', '75', '0J03', 'ND2', 'B', '', '0');
INSERT INTO `car_sale` VALUES ('27', '76', '0J03', 'ND2', 'B', '', '0');
INSERT INTO `car_sale` VALUES ('28', '77', '0J03', 'ND2', 'B', '', '0');
INSERT INTO `car_sale` VALUES ('29', '78', '0J03', 'ND2', 'B', '', '0');
INSERT INTO `car_sale` VALUES ('30', '79', '0J03', 'ND2', 'B', '', '0');
INSERT INTO `car_sale` VALUES ('31', '84', '0J13', 'N0Y', 'B', '', '0');
INSERT INTO `car_sale` VALUES ('32', '87', '0J23', 'NB5', 'B', '', '0');
INSERT INTO `car_sale` VALUES ('33', '88', '0J23', 'NB5', 'B', '', '0');
INSERT INTO `car_sale` VALUES ('34', '96', '0J33', 'N1R', 'BR', ' 17B,633', '0');
INSERT INTO `car_sale` VALUES ('36', '98', '0A12', 'N1H', 'B', '', '0');
INSERT INTO `car_sale` VALUES ('37', '99', '0A12', 'N1H', 'B', '', '0');
INSERT INTO `car_sale` VALUES ('38', '103', '0A61', 'N1S', 'B', '', '0');
INSERT INTO `car_sale` VALUES ('39', '104', '0A61', 'N1S', 'B', '', '0');
INSERT INTO `car_sale` VALUES ('40', '105', '0A61', 'N1S', 'B', '', '0');
INSERT INTO `car_sale` VALUES ('41', '106', '0A61', 'N1S', 'B', '', '0');
INSERT INTO `car_sale` VALUES ('42', '107', '0A61', 'NB5', 'B', '', '0');
INSERT INTO `car_sale` VALUES ('43', '65', '0A12', 'N0L', 'B&R', ' ', '0');
INSERT INTO `car_sale` VALUES ('44', '109', '0A61', 'N1S', 'B', '', '0');
INSERT INTO `car_sale` VALUES ('45', '110', '0A61', 'N86', 'BL&W', '', '0');
INSERT INTO `car_sale` VALUES ('46', '111', '0A61', 'N1S', 'B', ' 776', '0');
INSERT INTO `car_sale` VALUES ('47', '123', '0J03', 'ND2', 'B', '', '0');
INSERT INTO `car_sale` VALUES ('48', '144', '0A12', 'N1H', 'B', '', '0');
INSERT INTO `car_sale` VALUES ('49', '154', '0A61', 'N86', 'BL&W', '', '0');
INSERT INTO `car_sale` VALUES ('50', '157', '0A61', 'N1S', 'B', '', '0');
INSERT INTO `car_sale` VALUES ('51', '192', '0A61', 'N1S', 'B', '', '0');
INSERT INTO `car_sale` VALUES ('52', '50', '0A12', 'N0L', 'B&R', ' ', '0');
INSERT INTO `car_sale` VALUES ('53', '183', '0A13', '751', 'B', ' ', '0');
INSERT INTO `car_sale` VALUES ('54', '228', '0A61', '', '', '', '1');
INSERT INTO `car_sale` VALUES ('55', '27', '0C14', 'NOV', 'B', 'NOV', '0');
INSERT INTO `car_sale` VALUES ('56', '73', '0C15', 'ND2', 'B', ' ', '0');
INSERT INTO `car_sale` VALUES ('58', '55', '0J33', 'N1R', 'BR', ' 771', '0');
INSERT INTO `car_sale` VALUES ('59', '39', '0A13', '751', 'B', ' ', '0');
INSERT INTO `car_sale` VALUES ('17', '94', '0J33', 'N1R', 'BR', ' ', '0');
INSERT INTO `car_sale` VALUES ('63', '8', '0A15', 'N1N', 'B', '861', '0');
INSERT INTO `car_sale` VALUES ('60', '63', '0A12', 'NB5', 'B&OG', ' ', '0');
INSERT INTO `car_sale` VALUES ('61', '108', '0A61', 'N86', 'BL&W', ' 413,499,776', '0');
INSERT INTO `car_sale` VALUES ('64', '13', '0B12', 'ND2', 'B&G', '862', '0');
INSERT INTO `car_sale` VALUES ('65', '116', '0C15', 'N0W', 'B', ' ', '0');
INSERT INTO `car_sale` VALUES ('66', '204', '0J13', 'N0Y', 'B', ' 650', '0');
INSERT INTO `car_sale` VALUES ('67', '100', '0A12', 'NB5', 'B&G', ' ', '0');
INSERT INTO `car_sale` VALUES ('68', '5', '0A13', 'N97', 'B', 'N97', '0');
INSERT INTO `car_sale` VALUES ('69', '4', '0A13', 'NC9', 'B', 'NC9', '0');
INSERT INTO `car_sale` VALUES ('70', '23', '0C14', 'ND2', 'B', '', '0');
INSERT INTO `car_sale` VALUES ('71', '143', '0A12', 'NB5', 'B&OG', ' ', '0');

-- --------------------------------------------------------

-- 
-- 資料表格式： `car_sale_void`
-- 

CREATE TABLE `car_sale_void` (
  `SaleId` varchar(8) COLLATE utf8_unicode_ci NOT NULL,
  `CarId` varchar(8) COLLATE utf8_unicode_ci NOT NULL,
  `CatId` varchar(8) COLLATE utf8_unicode_ci NOT NULL,
  `Color` varchar(10) COLLATE utf8_unicode_ci NOT NULL,
  `InColor` varchar(10) COLLATE utf8_unicode_ci NOT NULL,
  `OptList` varchar(100) COLLATE utf8_unicode_ci NOT NULL,
  `Tmk` datetime NOT NULL,
  `UserId` varchar(4) COLLATE utf8_unicode_ci NOT NULL
) ENGINE=MyISAM DEFAULT CHARSET=utf8 COLLATE=utf8_unicode_ci;

-- 
-- 列出以下資料庫的數據： `car_sale_void`
-- 

INSERT INTO `car_sale_void` VALUES ('17', '54', '0J33', 'N1R', 'BR', '', '2017-06-05 15:02:15', '1083');
INSERT INTO `car_sale_void` VALUES ('18', '55', '0J33', 'N1R', 'BR', '', '2017-06-05 15:03:36', '1083');
INSERT INTO `car_sale_void` VALUES ('35', '96', '0J33', 'N1R', 'BR', '', '2017-06-05 15:06:55', '1083');
INSERT INTO `car_sale_void` VALUES ('43', '108', '0A61', 'N86', 'BL&W', '', '2017-06-05 15:08:49', '1083');
INSERT INTO `car_sale_void` VALUES ('58', '58', '0J33', 'N1R', 'BR', ' 771', '2017-06-14 16:10:04', '1083');
INSERT INTO `car_sale_void` VALUES ('62', '', '0C14', '', '', '', '2017-06-15 13:24:49', '1083');
INSERT INTO `car_sale_void` VALUES ('62', '0', '', '', '', '', '2017-06-15 13:25:45', '1083');
INSERT INTO `car_sale_void` VALUES ('18', '56', '0J33', 'N1R', 'BR', ' 771', '2017-06-21 10:12:05', '1083');
INSERT INTO `car_sale_void` VALUES ('17', '92', '0J33', 'N1R', 'BR', ' ', '2017-06-22 11:18:50', '1083');
INSERT INTO `car_sale_void` VALUES ('34', '95', '0J33', 'N1R', 'BR', '', '2017-06-22 11:31:49', '1083');
INSERT INTO `car_sale_void` VALUES ('57', '60', '0J33', 'N1R', 'BR', ' 519,771', '2017-06-23 09:05:32', '1083');
INSERT INTO `car_sale_void` VALUES ('19', '59', '0J33', 'N1R', 'BR', '', '2017-06-23 15:31:45', '1083');
INSERT INTO `car_sale_void` VALUES ('24', '72', '0C15', 'NB5', 'B', ' ', '2017-06-23 17:47:13', '1083');

-- --------------------------------------------------------

-- 
-- 資料表格式： `car_testdrive`
-- 

CREATE TABLE `car_testdrive` (
  `TDSaleId` varchar(8) NOT NULL,
  `TDCarId` varchar(8) NOT NULL,
  `Dat` varchar(10) NOT NULL,
  `CntrNo` varchar(20) CHARACTER SET utf8 COLLATE utf8_unicode_ci DEFAULT NULL,
  `Dep` varchar(20) CHARACTER SET utf8 COLLATE utf8_unicode_ci DEFAULT NULL,
  `SaleMan` varchar(10) CHARACTER SET utf8 COLLATE utf8_unicode_ci DEFAULT NULL,
  `Name` varchar(100) CHARACTER SET utf8 COLLATE utf8_unicode_ci DEFAULT NULL,
  `BirthDay` varchar(10) NOT NULL,
  `IdNo` varchar(10) NOT NULL,
  `LicNo` varchar(10) NOT NULL,
  `Tel` varchar(50) CHARACTER SET utf8 COLLATE utf8_unicode_ci DEFAULT NULL,
  `Cell` varchar(20) CHARACTER SET utf8 COLLATE utf8_unicode_ci DEFAULT NULL,
  `City` varchar(20) CHARACTER SET utf8 COLLATE utf8_unicode_ci DEFAULT NULL,
  `Adr` varchar(100) CHARACTER SET utf8 COLLATE utf8_unicode_ci DEFAULT NULL,
  `Payment` varchar(10) CHARACTER SET utf8 COLLATE utf8_unicode_ci DEFAULT NULL,
  `LeaseCo` varchar(100) CHARACTER SET utf8 COLLATE utf8_unicode_ci DEFAULT NULL,
  `LoanCo` varchar(100) CHARACTER SET utf8 COLLATE utf8_unicode_ci DEFAULT NULL,
  `CntrAmt` bigint(10) NOT NULL,
  `EstDelDat` varchar(10) NOT NULL,
  `PlateNo` varchar(20) NOT NULL,
  `PlateDat` varchar(10) NOT NULL
) ENGINE=InnoDB DEFAULT CHARSET=latin1;

-- 
-- 列出以下資料庫的數據： `car_testdrive`
-- 


-- --------------------------------------------------------

-- 
-- 資料表格式： `des_cat`
-- 

CREATE TABLE `des_cat` (
  `CatId` varchar(8) COLLATE utf8_unicode_ci DEFAULT NULL,
  `BmwCode` varchar(8) COLLATE utf8_unicode_ci NOT NULL,
  `Series` varchar(20) COLLATE utf8_unicode_ci NOT NULL,
  `Class` varchar(10) COLLATE utf8_unicode_ci NOT NULL,
  `Model` varchar(50) COLLATE utf8_unicode_ci NOT NULL,
  `Year` varchar(20) COLLATE utf8_unicode_ci NOT NULL,
  `EngCat` varchar(8) COLLATE utf8_unicode_ci NOT NULL,
  `FinaCarCat` varchar(20) COLLATE utf8_unicode_ci NOT NULL
) ENGINE=MyISAM DEFAULT CHARSET=utf8 COLLATE=utf8_unicode_ci;

-- 
-- 列出以下資料庫的數據： `des_cat`
-- 

INSERT INTO `des_cat` VALUES ('0C14', '0C14', 'MOTO', 'MOTO', 'C650 SPORT', '', '', 'MOTO');
INSERT INTO `des_cat` VALUES ('0C15', '0C15', 'MOTO', 'MOTO', 'C650GT', '', '', 'MOTO');
INSERT INTO `des_cat` VALUES ('0B14', '0B14', 'MOTO', 'MOTO', 'F800R', '', '', 'MOTO');
INSERT INTO `des_cat` VALUES ('0B12', '0B12', 'MOTO', 'MOTO', 'F800GS', '', '', 'MOTO');
INSERT INTO `des_cat` VALUES ('0A61', '0A61', 'MOTO', 'MOTO', 'R1200GS', '', '', 'MOTO');
INSERT INTO `des_cat` VALUES ('0A13', '0A13', 'MOTO', 'MOTO', 'R1200RT', '', '', 'MOTO');
INSERT INTO `des_cat` VALUES ('0A15', '0A15', 'MOTO', 'MOTO', 'R1200RS', '', '', 'MOTO');
INSERT INTO `des_cat` VALUES ('0A12', '0A12', 'MOTO', 'MOTO', 'R1200GS ADV', '', '', 'MOTO');
INSERT INTO `des_cat` VALUES ('0A14', '0A14', 'MOTO', 'MOTO', 'R1200R', '', '', 'MOTO');
INSERT INTO `des_cat` VALUES ('0J03', '0J03', 'MOTO', 'MOTO', 'R NINET', '', '', 'MOTO');
INSERT INTO `des_cat` VALUES ('0J13', '0J13', 'MOTO', 'MOTO', 'R NINET PURE', '', '', 'MOTO');
INSERT INTO `des_cat` VALUES ('0J23', '0J23', 'MOTO', 'MOTO', 'R NINET RACER', '', '', 'MOTO');
INSERT INTO `des_cat` VALUES ('0J33', '0J33', 'MOTO', 'MOTO', 'R NINET SCRAMBLER', '', '', 'MOTO');
INSERT INTO `des_cat` VALUES ('0D13', '0D13', 'MOTO', 'MOTO', 'S1000XR', '', '', 'MOTO');
INSERT INTO `des_cat` VALUES ('0D12', '0D12', 'MOTO', 'MOTO', 'S1000R', '', '', 'MOTO');
INSERT INTO `des_cat` VALUES ('0D21', '0D21', 'MOTO', 'MOTO', 'S1000RR', '', '', 'MOTO');
INSERT INTO `des_cat` VALUES ('0612', '0612', 'MOTO', 'MOTO', 'K1600GTL', '', '', 'MOTO');
INSERT INTO `des_cat` VALUES ('0613', '0613', 'MOTO', 'MOTO', 'K1600GTL EXCLUSIVE', '', '', 'MOTO');
INSERT INTO `des_cat` VALUES ('0J43', '0J43', 'MOTO', 'MOTO', 'R NINET URBAN G/S', '', '', 'MOTO');

-- --------------------------------------------------------

-- 
-- 資料表格式： `des_city`
-- 

CREATE TABLE `des_city` (
  `City` varchar(10) COLLATE utf8_unicode_ci NOT NULL,
  `Town` varchar(10) COLLATE utf8_unicode_ci NOT NULL,
  `Zip` varchar(3) COLLATE utf8_unicode_ci NOT NULL
) ENGINE=MyISAM DEFAULT CHARSET=utf8 COLLATE=utf8_unicode_ci;

-- 
-- 列出以下資料庫的數據： `des_city`
-- 

INSERT INTO `des_city` VALUES ('台北市', '中正區', '100');
INSERT INTO `des_city` VALUES ('台北市', '大同區', '103');
INSERT INTO `des_city` VALUES ('台北市', '中山區', '104');
INSERT INTO `des_city` VALUES ('台北市', '松山區', '105');
INSERT INTO `des_city` VALUES ('台北市', '大安區', '106');
INSERT INTO `des_city` VALUES ('台北市', '萬華區', '108');
INSERT INTO `des_city` VALUES ('台北市', '信義區', '110');
INSERT INTO `des_city` VALUES ('台北市', '士林區', '111');
INSERT INTO `des_city` VALUES ('台北市', '北投區', '112');
INSERT INTO `des_city` VALUES ('台北市', '內湖區', '114');
INSERT INTO `des_city` VALUES ('台北市', '南港區', '115');
INSERT INTO `des_city` VALUES ('台北市', '文山區', '116');
INSERT INTO `des_city` VALUES ('基隆市', '仁愛區', '200');
INSERT INTO `des_city` VALUES ('基隆市', '信義區', '201');
INSERT INTO `des_city` VALUES ('基隆市', '中正區', '202');
INSERT INTO `des_city` VALUES ('基隆市', '中山區', '203');
INSERT INTO `des_city` VALUES ('基隆市', '安樂區', '204');
INSERT INTO `des_city` VALUES ('基隆市', '暖暖區', '205');
INSERT INTO `des_city` VALUES ('基隆市', '七堵區', '206');
INSERT INTO `des_city` VALUES ('新北市', '萬里區', '207');
INSERT INTO `des_city` VALUES ('新北市', '金山區', '208');
INSERT INTO `des_city` VALUES ('連江縣', '南竿鄉', '209');
INSERT INTO `des_city` VALUES ('連江縣', '北竿鄉', '210');
INSERT INTO `des_city` VALUES ('連江縣', '莒光鄉', '211');
INSERT INTO `des_city` VALUES ('連江縣', '東引鄉', '212');
INSERT INTO `des_city` VALUES ('新北市', '板橋區', '220');
INSERT INTO `des_city` VALUES ('新北市', '汐止區', '221');
INSERT INTO `des_city` VALUES ('新北市', '深坑區', '222');
INSERT INTO `des_city` VALUES ('新北市', '石碇區', '223');
INSERT INTO `des_city` VALUES ('新北市', '瑞芳區', '224');
INSERT INTO `des_city` VALUES ('新北市', '平溪區', '226');
INSERT INTO `des_city` VALUES ('新北市', '雙溪區', '227');
INSERT INTO `des_city` VALUES ('新北市', '貢寮區', '228');
INSERT INTO `des_city` VALUES ('新北市', '新店區', '231');
INSERT INTO `des_city` VALUES ('新北市', '坪林區', '232');
INSERT INTO `des_city` VALUES ('新北市', '烏來區', '233');
INSERT INTO `des_city` VALUES ('新北市', '永和區', '234');
INSERT INTO `des_city` VALUES ('新北市', '中和區', '235');
INSERT INTO `des_city` VALUES ('新北市', '土城區', '236');
INSERT INTO `des_city` VALUES ('新北市', '三峽區', '237');
INSERT INTO `des_city` VALUES ('新北市', '樹林區', '238');
INSERT INTO `des_city` VALUES ('新北市', '鶯歌區', '239');
INSERT INTO `des_city` VALUES ('新北市', '三重區', '241');
INSERT INTO `des_city` VALUES ('新北市', '新莊區', '242');
INSERT INTO `des_city` VALUES ('新北市', '泰山區', '243');
INSERT INTO `des_city` VALUES ('新北市', '林口區', '244');
INSERT INTO `des_city` VALUES ('新北市', '蘆洲區', '247');
INSERT INTO `des_city` VALUES ('新北市', '五股區', '248');
INSERT INTO `des_city` VALUES ('新北市', '八里區', '249');
INSERT INTO `des_city` VALUES ('新北市', '淡水區', '251');
INSERT INTO `des_city` VALUES ('新北市', '三芝區', '252');
INSERT INTO `des_city` VALUES ('新北市', '石門區', '253');
INSERT INTO `des_city` VALUES ('宜蘭縣', '宜蘭市', '260');
INSERT INTO `des_city` VALUES ('宜蘭縣', '頭城鎮', '261');
INSERT INTO `des_city` VALUES ('宜蘭縣', '礁溪鄉', '262');
INSERT INTO `des_city` VALUES ('宜蘭縣', '壯圍鄉', '263');
INSERT INTO `des_city` VALUES ('宜蘭縣', '員山鄉', '264');
INSERT INTO `des_city` VALUES ('宜蘭縣', '羅東鎮', '265');
INSERT INTO `des_city` VALUES ('宜蘭縣', '三星鄉', '266');
INSERT INTO `des_city` VALUES ('宜蘭縣', '大同鄉', '267');
INSERT INTO `des_city` VALUES ('宜蘭縣', '五結鄉', '268');
INSERT INTO `des_city` VALUES ('宜蘭縣', '冬山鄉', '269');
INSERT INTO `des_city` VALUES ('宜蘭縣', '蘇澳鎮', '270');
INSERT INTO `des_city` VALUES ('宜蘭縣', '南澳鄉', '272');
INSERT INTO `des_city` VALUES ('新竹', '市', '300');
INSERT INTO `des_city` VALUES ('新竹縣', '竹北市', '302');
INSERT INTO `des_city` VALUES ('新竹縣', '湖口鄉', '303');
INSERT INTO `des_city` VALUES ('新竹縣', '新豐鄉', '304');
INSERT INTO `des_city` VALUES ('新竹縣', '新埔鎮', '305');
INSERT INTO `des_city` VALUES ('新竹縣', '關西鎮', '306');
INSERT INTO `des_city` VALUES ('新竹縣', '芎林鄉', '307');
INSERT INTO `des_city` VALUES ('新竹縣', '寶山鄉', '308');
INSERT INTO `des_city` VALUES ('新竹縣', '竹東鎮', '310');
INSERT INTO `des_city` VALUES ('新竹縣', '五峰鄉', '311');
INSERT INTO `des_city` VALUES ('新竹縣', '橫山鄉', '312');
INSERT INTO `des_city` VALUES ('新竹縣', '尖石鄉', '313');
INSERT INTO `des_city` VALUES ('新竹縣', '北埔鄉', '314');
INSERT INTO `des_city` VALUES ('新竹縣', '峨眉鄉', '315');
INSERT INTO `des_city` VALUES ('桃園市', '中壢區', '320');
INSERT INTO `des_city` VALUES ('桃園市', '平鎮區', '324');
INSERT INTO `des_city` VALUES ('桃園市', '龍潭區', '325');
INSERT INTO `des_city` VALUES ('桃園市', '楊梅區', '326');
INSERT INTO `des_city` VALUES ('桃園市', '新屋區', '327');
INSERT INTO `des_city` VALUES ('桃園市', '觀音區', '328');
INSERT INTO `des_city` VALUES ('桃園市', '桃園區', '330');
INSERT INTO `des_city` VALUES ('桃園市', '龜山區', '333');
INSERT INTO `des_city` VALUES ('桃園市', '八德區', '334');
INSERT INTO `des_city` VALUES ('桃園市', '大溪區', '335');
INSERT INTO `des_city` VALUES ('桃園市', '復興區', '336');
INSERT INTO `des_city` VALUES ('桃園市', '大園區', '337');
INSERT INTO `des_city` VALUES ('桃園市', '蘆竹區', '338');
INSERT INTO `des_city` VALUES ('苗栗縣', '竹南鎮', '350');
INSERT INTO `des_city` VALUES ('苗栗縣', '頭份鎮', '351');
INSERT INTO `des_city` VALUES ('苗栗縣', '三灣鄉', '352');
INSERT INTO `des_city` VALUES ('苗栗縣', '南庄鄉', '353');
INSERT INTO `des_city` VALUES ('苗栗縣', '獅潭鄉', '354');
INSERT INTO `des_city` VALUES ('苗栗縣', '後龍鎮', '356');
INSERT INTO `des_city` VALUES ('苗栗縣', '通霄鎮', '357');
INSERT INTO `des_city` VALUES ('苗栗縣', '苑裡鎮', '358');
INSERT INTO `des_city` VALUES ('苗栗縣', '苗栗市', '360');
INSERT INTO `des_city` VALUES ('苗栗縣', '造橋鄉', '361');
INSERT INTO `des_city` VALUES ('苗栗縣', '頭屋鄉', '362');
INSERT INTO `des_city` VALUES ('苗栗縣', '公館鄉', '363');
INSERT INTO `des_city` VALUES ('苗栗縣', '大湖鄉', '364');
INSERT INTO `des_city` VALUES ('苗栗縣', '泰安鄉', '365');
INSERT INTO `des_city` VALUES ('苗栗縣', '銅鑼鄉', '366');
INSERT INTO `des_city` VALUES ('苗栗縣', '三義鄉', '367');
INSERT INTO `des_city` VALUES ('苗栗縣', '西湖鄉', '368');
INSERT INTO `des_city` VALUES ('苗栗縣', '卓蘭鎮', '369');
INSERT INTO `des_city` VALUES ('台中市', '中區', '400');
INSERT INTO `des_city` VALUES ('台中市', '東區', '401');
INSERT INTO `des_city` VALUES ('台中市', '南區', '402');
INSERT INTO `des_city` VALUES ('台中市', '西區', '403');
INSERT INTO `des_city` VALUES ('台中市', '北區', '404');
INSERT INTO `des_city` VALUES ('台中市', '北屯區', '406');
INSERT INTO `des_city` VALUES ('台中市', '西屯區', '407');
INSERT INTO `des_city` VALUES ('台中市', '南屯區', '408');
INSERT INTO `des_city` VALUES ('台中市', '太平區', '411');
INSERT INTO `des_city` VALUES ('台中市', '大里區', '412');
INSERT INTO `des_city` VALUES ('台中市', '霧峰區', '413');
INSERT INTO `des_city` VALUES ('台中市', '烏日區', '414');
INSERT INTO `des_city` VALUES ('台中市', '豐原區', '420');
INSERT INTO `des_city` VALUES ('台中市', '后里區', '421');
INSERT INTO `des_city` VALUES ('台中市', '石岡區', '422');
INSERT INTO `des_city` VALUES ('台中市', '東勢區', '423');
INSERT INTO `des_city` VALUES ('台中市', '和平區', '424');
INSERT INTO `des_city` VALUES ('台中市', '新社區', '426');
INSERT INTO `des_city` VALUES ('台中市', '潭子區', '427');
INSERT INTO `des_city` VALUES ('台中市', '大雅區', '428');
INSERT INTO `des_city` VALUES ('台中市', '神岡區', '429');
INSERT INTO `des_city` VALUES ('台中市', '大肚區', '432');
INSERT INTO `des_city` VALUES ('台中市', '沙鹿區', '433');
INSERT INTO `des_city` VALUES ('台中市', '龍井區', '434');
INSERT INTO `des_city` VALUES ('台中市', '梧棲區', '435');
INSERT INTO `des_city` VALUES ('台中市', '清水區', '436');
INSERT INTO `des_city` VALUES ('台中市', '大甲區', '437');
INSERT INTO `des_city` VALUES ('台中市', '外埔區', '438');
INSERT INTO `des_city` VALUES ('台中市', '大安區', '439');
INSERT INTO `des_city` VALUES ('彰化縣', '彰化市', '500');
INSERT INTO `des_city` VALUES ('彰化縣', '芬園鄉', '502');
INSERT INTO `des_city` VALUES ('彰化縣', '花壇鄉', '503');
INSERT INTO `des_city` VALUES ('彰化縣', '秀水鄉', '504');
INSERT INTO `des_city` VALUES ('彰化縣', '鹿港鎮', '505');
INSERT INTO `des_city` VALUES ('彰化縣', '福興鄉', '506');
INSERT INTO `des_city` VALUES ('彰化縣', '線西鄉', '507');
INSERT INTO `des_city` VALUES ('彰化縣', '和美鎮', '508');
INSERT INTO `des_city` VALUES ('彰化縣', '伸港鄉', '509');
INSERT INTO `des_city` VALUES ('彰化縣', '員林鎮', '510');
INSERT INTO `des_city` VALUES ('彰化縣', '社頭鄉', '511');
INSERT INTO `des_city` VALUES ('彰化縣', '永靖鄉', '512');
INSERT INTO `des_city` VALUES ('彰化縣', '埔心鄉', '513');
INSERT INTO `des_city` VALUES ('彰化縣', '溪湖鎮', '514');
INSERT INTO `des_city` VALUES ('彰化縣', '大村鄉', '515');
INSERT INTO `des_city` VALUES ('彰化縣', '埔鹽鄉', '516');
INSERT INTO `des_city` VALUES ('彰化縣', '田中鎮', '520');
INSERT INTO `des_city` VALUES ('彰化縣', '北斗鎮', '521');
INSERT INTO `des_city` VALUES ('彰化縣', '田尾鄉', '522');
INSERT INTO `des_city` VALUES ('彰化縣', '埤頭鄉', '523');
INSERT INTO `des_city` VALUES ('彰化縣', '溪州鄉', '524');
INSERT INTO `des_city` VALUES ('彰化縣', '竹塘鄉', '525');
INSERT INTO `des_city` VALUES ('彰化縣', '二林鎮', '526');
INSERT INTO `des_city` VALUES ('彰化縣', '大城鄉', '527');
INSERT INTO `des_city` VALUES ('彰化縣', '芳苑鄉', '528');
INSERT INTO `des_city` VALUES ('彰化縣', '二水鄉', '530');
INSERT INTO `des_city` VALUES ('南投縣', '南投市', '540');
INSERT INTO `des_city` VALUES ('南投縣', '中寮鄉', '541');
INSERT INTO `des_city` VALUES ('南投縣', '草屯鎮', '542');
INSERT INTO `des_city` VALUES ('南投縣', '國姓鄉', '544');
INSERT INTO `des_city` VALUES ('南投縣', '埔里鎮', '545');
INSERT INTO `des_city` VALUES ('南投縣', '仁愛鄉', '546');
INSERT INTO `des_city` VALUES ('南投縣', '名間鄉', '551');
INSERT INTO `des_city` VALUES ('南投縣', '集集鎮', '552');
INSERT INTO `des_city` VALUES ('南投縣', '水里鄉', '553');
INSERT INTO `des_city` VALUES ('南投縣', '魚池鄉', '555');
INSERT INTO `des_city` VALUES ('南投縣', '信義鄉', '556');
INSERT INTO `des_city` VALUES ('南投縣', '竹山鎮', '557');
INSERT INTO `des_city` VALUES ('南投縣', '鹿谷鄉', '558');
INSERT INTO `des_city` VALUES ('嘉義', '市', '600');
INSERT INTO `des_city` VALUES ('嘉義縣', '番路鄉', '602');
INSERT INTO `des_city` VALUES ('嘉義縣', '梅山鄉', '603');
INSERT INTO `des_city` VALUES ('嘉義縣', '竹崎鄉', '604');
INSERT INTO `des_city` VALUES ('嘉義縣', '阿里山', '605');
INSERT INTO `des_city` VALUES ('嘉義縣', '中埔鄉', '606');
INSERT INTO `des_city` VALUES ('嘉義縣', '大埔鄉', '607');
INSERT INTO `des_city` VALUES ('嘉義縣', '水上鄉', '608');
INSERT INTO `des_city` VALUES ('嘉義縣', '鹿草鄉', '611');
INSERT INTO `des_city` VALUES ('嘉義縣', '太保市', '612');
INSERT INTO `des_city` VALUES ('嘉義縣', '朴子市', '613');
INSERT INTO `des_city` VALUES ('嘉義縣', '東石鄉', '614');
INSERT INTO `des_city` VALUES ('嘉義縣', '六腳鄉', '615');
INSERT INTO `des_city` VALUES ('嘉義縣', '新港鄉', '616');
INSERT INTO `des_city` VALUES ('嘉義縣', '民雄鄉', '621');
INSERT INTO `des_city` VALUES ('嘉義縣', '大林鎮', '622');
INSERT INTO `des_city` VALUES ('嘉義縣', '溪口鄉', '623');
INSERT INTO `des_city` VALUES ('嘉義縣', '義竹鄉', '624');
INSERT INTO `des_city` VALUES ('嘉義縣', '布袋鎮', '625');
INSERT INTO `des_city` VALUES ('雲林縣', '斗南鎮', '630');
INSERT INTO `des_city` VALUES ('雲林縣', '大埤鄉', '631');
INSERT INTO `des_city` VALUES ('雲林縣', '虎尾鎮', '632');
INSERT INTO `des_city` VALUES ('雲林縣', '土庫鎮', '633');
INSERT INTO `des_city` VALUES ('雲林縣', '褒忠鄉', '634');
INSERT INTO `des_city` VALUES ('雲林縣', '東勢鄉', '635');
INSERT INTO `des_city` VALUES ('雲林縣', '台西鄉', '636');
INSERT INTO `des_city` VALUES ('雲林縣', '崙背鄉', '637');
INSERT INTO `des_city` VALUES ('雲林縣', '麥寮鄉', '638');
INSERT INTO `des_city` VALUES ('雲林縣', '斗六市', '640');
INSERT INTO `des_city` VALUES ('雲林縣', '林內鄉', '643');
INSERT INTO `des_city` VALUES ('雲林縣', '古坑鄉', '646');
INSERT INTO `des_city` VALUES ('雲林縣', '莿桐鄉', '647');
INSERT INTO `des_city` VALUES ('雲林縣', '西螺鎮', '648');
INSERT INTO `des_city` VALUES ('雲林縣', '二崙鄉', '649');
INSERT INTO `des_city` VALUES ('雲林縣', '北港鎮', '651');
INSERT INTO `des_city` VALUES ('雲林縣', '水林鄉', '652');
INSERT INTO `des_city` VALUES ('雲林縣', '口湖鄉', '653');
INSERT INTO `des_city` VALUES ('雲林縣', '四湖鄉', '654');
INSERT INTO `des_city` VALUES ('雲林縣', '元長鄉', '655');
INSERT INTO `des_city` VALUES ('台南市', '中西區', '700');
INSERT INTO `des_city` VALUES ('台南市', '東區', '701');
INSERT INTO `des_city` VALUES ('台南市', '南區', '702');
INSERT INTO `des_city` VALUES ('台南市', '北區', '704');
INSERT INTO `des_city` VALUES ('台南市', '安平區', '708');
INSERT INTO `des_city` VALUES ('台南市', '安南區', '709');
INSERT INTO `des_city` VALUES ('台南市', '永康區', '710');
INSERT INTO `des_city` VALUES ('台南市', '歸仁區', '711');
INSERT INTO `des_city` VALUES ('台南市', '新化區', '712');
INSERT INTO `des_city` VALUES ('台南市', '左鎮區', '713');
INSERT INTO `des_city` VALUES ('台南市', '玉井區', '714');
INSERT INTO `des_city` VALUES ('台南市', '楠西區', '715');
INSERT INTO `des_city` VALUES ('台南市', '南化區', '716');
INSERT INTO `des_city` VALUES ('台南市', '仁德區', '717');
INSERT INTO `des_city` VALUES ('台南市', '關廟區', '718');
INSERT INTO `des_city` VALUES ('台南市', '龍崎區', '719');
INSERT INTO `des_city` VALUES ('台南市', '官田區', '720');
INSERT INTO `des_city` VALUES ('台南市', '麻豆區', '721');
INSERT INTO `des_city` VALUES ('台南市', '佳里區', '722');
INSERT INTO `des_city` VALUES ('台南市', '西港區', '723');
INSERT INTO `des_city` VALUES ('台南市', '七股區', '724');
INSERT INTO `des_city` VALUES ('台南市', '將軍區', '725');
INSERT INTO `des_city` VALUES ('台南市', '學甲區', '726');
INSERT INTO `des_city` VALUES ('台南市', '北門區', '727');
INSERT INTO `des_city` VALUES ('台南市', '新營區', '730');
INSERT INTO `des_city` VALUES ('台南市', '後壁區', '731');
INSERT INTO `des_city` VALUES ('台南市', '白河區', '732');
INSERT INTO `des_city` VALUES ('台南市', '東山區', '733');
INSERT INTO `des_city` VALUES ('台南市', '六甲區', '734');
INSERT INTO `des_city` VALUES ('台南市', '下營區', '735');
INSERT INTO `des_city` VALUES ('台南市', '柳營區', '736');
INSERT INTO `des_city` VALUES ('台南市', '鹽水區', '737');
INSERT INTO `des_city` VALUES ('台南市', '善化區', '741');
INSERT INTO `des_city` VALUES ('台南市', '大內區', '742');
INSERT INTO `des_city` VALUES ('台南市', '山上區', '743');
INSERT INTO `des_city` VALUES ('台南市', '新市區', '744');
INSERT INTO `des_city` VALUES ('台南市', '安定區', '745');
INSERT INTO `des_city` VALUES ('高雄市', '新興區', '800');
INSERT INTO `des_city` VALUES ('高雄市', '前金區', '801');
INSERT INTO `des_city` VALUES ('高雄市', '苓雅區', '802');
INSERT INTO `des_city` VALUES ('高雄市', '鹽埕區', '803');
INSERT INTO `des_city` VALUES ('高雄市', '鼓山區', '804');
INSERT INTO `des_city` VALUES ('高雄市', '旗津區', '805');
INSERT INTO `des_city` VALUES ('高雄市', '前鎮區', '806');
INSERT INTO `des_city` VALUES ('高雄市', '三民區', '807');
INSERT INTO `des_city` VALUES ('高雄市', '楠梓區', '811');
INSERT INTO `des_city` VALUES ('高雄市', '小港區', '812');
INSERT INTO `des_city` VALUES ('高雄市', '左營區', '813');
INSERT INTO `des_city` VALUES ('高雄市', '仁武區', '814');
INSERT INTO `des_city` VALUES ('高雄市', '大社區', '815');
INSERT INTO `des_city` VALUES ('高雄市', '岡山區', '820');
INSERT INTO `des_city` VALUES ('高雄市', '路竹區', '821');
INSERT INTO `des_city` VALUES ('高雄市', '阿蓮區', '822');
INSERT INTO `des_city` VALUES ('高雄市', '田寮區', '823');
INSERT INTO `des_city` VALUES ('高雄市', '燕巢區', '824');
INSERT INTO `des_city` VALUES ('高雄市', '橋頭區', '825');
INSERT INTO `des_city` VALUES ('高雄市', '梓官區', '826');
INSERT INTO `des_city` VALUES ('高雄市', '彌陀區', '827');
INSERT INTO `des_city` VALUES ('高雄市', '永安區', '828');
INSERT INTO `des_city` VALUES ('高雄市', '湖內區', '829');
INSERT INTO `des_city` VALUES ('高雄市', '鳳山區', '830');
INSERT INTO `des_city` VALUES ('高雄市', '大寮區', '831');
INSERT INTO `des_city` VALUES ('高雄市', '林園區', '832');
INSERT INTO `des_city` VALUES ('高雄市', '鳥松區', '833');
INSERT INTO `des_city` VALUES ('高雄市', '大樹區', '840');
INSERT INTO `des_city` VALUES ('高雄市', '旗山區', '842');
INSERT INTO `des_city` VALUES ('高雄市', '美濃區', '843');
INSERT INTO `des_city` VALUES ('高雄市', '六龜區', '844');
INSERT INTO `des_city` VALUES ('高雄市', '內門區', '845');
INSERT INTO `des_city` VALUES ('高雄市', '杉林區', '846');
INSERT INTO `des_city` VALUES ('高雄市', '甲仙區', '847');
INSERT INTO `des_city` VALUES ('高雄市', '桃源區', '848');
INSERT INTO `des_city` VALUES ('高雄市', '那瑪夏', '849');
INSERT INTO `des_city` VALUES ('高雄市', '茂林區', '851');
INSERT INTO `des_city` VALUES ('高雄市', '茄萣區', '852');
INSERT INTO `des_city` VALUES ('澎湖縣', '馬公市', '880');
INSERT INTO `des_city` VALUES ('澎湖縣', '西嶼鄉', '881');
INSERT INTO `des_city` VALUES ('澎湖縣', '望安鄉', '882');
INSERT INTO `des_city` VALUES ('澎湖縣', '七美鄉', '883');
INSERT INTO `des_city` VALUES ('澎湖縣', '白沙鄉', '884');
INSERT INTO `des_city` VALUES ('澎湖縣', '湖西鄉', '885');
INSERT INTO `des_city` VALUES ('金門縣', '金沙鎮', '890');
INSERT INTO `des_city` VALUES ('金門縣', '金湖鎮', '891');
INSERT INTO `des_city` VALUES ('金門縣', '金寧鄉', '892');
INSERT INTO `des_city` VALUES ('金門縣', '金城鎮', '893');
INSERT INTO `des_city` VALUES ('金門縣', '烈嶼鄉', '894');
INSERT INTO `des_city` VALUES ('金門縣', '烏坵鄉', '896');
INSERT INTO `des_city` VALUES ('屏東縣', '屏東市', '900');
INSERT INTO `des_city` VALUES ('屏東縣', '三地門', '901');
INSERT INTO `des_city` VALUES ('屏東縣', '霧台鄉', '902');
INSERT INTO `des_city` VALUES ('屏東縣', '瑪家鄉', '903');
INSERT INTO `des_city` VALUES ('屏東縣', '九如鄉', '904');
INSERT INTO `des_city` VALUES ('屏東縣', '里港鄉', '905');
INSERT INTO `des_city` VALUES ('屏東縣', '高樹鄉', '906');
INSERT INTO `des_city` VALUES ('屏東縣', '鹽埔鄉', '907');
INSERT INTO `des_city` VALUES ('屏東縣', '長治鄉', '908');
INSERT INTO `des_city` VALUES ('屏東縣', '麟洛鄉', '909');
INSERT INTO `des_city` VALUES ('屏東縣', '竹田鄉', '911');
INSERT INTO `des_city` VALUES ('屏東縣', '內埔鄉', '912');
INSERT INTO `des_city` VALUES ('屏東縣', '萬丹鄉', '913');
INSERT INTO `des_city` VALUES ('屏東縣', '潮州鎮', '920');
INSERT INTO `des_city` VALUES ('屏東縣', '泰武鄉', '921');
INSERT INTO `des_city` VALUES ('屏東縣', '來義鄉', '922');
INSERT INTO `des_city` VALUES ('屏東縣', '萬巒鄉', '923');
INSERT INTO `des_city` VALUES ('屏東縣', '崁頂鄉', '924');
INSERT INTO `des_city` VALUES ('屏東縣', '新埤鄉', '925');
INSERT INTO `des_city` VALUES ('屏東縣', '南州鄉', '926');
INSERT INTO `des_city` VALUES ('屏東縣', '林邊鄉', '927');
INSERT INTO `des_city` VALUES ('屏東縣', '東港鎮', '928');
INSERT INTO `des_city` VALUES ('屏東縣', '琉球鄉', '929');
INSERT INTO `des_city` VALUES ('屏東縣', '佳冬鄉', '931');
INSERT INTO `des_city` VALUES ('屏東縣', '新園鄉', '932');
INSERT INTO `des_city` VALUES ('屏東縣', '枋寮鄉', '940');
INSERT INTO `des_city` VALUES ('屏東縣', '枋山鄉', '941');
INSERT INTO `des_city` VALUES ('屏東縣', '春日鄉', '942');
INSERT INTO `des_city` VALUES ('屏東縣', '獅子鄉', '943');
INSERT INTO `des_city` VALUES ('屏東縣', '車城鄉', '944');
INSERT INTO `des_city` VALUES ('屏東縣', '牡丹鄉', '945');
INSERT INTO `des_city` VALUES ('屏東縣', '恆春鎮', '946');
INSERT INTO `des_city` VALUES ('屏東縣', '滿州鄉', '947');
INSERT INTO `des_city` VALUES ('台東縣', '台東市', '950');
INSERT INTO `des_city` VALUES ('台東縣', '綠島鄉', '951');
INSERT INTO `des_city` VALUES ('台東縣', '蘭嶼鄉', '952');
INSERT INTO `des_city` VALUES ('台東縣', '延平鄉', '953');
INSERT INTO `des_city` VALUES ('台東縣', '卑南鄉', '954');
INSERT INTO `des_city` VALUES ('台東縣', '鹿野鄉', '955');
INSERT INTO `des_city` VALUES ('台東縣', '關山鎮', '956');
INSERT INTO `des_city` VALUES ('台東縣', '海端鄉', '957');
INSERT INTO `des_city` VALUES ('台東縣', '池上鄉', '958');
INSERT INTO `des_city` VALUES ('台東縣', '東河鄉', '959');
INSERT INTO `des_city` VALUES ('台東縣', '成功鎮', '961');
INSERT INTO `des_city` VALUES ('台東縣', '長濱鄉', '962');
INSERT INTO `des_city` VALUES ('台東縣', '太麻里', '963');
INSERT INTO `des_city` VALUES ('台東縣', '金峰鄉', '964');
INSERT INTO `des_city` VALUES ('台東縣', '大武鄉', '965');
INSERT INTO `des_city` VALUES ('台東縣', '達仁鄉', '966');
INSERT INTO `des_city` VALUES ('花蓮縣', '花蓮市', '970');
INSERT INTO `des_city` VALUES ('花蓮縣', '新城鄉', '971');
INSERT INTO `des_city` VALUES ('花蓮縣', '秀林鄉', '972');
INSERT INTO `des_city` VALUES ('花蓮縣', '吉安鄉', '973');
INSERT INTO `des_city` VALUES ('花蓮縣', '壽豐鄉', '974');
INSERT INTO `des_city` VALUES ('花蓮縣', '鳳林鎮', '975');
INSERT INTO `des_city` VALUES ('花蓮縣', '光復鄉', '976');
INSERT INTO `des_city` VALUES ('花蓮縣', '豐濱鄉', '977');
INSERT INTO `des_city` VALUES ('花蓮縣', '瑞穗鄉', '978');
INSERT INTO `des_city` VALUES ('花蓮縣', '萬榮鄉', '979');
INSERT INTO `des_city` VALUES ('花蓮縣', '玉里鎮', '981');
INSERT INTO `des_city` VALUES ('花蓮縣', '卓溪鄉', '982');
INSERT INTO `des_city` VALUES ('花蓮縣', '富里鄉', '983');

-- --------------------------------------------------------

-- 
-- 資料表格式： `des_color`
-- 

CREATE TABLE `des_color` (
  `ColorId` varchar(3) COLLATE utf8_unicode_ci DEFAULT NULL,
  `DesEng` varchar(100) COLLATE utf8_unicode_ci DEFAULT NULL,
  `DesCn` varchar(100) COLLATE utf8_unicode_ci NOT NULL
) ENGINE=MyISAM DEFAULT CHARSET=utf8 COLLATE=utf8_unicode_ci;

-- 
-- 列出以下資料庫的數據： `des_color`
-- 

INSERT INTO `des_color` VALUES ('751', '', '');
INSERT INTO `des_color` VALUES ('N0L', '', '');
INSERT INTO `des_color` VALUES ('N0V', '', '');
INSERT INTO `des_color` VALUES ('N0W', '', '');
INSERT INTO `des_color` VALUES ('N0Y', '', '');
INSERT INTO `des_color` VALUES ('N1F', '', '');
INSERT INTO `des_color` VALUES ('N1H', '', '');
INSERT INTO `des_color` VALUES ('N1K', '', '');
INSERT INTO `des_color` VALUES ('N1N', '', '');
INSERT INTO `des_color` VALUES ('N1R', '', '');
INSERT INTO `des_color` VALUES ('N1S', '', '');
INSERT INTO `des_color` VALUES ('N44', '', '');
INSERT INTO `des_color` VALUES ('N86', '', '');
INSERT INTO `des_color` VALUES ('N97', '', '');
INSERT INTO `des_color` VALUES ('NA1', '', '');
INSERT INTO `des_color` VALUES ('NA5', '', '');
INSERT INTO `des_color` VALUES ('NB5', '', '');
INSERT INTO `des_color` VALUES ('NC3', '', '');
INSERT INTO `des_color` VALUES ('NC9', '', '');
INSERT INTO `des_color` VALUES ('ND2', '', '');
INSERT INTO `des_color` VALUES ('ND8', '', '');
INSERT INTO `des_color` VALUES ('ND9', '', '');
INSERT INTO `des_color` VALUES ('NOA', '', '');
INSERT INTO `des_color` VALUES ('NOP', '', '');
INSERT INTO `des_color` VALUES ('NOV', '', '');

-- --------------------------------------------------------

-- 
-- 資料表格式： `des_contract`
-- 

CREATE TABLE `des_contract` (
  `CntrNo` varchar(20) NOT NULL,
  `Dat` varchar(10) NOT NULL,
  `Dep` varchar(20) NOT NULL,
  `SaleMan` varchar(20) NOT NULL,
  `SignFlag` varchar(1) DEFAULT '0',
  `VoidFlag` varchar(1) DEFAULT '0',
  `VoidDat` varchar(10) NOT NULL
) ENGINE=MyISAM DEFAULT CHARSET=utf8;

-- 
-- 列出以下資料庫的數據： `des_contract`
-- 

INSERT INTO `des_contract` VALUES ('MT106020', '105.04.20', '重機', '戴松穎', '1', '0', '');
INSERT INTO `des_contract` VALUES ('MT106055', '105.06.20', '重機', '吳臣宏', '1', '0', '');
INSERT INTO `des_contract` VALUES ('MT05001', '105.04.20', '公司', '許平', '1', '0', '');
INSERT INTO `des_contract` VALUES ('MT106039', '105.07.20', '重機', '戴松穎', '1', '0', '');
INSERT INTO `des_contract` VALUES ('MT106038', '104.06.20', '重機', '戴松穎', '1', '0', '');
INSERT INTO `des_contract` VALUES ('MT106053', '105.05.20', '重機', '朱光龍', '1', '0', '');
INSERT INTO `des_contract` VALUES ('MT00909', '105.11.20', '重機', '戴松穎', '1', '0', '');
INSERT INTO `des_contract` VALUES ('MT00931', '105.11.20', '重機', '戴松穎', '1', '0', '');
INSERT INTO `des_contract` VALUES ('MT00932', '105.11.20', '重機', '戴松穎', '1', '0', '');
INSERT INTO `des_contract` VALUES ('MT00939', '105.11.20', '重機', '吳臣宏', '1', '0', '');
INSERT INTO `des_contract` VALUES ('MT00923', '106.01.20', '重機', '吳臣宏', '1', '0', '');
INSERT INTO `des_contract` VALUES ('MT01056', '106.02.20', '重機', '朱光龍', '1', '0', '');
INSERT INTO `des_contract` VALUES ('MT01072', '106.02.20', '重機', '戴松穎', '1', '0', '');
INSERT INTO `des_contract` VALUES ('MT00947', '106.02.20', '重機', '朱光龍', '1', '0', '');
INSERT INTO `des_contract` VALUES ('MT106037', '106.02.20', '重機', '戴松穎', '1', '0', '');
INSERT INTO `des_contract` VALUES ('MT01049', '106.02.20', '重機', '鑾季遠', '1', '0', '');
INSERT INTO `des_contract` VALUES ('MT01039', '106.02.20', '重機', '吳臣宏', '1', '0', '');
INSERT INTO `des_contract` VALUES ('MT106041', '106.02.20', '重機', '吳臣宏', '1', '0', '');
INSERT INTO `des_contract` VALUES ('MT106061', '106.02.20', '重機', '朱光龍', '1', '0', '');
INSERT INTO `des_contract` VALUES ('MT01100', '106.03.20', '重機', '鑾季遠', '1', '0', '');
INSERT INTO `des_contract` VALUES ('MT106044', '106.03.20', '重機', '戴松穎', '1', '0', '');
INSERT INTO `des_contract` VALUES ('MT106052', '106.03.20', '重機', '朱光龍', '1', '0', '');
INSERT INTO `des_contract` VALUES ('MT01090', '106.03.20', '重機', '吳臣宏', '1', '0', '');
INSERT INTO `des_contract` VALUES ('MT106060', '106.03.20', '重機', '朱光龍', '1', '0', '');
INSERT INTO `des_contract` VALUES ('MT106018', '106.03.20', '重機', '朱光龍', '1', '0', '');
INSERT INTO `des_contract` VALUES ('MT01081', '106.03.20', '重機', '戴松穎', '1', '0', '');
INSERT INTO `des_contract` VALUES ('MT00950', '106.03.20', '重機', '吳臣宏', '1', '0', '');
INSERT INTO `des_contract` VALUES ('MT106024', '106.03.20', '重機', '吳臣宏', '1', '0', '');
INSERT INTO `des_contract` VALUES ('MT106023', '106.03.20', '重機', '吳瑞和', '1', '0', '');
INSERT INTO `des_contract` VALUES ('MT106046', '106.03.20', '重機', '戴松穎', '1', '0', '');
INSERT INTO `des_contract` VALUES ('MT106047', '106.03.20', '重機', '鑾季遠', '1', '0', '');
INSERT INTO `des_contract` VALUES ('MT106002', '106.03.20', '重機', '吳臣宏', '1', '0', '');
INSERT INTO `des_contract` VALUES ('MT106015', '106.03.20', '重機', '朱光龍', '1', '0', '');
INSERT INTO `des_contract` VALUES ('MT01091', '106.03.20', '重機', '吳臣宏', '1', '0', '');
INSERT INTO `des_contract` VALUES ('MT01079', '106.03.20', '重機', '朱光龍', '1', '0', '');
INSERT INTO `des_contract` VALUES ('MT106019', '106.04.20', '重機', '戴松穎', '1', '0', '');
INSERT INTO `des_contract` VALUES ('MT106042', '106.04.20', '重機', '吳臣宏', '1', '0', '');
INSERT INTO `des_contract` VALUES ('MT01065', '106.04.20', '重機', '戴松穎', '1', '0', '');
INSERT INTO `des_contract` VALUES ('MT01084', '106.04.20', '重機', '戴松穎', '1', '0', '');
INSERT INTO `des_contract` VALUES ('MT01083', '106.04.20', '重機', '戴松穎', '1', '0', '');
INSERT INTO `des_contract` VALUES ('MT01067', '106.04.20', '重機', '戴松穎', '1', '0', '');
INSERT INTO `des_contract` VALUES ('MT106012', '106.04.20', '重機', '吳臣宏', '1', '0', '');
INSERT INTO `des_contract` VALUES ('MT106051', '106.04.20', '重機', '鑾季遠', '1', '0', '');
INSERT INTO `des_contract` VALUES ('MT106005', '106.04.20', '重機', '戴松穎', '1', '0', '');
INSERT INTO `des_contract` VALUES ('MT106008', '106.04.20', '重機', '戴松穎', '1', '0', '');
INSERT INTO `des_contract` VALUES ('MT106013', '106.04.20', '重機', '朱光龍', '1', '0', '');
INSERT INTO `des_contract` VALUES ('MT01060', '106.04.20', '重機', '戴松穎', '1', '0', '');
INSERT INTO `des_contract` VALUES ('MT106057', '106.05.20', '重機', '戴松穎', '1', '0', '');
INSERT INTO `des_contract` VALUES ('MT106040', '106.05.20', '重機', '吳臣宏', '1', '0', '');
INSERT INTO `des_contract` VALUES ('MT106027', '106.05.20', '重機', '鑾季遠', '1', '0', '');
INSERT INTO `des_contract` VALUES ('MT106045', '106.06.20', '重機', '戴松穎', '1', '0', '');
INSERT INTO `des_contract` VALUES ('MT106059', '106.05.25', '', '戴松穎', '1', '0', '');
INSERT INTO `des_contract` VALUES ('MT106067', '106.06.01', '', '戴松穎', '1', '0', '');
INSERT INTO `des_contract` VALUES ('MT106066', '106.06.01', '', '鑾季遠', '1', '0', '');
INSERT INTO `des_contract` VALUES ('MT106056', '106.05.19', '', '吳臣宏', '1', '0', '');
INSERT INTO `des_contract` VALUES ('MT106064', '106.05.22', '', '吳臣宏', '1', '0', '');
INSERT INTO `des_contract` VALUES ('MT106065', '106.05.22', '', '吳臣宏', '1', '0', '');
INSERT INTO `des_contract` VALUES ('MT106058', '106.05.24', '', '戴松穎', '1', '0', '');
INSERT INTO `des_contract` VALUES ('MT00721', '106.06.01', '', '戴松穎', '1', '0', '');
INSERT INTO `des_contract` VALUES ('MT106068', '106.06.06', '', '戴松穎', '1', '0', '');
INSERT INTO `des_contract` VALUES ('MT106076', '', '', '鑾季遠', '1', '0', '');
INSERT INTO `des_contract` VALUES ('MT106079', '', '重機', '', '0', '0', '');
INSERT INTO `des_contract` VALUES ('MT106078', '', '重機', '廖宗林', '1', '0', '');
INSERT INTO `des_contract` VALUES ('MT106077', '', '重機', '鑾季遠', '1', '0', '');
INSERT INTO `des_contract` VALUES ('MT106080', '', '重機', '', '0', '0', '');
INSERT INTO `des_contract` VALUES ('MT106081', '', '重機', '', '0', '0', '');
INSERT INTO `des_contract` VALUES ('MT106082', '', '重機', '', '0', '0', '');
INSERT INTO `des_contract` VALUES ('MT106083', '', '重機', '', '0', '0', '');
INSERT INTO `des_contract` VALUES ('MT106084', '', '重機', '', '0', '0', '');
INSERT INTO `des_contract` VALUES ('MT106085', '', '重機', '', '0', '0', '');
INSERT INTO `des_contract` VALUES ('MT106086', '', '重機', '', '0', '0', '');
INSERT INTO `des_contract` VALUES ('MT106087', '', '重機', '', '0', '0', '');
INSERT INTO `des_contract` VALUES ('MT106088', '', '重機', '', '0', '0', '');
INSERT INTO `des_contract` VALUES ('MT106089', '', '重機', '', '0', '0', '');
INSERT INTO `des_contract` VALUES ('MT106090', '', '重機', '', '0', '0', '');
INSERT INTO `des_contract` VALUES ('MT106091', '', '重機', '', '0', '0', '');
INSERT INTO `des_contract` VALUES ('MT106092', '', '重機', '', '0', '0', '');
INSERT INTO `des_contract` VALUES ('MT106093', '', '重機', '', '0', '0', '');
INSERT INTO `des_contract` VALUES ('MT106094', '', '重機', '', '0', '0', '');
INSERT INTO `des_contract` VALUES ('MT106095', '', '重機', '', '0', '0', '');
INSERT INTO `des_contract` VALUES ('MT106096', '', '重機', '', '0', '0', '');
INSERT INTO `des_contract` VALUES ('MT106097', '', '重機', '', '0', '0', '');
INSERT INTO `des_contract` VALUES ('MT106098', '', '重機', '', '0', '0', '');
INSERT INTO `des_contract` VALUES ('MT106099', '', '重機', '', '0', '0', '');
INSERT INTO `des_contract` VALUES ('MT106100', '', '重機', '', '0', '0', '');
INSERT INTO `des_contract` VALUES ('MT106101', '', '重機', '', '0', '0', '');
INSERT INTO `des_contract` VALUES ('MT106102', '', '重機', '', '0', '0', '');
INSERT INTO `des_contract` VALUES ('MT106103', '', '重機', '', '0', '0', '');
INSERT INTO `des_contract` VALUES ('MT106104', '', '重機', '', '0', '0', '');
INSERT INTO `des_contract` VALUES ('MT106105', '', '重機', '', '0', '0', '');
INSERT INTO `des_contract` VALUES ('MT106106', '', '重機', '', '0', '0', '');
INSERT INTO `des_contract` VALUES ('MT106107', '', '重機', '', '0', '0', '');
INSERT INTO `des_contract` VALUES ('MT106108', '', '重機', '', '0', '0', '');
INSERT INTO `des_contract` VALUES ('MT106109', '', '重機', '', '0', '0', '');
INSERT INTO `des_contract` VALUES ('MT106110', '', '重機', '', '0', '0', '');
INSERT INTO `des_contract` VALUES ('MT106111', '', '重機', '', '0', '0', '');
INSERT INTO `des_contract` VALUES ('MT106112', '', '重機', '', '0', '0', '');
INSERT INTO `des_contract` VALUES ('MT106113', '', '重機', '', '0', '0', '');
INSERT INTO `des_contract` VALUES ('MT106114', '', '重機', '', '0', '0', '');
INSERT INTO `des_contract` VALUES ('MT106115', '', '重機', '', '0', '0', '');
INSERT INTO `des_contract` VALUES ('MT106116', '', '重機', '', '0', '0', '');
INSERT INTO `des_contract` VALUES ('MT106117', '', '重機', '', '0', '0', '');
INSERT INTO `des_contract` VALUES ('MT106118', '', '重機', '', '0', '0', '');
INSERT INTO `des_contract` VALUES ('MT106119', '', '重機', '', '0', '0', '');
INSERT INTO `des_contract` VALUES ('MT106120', '', '重機', '', '0', '0', '');
INSERT INTO `des_contract` VALUES ('MT106121', '', '重機', '', '0', '0', '');
INSERT INTO `des_contract` VALUES ('MT106122', '', '重機', '', '0', '0', '');
INSERT INTO `des_contract` VALUES ('MT106123', '', '重機', '', '0', '0', '');
INSERT INTO `des_contract` VALUES ('MT106124', '', '重機', '', '0', '0', '');
INSERT INTO `des_contract` VALUES ('MT106125', '', '重機', '', '0', '0', '');
INSERT INTO `des_contract` VALUES ('MT106126', '', '重機', '', '0', '0', '');
INSERT INTO `des_contract` VALUES ('MT106127', '', '重機', '', '0', '0', '');
INSERT INTO `des_contract` VALUES ('MT106128', '', '重機', '', '0', '0', '');
INSERT INTO `des_contract` VALUES ('MT106129', '', '重機', '', '0', '0', '');
INSERT INTO `des_contract` VALUES ('MT106130', '', '重機', '', '0', '0', '');
INSERT INTO `des_contract` VALUES ('MT106131', '', '重機', '', '0', '0', '');
INSERT INTO `des_contract` VALUES ('MT106132', '', '重機', '', '0', '0', '');
INSERT INTO `des_contract` VALUES ('MT106133', '', '重機', '', '0', '0', '');
INSERT INTO `des_contract` VALUES ('MT106134', '', '重機', '', '0', '0', '');
INSERT INTO `des_contract` VALUES ('MT106135', '', '重機', '', '0', '0', '');
INSERT INTO `des_contract` VALUES ('MT106136', '', '重機', '', '0', '0', '');
INSERT INTO `des_contract` VALUES ('MT106137', '', '重機', '', '0', '0', '');
INSERT INTO `des_contract` VALUES ('MT106138', '', '重機', '', '0', '0', '');
INSERT INTO `des_contract` VALUES ('MT106139', '', '重機', '', '0', '0', '');
INSERT INTO `des_contract` VALUES ('MT106140', '', '重機', '', '0', '0', '');
INSERT INTO `des_contract` VALUES ('MT106141', '', '重機', '', '0', '0', '');
INSERT INTO `des_contract` VALUES ('MT106142', '', '重機', '', '0', '0', '');
INSERT INTO `des_contract` VALUES ('MT106143', '', '重機', '', '0', '0', '');
INSERT INTO `des_contract` VALUES ('MT106144', '', '重機', '', '0', '0', '');
INSERT INTO `des_contract` VALUES ('MT106145', '', '重機', '', '0', '0', '');
INSERT INTO `des_contract` VALUES ('MT106146', '', '重機', '', '0', '0', '');
INSERT INTO `des_contract` VALUES ('MT106147', '', '重機', '', '0', '0', '');
INSERT INTO `des_contract` VALUES ('MT106148', '', '重機', '', '0', '0', '');
INSERT INTO `des_contract` VALUES ('MT106149', '', '重機', '', '0', '0', '');
INSERT INTO `des_contract` VALUES ('MT106150', '', '重機', '', '0', '0', '');
INSERT INTO `des_contract` VALUES ('MT106070', '106.06.21', '重機', '戴松穎', '0', '1', '106.06.21');
INSERT INTO `des_contract` VALUES ('MT106069', '106.06.09', '重機', '戴松穎', '1', '0', '');
INSERT INTO `des_contract` VALUES ('MT106062', '', '重機', '吳臣宏', '1', '0', '');
INSERT INTO `des_contract` VALUES ('MT106054', '', '重機', '吳臣宏', '0', '1', '106.06.13');
INSERT INTO `des_contract` VALUES ('MT106035', '', '重機', '吳臣宏', '0', '1', '106.06.13');
INSERT INTO `des_contract` VALUES ('MT106048', '106.06.21', '重機', '鑾季遠', '1', '0', '');
INSERT INTO `des_contract` VALUES ('MT106071', '106.06.22', '重機', '戴松穎', '1', '0', '');
INSERT INTO `des_contract` VALUES ('MT106014', '', '重機', '鑾季遠', '1', '0', '');
INSERT INTO `des_contract` VALUES ('MT106063', '', '重機', '吳臣宏', '1', '0', '');
INSERT INTO `des_contract` VALUES ('MT106072', '', '重機', '吳臣宏', '1', '0', '');
INSERT INTO `des_contract` VALUES ('MT106075', '', '重機', '鑾季遠', '1', '0', '');

-- --------------------------------------------------------

-- 
-- 資料表格式： `des_function`
-- 

CREATE TABLE `des_function` (
  `MainIndex` int(5) unsigned DEFAULT NULL,
  `SubIndex` int(5) unsigned DEFAULT NULL,
  `Pos` tinyint(3) unsigned DEFAULT NULL,
  `Title` varchar(100) COLLATE utf8_unicode_ci DEFAULT NULL,
  `Des` varchar(300) COLLATE utf8_unicode_ci DEFAULT NULL,
  `Level` tinyint(1) unsigned DEFAULT NULL
) ENGINE=MyISAM DEFAULT CHARSET=utf8 COLLATE=utf8_unicode_ci;

-- 
-- 列出以下資料庫的數據： `des_function`
-- 

INSERT INTO `des_function` VALUES (1, 1, 1, '空白合約書製作', '輸入須建立的合約起始及終止編號，系統會檢查是否有重號並依輸立的合約編號自動產生新合約編號建檔。', 3);
INSERT INTO `des_function` VALUES (1, 2, 2, '空白合約書領取/作廢', '部門及業務領用空白合約登記及作廢己領用空白合約處理。', 5);
INSERT INTO `des_function` VALUES (1, 4, 3, '原廠訂車新合約輸入', '客戶購買BMW原廠期貨車合約建立，輸入客戶基本資料、客戶訂購期貨車資料〔車型代碼、外裝代碼、內裝代碼、選配原廠加裝配件、銷售條件...等〕及BMW原廠訂單號碼資料建檔。', 4);
INSERT INTO `des_function` VALUES (1, 6, 4, '車源新合約輸入', '客戶購買庫存、在途、調入車合約建立，輸入客戶基本資料、客戶訂購同行調入車資料〔調入訂單號碼、選配台裝加裝配件、銷售條件及售價...等〕資料建檔。', 4);
INSERT INTO `des_function` VALUES (1, 7, 5, '合約資料修改', '客戶基本資料修改、銷售條件...等〔非訂購車輛資料〕修改。', 4);
INSERT INTO `des_function` VALUES (1, 8, 6, '合約退換車', '客戶取消己訂車但保留購車合約作業〔客戶更改己訂購車的車型、外裝、內裝或己選配預計交貨的車輛，須先執行退車才能再更換〕。', 4);
INSERT INTO `des_function` VALUES (1, 10, 7, '換/配原廠訂車輸入', '客戶換購期貨車資料〔車型代碼、外裝代碼、內裝代碼、選配原廠加裝配件、銷售條件...等〕及BMW原廠訂單號碼資料建檔。', 4);
INSERT INTO `des_function` VALUES (1, 12, 8, '換/配車源輸入', '客戶換購庫存、在途、調入車資料〔車身號碼、牌照號碼(中古車)、選配台裝加裝配件、銷售條件...等〕資料建檔。', 4);
INSERT INTO `des_function` VALUES (1, 13, 9, '合約退購/作廢輸入', '客戶購車合約退購輸入作業〔客戶取消訂車或其它導致無法完成合約的因素〕。', 5);
INSERT INTO `des_function` VALUES (1, 20, 10, '交車核對表下載列印', '依合約、憑單、科目….等條件產生交車核對表單 EXCEL表，提供二次運用及列印使用。', 3);
INSERT INTO `des_function` VALUES (1, 21, 11, '空白合約書明細表', '依合約起啟、結束編號產生空白合約書狀態EXCEL表，提供二次運用及列印使用。', 2);
INSERT INTO `des_function` VALUES (1, 16, 12, '連續合約查詢', '依合約起啟、結束編號查詢所有合約的狀態。', 2);
INSERT INTO `des_function` VALUES (1, 17, 13, '綜合退換車合約查詢', '查詢退換客戶合約建檔資料、訂購車資料及所有與客戶合約相關的車輛資料。', 2);
INSERT INTO `des_function` VALUES (1, 18, 14, '綜合退購合約查詢', '查詢退購客戶合約建檔資料、訂購車資料及所有與客戶合約相關的車輛資料。', 2);
INSERT INTO `des_function` VALUES (1, 19, 15, '綜合成交合約查詢', '查詢成交客戶合約建檔資料、訂購車資料及所有與客戶合約相關的車輛資料。', 2);
INSERT INTO `des_function` VALUES (2, 1, 1, '可售車源查詢/保留', '依車系+車型查詢… 可銷售〔己保留、未保留〕的「現車庫存」、「原廠在途車」、 中古車等可銷售車資料，並可設定「主管保留」、「業務保留」。', 5);
INSERT INTO `des_function` VALUES (2, 2, 2, '己售未交車源查詢', '依車系+車型查詢… 己簽訂客戶購車合約的「現車庫存」、「原廠在途車」、 中古車等己銷售車資料，', 3);
INSERT INTO `des_function` VALUES (2, 3, 3, '訂車出廠/到港/投單', '由「汎德」提供的訂單最新通知，執行…裝船、到港、贖單及車身號、出廠、裝船、到港、贖單日期…等輸入作業。', 4);
INSERT INTO `des_function` VALUES (2, 10, 4, '批次靠港上傳', '由「汎德」提供的訂單最新出廠裝船通知，執行EXCEL表確認後上傳至資料厙存檔。', 9);
INSERT INTO `des_function` VALUES (3, 17, 7, '調入車申請下載列印', '依合約、憑單、科目….等條件產生調入車申請單 EXCEL表，提供二次運用及列印使用。', 3);
INSERT INTO `des_function` VALUES (2, 4, 6, '車輛到車/移位', '依車身號碼或訂單號執行到車車輛入厙及厙存車輛移位作業。', 4);
INSERT INTO `des_function` VALUES (2, 11, 5, '批次引擎號碼上傳', '由「汎德」提供的訂單最新到港通知，執行EXCEL表確認後上傳至資料厙存檔。', 9);
INSERT INTO `des_function` VALUES (2, 5, 7, '台裝選配操作', '客戶增加台裝選配資料輸入及修改，選配可分收費或不收費〔贈品〕。', 4);
INSERT INTO `des_function` VALUES (2, 6, 8, '車輛牌照登記', '依車身號碼或訂單號執行車輛基本資料〔牌照號、領牌、到證、交證日期…等〕。', 4);
INSERT INTO `des_function` VALUES (2, 7, 9, '交車確認輸入', '客戶辦理車輛牌照及客戶車輛點交資料輸入及修改處理。', 4);
INSERT INTO `des_function` VALUES (2, 9, 10, '新車到達通知表', '依查詢條件產生新車到達通知 EXCEL 明細表，提供二次運用。', 3);
INSERT INTO `des_function` VALUES (2, 8, 11, '綜合車輛查詢', '依車身號、訂單號、合約號….等條件，查詢車輛基本資料。', 2);
INSERT INTO `des_function` VALUES (3, 1, 1, '調入單輸入', '建立調入單資料作業處理。', 4);
INSERT INTO `des_function` VALUES (3, 2, 2, '調入單基本資料修改', '調入單基本資料〔新車、中古車、同行、調入日期、車身號、牌照號、入厙日期…等〕。', 4);
INSERT INTO `des_function` VALUES (3, 3, 3, '調出單輸入', '建立調出車資料作業處理。', 4);
INSERT INTO `des_function` VALUES (3, 4, 4, '調出單基本資料修改', '調出單基本資料〔新車、中古車、同行、調出日期、車身號、牌照號…等〕。', 4);
INSERT INTO `des_function` VALUES (3, 5, 5, '調入單刪除', '調入單刪除作業〔如果調入車己建立客戶購車合約，則須先取消客戶購車退車處理〕。', 5);
INSERT INTO `des_function` VALUES (3, 6, 6, '調出單刪除', '調出單刪除作業。', 5);
INSERT INTO `des_function` VALUES (3, 7, 9, '調入單查詢', '依調入單號、車身號、牌照號….等條件，查詢調入單車輛基本資料及相關記錄。', 3);
INSERT INTO `des_function` VALUES (3, 8, 10, '調出單查詢', '依調出單號、車身號、牌照號….等條件，查詢調出單車輛基本資料及相關記錄。', 3);
INSERT INTO `des_function` VALUES (3, 15, 11, '調入單明細表', '依查詢條件產生調入單明細資料報表 EXCEL表，並下載至指定位置，提供二次運用。', 3);
INSERT INTO `des_function` VALUES (3, 16, 12, '調出單明細表', '依查詢條件產生調出單明細資料報表 EXCEL表，並下載至指定位置，提供二次運用。', 3);
INSERT INTO `des_function` VALUES (3, 10, 13, '試乘車交車確認', '庫存車轉試乘車建立，輸入試乘車合約號，建立試乘車資料作業處理。', 4);
INSERT INTO `des_function` VALUES (3, 11, 14, '試乘車銷售輸入', '客戶購買試乘車合約建立，依可銷售試乘車-車身號碼及銷售合約號碼，執行試乘車合約資料輸入作業處理。', 4);
INSERT INTO `des_function` VALUES (3, 12, 15, '試乘車銷售資料修改', '依試乘車銷售合約編號，執行試乘車合約資料修改作業處理。', 4);
INSERT INTO `des_function` VALUES (3, 13, 16, '試乘車明細表', '依查詢條件產生試乘車明細資料報表 EXCEL表，並下載至指定位置，提供二次運用。', 3);
INSERT INTO `des_function` VALUES (3, 14, 17, '試乘銷售交車核對表', '依查詢條件產生試乘車明細資料報表 EXCEL表，並下載至指定位置，提供二次運用。', 3);
INSERT INTO `des_function` VALUES (4, 1, 1, '年度訂車計劃上傳', '原廠年度計劃訂車資料可以隨時在EXCEL表上修改確認後上傳至資料厙存檔。', 5);
INSERT INTO `des_function` VALUES (4, 2, 2, '年度應/已訂車查詢', '原廠年度計劃訂車數量、完成數量及差額數量查詢。', 3);
INSERT INTO `des_function` VALUES (4, 3, 3, '月度訂車試算表下載', '原廠月度計劃訂車資料可以隨時依年度計劃及客戶預訂資料產生EXCEL表至指定電腦文件匣位置存檔。', 3);
INSERT INTO `des_function` VALUES (4, 4, 4, '月訂單配車上傳確認', '將系統產生的原廠月度計劃訂車EXCEL資料表，依實際需求修改後上傳至資料厙存檔，並進行確認。', 5);
INSERT INTO `des_function` VALUES (4, 5, 5, '月訂單配車表下載', '將原廠月度計劃訂車EXCEL資料表，依客戶合約訂車配車〔訂單號碼〕確認後上傳至資料厙。', 3);
INSERT INTO `des_function` VALUES (6, 1, 1, '應收/已收憑單作業', '應收/己收憑單資料輸入處理。〔售車款-應收/己收、保險費-應收/己收、牌照及其他應收/己收〕', 4);
INSERT INTO `des_function` VALUES (6, 2, 2, '應付/已付憑單作業', '應付/己付憑單資料輸入處理。〔購車款-應付/己付、保險費-應付/己付、牌照及其他應付/己付〕', 4);
INSERT INTO `des_function` VALUES (6, 3, 3, '款清確認輸入', '客戶車輛款清確認作業。', 5);
INSERT INTO `des_function` VALUES (6, 4, 4, '財務明細帳下載', '依起啟日期、結束日期、科目名稱產生財務明細帳 EXCEL表，並下載至指定位置，提供二次運用。', 3);
INSERT INTO `des_function` VALUES (6, 5, 5, '應收/已收憑單查詢', '依憑單、科目、合約、車身號….等條件查詢相關應收/已收憑單記錄。', 3);
INSERT INTO `des_function` VALUES (6, 6, 6, '應付/已付憑單查詢', '依憑單、科目、合約、車身號….等條件查詢相關應付/已付憑單記錄。', 3);
INSERT INTO `des_function` VALUES (6, 7, 7, '合約應/已收帳下載', '依統計分析產生目前合約應收已收未收明細 EXCEL表，並下載至指定位置，提供二次運用。', 3);
INSERT INTO `des_function` VALUES (6, 8, 8, '車輛應/已付帳下載', '依統計分析產生目前車輛應付已付未付明細 EXCEL表，並下載至指定位置，提供二次運用。', 3);
INSERT INTO `des_function` VALUES (6, 9, 9, '調出應/已收帳下載', '依統計分析產生目前調出應收已收未收明細 EXCEL表，並下載至指定位置，提供二次運用。', 3);
INSERT INTO `des_function` VALUES (6, 10, 10, '調入應/已付帳下載', '依統計分析產生目前調入應收已收未收明細 EXCEL表，並下載至指定位置，提供二次運用。', 3);
INSERT INTO `des_function` VALUES (6, 11, 11, '合約/調出無收款下載', '將有合約或有調出單但無財務收款記錄，產生異常合約/調出無收款明細 EXCEL表。', 4);
INSERT INTO `des_function` VALUES (6, 12, 12, '車輛/調入無付款下載', '將有車輛或有調入單但無財務付款記錄，產生異常車輛/調入無付款明細 EXCEL表。', 4);
INSERT INTO `des_function` VALUES (6, 13, 13, '收款單下載列印', '依合約、憑單、科目….等條件產生收款單 EXCEL表，提供二次運用及列印使用。', 3);
INSERT INTO `des_function` VALUES (6, 14, 14, '到港提車明細表下載', '依到港日期、投單、配車….等條件產生到港提車明細表 EXCEL表，提供二次運用使用。', 3);
INSERT INTO `des_function` VALUES (6, 19, 15, '財務報表車系表下載', '財務報表統計時車系與車型對照表資料轉換成 EXCEL並下載至指定位置。', 3);
INSERT INTO `des_function` VALUES (6, 20, 16, '財務報表車系表上傳', '用 EXCEL 建立 財務統計 車系與車型對照 表 EXCEL 資料，經確認後上傳至資料厙存檔。', 4);
INSERT INTO `des_function` VALUES (6, 21, 17, '收款結算日期設定', '依合約單號、調出單號、已退購合約編號資料，設定該筆收款列入進銷存結算條件。', 4);
INSERT INTO `des_function` VALUES (6, 22, 18, '付款結算日期設定', '依訂單編號、調入單號、車身號碼資料，設定該筆付款列入進銷存結算條件。', 4);
INSERT INTO `des_function` VALUES (6, 18, 19, '月份結算鎖定確認', '依月份結算鎖定全部財務系統分錄資料確認作業。', 9);
INSERT INTO `des_function` VALUES (6, 23, 20, '進銷存預收款下載', '依查詢條件【年/月】產生進銷存預收款明細 EXCEL表，並下載至指定位置，提供二次運用。', 3);
INSERT INTO `des_function` VALUES (6, 24, 21, '進銷存預付款下載', '依查詢條件【年/月】產生進銷存預付款明細 EXCEL表，並下載至指定位置，提供二次運用。', 3);
INSERT INTO `des_function` VALUES (6, 25, 22, '進銷存C&S下載', '依查詢條件【年/月】產生進銷存 C&S 明細 EXCEL表，並下載至指定位置，提供二次運用。', 4);
INSERT INTO `des_function` VALUES (7, 1, 1, '車型代碼表上傳', '用 EXCEL 建立 車系、車型、年份…等 EXCEL 資料，經確認後上傳至資料厙存檔。', 3);
INSERT INTO `des_function` VALUES (7, 2, 2, '加費配備表上傳', '用 EXCEL 建立 依車系、車型、年份建立原廠選購配件、金額…等 EXCEL 資料，經確認後上傳至資料厙存檔。', 3);
INSERT INTO `des_function` VALUES (7, 3, 3, '車色代碼表上傳', '用 EXCEL 建立 車型外裝顏色代碼…等 EXCEL 資料，經確認後上傳至資料厙存檔。', 3);
INSERT INTO `des_function` VALUES (7, 4, 4, '內裝代碼表上傳', '用 EXCEL 建立 車型內裝顏色代碼…等 EXCEL 資料，經確認後上傳至資料厙存檔。', 3);
INSERT INTO `des_function` VALUES (7, 5, 5, '配備定價表上傳', '用 EXCEL 建立 各車型原廠選配定價、生效年月 EXCEL 資料，經確認後上傳至資料厙存檔。', 3);
INSERT INTO `des_function` VALUES (7, 7, 6, '車型代碼表下載', '車型代碼資料轉換成 EXCEL並下載至指定位置。', 1);
INSERT INTO `des_function` VALUES (7, 8, 7, '加費配備表下載', '原廠選配資料轉換成 EXCEL並下載至指定位置。', 1);
INSERT INTO `des_function` VALUES (7, 9, 8, '車色代碼表下載', '車款外裝代碼資料轉換成 EXCEL並下載至指定位置。', 1);
INSERT INTO `des_function` VALUES (7, 10, 9, '內裝代碼表下載', '車型內裝代碼資料轉換成 EXCEL並下載至指定位置。', 1);
INSERT INTO `des_function` VALUES (7, 11, 10, '配備定價表下載', '依生效年月產生各車型原廠選配定價資料轉換成 EXCEL並下載至指定位置。', 1);
INSERT INTO `des_function` VALUES (8, 2, 1, '己訂未交有效客戶表', '依查詢條件產生己訂未交有效客戶 EXCEL 明細表，提供二次運用。', 4);
INSERT INTO `des_function` VALUES (8, 3, 2, '可售車源表', '依查詢條件產生可售車源 EXCEL 明細表，提供二次運用。', 4);
INSERT INTO `des_function` VALUES (8, 4, 3, '存貨分析表', '依查詢統計條件產生車輛存貨分析 EXCEL 統計表，提供二次運用。', 4);
INSERT INTO `des_function` VALUES (8, 5, 4, '空白合約書領用表', '依查詢條件產生空白合約書領用 EXCEL 統計明細表，提供二次運用。', 3);
INSERT INTO `des_function` VALUES (8, 25, 5, '空白合約書作廢表', '依查詢條件產生空白合約書作廢 EXCEL 統計明細表，提供二次運用。', 5);
INSERT INTO `des_function` VALUES (8, 6, 6, '未向原廠訂車客戶表', '依查詢條件產生未向原廠訂車客戶 EXCEL 明細表，提供二次運用。', 4);
INSERT INTO `des_function` VALUES (8, 7, 7, '己訂未交車源表', '依查詢條件產生己訂未交車源 EXCEL 明細表，提供二次運用。', 4);
INSERT INTO `des_function` VALUES (8, 8, 8, '新車到港車源表', '依查詢條件產生新車到港車源 EXCEL 明細表，提供二次運用。', 4);
INSERT INTO `des_function` VALUES (8, 9, 9, '成交客戶表', '依查詢條件產生成交客戶 EXCEL 明細表，提供二次運用。', 3);
INSERT INTO `des_function` VALUES (8, 10, 10, '生產年月車源表', '依查詢條件產生原廠生產年月車源 EXCEL 明細表，提供二次運用。', 4);
INSERT INTO `des_function` VALUES (8, 11, 11, '存貨天數與台數表', '依查詢統計條件產生存貨天數與台數 EXCEL 統計明細表，提供二次運用。', 4);
INSERT INTO `des_function` VALUES (8, 15, 12, '地區領牌統計表', '依領牌日期等查詢條件產生地區別業務領牌統計表、EXCEL表，提供二次運用。', 3);
INSERT INTO `des_function` VALUES (8, 16, 13, '車系領牌統計表', '依領牌日期等查詢條件產生車系、車種別業務領牌統計表、EXCEL表，提供二次運用。', 3);
INSERT INTO `des_function` VALUES (8, 17, 14, '業代領牌統計表', '依領牌日期等查詢條件產生課別、業代別業務領牌統計表、EXCEL表，提供二次運用。', 3);
INSERT INTO `des_function` VALUES (8, 23, 15, '業務退/換購明細表', '依查詢條件產生業務退購、換購 EXCEL 明細表，提供二次運用。', 3);
INSERT INTO `des_function` VALUES (8, 21, 16, '業務簽約明細表', '依查詢條件產生業務簽約 EXCEL 明細表，提供二次運用。', 9);
INSERT INTO `des_function` VALUES (8, 22, 17, '業務交車明細表', '依查詢條件產生業務交車 EXCEL 明細表，提供二次運用。', 9);
INSERT INTO `des_function` VALUES (9, 1, 1, '新增使用人員', '新增使用本系統人員、名稱、密碼。', 9);
INSERT INTO `des_function` VALUES (9, 2, 2, '修改刪除使用人員', '修改使用本系統人員、名稱、密碼、使用權限，及刪除使用本系統人員。', 9);
INSERT INTO `des_function` VALUES (9, 3, 3, '修改功能名稱權限', '修改子能功顯名示名稱、要求使用人員進入最低權限。', 9);
INSERT INTO `des_function` VALUES (9, 4, 4, '修改管理員帳號密碼', '修改管理員登入本系統的帳號、密碼。', 9);
INSERT INTO `des_function` VALUES (9, 5, 5, '使用人員查詢', '查詢現有全部使用人員名稱、帳號、密碼。', 9);
INSERT INTO `des_function` VALUES (9, 6, 6, '新增CRM使用人員', '新增使用CRM系統人員、名稱、密碼。', 9);
INSERT INTO `des_function` VALUES (9, 7, 7, '修改刪除CRM人員', '修改使用CRM系統人員、名稱、密碼、使用權限，及刪除使用本系統人員。', 9);
INSERT INTO `des_function` VALUES (9, 8, 8, 'CRM使用人員查詢', '查詢現有全部CRM使用人員名稱、帳號、密碼。', 9);
INSERT INTO `des_function` VALUES (5, 1, 1, '必留墊pml位數', '必留-否則pml會少一位出錯', 1);
INSERT INTO `des_function` VALUES (3, 18, 8, '調出車申請下載列印', '依合約、憑單、科目….等條件產生調出車申請單 EXCEL表，提供二次運用及列印使用。', 3);
INSERT INTO `des_function` VALUES (8, 26, 18, '存貨分析簡表', '依查詢統計條件產生(尚優格式)車輛存貨分析 EXCEL 統計表，提供二次運用。', 5);

-- --------------------------------------------------------

-- 
-- 資料表格式： `des_function_sm`
-- 

CREATE TABLE `des_function_sm` (
  `MainIndex` int(5) unsigned DEFAULT NULL,
  `SubIndex` int(5) unsigned DEFAULT NULL,
  `Pos` tinyint(3) unsigned DEFAULT NULL,
  `Title` varchar(100) COLLATE utf8_unicode_ci DEFAULT NULL,
  `Des` varchar(300) COLLATE utf8_unicode_ci DEFAULT NULL,
  `Level` tinyint(1) unsigned DEFAULT NULL
) ENGINE=MyISAM DEFAULT CHARSET=utf8 COLLATE=utf8_unicode_ci;

-- 
-- 列出以下資料庫的數據： `des_function_sm`
-- 

INSERT INTO `des_function_sm` VALUES (1, 15, 1, '合約掃瞄查看', '將己掃描存檔至系統的客戶合約調出查看。', 5);
INSERT INTO `des_function_sm` VALUES (1, 21, 2, '空白合約書明細表', '依合約起啟、結束編號產生空白合約書狀態EXCEL表，提供二次運用及列印使用。', 5);
INSERT INTO `des_function_sm` VALUES (1, 16, 3, '連續合約查詢', '依合約起啟、結束編號查詢所有合約的狀態。', 5);
INSERT INTO `des_function_sm` VALUES (1, 17, 4, '綜合退換車合約查詢', '查詢退換客戶合約建檔資料、訂購車資料及所有與客戶合約相關的車輛資料。', 5);
INSERT INTO `des_function_sm` VALUES (1, 18, 5, '綜合退購合約查詢', '查詢退購客戶合約建檔資料、訂購車資料及所有與客戶合約相關的車輛資料。', 5);
INSERT INTO `des_function_sm` VALUES (1, 19, 6, '綜合成交合約查詢', '查詢成交客戶合約建檔資料、訂購車資料及所有與客戶合約相關的車輛資料。', 5);
INSERT INTO `des_function_sm` VALUES (2, 1, 1, '可售車源查詢', '依車系+車型查詢… 可銷售車資料。', 5);
INSERT INTO `des_function_sm` VALUES (2, 2, 2, '己售未交車源查詢', '依車系+車型查詢… 己簽訂客戶購車合約的「現車庫存」、「原廠在途車」、 中古車等己銷售車資料，', 5);
INSERT INTO `des_function_sm` VALUES (2, 9, 3, '新車到達通知表', '依查詢條件產生新車到達通知 EXCEL 明細表，提供二次運用。', 5);
INSERT INTO `des_function_sm` VALUES (2, 8, 4, '綜合車輛查詢', '依車身號、訂單號、合約號….等條件，查詢車輛基本資料。', 5);
INSERT INTO `des_function_sm` VALUES (3, 1, 1, '一定要有,不然會出錯', '一定要有,不然會出錯', 5);
INSERT INTO `des_function_sm` VALUES (4, 1, 1, '一定要有,不然會出錯', '一定要有,不然會出錯', 5);
INSERT INTO `des_function_sm` VALUES (5, 5, 1, '保險明細資料下載', '依查詢條件產生險明細帳 EXCEL表，並下載至指定位置，提供二次運用。', 5);
INSERT INTO `des_function_sm` VALUES (5, 6, 2, '保單查詢', '依合約編號、姓名、車身號、牌照號、保單號、保卡號….等條件，查詢調出保單基本資料及相關記錄。', 5);
INSERT INTO `des_function_sm` VALUES (6, 5, 1, '應收/已收憑單查詢', '依憑單、科目、合約、車身號….等條件查詢相關應收/已收憑單記錄。', 5);
INSERT INTO `des_function_sm` VALUES (6, 7, 2, '合約應/已收帳下載', '依統計分析產生目前合約應收已收未收明細 EXCEL表，並下載至指定位置，提供二次運用。', 9);
INSERT INTO `des_function_sm` VALUES (7, 7, 1, '車型代碼表下載', '車型代碼資料轉換成 EXCEL並下載至指定位置。', 5);
INSERT INTO `des_function_sm` VALUES (7, 8, 2, '加費配備表下載', '原廠選配資料轉換成 EXCEL並下載至指定位置。', 5);
INSERT INTO `des_function_sm` VALUES (7, 9, 3, '車色代碼表下載', '車款外裝代碼資料轉換成 EXCEL並下載至指定位置。', 5);
INSERT INTO `des_function_sm` VALUES (7, 10, 4, '內裝代碼表下載', '車型內裝代碼資料轉換成 EXCEL並下載至指定位置。', 5);
INSERT INTO `des_function_sm` VALUES (7, 11, 5, '配備定價表下載', '依生效年月產生各車型原廠選配定價資料轉換成 EXCEL並下載至指定位置。', 5);
INSERT INTO `des_function_sm` VALUES (8, 2, 1, '己訂未交有效客戶表', '依查詢條件產生己訂未交有效客戶 EXCEL 明細表，提供二次運用。', 5);
INSERT INTO `des_function_sm` VALUES (8, 3, 2, '可售車源表', '依查詢條件產生可售車源 EXCEL 明細表，提供二次運用。', 5);
INSERT INTO `des_function_sm` VALUES (8, 6, 3, '未向原廠訂車客戶表', '依查詢條件產生未向原廠訂車客戶 EXCEL 明細表，提供二次運用。', 5);
INSERT INTO `des_function_sm` VALUES (8, 7, 4, '己訂未交車源表', '依查詢條件產生己訂未交車源 EXCEL 明細表，提供二次運用。', 5);
INSERT INTO `des_function_sm` VALUES (8, 9, 5, '成交客戶表', '依查詢條件產生成交客戶 EXCEL 明細表，提供二次運用。', 5);
INSERT INTO `des_function_sm` VALUES (8, 17, 6, '業代領牌統計表', '依領牌日期等查詢條件產生課別、業代別業務領牌統計表、EXCEL表，提供二次運用。', 5);
INSERT INTO `des_function_sm` VALUES (8, 23, 7, '業務退/換購明細表', '依查詢條件產生業務退購、換購 EXCEL 明細表，提供二次運用。', 5);
INSERT INTO `des_function_sm` VALUES (9, 1, 1, '新增使用人員', '新增使用本系統人員、名稱、密碼。', 5);
INSERT INTO `des_function_sm` VALUES (9, 2, 2, '修改刪除使用人員', '修改使用本系統人員、名稱、密碼、使用權限，及刪除使用本系統人員。', 5);
INSERT INTO `des_function_sm` VALUES (9, 4, 3, '修改管理員帳號密碼', '修改管理員登入本系統的帳號、密碼。', 5);
INSERT INTO `des_function_sm` VALUES (9, 5, 4, '使用人員查詢', '查詢現有全部使用人員名稱、帳號、密碼。', 5);
INSERT INTO `des_function_sm` VALUES (9, 6, 5, '新增CRM使用人員', '新增使用CRM系統人員、名稱、密碼。', 5);
INSERT INTO `des_function_sm` VALUES (9, 7, 6, '修改刪除CRM人員', '修改使用CRM系統人員、名稱、密碼、使用權限，及刪除使用本系統人員。', 5);
INSERT INTO `des_function_sm` VALUES (9, 8, 7, 'CRM使用人員查詢', '查詢現有全部CRM使用人員名稱、帳號、密碼。', 5);

-- --------------------------------------------------------

-- 
-- 資料表格式： `des_inner`
-- 

CREATE TABLE `des_inner` (
  `InnerId` varchar(8) COLLATE utf8_unicode_ci NOT NULL,
  `DesEng` varchar(100) COLLATE utf8_unicode_ci NOT NULL,
  `DesCn` varchar(100) COLLATE utf8_unicode_ci NOT NULL,
  `DesEng2` varchar(100) COLLATE utf8_unicode_ci NOT NULL,
  `DesCn2` varchar(100) COLLATE utf8_unicode_ci NOT NULL,
  `DesEng3` varchar(100) COLLATE utf8_unicode_ci NOT NULL,
  `DesCn3` varchar(100) COLLATE utf8_unicode_ci NOT NULL
) ENGINE=MyISAM DEFAULT CHARSET=utf8 COLLATE=utf8_unicode_ci;

-- 
-- 列出以下資料庫的數據： `des_inner`
-- 

INSERT INTO `des_inner` VALUES ('B', '', '', '', '', '', '');
INSERT INTO `des_inner` VALUES ('B&G', '', '', '', '', '', '');
INSERT INTO `des_inner` VALUES ('B&OG', '', '', '', '', '', '');
INSERT INTO `des_inner` VALUES ('B&R', '', '', '', '', '', '');
INSERT INTO `des_inner` VALUES ('BL&W', '', '', '', '', '', '');
INSERT INTO `des_inner` VALUES ('BR', '', '', '', '', '', '');
INSERT INTO `des_inner` VALUES ('LR', '', '', '', '', '', '');

-- --------------------------------------------------------

-- 
-- 資料表格式： `des_log`
-- 

CREATE TABLE `des_log` (
  `UserId` varchar(4) DEFAULT NULL,
  `Tmk` datetime NOT NULL,
  `Path` varchar(50) NOT NULL,
  `ip` varchar(15) NOT NULL
) ENGINE=InnoDB DEFAULT CHARSET=latin1;

-- 
-- 列出以下資料庫的數據： `des_log`
-- 


-- --------------------------------------------------------

-- 
-- 資料表格式： `des_opt_des`
-- 

CREATE TABLE `des_opt_des` (
  `OptId` varchar(8) COLLATE utf8_unicode_ci NOT NULL,
  `DesEng` varchar(100) COLLATE utf8_unicode_ci NOT NULL,
  `DesCn` varchar(100) COLLATE utf8_unicode_ci NOT NULL
) ENGINE=MyISAM DEFAULT CHARSET=utf8 COLLATE=utf8_unicode_ci;

-- 
-- 列出以下資料庫的數據： `des_opt_des`
-- 

INSERT INTO `des_opt_des` VALUES ('0BE', 'Cloth Track(BE)', 'Track布內裝');
INSERT INTO `des_opt_des` VALUES ('0BH', 'Atelier內裝', 'Atelier內裝');
INSERT INTO `des_opt_des` VALUES ('0BK', 'Cloth(BK)', 'Cloth(BK)');
INSERT INTO `des_opt_des` VALUES ('0CB', '', '換Individual Merino真皮皮椅');
INSERT INTO `des_opt_des` VALUES ('0HA', 'Hexagon', '織布/麂皮');
INSERT INTO `des_opt_des` VALUES ('0KC', 'Sensatec', '透氣皮');
INSERT INTO `des_opt_des` VALUES ('0LC', 'Dakota', 'Dakota真皮內裝');
INSERT INTO `des_opt_des` VALUES ('0LU', 'Nevada', 'Nevada真皮內裝');
INSERT INTO `des_opt_des` VALUES ('0LZ', 'Nappa真皮內裝', 'Nappa真皮內裝');
INSERT INTO `des_opt_des` VALUES ('0NA', 'Nappa真皮內裝', 'Nappa真皮內裝');
INSERT INTO `des_opt_des` VALUES ('0PD', 'Dakota內裝', 'Dakota內裝');
INSERT INTO `des_opt_des` VALUES ('0X3', '真皮大包內裝', '真皮大包內裝');
INSERT INTO `des_opt_des` VALUES ('0Z1', 'BMW Individual Merino', 'BMW Individual Merino真皮內裝');
INSERT INTO `des_opt_des` VALUES ('0ZA', 'Individual Merino', 'Merino真皮內裝');
INSERT INTO `des_opt_des` VALUES ('0ZB', 'Ind Merino全真皮內裝', 'Ind Merino全真皮內裝');
INSERT INTO `des_opt_des` VALUES ('111', '', '手排系統');
INSERT INTO `des_opt_des` VALUES ('217', 'Active steering', '主動式轉向系統含Servotronic');
INSERT INTO `des_opt_des` VALUES ('21A', 'M款Ferric Gray雙輻式461型輪圈', 'M款Ferric Gray雙輻式461型輪圈');
INSERT INTO `des_opt_des` VALUES ('21B', 'M款Ferric Grey雙幅式441型鋁圈', 'M款Ferric Grey雙幅式441型鋁圈');
INSERT INTO `des_opt_des` VALUES ('21C', 'M款Bicolour Orbit Grey 雙輻式442型輪圈', 'M款Bicolour Orbit Grey 雙輻式442型輪圈');
INSERT INTO `des_opt_des` VALUES ('21H', 'M款雙幅式648M型輪圈', 'M款雙幅式648M型輪圈');
INSERT INTO `des_opt_des` VALUES ('223', 'DDC', 'DDC');
INSERT INTO `des_opt_des` VALUES ('224', '進階版騎乘模式套件', '進階版騎乘模式套件');
INSERT INTO `des_opt_des` VALUES ('24D', '雙輻式567型輪圈', '雙輻式567型輪圈');
INSERT INTO `des_opt_des` VALUES ('24N', 'V幅式628型輪圈', 'V幅式628型輪圈');
INSERT INTO `des_opt_des` VALUES ('255', 'Sports leather steering wheel', '跑車式真皮方向盤');
INSERT INTO `des_opt_des` VALUES ('27Z', 'W幅式646型輪圈(Only with 3E1)', 'W幅式646型輪圈(Only with 3E1)');
INSERT INTO `des_opt_des` VALUES ('28B', '8Jx19/tyres 225/45 R19', 'Y幅式511型輪圈');
INSERT INTO `des_opt_des` VALUES ('28C', 'Y輻式511型輪圈', 'Y輻式511型輪圈');
INSERT INTO `des_opt_des` VALUES ('2A4', 'F:8Jx19/Tyres 225/40 R19 R:8.5Jx19/Tyres 255/35 R19', '雙幅式401型輪圈');
INSERT INTO `des_opt_des` VALUES ('2A5', '雙幅式397型輪圈', '雙幅式397型輪圈');
INSERT INTO `des_opt_des` VALUES ('2A7', 'F:7.5Jx18/tyres 225/40 R18 R:8Jx18/tyers 245/35 R18', '雙幅式385型輪圈');
INSERT INTO `des_opt_des` VALUES ('2AS', '7.5Jx17/Tyres 225/45 R17', 'Tubine 381型輪圈');
INSERT INTO `des_opt_des` VALUES ('2AU', '8Jx18/tyres 245/45 R18 ', '流線式364型輪圈');
INSERT INTO `des_opt_des` VALUES ('2AX', '', '輪圈');
INSERT INTO `des_opt_des` VALUES ('2D4', '9Jx19/tyres 255/50 R19', '星幅式449型輪圈');
INSERT INTO `des_opt_des` VALUES ('2D9', '星幅式606型輪圈', '星幅式606型輪圈');
INSERT INTO `des_opt_des` VALUES ('2DE', '9Jx19/tyres 275/40 R20 R:11Jx20/tyres 315/35 R20', '星幅式334型輪圈(not with 330/337)');
INSERT INTO `des_opt_des` VALUES ('2DP', 'F:8.5Jx19/Tyres 245/40 R19 R:9Jx19/Tyres 275/35 R19', '星幅式367型輪圈');
INSERT INTO `des_opt_des` VALUES ('2DW', '7.5Jx17/Tyres 225/50 R17', '星幅式393型輪圈');
INSERT INTO `des_opt_des` VALUES ('2DX', '星幅式394型輪圈', '星幅式394型輪圈');
INSERT INTO `des_opt_des` VALUES ('2DY', '8Jx18/Tyres 225/50 R18', '星幅式396型輪圈');
INSERT INTO `des_opt_des` VALUES ('2E3', 'Y幅式608型輪圈', 'Y幅式608型輪圈');
INSERT INTO `des_opt_des` VALUES ('2EB', 'Y幅式305型輪圈', 'Y幅式305型輪圈');
INSERT INTO `des_opt_des` VALUES ('2EC', '8Jx18/Tyres 245/50 R18 W', 'Y幅式308型輪圈');
INSERT INTO `des_opt_des` VALUES ('2FB', '', '輪圈');
INSERT INTO `des_opt_des` VALUES ('2FL', 'F:7.5Jx17/tyres 225/50 R17 R:8.5Jx17/tyres 255/45 R17', 'V幅式395型輪圈');
INSERT INTO `des_opt_des` VALUES ('2FM', 'V輻式398型輪圈', 'V輻式398型輪圈');
INSERT INTO `des_opt_des` VALUES ('2FY', 'V幅式479型輪圈', 'V幅式479型輪圈');
INSERT INTO `des_opt_des` VALUES ('2FZ', 'V幅式485型輪圈', 'V幅式485型輪圈');
INSERT INTO `des_opt_des` VALUES ('2G3', 'Turbine 472型輪圈', 'Turbine 472型輪圈');
INSERT INTO `des_opt_des` VALUES ('2H2', '多幅式416型輪圈', '多幅式416型輪圈');
INSERT INTO `des_opt_des` VALUES ('2H3', '多輻式414型輪圈', '多輻式414型輪圈');
INSERT INTO `des_opt_des` VALUES ('2H7', 'V幅式450型輪圈', 'V幅式450型輪圈');
INSERT INTO `des_opt_des` VALUES ('2HL', 'F:8.5Jx19/tyres 245/45 R19 Y R:9.5Jx19/tyres 275/40 R19 Y', '多幅式252型輪圈');
INSERT INTO `des_opt_des` VALUES ('2K2', '', 'V幅式328型輪圈');
INSERT INTO `des_opt_des` VALUES ('2K8', 'V幅式307型輪圈', 'V幅式307型輪圈');
INSERT INTO `des_opt_des` VALUES ('2L1', '多幅式399行輪圈', '多幅式399行輪圈');
INSERT INTO `des_opt_des` VALUES ('2L3', 'V幅式395型輪圈', 'V幅式395型輪圈');
INSERT INTO `des_opt_des` VALUES ('2L9', '雙輻式384型輪圈', '雙輻式384型輪圈');
INSERT INTO `des_opt_des` VALUES ('2LP', '7Jx17/Tyres 205/50 R17', 'Y幅式380型輪圈');
INSERT INTO `des_opt_des` VALUES ('2LS', 'Y幅式451型輪圈', 'Y幅式451型輪圈');
INSERT INTO `des_opt_des` VALUES ('2LU', 'Y幅式480型輪圈', 'Y幅式480型輪圈');
INSERT INTO `des_opt_des` VALUES ('2LV', 'Y幅式484型輪圈', 'Y幅式484型輪圈');
INSERT INTO `des_opt_des` VALUES ('2MV', 'F:8Jx19/Tyres 225/35 R19 R:9Jx19/Tyres 255/30 R19', 'M款雙幅式326M行輪圈');
INSERT INTO `des_opt_des` VALUES ('2MZ', 'F:8.5Jx19/Tyres 245/40 R19 R:9Jx19/Tyres 275/35 R19', 'Individual V幅式349型輪圈');
INSERT INTO `des_opt_des` VALUES ('2N4', 'M款星幅式386型輪圈', 'M款星幅式386型輪圈');
INSERT INTO `des_opt_des` VALUES ('2ND', 'M款雙幅式351型M輪圈', 'M款雙幅式351型M輪圈');
INSERT INTO `des_opt_des` VALUES ('2NH', 'M Sport brake', 'M款運動化煞車套件(前嗣後二)');
INSERT INTO `des_opt_des` VALUES ('2NK', 'M Carbon ceranuc brake', 'M款陶瓷碳纖維煞車系統');
INSERT INTO `des_opt_des` VALUES ('2NM', 'M款雙幅式373型輪圈(ONLY WITH 337)', 'M款雙幅式373型輪圈(ONLY WITH 337)');
INSERT INTO `des_opt_des` VALUES ('2NZ', 'F:8.5Jx19/Tyres 245/40 R19 R:9Jx19/Tyres 275/35 R19', 'M款雙幅式351型M輪圈');
INSERT INTO `des_opt_des` VALUES ('2P5', 'Turbine 415行輪圈', 'Turbine 415行輪圈');
INSERT INTO `des_opt_des` VALUES ('2PA', 'Locking wheel bolts', '防盜螺帽');
INSERT INTO `des_opt_des` VALUES ('2PE', 'M款星幅式400行輪圈(ONLY WITH 337)', 'M款星幅式400行輪圈(ONLY WITH337)');
INSERT INTO `des_opt_des` VALUES ('2PF', 'M款星幅式403型輪圈', 'M款星幅式403型輪圈');
INSERT INTO `des_opt_des` VALUES ('2PL', 'F:8Jx19/Tyres 225/40 R19 R:9Jx19/Tyres 255/35 R19', 'M款雙幅式442型 Only with 337');
INSERT INTO `des_opt_des` VALUES ('2PU', '防盜螺帽', '防盜螺帽');
INSERT INTO `des_opt_des` VALUES ('2SW', 'F:8.5Jx19/Tyres 245/45 R19 R:9.5Jx19/Tyres 275/40 R19', '星幅式272型輪圈');
INSERT INTO `des_opt_des` VALUES ('2T1', '星幅式407型輪圈 R19', '星幅式407型輪圈 R19');
INSERT INTO `des_opt_des` VALUES ('2T2', '星幅式490型輪圈', '星幅式490型輪圈');
INSERT INTO `des_opt_des` VALUES ('2T3', 'BMW Individual V幅式649型輪圈', 'BMW Individual V幅式649型輪圈');
INSERT INTO `des_opt_des` VALUES ('2T5', '雙幅式605型輪圈', '雙幅式605型輪圈');
INSERT INTO `des_opt_des` VALUES ('2TP', 'M款雙幅式612型輪圈', 'M款雙幅式612型輪圈');
INSERT INTO `des_opt_des` VALUES ('2TT', 'M款雙幅式486型輪圈', 'M款雙幅式486型輪圈');
INSERT INTO `des_opt_des` VALUES ('2TU', 'M款雙幅式486型輪圈', 'M款雙幅式486型輪圈');
INSERT INTO `des_opt_des` VALUES ('2TX', '20吋 601型輪圈', '20吋 601型輪圈');
INSERT INTO `des_opt_des` VALUES ('2U9', '雙幅式385型輪圈', '雙幅式385型輪圈');
INSERT INTO `des_opt_des` VALUES ('2V2', 'M款雙幅式310M型輪圈', 'M款雙幅式310M型輪圈');
INSERT INTO `des_opt_des` VALUES ('2V5', 'F:8Jx19/Tyres 225/45 R19 R:9Jx19/Tyres 255/40 R19', 'M款雙幅式598型輪圈 Only with 337');
INSERT INTO `des_opt_des` VALUES ('2VB', '電子監控胎壓偵測緊示系統', '電子監控胎壓偵測緊示系統');
INSERT INTO `des_opt_des` VALUES ('2VF', 'M款主動懸吊', 'M款主動懸吊');
INSERT INTO `des_opt_des` VALUES ('2VG', '動態性輔助系統', '動態性輔助系統');
INSERT INTO `des_opt_des` VALUES ('2VH', '整合式主動轉向系統', '整合式主動轉向系統');
INSERT INTO `des_opt_des` VALUES ('2VL', 'Variable sport steering', '可變式運動轉向系統');
INSERT INTO `des_opt_des` VALUES ('2VM', '舒適型懸吊套件', '舒適型懸吊套件');
INSERT INTO `des_opt_des` VALUES ('2VS', 'Executive主動式調節懸吊系統', 'Executive主動式調節懸吊系統');
INSERT INTO `des_opt_des` VALUES ('2VX', 'F:8.5Jx20/tyres 245/40 R20 R:10Jx20/tyres 275/35 R20', 'M款雙輻式310M型輪圈(only with 337)');
INSERT INTO `des_opt_des` VALUES ('2VY', 'M款鍛造雙幅式437型輪圈', 'M款鍛造雙幅式437型輪圈');
INSERT INTO `des_opt_des` VALUES ('2VZ', 'M款鍛造雙幅式437型輪圈-黑色', 'M款鍛造雙幅式437型輪圈-黑色');
INSERT INTO `des_opt_des` VALUES ('2W4', 'F:8.5JX19/tyres 245/40 R19 R:9Jx19/tures 275/35 R19', '多幅式455型輪圈(Only with 7S2)');
INSERT INTO `des_opt_des` VALUES ('2W8', 'W幅式470型20吋輪圈', 'W幅式470型20吋輪圈');
INSERT INTO `des_opt_des` VALUES ('2WE', 'F:8.5Jx19/Tyres 245/40 R19 R:9Jx19/Tyres 275/35 R19', 'W幅式423型輪圈');
INSERT INTO `des_opt_des` VALUES ('2WF', '', '');
INSERT INTO `des_opt_des` VALUES ('2WS', '多幅式619型鋁圈', '多幅式619型鋁圈');
INSERT INTO `des_opt_des` VALUES ('2WV', 'Multi-spoke 481型輪圈', 'Multi-spoke 481型輪圈');
INSERT INTO `des_opt_des` VALUES ('2XE', '黑色真皮方向盤', '黑色真皮方向盤');
INSERT INTO `des_opt_des` VALUES ('302', 'Alarm System', '原廠防盜系統');
INSERT INTO `des_opt_des` VALUES ('316', 'Automatic operation of tailgate', '電動行李箱緊閉系統');
INSERT INTO `des_opt_des` VALUES ('322', 'Comfort access system', '免鑰匙晶片控制系統(含尾門感應式開啟功能)');
INSERT INTO `des_opt_des` VALUES ('323', 'Soft-Close function for doors', '車門自動緊閉系統');
INSERT INTO `des_opt_des` VALUES ('328', '鋁質登車踏板', '鋁質登車踏板');
INSERT INTO `des_opt_des` VALUES ('336', '跑車套件', '跑車套件');
INSERT INTO `des_opt_des` VALUES ('337', 'M Sport package', '跑車化套件組');
INSERT INTO `des_opt_des` VALUES ('346', '外部豪華鍍鉻窗框', '外部豪華鍍鉻窗框');
INSERT INTO `des_opt_des` VALUES ('348', 'Highlight exterior', '運動造型引擎蓋');
INSERT INTO `des_opt_des` VALUES ('356', '全車強化隔熱玻璃', '全車強化隔熱玻璃');
INSERT INTO `des_opt_des` VALUES ('358', 'Climate comfort windscreen', '前擋強化隔熱玻璃');
INSERT INTO `des_opt_des` VALUES ('386', 'Roof rails', '車頂置物架');
INSERT INTO `des_opt_des` VALUES ('3AA', '黑色車頂置物架', '黑色車頂置物架');
INSERT INTO `des_opt_des` VALUES ('3AC', '', '拖車勾');
INSERT INTO `des_opt_des` VALUES ('3AG', 'Rear view comera', '倒車顯示系統');
INSERT INTO `des_opt_des` VALUES ('3AH', '', '');
INSERT INTO `des_opt_des` VALUES ('3AP', 'Windscreen with grey shade band', '前擋遮陽玻璃');
INSERT INTO `des_opt_des` VALUES ('3AS', 'Roof rails silver', '金屬銀車頂置物架');
INSERT INTO `des_opt_des` VALUES ('3AT', 'Roof rail Aluminium satiated', '鋁質車頂架');
INSERT INTO `des_opt_des` VALUES ('3BE', 'Mirror caps Black', '白色後視鏡外蓋(only with Sport)');
INSERT INTO `des_opt_des` VALUES ('3BG', 'Mirror caps White', '白色後視鏡外蓋');
INSERT INTO `des_opt_des` VALUES ('3E1', 'Pure Excellence外觀套件', 'Pure Excellence外觀套件');
INSERT INTO `des_opt_des` VALUES ('3E2', 'Pure Experience外觀套件', 'Pure Experience外觀套件');
INSERT INTO `des_opt_des` VALUES ('3L8', 'Extended contents in satinised aluminium', '鍛面鋁質窗框');
INSERT INTO `des_opt_des` VALUES ('3MB', 'BMW Individual Exterieur line Aluminium satinated', '緞面鋁質窗框');
INSERT INTO `des_opt_des` VALUES ('3XL', '', '');
INSERT INTO `des_opt_des` VALUES ('402', 'Panorama glass roof', '全景式電動玻璃天窗含防夾機能');
INSERT INTO `des_opt_des` VALUES ('403', 'Glass roof, electric', '電動玻璃天窗');
INSERT INTO `des_opt_des` VALUES ('407', 'Sky Lounge全景式電動玻璃天窗', 'Sky Lounge全景式電動玻璃天窗');
INSERT INTO `des_opt_des` VALUES ('413', '後廂安全分隔網', '後廂安全分隔網');
INSERT INTO `des_opt_des` VALUES ('415', 'Sunblind for rear window, electric', '電動厚窗簾');
INSERT INTO `des_opt_des` VALUES ('416', '電子避震系統', '電子避震系統');
INSERT INTO `des_opt_des` VALUES ('430', 'Safety package', '430');
INSERT INTO `des_opt_des` VALUES ('417', '中控鎖', '中控鎖');
INSERT INTO `des_opt_des` VALUES ('429', 'Touring kit', '429');
INSERT INTO `des_opt_des` VALUES ('441', '吸菸裝置', '吸菸裝置');
INSERT INTO `des_opt_des` VALUES ('453', 'Active seat ventilation, front', '雙前座主動式通風座椅');
INSERT INTO `des_opt_des` VALUES ('454', 'Active seat ventilation,rear', '後座主動式通風座椅(only with 456+494)');
INSERT INTO `des_opt_des` VALUES ('455', '', '主動舒放式雙前座座椅');
INSERT INTO `des_opt_des` VALUES ('456', 'Comfort seats fornt, electrically adjustable', '雙前舒適型電動座椅含記憶裝置');
INSERT INTO `des_opt_des` VALUES ('459', 'Seat adjustment, electric with memory for driver''s seat', '雙前座電動調整座椅含駕駛座記憶裝置');
INSERT INTO `des_opt_des` VALUES ('465', 'Through-loading system', '分離可折式後座椅背(含後座置杯架)');
INSERT INTO `des_opt_des` VALUES ('481', 'Sport seats for driver and front passenger', '雙前座跑車座椅');
INSERT INTO `des_opt_des` VALUES ('488', 'Lumbar support for driver and front passebger', '雙前座腰靠電動調整');
INSERT INTO `des_opt_des` VALUES ('490', '', '');
INSERT INTO `des_opt_des` VALUES ('494', 'Seat heating for driver and front passenger', '雙前座座椅加熱');
INSERT INTO `des_opt_des` VALUES ('4AB', '鏡面核桃木飾板', '鏡面核桃木飾板');
INSERT INTO `des_opt_des` VALUES ('4AC', 'Fine-Wood trim poplar grain', 'Poplar Grain木飾內裝');
INSERT INTO `des_opt_des` VALUES ('4AD', 'Interior trim finishers Aluminium, finely brushed lengthwise', '鋁質刷面處理飾板');
INSERT INTO `des_opt_des` VALUES ('4AE', '前座可調式中央扶手', '前座可調式中央扶手');
INSERT INTO `des_opt_des` VALUES ('4AS', 'Poplar Grain Grey木飾板', 'Poplar Grain Grey木飾板');
INSERT INTO `des_opt_des` VALUES ('4AT', 'Interior trim finishers black high-gloss', '黑色高光澤飾板');
INSERT INTO `des_opt_des` VALUES ('4AX', '栗木飾皮含木紋飾條', '栗木飾皮含木紋飾條');
INSERT INTO `des_opt_des` VALUES ('4AY', '橡木飾版含金屬飾條', '橡木飾版含金屬飾條');
INSERT INTO `des_opt_des` VALUES ('4B7', 'Fine-wood trim Finline high-gloss', 'Fineline high-gloss木飾板');
INSERT INTO `des_opt_des` VALUES ('4B8', 'Fine-wood trim burled walnut with Inlays', 'Inlays木飾板');
INSERT INTO `des_opt_des` VALUES ('4B9', 'Interior trim finishers Fine Brushed Aluminium', 'Fine Brushed Aluminium飾板');
INSERT INTO `des_opt_des` VALUES ('4BN', 'Ash grain木飾板', 'Ash grain木飾板');
INSERT INTO `des_opt_des` VALUES ('4BP', 'Poplar Grain木飾板-淺色', 'Poplar Grain木飾板-淺色');
INSERT INTO `des_opt_des` VALUES ('4CB', 'Fine-wood trim Fineline natural', 'Fineline木飾板');
INSERT INTO `des_opt_des` VALUES ('4CE', 'Fineline深色木飾板', 'Fineline深色木飾板');
INSERT INTO `des_opt_des` VALUES ('4CK', 'Fine-wood trim', 'Fineline淺色木飾板  Only with 337');
INSERT INTO `des_opt_des` VALUES ('4CV', 'Fine-wood trim Americah Oak', 'Americah Oak木飾板');
INSERT INTO `des_opt_des` VALUES ('4DD', 'Fineline Pure木飾板', 'Fineline Pure木飾板');
INSERT INTO `des_opt_des` VALUES ('4DL', 'Hightlight trim finishers Black high-gloss', '黑色高光澤飾條(位於飾板下方)');
INSERT INTO `des_opt_des` VALUES ('4DM', 'Pearl 高光澤飾條', 'Pearl 高光澤飾條');
INSERT INTO `des_opt_des` VALUES ('4DN', '紅色飾條(位於飾板下方)', '紅色飾條(位於飾板下方)');
INSERT INTO `des_opt_des` VALUES ('4DX', 'Hightlight trim finishers Estoril Blue matt', '藍色飾條(位於飾板下方)');
INSERT INTO `des_opt_des` VALUES ('4DZ', 'Pear dark飾板', 'Pear dark飾板');
INSERT INTO `des_opt_des` VALUES ('4EB', 'Fine-wood trim Fineline Bay matt', ' Fineline Bay木飾板');
INSERT INTO `des_opt_des` VALUES ('4EF', 'Alumlnlum mesh effect 飾板(only with 7S1/337)', 'Interior trim finishers Alumlnlum mesh effect');
INSERT INTO `des_opt_des` VALUES ('4EH', 'Black Hight gloss木飾板', 'Black Hight gloss木飾板');
INSERT INTO `des_opt_des` VALUES ('4EZ', 'Fine-wood trim ash grain with metal inlays', 'Ash Grain 木飾板');
INSERT INTO `des_opt_des` VALUES ('4F4', 'Executive Lounge後座椅(only with 4T6+4T7+6FR)', 'Executive Lounge後座椅(only with 4T6+4T7+6FR)');
INSERT INTO `des_opt_des` VALUES ('4F5', '總裁級中央扶手(含後座可收納專用桌)', '總裁級中央扶手(含後座可收納專用桌)');
INSERT INTO `des_opt_des` VALUES ('4FD', '後座可調式空間系統', '後座可調式空間系統');
INSERT INTO `des_opt_des` VALUES ('4FF', '後座舒適型座椅(NOT WITH 4UB)', '後座舒適型座椅(NOT WITH 4UB)');
INSERT INTO `des_opt_des` VALUES ('4FT', '鋁質飾板 + 黑色高光澤飾條', '鋁質飾板 + 黑色高光澤飾條');
INSERT INTO `des_opt_des` VALUES ('4FU', 'Fineline黑色飾板+Pearl Chrome飾條', 'Fineline黑色飾板+Pearl Chrome飾條');
INSERT INTO `des_opt_des` VALUES ('4FV', 'Fineline淺色木飾板', 'Fineline淺色木飾板');
INSERT INTO `des_opt_des` VALUES ('4FW', 'Fineline核桃木飾板+Pearl Chrome飾條', 'Fineline核桃木飾板+Pearl Chrome飾條');
INSERT INTO `des_opt_des` VALUES ('4FZ', 'Fineline木飾板+Pearl Chrome飾條', 'Fineline木飾板+Pearl Chrome飾條');
INSERT INTO `des_opt_des` VALUES ('4KS', 'Contrast stitching', '內裝特殊縫線處理');
INSERT INTO `des_opt_des` VALUES ('4L3', 'Dark Copper 高光澤飾板', 'Dark Copper 高光澤飾板');
INSERT INTO `des_opt_des` VALUES ('4LM', 'Fineline black with metal effect hight-golss木飾內裝', 'Fineline black with metal effect hight-golss木飾內裝');
INSERT INTO `des_opt_des` VALUES ('4LR', 'Finelin Stream木飾板+Pearl Chrome飾條', 'Finelin Stream木飾板+Pearl Chrome飾條');
INSERT INTO `des_opt_des` VALUES ('4LS', '鋁質刷面飾板+Pearl Chrome飾條', '鋁質刷面飾板+Pearl Chrome飾條');
INSERT INTO `des_opt_des` VALUES ('4LU', '高光澤黑色飾板+Pearl Chrome飾條', '高光澤黑色飾板+Pearl Chrome飾條');
INSERT INTO `des_opt_des` VALUES ('4LV', '黑色高光澤飾板含紅色飾條', '黑色高光澤飾板含紅色飾條');
INSERT INTO `des_opt_des` VALUES ('4LX', '', '');
INSERT INTO `des_opt_des` VALUES ('4M8', 'BMW Individual rear-seat reading lights', 'Individual 後座閱讀燈');
INSERT INTO `des_opt_des` VALUES ('4MC', '', '');
INSERT INTO `des_opt_des` VALUES ('4ML', 'Individual interior piano finish', 'Piano finish鋼琴鏡面飾板');
INSERT INTO `des_opt_des` VALUES ('4MR', 'Interior trim finishers Aluminium Hexagon', 'Aluminium Hexagon飾板');
INSERT INTO `des_opt_des` VALUES ('4NB', 'Automatic air conditioning with 4-zone control', '四區分離式恆溫空調系統');
INSERT INTO `des_opt_des` VALUES ('4ND', 'Interument panel with leather finish with extended features', '儀表台真皮包覆');
INSERT INTO `des_opt_des` VALUES ('4NH', '頸部加熱功能', '頸部加熱功能');
INSERT INTO `des_opt_des` VALUES ('4NM', '香氛套件', '香氛套件');
INSERT INTO `des_opt_des` VALUES ('4T6', '後座椅按摩功能', '後座椅按摩功能');
INSERT INTO `des_opt_des` VALUES ('4T7', '前座椅按摩功能', '前座椅按摩功能');
INSERT INTO `des_opt_des` VALUES ('4U1', 'Ceramic surround for contrils', '陶瓷控制旋鈕');
INSERT INTO `des_opt_des` VALUES ('4UB', '3rd row seats(incl.220)', '第三排座椅');
INSERT INTO `des_opt_des` VALUES ('4UM', 'Massage function for rear-seat backrest', '後座椅背按摩功能(only with 460)');
INSERT INTO `des_opt_des` VALUES ('4UV', '後座可折式餐桌', '後座可折式餐桌');
INSERT INTO `des_opt_des` VALUES ('4WG', '鋁質格紋飾板+黑色飾條', '鋁質格紋飾板+黑色飾條');
INSERT INTO `des_opt_des` VALUES ('502', 'Heaklight washer system', '頭燈高壓清洗裝置');
INSERT INTO `des_opt_des` VALUES ('508', 'Park distance contril (PDC) front and rear', '停車警示系統(前後)');
INSERT INTO `des_opt_des` VALUES ('520', '霧燈', '霧燈');
INSERT INTO `des_opt_des` VALUES ('524', 'Adaptuve Headlights with cornering lights', '主動式轉向頭燈');
INSERT INTO `des_opt_des` VALUES ('544', 'Cruise control with braking function', '定速系統含煞車功能');
INSERT INTO `des_opt_des` VALUES ('552', 'Adaptive LED headlights', 'LED頭燈含主動轉向功能');
INSERT INTO `des_opt_des` VALUES ('575', 'Additional 12-volt power sockets', '額外12V電源插座');
INSERT INTO `des_opt_des` VALUES ('5A1', '盲點偵測系統', '盲點偵測系統');
INSERT INTO `des_opt_des` VALUES ('5A3', '夜視系統含行人辨識輔助照明', '夜視系統含行人辨識輔助照明');
INSERT INTO `des_opt_des` VALUES ('5AC', 'ABS Pro', 'ABS Pro');
INSERT INTO `des_opt_des` VALUES ('518', '加熱坐墊', '加熱坐墊');
INSERT INTO `des_opt_des` VALUES ('5AD', 'Lane Departure Warning including apporach warning', '車道偏離系統');
INSERT INTO `des_opt_des` VALUES ('5AG', 'Lane Change Warning', '車道變換警示系統');
INSERT INTO `des_opt_des` VALUES ('5AL', 'Active protection', 'Active protection主動安全防護系統');
INSERT INTO `des_opt_des` VALUES ('5AS', 'Driving Assistant', '車道偏離警示系統含碰撞預警系統');
INSERT INTO `des_opt_des` VALUES ('5AT', 'Driving Assistant plus', '主動式定速控制系統含車道偏離警示系統');
INSERT INTO `des_opt_des` VALUES ('5AZ', 'BMW雷射頭燈(Only with 5AC)', 'BMW雷射頭燈(Only with 5AC)');
INSERT INTO `des_opt_des` VALUES ('5DC', 'Folding rear-seat headrests', '可收折式後座頭枕');
INSERT INTO `des_opt_des` VALUES ('5DF', 'Actove criose control with Stop and Go function', '主動式定速控制含車距控制系統');
INSERT INTO `des_opt_des` VALUES ('5DK', 'Side view', '車側攝影機');
INSERT INTO `des_opt_des` VALUES ('5DL', 'Surround view', '環景顯示系統');
INSERT INTO `des_opt_des` VALUES ('5DP', 'Park Assistnat', '主動式停車輔助系統');
INSERT INTO `des_opt_des` VALUES ('601', 'TV function', '數位電視功能');
INSERT INTO `des_opt_des` VALUES ('606', '原廠中文衛星導航系統', '原廠中文衛星導航系統');
INSERT INTO `des_opt_des` VALUES ('609', 'Navigation system Professional', '原廠中文衛星導航系統');
INSERT INTO `des_opt_des` VALUES ('610', '高座墊', '高座墊');
INSERT INTO `des_opt_des` VALUES ('644', 'Universal cellphone preparation', '藍芽免持行動電話系統');
INSERT INTO `des_opt_des` VALUES ('674', 'HIFI loudspeaker system Harman Kardon', 'Harman/Kardon高傳真音響系統(12支揚聲器)');
INSERT INTO `des_opt_des` VALUES ('676', 'HiFi loud speaker system', 'HiFi 高傳真音響系統(12支揚聲器)');
INSERT INTO `des_opt_des` VALUES ('677', 'HiFi system Professional', '高傳真音響系統(16支揚聲器)');
INSERT INTO `des_opt_des` VALUES ('688', 'Harman Kardon surround sound system', 'Harman/Kardon高傳真音響系統(16支揚聲器)');
INSERT INTO `des_opt_des` VALUES ('696', 'DVD changer for 6 DVDs', 'DVD 六片換片機');
INSERT INTO `des_opt_des` VALUES ('6AC', 'Intelligent emergency cal', '緊急求助服務');
INSERT INTO `des_opt_des` VALUES ('6AE', 'Teleservices', '遠端售後服務通知(only with 6AC/6AK)');
INSERT INTO `des_opt_des` VALUES ('6AM', 'Real Time Traffic Information', '即時路況訊息(only with 6AK+609)(使用期限為3年)');
INSERT INTO `des_opt_des` VALUES ('6AK', '互聯駕駛服務(使用期限3年)', '互聯駕駛服務(使用期限3年)');
INSERT INTO `des_opt_des` VALUES ('6AP', '遠端控制服務', '遠端控制服務');
INSERT INTO `des_opt_des` VALUES ('6F2', 'Bang Olufsen', 'Bang Olufsen音響系統(16支揚聲器)');
INSERT INTO `des_opt_des` VALUES ('6FH', '', '');
INSERT INTO `des_opt_des` VALUES ('6FL', 'USB audio interface', 'USB音源插槽');
INSERT INTO `des_opt_des` VALUES ('6FR', '後座影音系統含後座專屬控制平板', '後座影音系統含後座專屬控制平板');
INSERT INTO `des_opt_des` VALUES ('6NF', 'Extended connectivity of the music player in the mobile phon', '行動電話音樂播放連接安裝準備(需加購零件加裝品:手機固定座)');
INSERT INTO `des_opt_des` VALUES ('6NS', 'Connected Telephony', '藍芽免持行動電話系統');
INSERT INTO `des_opt_des` VALUES ('6UK', 'BMW Night Vision with person recognition', '第二代BMW夜視輔助系統');
INSERT INTO `des_opt_des` VALUES ('6UP', '原廠中文衛星導航系統與抬頭顯示器', '原廠中文衛星導航系統與抬頭顯示器');
INSERT INTO `des_opt_des` VALUES ('6WA', 'Instriment cluster with extended contents', '9.2"延伸資訊儀表顯示幕');
INSERT INTO `des_opt_des` VALUES ('6WB', '10.25"多重行車模式儀表板', '10.25"多重行車模式儀表板');
INSERT INTO `des_opt_des` VALUES ('704', 'M Sport suspension', 'M跑車懸吊系統(車身降低15MM)');
INSERT INTO `des_opt_des` VALUES ('710', 'M sport suspenssion', 'M款多功能真皮方向盤');
INSERT INTO `des_opt_des` VALUES ('760', 'BMW individual high-gloss Shadow Line', '高光澤黑色窗框');
INSERT INTO `des_opt_des` VALUES ('775', '舒適型座墊', '舒適型座墊');
INSERT INTO `des_opt_des` VALUES ('792', '高座墊', '高座墊');
INSERT INTO `des_opt_des` VALUES ('776', '低座墊', '低座墊');
INSERT INTO `des_opt_des` VALUES ('778', '高座墊', '高座墊');
INSERT INTO `des_opt_des` VALUES ('7AC', 'Sport Line', 'Sport Line');
INSERT INTO `des_opt_des` VALUES ('7HW', 'X LINE', 'X LINE');
INSERT INTO `des_opt_des` VALUES ('7KB', 'Navigation package Professional', '原廠中文衛星系統(含：藍芽免持系統+USB音源插槽)');
INSERT INTO `des_opt_des` VALUES ('7KG', 'Exterior design Pure Extravagance', 'Pure Extravagance 外觀套件');
INSERT INTO `des_opt_des` VALUES ('7KX', 'BMW I Loft', 'BMW I Loft');
INSERT INTO `des_opt_des` VALUES ('7KY', 'BMW I Lodge', 'BMW I Lodge');
INSERT INTO `des_opt_des` VALUES ('7KZ', 'BMW I Suite', 'BMW I Suite');
INSERT INTO `des_opt_des` VALUES ('7LB', 'Pure Extravagance Cognac/Black+M sport  package(NARQ)', 'Pure Extravagance Cognac/Black+M sport 套件(only with 337)');
INSERT INTO `des_opt_des` VALUES ('7MA', 'Competition package', 'Competition組合');
INSERT INTO `des_opt_des` VALUES ('7ME', 'M Driver''s Package', 'M駕駛套件');
INSERT INTO `des_opt_des` VALUES ('7S1', 'Modern Line', 'Modern Line');
INSERT INTO `des_opt_des` VALUES ('7S2', 'Luxury Line', 'Luxury Line');
INSERT INTO `des_opt_des` VALUES ('7S5', 'Pure Excellence內裝套件', 'Pure Excellence內裝套件');
INSERT INTO `des_opt_des` VALUES ('7S9', '互聯駕駛服務套件', '互聯駕駛服務套件');
INSERT INTO `des_opt_des` VALUES ('7XA', 'M leather steering wheel with gear-shift paddles', 'M款多功能真皮方向盤含換檔撥桿');
INSERT INTO `des_opt_des` VALUES ('866', '', '中文顯示');
INSERT INTO `des_opt_des` VALUES ('888', 'Z4 豪華版', 'Z4 豪華版');
INSERT INTO `des_opt_des` VALUES ('894', 'Sport  / Luxury  Line / X Line / M Sport package', 'Sport Line / Luxury Line / 豪華版 / 菁英版(依車型)');
INSERT INTO `des_opt_des` VALUES ('940', 'IND車色', 'IND車色');
INSERT INTO `des_opt_des` VALUES ('957', 'Luxury Edition', 'Luxury Edition');
INSERT INTO `des_opt_des` VALUES ('9MR', '', '');
INSERT INTO `des_opt_des` VALUES ('IND', 'BMW Individual paintwork', 'Individual 銀粉漆');
INSERT INTO `des_opt_des` VALUES ('OHA', 'Hexagon', '換織布/麂皮皮椅');
INSERT INTO `des_opt_des` VALUES ('OKC', 'Sensatec', '換透氣皮椅');
INSERT INTO `des_opt_des` VALUES ('OLC', 'Dakota', '換真皮皮椅');
INSERT INTO `des_opt_des` VALUES ('OLU', '', 'Nevada換真皮內裝');
INSERT INTO `des_opt_des` VALUES ('ONA', '', '');
INSERT INTO `des_opt_des` VALUES ('OPA', '', '');
INSERT INTO `des_opt_des` VALUES ('OX3', '', '');
INSERT INTO `des_opt_des` VALUES ('OZA', '', '');
INSERT INTO `des_opt_des` VALUES ('OZB', '', '換Individual Merino真皮皮椅');
INSERT INTO `des_opt_des` VALUES ('X12', 'BMW Individual paintwork Rauct', 'Individual車色');
INSERT INTO `des_opt_des` VALUES ('XD5', 'IND麂皮車內頂蓬', 'IND麂皮車內頂蓬');
INSERT INTO `des_opt_des` VALUES ('XE7', 'IND鋼琴烤漆飾板', 'IND鋼琴烤漆飾板');
INSERT INTO `des_opt_des` VALUES ('XE8', '', 'Individual拼花鋼琴烤漆飾板');
INSERT INTO `des_opt_des` VALUES ('XE9', 'BMW Individual interior trim finishers in leather', 'Individual皮質飾板');
INSERT INTO `des_opt_des` VALUES ('XEW', 'BMW Individual fine-wood', 'Sen Light brown核桃木飾板');
INSERT INTO `des_opt_des` VALUES ('XEX', 'Ash grain White木飾板', 'Ash grain White木飾板');
INSERT INTO `des_opt_des` VALUES ('XL1', 'Individual方向盤內崁飾板', 'Individual方向盤內崁飾板');
INSERT INTO `des_opt_des` VALUES ('XL3', 'Ash grain White木飾板', 'Ash grain White木飾板');
INSERT INTO `des_opt_des` VALUES ('XT1', 'Merino真皮儀錶板包覆', 'Merino真皮儀錶板包覆');
INSERT INTO `des_opt_des` VALUES ('134', 'Adaptive Headlingt', 'Adaptive Headlingt');
INSERT INTO `des_opt_des` VALUES ('141', '收音機', '收音機');
INSERT INTO `des_opt_des` VALUES ('177', '排檔輔助系統', '排檔輔助系統');
INSERT INTO `des_opt_des` VALUES ('17A', '手刷髮絲紋油箱', '手刷髮絲紋油箱');
INSERT INTO `des_opt_des` VALUES ('17B', '手刷髮絲紋油箱', '手刷髮絲紋油箱');
INSERT INTO `des_opt_des` VALUES ('182', '動態循跡控制系統(DTC)', '動態循跡控制系統(DTC)');
INSERT INTO `des_opt_des` VALUES ('191', '動態電子避震系統', '動態電子避震系統');
INSERT INTO `des_opt_des` VALUES ('192', 'LED頭燈', 'LED頭燈');
INSERT INTO `des_opt_des` VALUES ('193', 'Keyless Ride', 'Keyless Ride');
INSERT INTO `des_opt_des` VALUES ('200', 'Special model Triple black', '200');
INSERT INTO `des_opt_des` VALUES ('202', '日行燈', '日行燈');
INSERT INTO `des_opt_des` VALUES ('204', '上坡起步輔助裝置', '上坡起步輔助裝置');
INSERT INTO `des_opt_des` VALUES ('205', 'Highline package Asia', '205');
INSERT INTO `des_opt_des` VALUES ('216', 'Dynamic package Asia', '216');
INSERT INTO `des_opt_des` VALUES ('219', 'Headlight Pro', 'Headlight Pro');
INSERT INTO `des_opt_des` VALUES ('220', '較高座椅', '較高座椅');
INSERT INTO `des_opt_des` VALUES ('221', 'Pro 旅程電腦', 'Pro 旅程電腦');
INSERT INTO `des_opt_des` VALUES ('222', '進階版排檔輔助裝置', '進階版排檔輔助裝置');
INSERT INTO `des_opt_des` VALUES ('227', 'Sport package', '227');
INSERT INTO `des_opt_des` VALUES ('230', 'Comfort package', '230');
INSERT INTO `des_opt_des` VALUES ('233', 'Touring package', '233');
INSERT INTO `des_opt_des` VALUES ('235', 'Dynamic package ', '235');
INSERT INTO `des_opt_des` VALUES ('252', '運動座椅', '運動座椅');
INSERT INTO `des_opt_des` VALUES ('263', 'Highline package Asia low seat', '263');
INSERT INTO `des_opt_des` VALUES ('267', 'Audio system ECE with preparation for GPS Device', '267');
INSERT INTO `des_opt_des` VALUES ('272', '衛星導航架', '衛星導航架');
INSERT INTO `des_opt_des` VALUES ('340', '鍍鉻排氣管', '鍍鉻排氣管');
INSERT INTO `des_opt_des` VALUES ('350', '鍍鉻排氣管', '鍍鉻排氣管');
INSERT INTO `des_opt_des` VALUES ('499', '座椅最低調教', '座椅最低調教');
INSERT INTO `des_opt_des` VALUES ('519', '加溫把手', '加溫把手');
INSERT INTO `des_opt_des` VALUES ('530', '胎壓偵測', '胎壓偵測');
INSERT INTO `des_opt_des` VALUES ('538', '定速器', '定速器');
INSERT INTO `des_opt_des` VALUES ('539', '旅程電腦', '旅程電腦');
INSERT INTO `des_opt_des` VALUES ('560', '跑車式風檔', '跑車式風檔');
INSERT INTO `des_opt_des` VALUES ('562', '前霧燈', '前霧燈');
INSERT INTO `des_opt_des` VALUES ('589', '護弓', '護弓');
INSERT INTO `des_opt_des` VALUES ('590', 'LED白燈', 'LED白燈');
INSERT INTO `des_opt_des` VALUES ('603', '防盜系統', '防盜系統');
INSERT INTO `des_opt_des` VALUES ('633', '越野胎', '越野胎');
INSERT INTO `des_opt_des` VALUES ('636', '中柱', '中柱');
INSERT INTO `des_opt_des` VALUES ('650', 'ASC', 'ASC');
INSERT INTO `des_opt_des` VALUES ('665', '行李箱固定架', '行李箱固定架');
INSERT INTO `des_opt_des` VALUES ('680', '鋁合金置物箱架', '鋁合金置物箱架');
INSERT INTO `des_opt_des` VALUES ('681', '邊箱固定架', '邊箱固定架');
INSERT INTO `des_opt_des` VALUES ('755', '跑車式雙座墊', '跑車式雙座墊');
INSERT INTO `des_opt_des` VALUES ('764', '電源端子', '電源端子');
INSERT INTO `des_opt_des` VALUES ('766', '舒適後座', '舒適後座');
INSERT INTO `des_opt_des` VALUES ('771', '鋼絲輪圈', '鋼絲輪圈');
INSERT INTO `des_opt_des` VALUES ('774', '低座墊', '低座墊');
INSERT INTO `des_opt_des` VALUES ('773', '黑坐墊', '黑坐墊');
INSERT INTO `des_opt_des` VALUES ('861', 'style 1 Sport', '861');
INSERT INTO `des_opt_des` VALUES ('862', 'style 2', '862');

-- --------------------------------------------------------

-- 
-- 資料表格式： `des_opt_price`
-- 

CREATE TABLE `des_opt_price` (
  `CatId` varchar(8) COLLATE utf8_unicode_ci NOT NULL,
  `OptId` varchar(8) COLLATE utf8_unicode_ci NOT NULL,
  `Price` bigint(8) unsigned NOT NULL,
  `ListMonth` varchar(7) COLLATE utf8_unicode_ci NOT NULL
) ENGINE=MyISAM DEFAULT CHARSET=utf8 COLLATE=utf8_unicode_ci;

-- 
-- 列出以下資料庫的數據： `des_opt_price`
-- 

INSERT INTO `des_opt_price` VALUES ('1118', '255', 18000, '1211');
INSERT INTO `des_opt_price` VALUES ('1119', '255', 19000, '1211');
INSERT INTO `des_opt_price` VALUES ('1119', '302', 200500, '1210');
INSERT INTO `des_opt_price` VALUES ('1119', '302', 210000, '1211');
INSERT INTO `des_opt_price` VALUES ('1A11', '0KC', 22000, '1211');
INSERT INTO `des_opt_price` VALUES ('1A11', '2VL', 16000, '1211');
INSERT INTO `des_opt_price` VALUES ('1A11', '322', 27000, '1211');
INSERT INTO `des_opt_price` VALUES ('1A11', '3AG', 27000, '1211');
INSERT INTO `des_opt_price` VALUES ('1A11', '3BE', 0, '1211');
INSERT INTO `des_opt_price` VALUES ('1A11', '459', 79000, '1211');
INSERT INTO `des_opt_price` VALUES ('1A11', '508', 25000, '1211');
INSERT INTO `des_opt_price` VALUES ('1A11', '544', 29000, '1211');
INSERT INTO `des_opt_price` VALUES ('1A11', '575', 1000, '1211');
INSERT INTO `des_opt_price` VALUES ('1A11', '5AC', 9000, '1211');
INSERT INTO `des_opt_price` VALUES ('1A11', '775', 13000, '1211');
INSERT INTO `des_opt_price` VALUES ('1A31', '0LC', 101000, '1211');
INSERT INTO `des_opt_price` VALUES ('1A31', '2N4', 30000, '1307');
INSERT INTO `des_opt_price` VALUES ('1A31', '322', 27000, '1211');
INSERT INTO `des_opt_price` VALUES ('1A31', '3AG', 27000, '1211');
INSERT INTO `des_opt_price` VALUES ('1A31', '459', 79000, '1211');
INSERT INTO `des_opt_price` VALUES ('1A31', '508', 25000, '1211');
INSERT INTO `des_opt_price` VALUES ('1A31', '575', 1000, '1211');
INSERT INTO `des_opt_price` VALUES ('1A31', '609', 132000, '1211');
INSERT INTO `des_opt_price` VALUES ('1A31', '674', 51000, '1211');
INSERT INTO `des_opt_price` VALUES ('1A31', '6WA', 11000, '1211');
INSERT INTO `des_opt_price` VALUES ('1A51', '2NH', 38000, '1403');
INSERT INTO `des_opt_price` VALUES ('1B71', '0LC', 92000, '1211');
INSERT INTO `des_opt_price` VALUES ('1B71', '111', 0, '1307');
INSERT INTO `des_opt_price` VALUES ('1B71', '302', 32000, '1211');
INSERT INTO `des_opt_price` VALUES ('1B71', '322', 28000, '1211');
INSERT INTO `des_opt_price` VALUES ('1B71', '322', 28000, '1307');
INSERT INTO `des_opt_price` VALUES ('1B71', '3AG', 28000, '1211');
INSERT INTO `des_opt_price` VALUES ('1B71', '3AG', 28000, '1307');
INSERT INTO `des_opt_price` VALUES ('1B71', '502', 19000, '1211');
INSERT INTO `des_opt_price` VALUES ('1B71', '508', 20000, '1211');
INSERT INTO `des_opt_price` VALUES ('1B71', '508', 20000, '1307');
INSERT INTO `des_opt_price` VALUES ('1B71', '524', 27000, '1211');
INSERT INTO `des_opt_price` VALUES ('1B71', '575', 1000, '1211');
INSERT INTO `des_opt_price` VALUES ('1B71', '575', 1000, '1307');
INSERT INTO `des_opt_price` VALUES ('1B71', '5AC', 10000, '1211');
INSERT INTO `des_opt_price` VALUES ('1B71', '5AD', 34000, '1211');
INSERT INTO `des_opt_price` VALUES ('1B71', '5DC', 4000, '1211');
INSERT INTO `des_opt_price` VALUES ('1B71', '5DC', 4000, '1307');
INSERT INTO `des_opt_price` VALUES ('1B71', '674', 30000, '1211');
INSERT INTO `des_opt_price` VALUES ('1B71', '674', 34000, '1307');
INSERT INTO `des_opt_price` VALUES ('1B71', '6NF', 7000, '1211');
INSERT INTO `des_opt_price` VALUES ('1B71', '6NF', 7000, '2111');
INSERT INTO `des_opt_price` VALUES ('1C31', '3AP', 6000, '1307');
INSERT INTO `des_opt_price` VALUES ('1C31', '3BG', 0, '1211');
INSERT INTO `des_opt_price` VALUES ('1C31', '403', 62000, '1307');
INSERT INTO `des_opt_price` VALUES ('1C31', '704', 22000, '1211');
INSERT INTO `des_opt_price` VALUES ('1H91', '2PA', 1000, '1512');
INSERT INTO `des_opt_price` VALUES ('1H91', '302', 32000, '1512');
INSERT INTO `des_opt_price` VALUES ('1H91', '346', 13000, '1512');
INSERT INTO `des_opt_price` VALUES ('1H91', '3AP', 6000, '1512');
INSERT INTO `des_opt_price` VALUES ('1H91', '403', 53000, '1512');
INSERT INTO `des_opt_price` VALUES ('1H91', '441', 2000, '1512');
INSERT INTO `des_opt_price` VALUES ('1H91', '465', 13000, '1512');
INSERT INTO `des_opt_price` VALUES ('1H91', '494', 22000, '1512');
INSERT INTO `des_opt_price` VALUES ('1H91', '575', 1000, '1512');
INSERT INTO `des_opt_price` VALUES ('1H91', '5AS', 34000, '1512');
INSERT INTO `des_opt_price` VALUES ('1H91', '7ME', 162000, '1512');
INSERT INTO `des_opt_price` VALUES ('1J11', '0HA', 0, '1311');
INSERT INTO `des_opt_price` VALUES ('1J11', '21A', 51000, '1503');
INSERT INTO `des_opt_price` VALUES ('1J11', '2PU', 38000, '1311');
INSERT INTO `des_opt_price` VALUES ('1J11', '322', 25000, '1311');
INSERT INTO `des_opt_price` VALUES ('1J11', '337', 100000, '1311');
INSERT INTO `des_opt_price` VALUES ('1J11', '403', 51000, '1503');
INSERT INTO `des_opt_price` VALUES ('1J11', '465', 16000, '1311');
INSERT INTO `des_opt_price` VALUES ('1J11', '488', 18000, '1311');
INSERT INTO `des_opt_price` VALUES ('1J11', '508', 22000, '1311');
INSERT INTO `des_opt_price` VALUES ('1J11', '544', 29000, '1311');
INSERT INTO `des_opt_price` VALUES ('1J11', '575', 1000, '1311');
INSERT INTO `des_opt_price` VALUES ('1J11', '609', 126000, '1311');
INSERT INTO `des_opt_price` VALUES ('1J11', '674', 50000, '1311');
INSERT INTO `des_opt_price` VALUES ('1J11', '6WA', 11000, '1311');
INSERT INTO `des_opt_price` VALUES ('1J71', '2PA', 1000, '1311');
INSERT INTO `des_opt_price` VALUES ('1J71', '322', 26000, '1311');
INSERT INTO `des_opt_price` VALUES ('1J71', '465', 16000, '1311');
INSERT INTO `des_opt_price` VALUES ('1J71', '508', 23000, '1311');
INSERT INTO `des_opt_price` VALUES ('1J71', '508', 16000, '1503');
INSERT INTO `des_opt_price` VALUES ('1J71', '575', 1000, '1311');
INSERT INTO `des_opt_price` VALUES ('1J71', '5AS', 34000, '1311');
INSERT INTO `des_opt_price` VALUES ('1J71', '5DC', 4000, '1311');
INSERT INTO `des_opt_price` VALUES ('1J71', '674', 36000, '1311');
INSERT INTO `des_opt_price` VALUES ('1J71', '674', 35000, '1503');
INSERT INTO `des_opt_price` VALUES ('1U91', '2NH', 38000, '1503');
INSERT INTO `des_opt_price` VALUES ('1U91', '2VB', 12000, '1503');
INSERT INTO `des_opt_price` VALUES ('1U91', '2VF', 48000, '1503');
INSERT INTO `des_opt_price` VALUES ('1U91', '322', 18000, '1503');
INSERT INTO `des_opt_price` VALUES ('1U91', '609', 106000, '1503');
INSERT INTO `des_opt_price` VALUES ('1U91', '676', 18000, '1503');
INSERT INTO `des_opt_price` VALUES ('1U91', '6WA', 9000, '1503');
INSERT INTO `des_opt_price` VALUES ('1V11', '674', 36000, '1503');
INSERT INTO `des_opt_price` VALUES ('2A31', '2G3', 0, '1411');
INSERT INTO `des_opt_price` VALUES ('2A31', '2LU', 44000, '1411');
INSERT INTO `des_opt_price` VALUES ('2A31', '2LV', 88000, '1408');
INSERT INTO `des_opt_price` VALUES ('2A31', '302', 30000, '1408');
INSERT INTO `des_opt_price` VALUES ('2A31', '302', 30000, '1409');
INSERT INTO `des_opt_price` VALUES ('2A31', '316', 29000, '1408');
INSERT INTO `des_opt_price` VALUES ('2A31', '316', 29000, '1410');
INSERT INTO `des_opt_price` VALUES ('2A31', '322', 25000, '1408');
INSERT INTO `des_opt_price` VALUES ('2A31', '322', 25000, '1411');
INSERT INTO `des_opt_price` VALUES ('2A31', '346', 14000, '1411');
INSERT INTO `des_opt_price` VALUES ('2A31', '3AG', 25000, '1408');
INSERT INTO `des_opt_price` VALUES ('2A31', '3AG', 25000, '1412');
INSERT INTO `des_opt_price` VALUES ('2A31', '402', 80000, '1411');
INSERT INTO `des_opt_price` VALUES ('2A31', '488', 18000, '1408');
INSERT INTO `des_opt_price` VALUES ('2A31', '488', 18000, '1413');
INSERT INTO `des_opt_price` VALUES ('2A31', '4FD', 20000, '1408');
INSERT INTO `des_opt_price` VALUES ('2A31', '4FZ', 18000, '1408');
INSERT INTO `des_opt_price` VALUES ('2A31', '4LR', 27000, '1408');
INSERT INTO `des_opt_price` VALUES ('2A31', '508', 22000, '1408');
INSERT INTO `des_opt_price` VALUES ('2A31', '508', 22000, '1417');
INSERT INTO `des_opt_price` VALUES ('2A31', '520', 13000, '1408');
INSERT INTO `des_opt_price` VALUES ('2A31', '520', 13000, '1414');
INSERT INTO `des_opt_price` VALUES ('2A31', '544', 27000, '1411');
INSERT INTO `des_opt_price` VALUES ('2A31', '575', 1000, '1408');
INSERT INTO `des_opt_price` VALUES ('2A31', '575', 1000, '1415');
INSERT INTO `des_opt_price` VALUES ('2A31', '5AS', 48000, '1408');
INSERT INTO `des_opt_price` VALUES ('2A31', '5AS', 48000, '1416');
INSERT INTO `des_opt_price` VALUES ('2A31', '5DP', 0, '1408');
INSERT INTO `des_opt_price` VALUES ('2A31', '5DP', 0, '1418');
INSERT INTO `des_opt_price` VALUES ('2A31', '610', 32000, '1408');
INSERT INTO `des_opt_price` VALUES ('2A31', '610', 32000, '1419');
INSERT INTO `des_opt_price` VALUES ('2A31', '674', 50000, '1408');
INSERT INTO `des_opt_price` VALUES ('2A31', '674', 50000, '1420');
INSERT INTO `des_opt_price` VALUES ('2A31', '6UP', 126000, '1408');
INSERT INTO `des_opt_price` VALUES ('2A31', '6UP', 126000, '1421');
INSERT INTO `des_opt_price` VALUES ('2A31', '7S2', 98000, '1408');
INSERT INTO `des_opt_price` VALUES ('2A31', '7S2', 98000, '1422');
INSERT INTO `des_opt_price` VALUES ('2A31', '894', 165000, '1408');
INSERT INTO `des_opt_price` VALUES ('2A31', '894', 165000, '1423');
INSERT INTO `des_opt_price` VALUES ('2A51', '223', 32000, '1411');
INSERT INTO `des_opt_price` VALUES ('2A51', '2PA', 1000, '1411');
INSERT INTO `des_opt_price` VALUES ('2A51', '2TU', 51000, '1411');
INSERT INTO `des_opt_price` VALUES ('2A51', '2VL', 45000, '1411');
INSERT INTO `des_opt_price` VALUES ('2A51', '337', 169000, '1411');
INSERT INTO `des_opt_price` VALUES ('2A51', '488', 18000, '1411');
INSERT INTO `des_opt_price` VALUES ('2A51', '610', 32000, '1411');
INSERT INTO `des_opt_price` VALUES ('2A51', '674', 50000, '1411');
INSERT INTO `des_opt_price` VALUES ('2A51', '6UP', 126000, '1411');
INSERT INTO `des_opt_price` VALUES ('2A71', '0PD', 79000, '1411');
INSERT INTO `des_opt_price` VALUES ('2A71', '2FZ', 0, '1411');
INSERT INTO `des_opt_price` VALUES ('2A71', '2TT', 0, '1411');
INSERT INTO `des_opt_price` VALUES ('2A71', '2TU', 51000, '1411');
INSERT INTO `des_opt_price` VALUES ('2A71', '316', 29000, '1408');
INSERT INTO `des_opt_price` VALUES ('2A71', '322', 25000, '1408');
INSERT INTO `des_opt_price` VALUES ('2A71', '337', 150000, '1411');
INSERT INTO `des_opt_price` VALUES ('2A71', '3AG', 25000, '1408');
INSERT INTO `des_opt_price` VALUES ('2A71', '4FD', 20000, '1408');
INSERT INTO `des_opt_price` VALUES ('2A71', '508', 22000, '1408');
INSERT INTO `des_opt_price` VALUES ('2A71', '5DP', 0, '1408');
INSERT INTO `des_opt_price` VALUES ('2A71', '610', 32000, '1408');
INSERT INTO `des_opt_price` VALUES ('2A71', '674', 50000, '1411');
INSERT INTO `des_opt_price` VALUES ('2A71', '6UP', 126000, '1408');
INSERT INTO `des_opt_price` VALUES ('2C11', '2LU', 44000, '1408');
INSERT INTO `des_opt_price` VALUES ('2C11', '2LU', 44000, '1416');
INSERT INTO `des_opt_price` VALUES ('2C11', '2U9', 44000, '1408');
INSERT INTO `des_opt_price` VALUES ('2C11', '316', 29000, '1408');
INSERT INTO `des_opt_price` VALUES ('2C11', '316', 29000, '1409');
INSERT INTO `des_opt_price` VALUES ('2C11', '322', 25000, '1408');
INSERT INTO `des_opt_price` VALUES ('2C11', '322', 25000, '1410');
INSERT INTO `des_opt_price` VALUES ('2C11', '3AG', 25000, '1408');
INSERT INTO `des_opt_price` VALUES ('2C11', '4FD', 20000, '1408');
INSERT INTO `des_opt_price` VALUES ('2C11', '4LR', 27000, '1408');
INSERT INTO `des_opt_price` VALUES ('2C11', '4LR', 27000, '1411');
INSERT INTO `des_opt_price` VALUES ('2C11', '4LU', 9000, '1411');
INSERT INTO `des_opt_price` VALUES ('2C11', '508', 22000, '1408');
INSERT INTO `des_opt_price` VALUES ('2C11', '508', 22000, '1412');
INSERT INTO `des_opt_price` VALUES ('2C11', '5DP', 0, '1408');
INSERT INTO `des_opt_price` VALUES ('2C11', '5DP', 0, '1413');
INSERT INTO `des_opt_price` VALUES ('2C11', '610', 32000, '1408');
INSERT INTO `des_opt_price` VALUES ('2C11', '610', 32000, '1414');
INSERT INTO `des_opt_price` VALUES ('2C11', '6UP', 126000, '1408');
INSERT INTO `des_opt_price` VALUES ('2C11', '6UP', 126000, '1415');
INSERT INTO `des_opt_price` VALUES ('2D31', '2FY', 0, '1507');
INSERT INTO `des_opt_price` VALUES ('2E51', '223', 32000, '1503');
INSERT INTO `des_opt_price` VALUES ('2E51', '2LU', 0, '1503');
INSERT INTO `des_opt_price` VALUES ('2E51', '2PA', 1000, '1503');
INSERT INTO `des_opt_price` VALUES ('2E51', '2WV', 0, '1503');
INSERT INTO `des_opt_price` VALUES ('2E51', '322', 25000, '1503');
INSERT INTO `des_opt_price` VALUES ('2E51', '346', 14000, '1503');
INSERT INTO `des_opt_price` VALUES ('2E51', '3AT', 19000, '1503');
INSERT INTO `des_opt_price` VALUES ('2E51', '402', 79000, '1503');
INSERT INTO `des_opt_price` VALUES ('2E51', '413', 12000, '1503');
INSERT INTO `des_opt_price` VALUES ('2E51', '481', 31000, '1503');
INSERT INTO `des_opt_price` VALUES ('2E51', '488', 18000, '1503');
INSERT INTO `des_opt_price` VALUES ('2E51', '4UV', 12000, '1503');
INSERT INTO `des_opt_price` VALUES ('2E51', '544', 27000, '1503');
INSERT INTO `des_opt_price` VALUES ('2E51', '575', 1000, '1503');
INSERT INTO `des_opt_price` VALUES ('2E51', '5AS', 48000, '1503');
INSERT INTO `des_opt_price` VALUES ('2E51', '610', 32000, '1503');
INSERT INTO `des_opt_price` VALUES ('2E51', '6AK', 22000, '1503');
INSERT INTO `des_opt_price` VALUES ('2E51', '6AP', 16000, '1503');
INSERT INTO `des_opt_price` VALUES ('2E51', '6UP', 126000, '1503');
INSERT INTO `des_opt_price` VALUES ('2E51', '710', 18000, '1503');
INSERT INTO `des_opt_price` VALUES ('2G71', '2L9', 57000, '1511');
INSERT INTO `des_opt_price` VALUES ('2G71', '337', 10000, '1503');
INSERT INTO `des_opt_price` VALUES ('2G71', '508', 15000, '1503');
INSERT INTO `des_opt_price` VALUES ('2Z21', '2W8', 0, '1408');
INSERT INTO `des_opt_price` VALUES ('3A15', '4DL', 0, '1308');
INSERT INTO `des_opt_price` VALUES ('3A15', '894', 120000, '1308');
INSERT INTO `des_opt_price` VALUES ('3A55', '322', 37000, '1308');
INSERT INTO `des_opt_price` VALUES ('3A55', '508', 24000, '1308');
INSERT INTO `des_opt_price` VALUES ('3A55', '5AG', 36000, '1308');
INSERT INTO `des_opt_price` VALUES ('3A55', '704', 25000, '1308');
INSERT INTO `des_opt_price` VALUES ('3A55', '710', 18000, '1308');
INSERT INTO `des_opt_price` VALUES ('3B15', '2DX', 0, '1308');
INSERT INTO `des_opt_price` VALUES ('3C91', '2NK', 137000, '1403');
INSERT INTO `des_opt_price` VALUES ('3C91', '2PA', 1000, '1403');
INSERT INTO `des_opt_price` VALUES ('3C91', '2VY', 134000, '1403');
INSERT INTO `des_opt_price` VALUES ('3C91', '2VZ', 148000, '1403');
INSERT INTO `des_opt_price` VALUES ('3C91', '441', 0, '1403');
INSERT INTO `des_opt_price` VALUES ('3C91', '552', 137000, '1403');
INSERT INTO `des_opt_price` VALUES ('3C91', '575', 1000, '1403');
INSERT INTO `des_opt_price` VALUES ('3C91', '5AG', 41000, '1403');
INSERT INTO `des_opt_price` VALUES ('3C91', '5AS', 38000, '1403');
INSERT INTO `des_opt_price` VALUES ('3C91', '5DL', 54000, '1403');
INSERT INTO `des_opt_price` VALUES ('3C91', '688', 79000, '1403');
INSERT INTO `des_opt_price` VALUES ('3C91', '7ME', 177000, '1403');
INSERT INTO `des_opt_price` VALUES ('3G71', '2NH', 44000, '1303');
INSERT INTO `des_opt_price` VALUES ('3G71', '2NH', 44000, '1311');
INSERT INTO `des_opt_price` VALUES ('3G71', '2VF', 70000, '1311');
INSERT INTO `des_opt_price` VALUES ('3G71', '322', 37000, '1311');
INSERT INTO `des_opt_price` VALUES ('3G71', '337', 183000, '1303');
INSERT INTO `des_opt_price` VALUES ('3G71', '337', 183000, '1311');
INSERT INTO `des_opt_price` VALUES ('3G71', '3AA', 0, '1311');
INSERT INTO `des_opt_price` VALUES ('3G71', '3AG', 27000, '1311');
INSERT INTO `des_opt_price` VALUES ('3G71', '417', 16000, '1311');
INSERT INTO `des_opt_price` VALUES ('3G71', '508', 24000, '1311');
INSERT INTO `des_opt_price` VALUES ('3G71', '5AG', 36000, '1303');
INSERT INTO `des_opt_price` VALUES ('3G71', '5DC', 4000, '1311');
INSERT INTO `des_opt_price` VALUES ('3G71', '5DL', 47000, '1303');
INSERT INTO `des_opt_price` VALUES ('3G71', '609', 152000, '1303');
INSERT INTO `des_opt_price` VALUES ('3G71', '688', 69000, '1311');
INSERT INTO `des_opt_price` VALUES ('3G71', '6WA', 11000, '1311');
INSERT INTO `des_opt_price` VALUES ('3N11', '2H2', 0, '1311');
INSERT INTO `des_opt_price` VALUES ('3N11', '322', 37000, '1311');
INSERT INTO `des_opt_price` VALUES ('3N11', '403', 70000, '1311');
INSERT INTO `des_opt_price` VALUES ('3N11', '4AD', 12000, '1311');
INSERT INTO `des_opt_price` VALUES ('3N11', '4CE', 0, '1311');
INSERT INTO `des_opt_price` VALUES ('3N11', '4DM', 0, '1311');
INSERT INTO `des_opt_price` VALUES ('3N11', '508', 24000, '1311');
INSERT INTO `des_opt_price` VALUES ('3N11', '544', 20000, '1311');
INSERT INTO `des_opt_price` VALUES ('3N11', '609', 126000, '1311');
INSERT INTO `des_opt_price` VALUES ('3N11', '6WA', 11000, '1311');
INSERT INTO `des_opt_price` VALUES ('3N11', '7S2', 0, '1311');
INSERT INTO `des_opt_price` VALUES ('3N31', '2NH', 44000, '1307');
INSERT INTO `des_opt_price` VALUES ('3N31', '2PL', 60000, '1307');
INSERT INTO `des_opt_price` VALUES ('3N31', '2T1', 60000, '1403');
INSERT INTO `des_opt_price` VALUES ('3N31', '322', 37000, '1403');
INSERT INTO `des_opt_price` VALUES ('3N31', '337', 222000, '1307');
INSERT INTO `des_opt_price` VALUES ('3N31', '4AD', 12000, '1307');
INSERT INTO `des_opt_price` VALUES ('3N31', '4DL', 0, '1307');
INSERT INTO `des_opt_price` VALUES ('3N31', '5DL', 47000, '1307');
INSERT INTO `des_opt_price` VALUES ('3N31', '894', 0, '1307');
INSERT INTO `des_opt_price` VALUES ('3R11', '2PL', 63000, '1307');
INSERT INTO `des_opt_price` VALUES ('3R11', '4DL', 0, '1403');
INSERT INTO `des_opt_price` VALUES ('3R91', '0X3', 112000, '1404');
INSERT INTO `des_opt_price` VALUES ('3R91', '2NK', 528000, '1404');
INSERT INTO `des_opt_price` VALUES ('3R91', '2PA', 1000, '1404');
INSERT INTO `des_opt_price` VALUES ('3R91', '2VF', 137000, '1404');
INSERT INTO `des_opt_price` VALUES ('3R91', '2VZ', 148000, '1404');
INSERT INTO `des_opt_price` VALUES ('3R91', '302', 35000, '1404');
INSERT INTO `des_opt_price` VALUES ('3R91', '403', 0, '1404');
INSERT INTO `des_opt_price` VALUES ('3R91', '552', 137000, '1404');
INSERT INTO `des_opt_price` VALUES ('3R91', '575', 1000, '1404');
INSERT INTO `des_opt_price` VALUES ('3R91', '5DL', 54000, '1404');
INSERT INTO `des_opt_price` VALUES ('3R91', '688', 79000, '1404');
INSERT INTO `des_opt_price` VALUES ('3R91', '7ME', 177000, '1404');
INSERT INTO `des_opt_price` VALUES ('3T31', '2VF', 73000, '1411');
INSERT INTO `des_opt_price` VALUES ('3T31', '337', 220000, '1411');
INSERT INTO `des_opt_price` VALUES ('3T31', '494', 24000, '1411');
INSERT INTO `des_opt_price` VALUES ('3T31', '4NH', 26000, '1411');
INSERT INTO `des_opt_price` VALUES ('3T31', '5DF', 59000, '1411');
INSERT INTO `des_opt_price` VALUES ('3T31', '610', 65000, '1411');
INSERT INTO `des_opt_price` VALUES ('3V31', '2P5', 0, '1311');
INSERT INTO `des_opt_price` VALUES ('3V31', '2VL', 16000, '1411');
INSERT INTO `des_opt_price` VALUES ('3V31', '2XE', 0, '1311');
INSERT INTO `des_opt_price` VALUES ('3V31', '322', 37000, '1411');
INSERT INTO `des_opt_price` VALUES ('3V31', '4DM', 0, '1311');
INSERT INTO `des_opt_price` VALUES ('3X11', '0LC', 90000, '1307');
INSERT INTO `des_opt_price` VALUES ('3X11', '2DY', 0, '1307');
INSERT INTO `des_opt_price` VALUES ('3X11', '2FM', 22000, '1307');
INSERT INTO `des_opt_price` VALUES ('3X11', '2NH', 44000, '1307');
INSERT INTO `des_opt_price` VALUES ('3X11', '2VF', 70000, '1307');
INSERT INTO `des_opt_price` VALUES ('3X11', '2VL', 29000, '1307');
INSERT INTO `des_opt_price` VALUES ('3X11', '302', 30000, '1307');
INSERT INTO `des_opt_price` VALUES ('3X11', '322', 37000, '1307');
INSERT INTO `des_opt_price` VALUES ('3X11', '337', 200000, '1307');
INSERT INTO `des_opt_price` VALUES ('3X11', '3AG', 27000, '1307');
INSERT INTO `des_opt_price` VALUES ('3X11', '4AD', 12000, '1307');
INSERT INTO `des_opt_price` VALUES ('3X11', '4AE', 9000, '1307');
INSERT INTO `des_opt_price` VALUES ('3X11', '4B8', 13000, '1307');
INSERT INTO `des_opt_price` VALUES ('3X11', '502', 17000, '1307');
INSERT INTO `des_opt_price` VALUES ('3X11', '524', 37000, '1307');
INSERT INTO `des_opt_price` VALUES ('3X11', '575', 1000, '1307');
INSERT INTO `des_opt_price` VALUES ('3X11', '5AC', 9000, '1307');
INSERT INTO `des_opt_price` VALUES ('3X11', '5AG', 36000, '1307');
INSERT INTO `des_opt_price` VALUES ('3X11', '5AL', 22000, '1307');
INSERT INTO `des_opt_price` VALUES ('3X11', '5AS', 33000, '1307');
INSERT INTO `des_opt_price` VALUES ('3X11', '5DF', 54000, '1307');
INSERT INTO `des_opt_price` VALUES ('3X11', '5DL', 47000, '1307');
INSERT INTO `des_opt_price` VALUES ('3X11', '5DP', 22000, '1307');
INSERT INTO `des_opt_price` VALUES ('3X11', '601', 63000, '1307');
INSERT INTO `des_opt_price` VALUES ('3X11', '609', 126000, '1307');
INSERT INTO `des_opt_price` VALUES ('3X11', '610', 62000, '1307');
INSERT INTO `des_opt_price` VALUES ('3X11', '688', 69000, '1307');
INSERT INTO `des_opt_price` VALUES ('3X11', '6WA', 11000, '1307');
INSERT INTO `des_opt_price` VALUES ('3X11', '760', 16000, '1307');
INSERT INTO `des_opt_price` VALUES ('3X31', '2NH', 44000, '1307');
INSERT INTO `des_opt_price` VALUES ('3X31', '2V5', 46000, '1307');
INSERT INTO `des_opt_price` VALUES ('3X31', '337', 200000, '1307');
INSERT INTO `des_opt_price` VALUES ('3X31', '488', 13000, '1307');
INSERT INTO `des_opt_price` VALUES ('3X31', '4DX', 0, '1307');
INSERT INTO `des_opt_price` VALUES ('3X31', '4MR', 0, '1307');
INSERT INTO `des_opt_price` VALUES ('3X31', '5DL', 47000, '1307');
INSERT INTO `des_opt_price` VALUES ('3X31', '610', 62000, '1307');
INSERT INTO `des_opt_price` VALUES ('3X31', '688', 48000, '1307');
INSERT INTO `des_opt_price` VALUES ('4A11', '21B', 13000, '1501');
INSERT INTO `des_opt_price` VALUES ('4A11', '2AT', 0, '1405');
INSERT INTO `des_opt_price` VALUES ('4A11', '2PA', 1000, '1405');
INSERT INTO `des_opt_price` VALUES ('4A11', '322', 37000, '1405');
INSERT INTO `des_opt_price` VALUES ('4A11', '337', 220000, '1501');
INSERT INTO `des_opt_price` VALUES ('4A11', '403', 70000, '1405');
INSERT INTO `des_opt_price` VALUES ('4A11', '4AT', 0, '1405');
INSERT INTO `des_opt_price` VALUES ('4A11', '4DN', 0, '1405');
INSERT INTO `des_opt_price` VALUES ('4A11', '609', 126000, '1405');
INSERT INTO `des_opt_price` VALUES ('4A11', '688', 69000, '1501');
INSERT INTO `des_opt_price` VALUES ('4A11', '710', 13000, '1501');
INSERT INTO `des_opt_price` VALUES ('4A11', '760', 23000, '1405');
INSERT INTO `des_opt_price` VALUES ('4A11', '775', 15000, '1405');
INSERT INTO `des_opt_price` VALUES ('4A11', '7AC', 0, '1405');
INSERT INTO `des_opt_price` VALUES ('4A11', '940', 220000, '1411');
INSERT INTO `des_opt_price` VALUES ('4A51', '0LC', 0, '1405');
INSERT INTO `des_opt_price` VALUES ('4A51', '2NH', 44000, '1405');
INSERT INTO `des_opt_price` VALUES ('4A51', '2PF', 60000, '1405');
INSERT INTO `des_opt_price` VALUES ('4A51', '2PL', 60000, '1405');
INSERT INTO `des_opt_price` VALUES ('4A51', '322', 37000, '1405');
INSERT INTO `des_opt_price` VALUES ('4A51', '337', 220000, '1405');
INSERT INTO `des_opt_price` VALUES ('4A51', '894', 250000, '1405');
INSERT INTO `des_opt_price` VALUES ('4A51', 'XE7', 0, '1405');
INSERT INTO `des_opt_price` VALUES ('4A51', 'XL3', 0, '1405');
INSERT INTO `des_opt_price` VALUES ('5A31', '2ND', 82000, '1403');
INSERT INTO `des_opt_price` VALUES ('5A31', '336', 307000, '1411');
INSERT INTO `des_opt_price` VALUES ('5A31', '337', 376000, '1403');
INSERT INTO `des_opt_price` VALUES ('5A31', '456', 87000, '1307');
INSERT INTO `des_opt_price` VALUES ('5A31', '4B9', 0, '1403');
INSERT INTO `des_opt_price` VALUES ('5A31', '4BN', 0, '1307');
INSERT INTO `des_opt_price` VALUES ('5A31', '575', 4000, '1403');
INSERT INTO `des_opt_price` VALUES ('5A31', '5A1', 13000, '1403');
INSERT INTO `des_opt_price` VALUES ('5A31', '5AG', 41000, '1403');
INSERT INTO `des_opt_price` VALUES ('5B11', '2K2', 0, '1307');
INSERT INTO `des_opt_price` VALUES ('5B11', '4DZ', 0, '1307');
INSERT INTO `des_opt_price` VALUES ('5G11', '337', 362000, '1307');
INSERT INTO `des_opt_price` VALUES ('5G11', '5A1', 13000, '1307');
INSERT INTO `des_opt_price` VALUES ('5G11', '609', 131000, '1307');
INSERT INTO `des_opt_price` VALUES ('5G11', '688', 69000, '1307');
INSERT INTO `des_opt_price` VALUES ('5J71', '5DF', 98000, '1307');
INSERT INTO `des_opt_price` VALUES ('5M21', '2SW', 0, '1307');
INSERT INTO `des_opt_price` VALUES ('6A01', '2WE', 148000, '1307');
INSERT INTO `des_opt_price` VALUES ('6A01', '337', 228000, '1303');
INSERT INTO `des_opt_price` VALUES ('6A01', '416', 90000, '1307');
INSERT INTO `des_opt_price` VALUES ('6A01', '4AS', 0, '1307');
INSERT INTO `des_opt_price` VALUES ('6A01', '4KS', 0, '1303');
INSERT INTO `des_opt_price` VALUES ('6A01', '4MR', 0, '1303');
INSERT INTO `des_opt_price` VALUES ('6A01', '4ND', 105000, '1303');
INSERT INTO `des_opt_price` VALUES ('6A01', '5DL', 51000, '1307');
INSERT INTO `des_opt_price` VALUES ('6A01', '677', 93000, '1307');
INSERT INTO `des_opt_price` VALUES ('6A01', '894', 420000, '1307');
INSERT INTO `des_opt_price` VALUES ('6A61', '4CV', 0, '1303');
INSERT INTO `des_opt_price` VALUES ('6A61', '894', 420000, '1307');
INSERT INTO `des_opt_price` VALUES ('6A61', 'IND', 96000, '1303');
INSERT INTO `des_opt_price` VALUES ('6B21', '0ZB', 481000, '1403');
INSERT INTO `des_opt_price` VALUES ('6B21', '4KS', 18000, '1303');
INSERT INTO `des_opt_price` VALUES ('6B21', '4ND', 105000, '1303');
INSERT INTO `des_opt_price` VALUES ('6B21', '775', 28000, '1403');
INSERT INTO `des_opt_price` VALUES ('6B21', 'XD5', 101000, '1403');
INSERT INTO `des_opt_price` VALUES ('6B21', 'XEX', 31000, '1403');
INSERT INTO `des_opt_price` VALUES ('6B21', 'XL1', 51000, '1403');
INSERT INTO `des_opt_price` VALUES ('6D01', '0NA', 108000, '1511');
INSERT INTO `des_opt_price` VALUES ('6D01', '2NM', 94000, '1511');
INSERT INTO `des_opt_price` VALUES ('6D01', '323', 49000, '1511');
INSERT INTO `des_opt_price` VALUES ('6D01', '337', 501000, '1511');
INSERT INTO `des_opt_price` VALUES ('6D01', '456', 68000, '1511');
INSERT INTO `des_opt_price` VALUES ('6D01', '552', 58000, '1511');
INSERT INTO `des_opt_price` VALUES ('6D01', '5AC', 0, '1511');
INSERT INTO `des_opt_price` VALUES ('7A01', '4AY', 46000, '1603');
INSERT INTO `des_opt_price` VALUES ('7E21', '0NA', 108000, '1507');
INSERT INTO `des_opt_price` VALUES ('7E21', '21H', 94000, '1511');
INSERT INTO `des_opt_price` VALUES ('7E21', '24N', 188000, '1511');
INSERT INTO `des_opt_price` VALUES ('7E21', '27Z', 207000, '1511');
INSERT INTO `des_opt_price` VALUES ('7E21', '2T3', 207000, '1511');
INSERT INTO `des_opt_price` VALUES ('7E21', '2VH', 105000, '1511');
INSERT INTO `des_opt_price` VALUES ('7E21', '2VS', 213000, '1511');
INSERT INTO `des_opt_price` VALUES ('7E21', '2WS', 0, '1507');
INSERT INTO `des_opt_price` VALUES ('7E21', '356', 87000, '1511');
INSERT INTO `des_opt_price` VALUES ('7E21', '3E1', 64000, '1507');
INSERT INTO `des_opt_price` VALUES ('7E21', '402', 86000, '1507');
INSERT INTO `des_opt_price` VALUES ('7E21', '407', 152000, '1511');
INSERT INTO `des_opt_price` VALUES ('7E21', '4AX', 16000, '1507');
INSERT INTO `des_opt_price` VALUES ('7E21', '4BP', 6000, '1507');
INSERT INTO `des_opt_price` VALUES ('7E21', '4F4', 159000, '1507');
INSERT INTO `des_opt_price` VALUES ('7E21', '4F5', 213000, '1511');
INSERT INTO `des_opt_price` VALUES ('7E21', '4LM', 8000, '1511');
INSERT INTO `des_opt_price` VALUES ('7E21', '4ND', 105000, '1507');
INSERT INTO `des_opt_price` VALUES ('7E21', '4NM', 23000, '1511');
INSERT INTO `des_opt_price` VALUES ('7E21', '4T6', 80000, '1511');
INSERT INTO `des_opt_price` VALUES ('7E21', '4T7', 80000, '1511');
INSERT INTO `des_opt_price` VALUES ('7E21', '4U1', 41000, '1511');
INSERT INTO `des_opt_price` VALUES ('7E21', '552', 127000, '1507');
INSERT INTO `des_opt_price` VALUES ('7E21', '5AC', 9000, '1507');
INSERT INTO `des_opt_price` VALUES ('7E21', '5AT', 224000, '1507');
INSERT INTO `des_opt_price` VALUES ('7E21', '5AZ', 213000, '1511');
INSERT INTO `des_opt_price` VALUES ('7E21', '601', 90000, '1511');
INSERT INTO `des_opt_price` VALUES ('7E21', '6FR', 189000, '1507');
INSERT INTO `des_opt_price` VALUES ('8A15', '0LC', 93000, '1508');
INSERT INTO `des_opt_price` VALUES ('8A15', '2H3', 0, '1508');
INSERT INTO `des_opt_price` VALUES ('8A15', '4FU', 10000, '1508');
INSERT INTO `des_opt_price` VALUES ('8A15', '606', 101000, '1508');
INSERT INTO `des_opt_price` VALUES ('8A75', '21C', 0, '1507');
INSERT INTO `des_opt_price` VALUES ('8E35', '2L3', 61000, '1508');
INSERT INTO `des_opt_price` VALUES ('8E35', '4FU', 10000, '1508');
INSERT INTO `des_opt_price` VALUES ('8G31', '0KC', 15000, '1507');
INSERT INTO `des_opt_price` VALUES ('8G31', '2NH', 44000, '1507');
INSERT INTO `des_opt_price` VALUES ('8G31', '2PE', 0, '1507');
INSERT INTO `des_opt_price` VALUES ('8G31', '2PF', 47000, '1507');
INSERT INTO `des_opt_price` VALUES ('8G31', '322', 37000, '1507');
INSERT INTO `des_opt_price` VALUES ('8G31', '3AT', 8000, '1507');
INSERT INTO `des_opt_price` VALUES ('8G31', '488', 18000, '1507');
INSERT INTO `des_opt_price` VALUES ('8G31', '4LS', 0, '1507');
INSERT INTO `des_opt_price` VALUES ('8G31', '5AG', 36000, '1507');
INSERT INTO `des_opt_price` VALUES ('8G31', '5DC', 4000, '1507');
INSERT INTO `des_opt_price` VALUES ('8G31', '5DL', 47000, '1507');
INSERT INTO `des_opt_price` VALUES ('8G31', '610', 62000, '1507');
INSERT INTO `des_opt_price` VALUES ('8G31', '676', 25000, '1507');
INSERT INTO `des_opt_price` VALUES ('8G31', '688', 69000, '1507');
INSERT INTO `des_opt_price` VALUES ('8G31', '6WA', 9000, '1507');
INSERT INTO `des_opt_price` VALUES ('FV91', '0Z1', 521000, '1307');
INSERT INTO `des_opt_price` VALUES ('FV91', '2NK', 637000, '1307');
INSERT INTO `des_opt_price` VALUES ('FV91', '2NZ', 199000, '1307');
INSERT INTO `des_opt_price` VALUES ('FV91', '2TX', 0, '1411');
INSERT INTO `des_opt_price` VALUES ('FV91', '358', 14000, '1307');
INSERT INTO `des_opt_price` VALUES ('FV91', '4CE', 0, '1411');
INSERT INTO `des_opt_price` VALUES ('FV91', '575', 4000, '1307');
INSERT INTO `des_opt_price` VALUES ('FV91', '5AL', 25000, '1307');
INSERT INTO `des_opt_price` VALUES ('FV91', '5AS', 47000, '1307');
INSERT INTO `des_opt_price` VALUES ('FV91', '6F2', 207000, '1307');
INSERT INTO `des_opt_price` VALUES ('FV91', '6UK', 145000, '1307');
INSERT INTO `des_opt_price` VALUES ('FV91', '760', 0, '1307');
INSERT INTO `des_opt_price` VALUES ('FV91', '776', 74000, '1307');
INSERT INTO `des_opt_price` VALUES ('FV91', '7MA', 637000, '1307');
INSERT INTO `des_opt_price` VALUES ('FV91', 'XEW', 40000, '1307');
INSERT INTO `des_opt_price` VALUES ('FW11', '2K2', 57000, '1211');
INSERT INTO `des_opt_price` VALUES ('FW11', '323', 41000, '1211');
INSERT INTO `des_opt_price` VALUES ('HS71', '24D', 0, '1511');
INSERT INTO `des_opt_price` VALUES ('HS71', '28C', 48000, '1511');
INSERT INTO `des_opt_price` VALUES ('HS71', '4LV', 0, '1511');
INSERT INTO `des_opt_price` VALUES ('HS71', '7S9', 44000, '1511');
INSERT INTO `des_opt_price` VALUES ('HT71', '322', 25000, '1507');
INSERT INTO `des_opt_price` VALUES ('HT71', '402', 79000, '1507');
INSERT INTO `des_opt_price` VALUES ('HT71', '544', 27000, '1507');
INSERT INTO `des_opt_price` VALUES ('HT71', '676', 18000, '1507');
INSERT INTO `des_opt_price` VALUES ('HU51', '223', 32000, '1507');
INSERT INTO `des_opt_price` VALUES ('HU51', '2VL', 16000, '1507');
INSERT INTO `des_opt_price` VALUES ('HU51', '302', 30000, '1507');
INSERT INTO `des_opt_price` VALUES ('HU51', '413', 12000, '1507');
INSERT INTO `des_opt_price` VALUES ('HU51', '4FD', 19000, '1507');
INSERT INTO `des_opt_price` VALUES ('HU51', '575', 1000, '1507');
INSERT INTO `des_opt_price` VALUES ('HU51', '5AS', 48000, '1507');
INSERT INTO `des_opt_price` VALUES ('HU51', '610', 44000, '1507');
INSERT INTO `des_opt_price` VALUES ('HU51', '674', 34000, '1507');
INSERT INTO `des_opt_price` VALUES ('HU51', '6UP', 85000, '1507');
INSERT INTO `des_opt_price` VALUES ('HU51', '710', 18000, '1507');
INSERT INTO `des_opt_price` VALUES ('HU51', '775', 13000, '1507');
INSERT INTO `des_opt_price` VALUES ('KR01', '2H7', 79000, '1312');
INSERT INTO `des_opt_price` VALUES ('KR01', '2LS', 192000, '1312');
INSERT INTO `des_opt_price` VALUES ('KR01', '2VM', 119000, '1312');
INSERT INTO `des_opt_price` VALUES ('KR01', '3AT', 23000, '1312');
INSERT INTO `des_opt_price` VALUES ('KR01', '453', 54000, '1312');
INSERT INTO `des_opt_price` VALUES ('KR01', '494', 25000, '1312');
INSERT INTO `des_opt_price` VALUES ('KR01', '4U1', 36000, '1312');
INSERT INTO `des_opt_price` VALUES ('KR01', '4UB', 158000, '1312');
INSERT INTO `des_opt_price` VALUES ('KR01', '609', 137000, '1312');
INSERT INTO `des_opt_price` VALUES ('KS21', '2H7', 76000, '1312');
INSERT INTO `des_opt_price` VALUES ('KS21', '2PA', 1000, '1312');
INSERT INTO `des_opt_price` VALUES ('KS21', '2T2', 82000, '1312');
INSERT INTO `des_opt_price` VALUES ('KS21', '302', 30000, '1312');
INSERT INTO `des_opt_price` VALUES ('KS21', '3AT', 22000, '1312');
INSERT INTO `des_opt_price` VALUES ('KS21', '3E1', 89000, '1312');
INSERT INTO `des_opt_price` VALUES ('KS21', '3E2', 126000, '1312');
INSERT INTO `des_opt_price` VALUES ('KS21', '3MB', 39000, '1312');
INSERT INTO `des_opt_price` VALUES ('KS21', '402', 108000, '1312');
INSERT INTO `des_opt_price` VALUES ('KS21', '456', 84000, '1312');
INSERT INTO `des_opt_price` VALUES ('KS21', '488', 23000, '1312');
INSERT INTO `des_opt_price` VALUES ('KS21', '4AC', 18000, '1312');
INSERT INTO `des_opt_price` VALUES ('KS21', '4FF', 32000, '1312');
INSERT INTO `des_opt_price` VALUES ('KS21', '4UB', 151000, '1312');
INSERT INTO `des_opt_price` VALUES ('KS21', '502', 17000, '1312');
INSERT INTO `des_opt_price` VALUES ('KS21', '524', 38000, '1312');
INSERT INTO `des_opt_price` VALUES ('KS21', '5A1', 13000, '1312');
INSERT INTO `des_opt_price` VALUES ('KS21', '5AC', 9000, '1312');
INSERT INTO `des_opt_price` VALUES ('KS21', '5AG', 39000, '1312');
INSERT INTO `des_opt_price` VALUES ('KS21', '5AS', 41000, '1312');
INSERT INTO `des_opt_price` VALUES ('KS21', '5AT', 126000, '1312');
INSERT INTO `des_opt_price` VALUES ('KS21', '5DL', 47000, '1312');
INSERT INTO `des_opt_price` VALUES ('KS21', '609', 137000, '1312');
INSERT INTO `des_opt_price` VALUES ('KS21', '610', 88000, '1312');
INSERT INTO `des_opt_price` VALUES ('KS21', '710', 17000, '1312');
INSERT INTO `des_opt_price` VALUES ('KS41', '4AC', 19000, '1308');
INSERT INTO `des_opt_price` VALUES ('KS81', '4DD', 17000, '1312');
INSERT INTO `des_opt_price` VALUES ('KS81', '6WB', 28000, '1503');
INSERT INTO `des_opt_price` VALUES ('KU21', '322', 65000, '1412');
INSERT INTO `des_opt_price` VALUES ('KU21', '328', 32000, '1412');
INSERT INTO `des_opt_price` VALUES ('KU21', '710', 17000, '1412');
INSERT INTO `des_opt_price` VALUES ('KW81', '0ZA', 326000, '1412');
INSERT INTO `des_opt_price` VALUES ('KW81', '2TP', 170000, '1412');
INSERT INTO `des_opt_price` VALUES ('KW81', '323', 46000, '1412');
INSERT INTO `des_opt_price` VALUES ('KW81', '358', 20000, '1412');
INSERT INTO `des_opt_price` VALUES ('KW81', '403', 90000, '1412');
INSERT INTO `des_opt_price` VALUES ('KW81', '453', 59000, '1412');
INSERT INTO `des_opt_price` VALUES ('KW81', '5A3', 152000, '1412');
INSERT INTO `des_opt_price` VALUES ('KW81', '5AG', 45000, '1412');
INSERT INTO `des_opt_price` VALUES ('KW81', '5AL', 25000, '1412');
INSERT INTO `des_opt_price` VALUES ('KW81', '5AS', 47000, '1412');
INSERT INTO `des_opt_price` VALUES ('KW81', '6F2', 207000, '1412');
INSERT INTO `des_opt_price` VALUES ('KW81', 'XD5', 0, '1412');
INSERT INTO `des_opt_price` VALUES ('KW81', 'XT1', 0, '1412');
INSERT INTO `des_opt_price` VALUES ('LL31', '888', 250000, '1403');
INSERT INTO `des_opt_price` VALUES ('LL51', '2MV', 43000, '1307');
INSERT INTO `des_opt_price` VALUES ('LS01', '488', 20000, '1508');
INSERT INTO `des_opt_price` VALUES ('LW31', '2DP', 148000, '1303');
INSERT INTO `des_opt_price` VALUES ('LW31', '2MZ', 148000, '1303');
INSERT INTO `des_opt_price` VALUES ('LW31', '4KS', 18000, '1303');
INSERT INTO `des_opt_price` VALUES ('LW31', '4ND', 105000, '1303');
INSERT INTO `des_opt_price` VALUES ('SZ61', '0LZ', 44000, '1307');
INSERT INTO `des_opt_price` VALUES ('SZ61', '223', 82000, '1307');
INSERT INTO `des_opt_price` VALUES ('SZ61', '416', 31000, '1307');
INSERT INTO `des_opt_price` VALUES ('SZ61', '456', 87000, '1307');
INSERT INTO `des_opt_price` VALUES ('SZ61', '488', 23000, '1307');
INSERT INTO `des_opt_price` VALUES ('SZ61', '4NB', 35000, '1307');
INSERT INTO `des_opt_price` VALUES ('SZ61', '4U1', 35000, '1307');
INSERT INTO `des_opt_price` VALUES ('SZ61', '5A1', 13000, '1307');
INSERT INTO `des_opt_price` VALUES ('SZ61', '676', 31000, '1307');
INSERT INTO `des_opt_price` VALUES ('SZ61', '688', 44000, '1307');
INSERT INTO `des_opt_price` VALUES ('SZ61', '760', 16000, '1307');
INSERT INTO `des_opt_price` VALUES ('SZ61', '775', 24000, '1307');
INSERT INTO `des_opt_price` VALUES ('UR11', '111', 0, '1303');
INSERT INTO `des_opt_price` VALUES ('UR11', '302', 30000, '1203');
INSERT INTO `des_opt_price` VALUES ('UR11', '322', 39000, '1203');
INSERT INTO `des_opt_price` VALUES ('UR11', '3AP', 6000, '1203');
INSERT INTO `des_opt_price` VALUES ('UR11', '459', 79000, '1203');
INSERT INTO `des_opt_price` VALUES ('UR11', '488', 18000, '1203');
INSERT INTO `des_opt_price` VALUES ('UR11', '508', 19000, '1203');
INSERT INTO `des_opt_price` VALUES ('UR11', '524', 26000, '1203');
INSERT INTO `des_opt_price` VALUES ('UR11', '676', 34000, '1203');
INSERT INTO `des_opt_price` VALUES ('UR11', '688', 66000, '1203');
INSERT INTO `des_opt_price` VALUES ('UR11', '7KB', 145000, '1203');
INSERT INTO `des_opt_price` VALUES ('VL31', '0LU', 101000, '1211');
INSERT INTO `des_opt_price` VALUES ('VL31', '4EB', 22000, '1211');
INSERT INTO `des_opt_price` VALUES ('WX31', '0KC', 0, '1308');
INSERT INTO `des_opt_price` VALUES ('WX31', '0LU', 79000, '1308');
INSERT INTO `des_opt_price` VALUES ('WX31', '0LU', 88000, '1404');
INSERT INTO `des_opt_price` VALUES ('WX31', '2E3', 60000, '1404');
INSERT INTO `des_opt_price` VALUES ('WX31', '2EB', 9000, '1512');
INSERT INTO `des_opt_price` VALUES ('WX31', '2EC', 13000, '1308');
INSERT INTO `des_opt_price` VALUES ('WX31', '2T5', 60000, '1404');
INSERT INTO `des_opt_price` VALUES ('WX31', '322', 31000, '1308');
INSERT INTO `des_opt_price` VALUES ('WX31', '322', 37000, '1404');
INSERT INTO `des_opt_price` VALUES ('WX31', '488', 20000, '1404');
INSERT INTO `des_opt_price` VALUES ('WX31', '4AD', 0, '1308');
INSERT INTO `des_opt_price` VALUES ('WX31', '4FU', 23000, '1404');
INSERT INTO `des_opt_price` VALUES ('WX31', '4FW', 23000, '1404');
INSERT INTO `des_opt_price` VALUES ('WX31', '5AC', 9000, '1404');
INSERT INTO `des_opt_price` VALUES ('WX31', '5AG', 36000, '1512');
INSERT INTO `des_opt_price` VALUES ('WX31', '610', 75000, '1308');
INSERT INTO `des_opt_price` VALUES ('WX31', '610', 70000, '1404');
INSERT INTO `des_opt_price` VALUES ('WX31', '676', 25000, '1308');
INSERT INTO `des_opt_price` VALUES ('WX31', '676', 25000, '1512');
INSERT INTO `des_opt_price` VALUES ('WX31', '688', 69000, '1404');
INSERT INTO `des_opt_price` VALUES ('WX31', '710', 13000, '1404');
INSERT INTO `des_opt_price` VALUES ('WX31', '7XA', 7000, '1308');
INSERT INTO `des_opt_price` VALUES ('WX91', '223', 70000, '1404');
INSERT INTO `des_opt_price` VALUES ('WX91', '2E3', 60000, '1404');
INSERT INTO `des_opt_price` VALUES ('WX91', '2VG', 9000, '1404');
INSERT INTO `des_opt_price` VALUES ('WX91', '322', 31000, '1308');
INSERT INTO `des_opt_price` VALUES ('WX91', '322', 30000, '1404');
INSERT INTO `des_opt_price` VALUES ('WX91', '358', 16000, '1404');
INSERT INTO `des_opt_price` VALUES ('WX91', '3AP', 6000, '1404');
INSERT INTO `des_opt_price` VALUES ('WX91', '417', 16000, '1404');
INSERT INTO `des_opt_price` VALUES ('WX91', '488', 20000, '1404');
INSERT INTO `des_opt_price` VALUES ('WX91', '4DE', 4000, '1308');
INSERT INTO `des_opt_price` VALUES ('WX91', '4FU', 23000, '1404');
INSERT INTO `des_opt_price` VALUES ('WX91', '4FV', 23000, '1404');
INSERT INTO `des_opt_price` VALUES ('WX91', '552', 120000, '1404');
INSERT INTO `des_opt_price` VALUES ('WX91', '5A1', 13000, '1404');
INSERT INTO `des_opt_price` VALUES ('WX91', '5AC', 9000, '1404');
INSERT INTO `des_opt_price` VALUES ('WX91', '5AG', 36000, '1404');
INSERT INTO `des_opt_price` VALUES ('WX91', '5AS', 33000, '1404');
INSERT INTO `des_opt_price` VALUES ('WX91', '610', 70000, '1404');
INSERT INTO `des_opt_price` VALUES ('WX91', '688', 69000, '1404');
INSERT INTO `des_opt_price` VALUES ('WX91', '710', 13000, '1404');
INSERT INTO `des_opt_price` VALUES ('WX91', '760', 0, '1404');
INSERT INTO `des_opt_price` VALUES ('WX91', '775', 12000, '1404');
INSERT INTO `des_opt_price` VALUES ('WZ51', '0LU', 75000, '1404');
INSERT INTO `des_opt_price` VALUES ('WZ51', '322', 37000, '1404');
INSERT INTO `des_opt_price` VALUES ('WZ51', '488', 20000, '1404');
INSERT INTO `des_opt_price` VALUES ('XC01', '4CB', 3000, '1211');
INSERT INTO `des_opt_price` VALUES ('XW31', '0LU', 92000, '1408');
INSERT INTO `des_opt_price` VALUES ('XW31', '2D9', 73000, '1408');
INSERT INTO `des_opt_price` VALUES ('XW31', '322', 37000, '1408');
INSERT INTO `des_opt_price` VALUES ('XW31', '403', 70000, '1409');
INSERT INTO `des_opt_price` VALUES ('XW31', '481', 35000, '1410');
INSERT INTO `des_opt_price` VALUES ('XW31', '4FW', 14000, '1408');
INSERT INTO `des_opt_price` VALUES ('XW31', '4L3', 0, '1408');
INSERT INTO `des_opt_price` VALUES ('XW31', '5AT', 78000, '1413');
INSERT INTO `des_opt_price` VALUES ('XW31', '609', 132000, '1408');
INSERT INTO `des_opt_price` VALUES ('XW31', '676', 25000, '1411');
INSERT INTO `des_opt_price` VALUES ('XW31', '688', 69000, '1408');
INSERT INTO `des_opt_price` VALUES ('XW31', '710', 6000, '1408');
INSERT INTO `des_opt_price` VALUES ('XW31', '760', 112000, '1412');
INSERT INTO `des_opt_price` VALUES ('XW31', '7HW', 112000, '1408');
INSERT INTO `des_opt_price` VALUES ('XW51', '223', 73000, '1408');
INSERT INTO `des_opt_price` VALUES ('XW51', '2PA', 1000, '1408');
INSERT INTO `des_opt_price` VALUES ('XW51', '2V2', 63000, '1408');
INSERT INTO `des_opt_price` VALUES ('XW51', '322', 39000, '1408');
INSERT INTO `des_opt_price` VALUES ('XW51', '488', 21000, '1408');
INSERT INTO `des_opt_price` VALUES ('XW51', '4FU', 15000, '1408');
INSERT INTO `des_opt_price` VALUES ('XW51', '4FW', 15000, '1408');
INSERT INTO `des_opt_price` VALUES ('XW51', '5AT', 82000, '1408');
INSERT INTO `des_opt_price` VALUES ('XW51', '610', 73000, '1408');
INSERT INTO `des_opt_price` VALUES ('XW51', '688', 72000, '1408');
INSERT INTO `des_opt_price` VALUES ('XX31', '223', 73000, '1408');
INSERT INTO `des_opt_price` VALUES ('XX31', '322', 39000, '1408');
INSERT INTO `des_opt_price` VALUES ('XX31', '502', 18000, '1408');
INSERT INTO `des_opt_price` VALUES ('XX31', '524', 38000, '1408');
INSERT INTO `des_opt_price` VALUES ('XX31', '5A1', 14000, '1408');
INSERT INTO `des_opt_price` VALUES ('XX31', '5AC', 10000, '1408');
INSERT INTO `des_opt_price` VALUES ('XX31', '5AT', 82000, '1408');
INSERT INTO `des_opt_price` VALUES ('XX31', '610', 73000, '1408');
INSERT INTO `des_opt_price` VALUES ('XX31', '894', 465000, '1408');
INSERT INTO `des_opt_price` VALUES ('YE01', '5AG', 43000, '1211');
INSERT INTO `des_opt_price` VALUES ('YE01', '5AT', 169000, '1211');
INSERT INTO `des_opt_price` VALUES ('YE01', '601', 81000, '1211');

-- --------------------------------------------------------

-- 
-- 資料表格式： `des_plan`
-- 

CREATE TABLE `des_plan` (
  `Year` varchar(4) COLLATE utf8_unicode_ci NOT NULL,
  `Month` varchar(2) COLLATE utf8_unicode_ci NOT NULL,
  `CatId` varchar(8) COLLATE utf8_unicode_ci NOT NULL,
  `Qty` int(5) unsigned DEFAULT NULL
) ENGINE=MyISAM DEFAULT CHARSET=utf8 COLLATE=utf8_unicode_ci;

-- 
-- 列出以下資料庫的數據： `des_plan`
-- 

INSERT INTO `des_plan` VALUES ('102', '1', 'UR11', 1);
INSERT INTO `des_plan` VALUES ('102', '1', '1A11', 2);
INSERT INTO `des_plan` VALUES ('102', '2', '1A11', 5);
INSERT INTO `des_plan` VALUES ('102', '3', '1A11', 1);
INSERT INTO `des_plan` VALUES ('102', '4', '1A11', 2);
INSERT INTO `des_plan` VALUES ('102', '5', '1A11', 2);
INSERT INTO `des_plan` VALUES ('102', '7', '1A11', 5);
INSERT INTO `des_plan` VALUES ('102', '8', '1A11', 2);
INSERT INTO `des_plan` VALUES ('102', '9', '1A11', 2);
INSERT INTO `des_plan` VALUES ('102', '10', '1A11', 2);
INSERT INTO `des_plan` VALUES ('102', '11', '1A11', 1);
INSERT INTO `des_plan` VALUES ('102', '1', '1A31', 2);
INSERT INTO `des_plan` VALUES ('102', '2', '1A31', 7);
INSERT INTO `des_plan` VALUES ('102', '3', '1A31', 3);
INSERT INTO `des_plan` VALUES ('102', '4', '1A31', 5);
INSERT INTO `des_plan` VALUES ('102', '5', '1A31', 3);
INSERT INTO `des_plan` VALUES ('102', '6', '1A31', 3);
INSERT INTO `des_plan` VALUES ('102', '7', '1A31', 6);
INSERT INTO `des_plan` VALUES ('102', '8', '1A31', 3);
INSERT INTO `des_plan` VALUES ('102', '9', '1A31', 3);
INSERT INTO `des_plan` VALUES ('102', '10', '1A31', 3);
INSERT INTO `des_plan` VALUES ('102', '11', '1A31', 2);
INSERT INTO `des_plan` VALUES ('102', '1', '1B71', 1);
INSERT INTO `des_plan` VALUES ('102', '2', '1B71', 3);
INSERT INTO `des_plan` VALUES ('102', '4', '1B71', 1);
INSERT INTO `des_plan` VALUES ('102', '7', '1B71', 1);
INSERT INTO `des_plan` VALUES ('102', '9', '1B71', 1);
INSERT INTO `des_plan` VALUES ('102', '1', '1C31', 1);
INSERT INTO `des_plan` VALUES ('102', '3', '1C31', 2);
INSERT INTO `des_plan` VALUES ('102', '5', '1C31', 3);
INSERT INTO `des_plan` VALUES ('102', '6', '1C31', 2);
INSERT INTO `des_plan` VALUES ('102', '7', '1C31', 6);
INSERT INTO `des_plan` VALUES ('102', '8', '1C31', 2);
INSERT INTO `des_plan` VALUES ('102', '9', '1C31', 1);
INSERT INTO `des_plan` VALUES ('102', '10', '1C31', 3);
INSERT INTO `des_plan` VALUES ('102', '11', '1C31', 1);
INSERT INTO `des_plan` VALUES ('102', '11', 'IH11', 3);
INSERT INTO `des_plan` VALUES ('102', '11', '1J71', 2);
INSERT INTO `des_plan` VALUES ('102', '1', 'VL31', 3);
INSERT INTO `des_plan` VALUES ('102', '3', 'VL31', 2);
INSERT INTO `des_plan` VALUES ('102', '4', 'VL31', 1);
INSERT INTO `des_plan` VALUES ('102', '5', 'VL31', 2);
INSERT INTO `des_plan` VALUES ('102', '7', 'VL31', 3);
INSERT INTO `des_plan` VALUES ('102', '8', 'VL31', 2);
INSERT INTO `des_plan` VALUES ('102', '9', 'VL31', 2);
INSERT INTO `des_plan` VALUES ('102', '10', 'VL31', 3);
INSERT INTO `des_plan` VALUES ('102', '1', 'VL91', 1);
INSERT INTO `des_plan` VALUES ('102', '2', 'VL91', 2);
INSERT INTO `des_plan` VALUES ('102', '3', 'VL91', 1);
INSERT INTO `des_plan` VALUES ('102', '4', 'VL91', 2);
INSERT INTO `des_plan` VALUES ('102', '6', 'VL91', 1);
INSERT INTO `des_plan` VALUES ('102', '7', 'VL91', 2);
INSERT INTO `des_plan` VALUES ('102', '9', 'VL91', 2);
INSERT INTO `des_plan` VALUES ('102', '10', 'VL91', 2);
INSERT INTO `des_plan` VALUES ('102', '1', 'VM71', 1);
INSERT INTO `des_plan` VALUES ('102', '3', 'VM71', 1);
INSERT INTO `des_plan` VALUES ('102', '7', 'VM71', 1);
INSERT INTO `des_plan` VALUES ('102', '10', 'VM71', 1);
INSERT INTO `des_plan` VALUES ('102', '1', 'VN91', 2);
INSERT INTO `des_plan` VALUES ('102', '2', 'VN91', 2);
INSERT INTO `des_plan` VALUES ('102', '3', 'VN91', 1);
INSERT INTO `des_plan` VALUES ('102', '4', 'VN91', 2);
INSERT INTO `des_plan` VALUES ('102', '5', 'VN91', 1);
INSERT INTO `des_plan` VALUES ('102', '7', 'VN91', 2);
INSERT INTO `des_plan` VALUES ('102', '8', 'VN91', 1);
INSERT INTO `des_plan` VALUES ('102', '9', 'VN91', 1);
INSERT INTO `des_plan` VALUES ('102', '11', 'VN91', 2);
INSERT INTO `des_plan` VALUES ('102', '1', '3A11', 2);
INSERT INTO `des_plan` VALUES ('102', '2', '3A11', 6);
INSERT INTO `des_plan` VALUES ('102', '3', '3A11', 2);
INSERT INTO `des_plan` VALUES ('102', '4', '3A11', 3);
INSERT INTO `des_plan` VALUES ('102', '5', '3A11', 3);
INSERT INTO `des_plan` VALUES ('102', '6', '3A11', 1);
INSERT INTO `des_plan` VALUES ('102', '7', '3A11', 4);
INSERT INTO `des_plan` VALUES ('102', '8', '3A11', 2);
INSERT INTO `des_plan` VALUES ('102', '9', '3A11', 3);
INSERT INTO `des_plan` VALUES ('102', '10', '3A11', 2);
INSERT INTO `des_plan` VALUES ('102', '2', '3A55', 2);
INSERT INTO `des_plan` VALUES ('102', '3', '3A55', 2);
INSERT INTO `des_plan` VALUES ('102', '4', '3A55', 1);
INSERT INTO `des_plan` VALUES ('102', '5', '3A55', 1);
INSERT INTO `des_plan` VALUES ('102', '7', '3A55', 2);
INSERT INTO `des_plan` VALUES ('102', '8', '3A55', 1);
INSERT INTO `des_plan` VALUES ('102', '9', '3A55', 1);
INSERT INTO `des_plan` VALUES ('102', '10', '3A55', 1);
INSERT INTO `des_plan` VALUES ('102', '11', '3A55', 1);
INSERT INTO `des_plan` VALUES ('102', '2', '3A91', 1);
INSERT INTO `des_plan` VALUES ('102', '3', '3A91', 1);
INSERT INTO `des_plan` VALUES ('102', '7', '3A91', 1);
INSERT INTO `des_plan` VALUES ('102', '9', '3A91', 1);
INSERT INTO `des_plan` VALUES ('102', '1', '3B15', 2);
INSERT INTO `des_plan` VALUES ('102', '2', '3B15', 2);
INSERT INTO `des_plan` VALUES ('102', '3', '3B15', 5);
INSERT INTO `des_plan` VALUES ('102', '4', '3B15', 8);
INSERT INTO `des_plan` VALUES ('102', '5', '3B15', 5);
INSERT INTO `des_plan` VALUES ('102', '6', '3B15', 5);
INSERT INTO `des_plan` VALUES ('102', '7', '3B15', 8);
INSERT INTO `des_plan` VALUES ('102', '8', '3B15', 8);
INSERT INTO `des_plan` VALUES ('102', '9', '3B15', 5);
INSERT INTO `des_plan` VALUES ('102', '10', '3B15', 8);
INSERT INTO `des_plan` VALUES ('102', '11', '3B15', 3);
INSERT INTO `des_plan` VALUES ('102', '1', '3D15', 2);
INSERT INTO `des_plan` VALUES ('102', '2', '3D15', 3);
INSERT INTO `des_plan` VALUES ('102', '3', '3D15', 5);
INSERT INTO `des_plan` VALUES ('102', '4', '3D15', 6);
INSERT INTO `des_plan` VALUES ('102', '5', '3D15', 5);
INSERT INTO `des_plan` VALUES ('102', '6', '3D15', 5);
INSERT INTO `des_plan` VALUES ('102', '7', '3D15', 8);
INSERT INTO `des_plan` VALUES ('102', '8', '3D15', 6);
INSERT INTO `des_plan` VALUES ('102', '9', '3D15', 6);
INSERT INTO `des_plan` VALUES ('102', '10', '3D15', 5);
INSERT INTO `des_plan` VALUES ('102', '11', '3D15', 5);
INSERT INTO `des_plan` VALUES ('102', '3', '3D35', 2);
INSERT INTO `des_plan` VALUES ('102', '4', '3D35', 1);
INSERT INTO `des_plan` VALUES ('102', '5', '3D35', 1);
INSERT INTO `des_plan` VALUES ('102', '7', '3D35', 2);
INSERT INTO `des_plan` VALUES ('102', '8', '3D35', 1);
INSERT INTO `des_plan` VALUES ('102', '9', '3D35', 1);
INSERT INTO `des_plan` VALUES ('102', '10', '3D35', 1);
INSERT INTO `des_plan` VALUES ('102', '4', '3F91', 1);
INSERT INTO `des_plan` VALUES ('102', '7', '3F91', 1);
INSERT INTO `des_plan` VALUES ('102', '10', '3F91', 1);
INSERT INTO `des_plan` VALUES ('102', '3', '3X11', 3);
INSERT INTO `des_plan` VALUES ('102', '5', '3X11', 1);
INSERT INTO `des_plan` VALUES ('102', '7', '3X11', 2);
INSERT INTO `des_plan` VALUES ('102', '9', '3X11', 1);
INSERT INTO `des_plan` VALUES ('102', '11', '3X11', 1);
INSERT INTO `des_plan` VALUES ('102', '3', '3X31', 2);
INSERT INTO `des_plan` VALUES ('102', '6', '3X31', 1);
INSERT INTO `des_plan` VALUES ('102', '8', '3X31', 1);
INSERT INTO `des_plan` VALUES ('102', '1', '3G51', 1);
INSERT INTO `des_plan` VALUES ('102', '2', '3G51', 2);
INSERT INTO `des_plan` VALUES ('102', '5', '3G51', 1);
INSERT INTO `des_plan` VALUES ('102', '7', '3G51', 1);
INSERT INTO `des_plan` VALUES ('102', '9', '3G51', 1);
INSERT INTO `des_plan` VALUES ('102', '2', '3G71', 1);
INSERT INTO `des_plan` VALUES ('102', '2', '3K31', 3);
INSERT INTO `des_plan` VALUES ('102', '4', '3K31', 1);
INSERT INTO `des_plan` VALUES ('102', '7', '3K31', 2);
INSERT INTO `des_plan` VALUES ('102', '9', '3K31', 1);
INSERT INTO `des_plan` VALUES ('102', '11', '3K31', 1);
INSERT INTO `des_plan` VALUES ('102', '7', '3N31', 2);
INSERT INTO `des_plan` VALUES ('102', '8', '3N31', 1);
INSERT INTO `des_plan` VALUES ('102', '10', '3N31', 1);
INSERT INTO `des_plan` VALUES ('102', '11', '3N31', 1);
INSERT INTO `des_plan` VALUES ('102', '11', '3N21', 2);
INSERT INTO `des_plan` VALUES ('102', '7', '3R11', 1);
INSERT INTO `des_plan` VALUES ('102', '10', '3R11', 1);
INSERT INTO `des_plan` VALUES ('102', '11', '3V31', 1);
INSERT INTO `des_plan` VALUES ('102', '11', '3T31', 1);
INSERT INTO `des_plan` VALUES ('102', '1', 'WX31', 5);
INSERT INTO `des_plan` VALUES ('102', '2', 'WX31', 3);
INSERT INTO `des_plan` VALUES ('102', '3', 'WX31', 2);
INSERT INTO `des_plan` VALUES ('102', '4', 'WX31', 2);
INSERT INTO `des_plan` VALUES ('102', '5', 'WX31', 3);
INSERT INTO `des_plan` VALUES ('102', '6', 'WX31', 2);
INSERT INTO `des_plan` VALUES ('102', '7', 'WX31', 1);
INSERT INTO `des_plan` VALUES ('102', '8', 'WX31', 3);
INSERT INTO `des_plan` VALUES ('102', '9', 'WX31', 3);
INSERT INTO `des_plan` VALUES ('102', '10', 'WX31', 3);
INSERT INTO `des_plan` VALUES ('102', '11', 'WX31', 1);
INSERT INTO `des_plan` VALUES ('102', '1', 'WX91', 5);
INSERT INTO `des_plan` VALUES ('102', '2', 'WX91', 3);
INSERT INTO `des_plan` VALUES ('102', '4', 'WX91', 2);
INSERT INTO `des_plan` VALUES ('102', '5', 'WX91', 1);
INSERT INTO `des_plan` VALUES ('102', '7', 'WX91', 1);
INSERT INTO `des_plan` VALUES ('102', '8', 'WX91', 2);
INSERT INTO `des_plan` VALUES ('102', '9', 'WX91', 2);
INSERT INTO `des_plan` VALUES ('102', '10', 'WX91', 1);
INSERT INTO `des_plan` VALUES ('102', '1', 'WY31', 5);
INSERT INTO `des_plan` VALUES ('102', '2', 'WY31', 2);
INSERT INTO `des_plan` VALUES ('102', '3', 'WY31', 3);
INSERT INTO `des_plan` VALUES ('102', '4', 'WY31', 2);
INSERT INTO `des_plan` VALUES ('102', '5', 'WY31', 2);
INSERT INTO `des_plan` VALUES ('102', '6', 'WY31', 2);
INSERT INTO `des_plan` VALUES ('102', '7', 'WY31', 2);
INSERT INTO `des_plan` VALUES ('102', '8', 'WY31', 3);
INSERT INTO `des_plan` VALUES ('102', '9', 'WY31', 2);
INSERT INTO `des_plan` VALUES ('102', '10', 'WY31', 2);
INSERT INTO `des_plan` VALUES ('102', '2', 'WY51', 1);
INSERT INTO `des_plan` VALUES ('102', '4', 'WY51', 1);
INSERT INTO `des_plan` VALUES ('102', '8', 'WY51', 2);
INSERT INTO `des_plan` VALUES ('102', '10', 'WY51', 1);
INSERT INTO `des_plan` VALUES ('102', '3', 'LL31', 2);
INSERT INTO `des_plan` VALUES ('102', '6', 'LL31', 1);
INSERT INTO `des_plan` VALUES ('102', '7', 'LL31', 2);
INSERT INTO `des_plan` VALUES ('102', '10', 'LL31', 1);
INSERT INTO `des_plan` VALUES ('102', '3', 'LM71', 1);
INSERT INTO `des_plan` VALUES ('102', '7', 'LM71', 1);
INSERT INTO `des_plan` VALUES ('102', '9', 'LM71', 1);
INSERT INTO `des_plan` VALUES ('102', '2', 'SN21', 1);
INSERT INTO `des_plan` VALUES ('102', '3', 'SN21', 1);
INSERT INTO `des_plan` VALUES ('102', '1', 'XC01', 1);
INSERT INTO `des_plan` VALUES ('102', '2', 'XC01', 4);
INSERT INTO `des_plan` VALUES ('102', '3', 'XC01', 1);
INSERT INTO `des_plan` VALUES ('102', '4', 'XC01', 1);
INSERT INTO `des_plan` VALUES ('102', '3', 'XC61', 1);
INSERT INTO `des_plan` VALUES ('102', '7', '5M21', 1);
INSERT INTO `des_plan` VALUES ('102', '10', '5M21', 1);
INSERT INTO `des_plan` VALUES ('102', '7', '5N21', 2);
INSERT INTO `des_plan` VALUES ('102', '9', '5N21', 1);
INSERT INTO `des_plan` VALUES ('102', '10', '5N21', 1);
INSERT INTO `des_plan` VALUES ('102', '11', '5N21', 1);
INSERT INTO `des_plan` VALUES ('102', '3', 'FR11', 1);
INSERT INTO `des_plan` VALUES ('102', '4', 'FR11', 1);
INSERT INTO `des_plan` VALUES ('102', '1', 'FW11', 8);
INSERT INTO `des_plan` VALUES ('102', '2', 'FW11', 5);
INSERT INTO `des_plan` VALUES ('102', '3', 'FW11', 10);
INSERT INTO `des_plan` VALUES ('102', '4', 'FW11', 10);
INSERT INTO `des_plan` VALUES ('102', '5', 'FW11', 8);
INSERT INTO `des_plan` VALUES ('102', '4', 'FZ91', 1);
INSERT INTO `des_plan` VALUES ('102', '7', 'FZ91', 1);
INSERT INTO `des_plan` VALUES ('102', '10', 'FZ91', 1);
INSERT INTO `des_plan` VALUES ('102', '4', 'XA51', 1);
INSERT INTO `des_plan` VALUES ('102', '2', 'XA71', 1);
INSERT INTO `des_plan` VALUES ('102', '1', 'XG11', 5);
INSERT INTO `des_plan` VALUES ('102', '2', 'XG11', 5);
INSERT INTO `des_plan` VALUES ('102', '3', 'XG11', 8);
INSERT INTO `des_plan` VALUES ('102', '4', 'XG11', 8);
INSERT INTO `des_plan` VALUES ('102', '5', 'XG11', 5);
INSERT INTO `des_plan` VALUES ('102', '1', 'XG31', 2);
INSERT INTO `des_plan` VALUES ('102', '3', 'XG31', 2);
INSERT INTO `des_plan` VALUES ('102', '4', 'XG31', 1);
INSERT INTO `des_plan` VALUES ('102', '7', '5A31', 12);
INSERT INTO `des_plan` VALUES ('102', '8', '5A31', 10);
INSERT INTO `des_plan` VALUES ('102', '9', '5A31', 12);
INSERT INTO `des_plan` VALUES ('102', '10', '5A31', 8);
INSERT INTO `des_plan` VALUES ('102', '11', '5A31', 6);
INSERT INTO `des_plan` VALUES ('102', '7', '5A51', 5);
INSERT INTO `des_plan` VALUES ('102', '8', '5A51', 5);
INSERT INTO `des_plan` VALUES ('102', '9', '5A51', 3);
INSERT INTO `des_plan` VALUES ('102', '10', '5A51', 3);
INSERT INTO `des_plan` VALUES ('102', '11', '5A51', 3);
INSERT INTO `des_plan` VALUES ('102', '7', '5B11', 1);
INSERT INTO `des_plan` VALUES ('102', '11', '5B11', 1);
INSERT INTO `des_plan` VALUES ('102', '7', '5C31', 12);
INSERT INTO `des_plan` VALUES ('102', '8', '5C31', 12);
INSERT INTO `des_plan` VALUES ('102', '9', '5C31', 10);
INSERT INTO `des_plan` VALUES ('102', '10', '5C31', 10);
INSERT INTO `des_plan` VALUES ('102', '11', '5C31', 5);
INSERT INTO `des_plan` VALUES ('102', '7', '5D11', 2);
INSERT INTO `des_plan` VALUES ('102', '9', '5D11', 1);
INSERT INTO `des_plan` VALUES ('102', '10', '5D11', 1);
INSERT INTO `des_plan` VALUES ('102', '1', 'MX11', 1);
INSERT INTO `des_plan` VALUES ('102', '2', 'MX11', 3);
INSERT INTO `des_plan` VALUES ('102', '3', 'MX11', 1);
INSERT INTO `des_plan` VALUES ('102', '2', 'XL11', 1);
INSERT INTO `des_plan` VALUES ('102', '3', 'XL11', 1);
INSERT INTO `des_plan` VALUES ('102', '7', '5J31', 2);
INSERT INTO `des_plan` VALUES ('102', '9', '5J31', 1);
INSERT INTO `des_plan` VALUES ('102', '10', '5J31', 2);
INSERT INTO `des_plan` VALUES ('102', '11', '5J31', 2);
INSERT INTO `des_plan` VALUES ('102', '7', '5G11', 2);
INSERT INTO `des_plan` VALUES ('102', '9', '5G11', 2);
INSERT INTO `des_plan` VALUES ('102', '10', '5G11', 1);
INSERT INTO `des_plan` VALUES ('102', '11', '5G11', 2);
INSERT INTO `des_plan` VALUES ('102', '7', '5G51', 1);
INSERT INTO `des_plan` VALUES ('102', '8', '5G51', 1);
INSERT INTO `des_plan` VALUES ('102', '10', '5G51', 1);
INSERT INTO `des_plan` VALUES ('102', '1', 'ZV41', 5);
INSERT INTO `des_plan` VALUES ('102', '3', 'ZV41', 5);
INSERT INTO `des_plan` VALUES ('102', '4', 'ZV41', 3);
INSERT INTO `des_plan` VALUES ('102', '5', 'ZV41', 2);
INSERT INTO `des_plan` VALUES ('102', '6', 'ZV41', 3);
INSERT INTO `des_plan` VALUES ('102', '7', 'ZV41', 3);
INSERT INTO `des_plan` VALUES ('102', '8', 'ZV41', 2);
INSERT INTO `des_plan` VALUES ('102', '1', 'ZW41', 3);
INSERT INTO `des_plan` VALUES ('102', '2', 'ZW41', 2);
INSERT INTO `des_plan` VALUES ('102', '3', 'ZW41', 2);
INSERT INTO `des_plan` VALUES ('102', '4', 'ZW41', 2);
INSERT INTO `des_plan` VALUES ('102', '5', 'ZW41', 1);
INSERT INTO `des_plan` VALUES ('102', '1', 'FG21', 3);
INSERT INTO `des_plan` VALUES ('102', '2', 'FG21', 1);
INSERT INTO `des_plan` VALUES ('102', '3', 'FG21', 3);
INSERT INTO `des_plan` VALUES ('102', '4', 'FG21', 2);
INSERT INTO `des_plan` VALUES ('102', '6', 'FG21', 2);
INSERT INTO `des_plan` VALUES ('102', '8', 'FG21', 5);
INSERT INTO `des_plan` VALUES ('102', '9', 'FG21', 2);
INSERT INTO `des_plan` VALUES ('102', '10', 'FG21', 2);
INSERT INTO `des_plan` VALUES ('102', '11', 'FG21', 1);
INSERT INTO `des_plan` VALUES ('102', '4', 'FH01', 2);
INSERT INTO `des_plan` VALUES ('102', '8', 'FH01', 2);
INSERT INTO `des_plan` VALUES ('102', '12', 'KR03', 3);
INSERT INTO `des_plan` VALUES ('102', '8', 'KS41', 5);
INSERT INTO `des_plan` VALUES ('102', '9', 'KS41', 3);
INSERT INTO `des_plan` VALUES ('102', '10', 'KS41', 2);
INSERT INTO `des_plan` VALUES ('102', '11', 'KS41', 3);
INSERT INTO `des_plan` VALUES ('102', '4', 'LW31', 2);
INSERT INTO `des_plan` VALUES ('102', '7', 'LW31', 2);
INSERT INTO `des_plan` VALUES ('102', '10', 'LW31', 1);
INSERT INTO `des_plan` VALUES ('102', '1', '6A01', 1);
INSERT INTO `des_plan` VALUES ('102', '3', '6A01', 2);
INSERT INTO `des_plan` VALUES ('102', '5', '6A01', 2);
INSERT INTO `des_plan` VALUES ('102', '7', '6A01', 2);
INSERT INTO `des_plan` VALUES ('102', '9', '6A01', 2);
INSERT INTO `des_plan` VALUES ('102', '10', '6A01', 1);
INSERT INTO `des_plan` VALUES ('102', '11', '6A01', 1);
INSERT INTO `des_plan` VALUES ('102', '2', '6A61', 1);
INSERT INTO `des_plan` VALUES ('102', '4', '6B21', 1);
INSERT INTO `des_plan` VALUES ('102', '7', '6B21', 1);
INSERT INTO `des_plan` VALUES ('102', '3', '6C91', 1);
INSERT INTO `des_plan` VALUES ('102', '1', 'YA01', 1);
INSERT INTO `des_plan` VALUES ('102', '7', 'YA01', 1);
INSERT INTO `des_plan` VALUES ('102', '4', 'YA21', 1);
INSERT INTO `des_plan` VALUES ('102', '7', 'YA21', 1);
INSERT INTO `des_plan` VALUES ('102', '10', 'YA21', 1);
INSERT INTO `des_plan` VALUES ('102', '9', 'YA61', 1);
INSERT INTO `des_plan` VALUES ('102', '1', 'YC21', 1);
INSERT INTO `des_plan` VALUES ('102', '2', 'YC21', 2);
INSERT INTO `des_plan` VALUES ('102', '3', 'YC21', 1);
INSERT INTO `des_plan` VALUES ('102', '5', 'YC21', 3);
INSERT INTO `des_plan` VALUES ('102', '6', 'YC21', 2);
INSERT INTO `des_plan` VALUES ('102', '7', 'YC21', 2);
INSERT INTO `des_plan` VALUES ('102', '9', 'YC21', 2);
INSERT INTO `des_plan` VALUES ('102', '11', 'YC21', 1);
INSERT INTO `des_plan` VALUES ('102', '1', 'YE01', 1);
INSERT INTO `des_plan` VALUES ('102', '2', 'YE01', 2);
INSERT INTO `des_plan` VALUES ('102', '4', 'YE01', 1);
INSERT INTO `des_plan` VALUES ('102', '7', 'YE01', 1);
INSERT INTO `des_plan` VALUES ('102', '9', 'YE01', 1);
INSERT INTO `des_plan` VALUES ('102', '2', 'YE41', 3);
INSERT INTO `des_plan` VALUES ('102', '3', 'YE41', 2);
INSERT INTO `des_plan` VALUES ('102', '4', 'YE41', 3);
INSERT INTO `des_plan` VALUES ('102', '5', 'YE41', 2);
INSERT INTO `des_plan` VALUES ('102', '6', 'YE41', 3);
INSERT INTO `des_plan` VALUES ('102', '7', 'YE41', 4);
INSERT INTO `des_plan` VALUES ('102', '8', 'YE41', 2);
INSERT INTO `des_plan` VALUES ('102', '9', 'YE41', 1);
INSERT INTO `des_plan` VALUES ('102', '10', 'YE41', 3);
INSERT INTO `des_plan` VALUES ('102', '11', 'YE41', 1);
INSERT INTO `des_plan` VALUES ('102', '5', 'YE81', 1);
INSERT INTO `des_plan` VALUES ('102', '9', 'YE81', 1);
INSERT INTO `des_plan` VALUES ('102', '3', 'YG41', 1);
INSERT INTO `des_plan` VALUES ('102', '5', 'YG41', 1);
INSERT INTO `des_plan` VALUES ('102', '7', 'YG41', 1);
INSERT INTO `des_plan` VALUES ('102', '10', 'YG41', 1);

-- --------------------------------------------------------

-- 
-- 資料表格式： `des_scan`
-- 

CREATE TABLE `des_scan` (
  `ScanId` int(8) unsigned NOT NULL AUTO_INCREMENT,
  `CntrNo` varchar(20) COLLATE utf8_unicode_ci DEFAULT NULL,
  `Dat` varchar(10) COLLATE utf8_unicode_ci DEFAULT NULL,
  `Tmk` varchar(14) COLLATE utf8_unicode_ci NOT NULL,
  `VoidFlag` varchar(1) COLLATE utf8_unicode_ci DEFAULT '0',
  PRIMARY KEY (`ScanId`)
) ENGINE=MyISAM DEFAULT CHARSET=utf8 COLLATE=utf8_unicode_ci AUTO_INCREMENT=1 ;

-- 
-- 列出以下資料庫的數據： `des_scan`
-- 


-- --------------------------------------------------------

-- 
-- 資料表格式： `des_upfile`
-- 

CREATE TABLE `des_upfile` (
  `Typ` varchar(2) COLLATE utf8_unicode_ci DEFAULT NULL,
  `UserId` varchar(4) COLLATE utf8_unicode_ci DEFAULT NULL,
  `Dat` varchar(10) COLLATE utf8_unicode_ci DEFAULT NULL,
  `Tmk` varchar(14) COLLATE utf8_unicode_ci DEFAULT NULL,
  `Year` varchar(4) COLLATE utf8_unicode_ci NOT NULL,
  `Month` varchar(2) COLLATE utf8_unicode_ci NOT NULL,
  `ChkOkFlag` varchar(1) COLLATE utf8_unicode_ci NOT NULL DEFAULT '0',
  `ConfUser` varchar(4) COLLATE utf8_unicode_ci DEFAULT '0'
) ENGINE=MyISAM DEFAULT CHARSET=utf8 COLLATE=utf8_unicode_ci;

-- 
-- 列出以下資料庫的數據： `des_upfile`
-- 

INSERT INTO `des_upfile` VALUES ('10', '98', '2017-05-13', '20170513124618', '', '', '0', '0');
INSERT INTO `des_upfile` VALUES ('10', '98', '2017-05-13', '20170513125814', '', '', '0', '0');
INSERT INTO `des_upfile` VALUES ('12', '98', '2017-05-13', '20170513130920', '', '', '0', '0');
INSERT INTO `des_upfile` VALUES ('13', '98', '2017-05-13', '20170513131928', '', '', '0', '0');
INSERT INTO `des_upfile` VALUES ('10', '98', '2017-05-24', '20170524030834', '', '', '0', '0');
INSERT INTO `des_upfile` VALUES ('12', '98', '2017-05-24', '20170524032623', '', '', '0', '0');
INSERT INTO `des_upfile` VALUES ('13', '98', '2017-05-24', '20170524032923', '', '', '0', '0');
INSERT INTO `des_upfile` VALUES ('10', '98', '2017-05-24', '20170524050119', '', '', '0', '0');
INSERT INTO `des_upfile` VALUES ('12', '98', '2017-05-24', '20170524051512', '', '', '0', '0');
INSERT INTO `des_upfile` VALUES ('13', '98', '2017-05-24', '20170524051752', '', '', '0', '0');
INSERT INTO `des_upfile` VALUES ('10', '98', '2017-05-26', '20170526210236', '', '', '0', '0');
INSERT INTO `des_upfile` VALUES ('10', '1083', '2017-06-01', '20170601182453', '', '', '0', '0');
INSERT INTO `des_upfile` VALUES ('10', '1083', '2017-06-02', '20170602140216', '', '', '0', '0');
INSERT INTO `des_upfile` VALUES ('11', '1083', '2017-06-09', '20170609140253', '', '', '0', '0');
INSERT INTO `des_upfile` VALUES ('51', '1083', '2017-06-09', '20170609141744', '106', '7', '0', '0');
INSERT INTO `des_upfile` VALUES ('51', '1083', '2017-06-09', '20170609141834', '106', '7', '0', '0');
INSERT INTO `des_upfile` VALUES ('51', '1083', '2017-06-09', '20170609141920', '106', '7', '0', '0');
INSERT INTO `des_upfile` VALUES ('51', '1083', '2017-06-09', '20170609142051', '106', '7', '0', '0');
INSERT INTO `des_upfile` VALUES ('51', '1083', '2017-06-09', '20170609142420', '106', '7', '0', '0');
INSERT INTO `des_upfile` VALUES ('51', '1083', '2017-06-09', '20170609142654', '106', '7', '0', '0');
INSERT INTO `des_upfile` VALUES ('51', '1083', '2017-06-09', '20170609143024', '106', '7', '0', '0');
INSERT INTO `des_upfile` VALUES ('51', '1083', '2017-06-09', '20170609143216', '106', '7', '0', '0');
INSERT INTO `des_upfile` VALUES ('51', '1083', '2017-06-09', '20170609152039', '106', '7', '0', '0');
INSERT INTO `des_upfile` VALUES ('51', '1083', '2017-06-09', '20170609152520', '106', '7', '0', '0');
INSERT INTO `des_upfile` VALUES ('51', '1083', '2017-06-09', '20170609164621', '106', '7', '0', '0');
INSERT INTO `des_upfile` VALUES ('51', '1083', '2017-06-12', '20170612134833', '106', '7', '0', '0');
INSERT INTO `des_upfile` VALUES ('51', '1083', '2017-06-12', '20170612135245', '106', '7', '0', '0');
INSERT INTO `des_upfile` VALUES ('51', '1083', '2017-06-12', '20170612135459', '106', '7', '0', '0');
INSERT INTO `des_upfile` VALUES ('51', '1083', '2017-06-12', '20170612135626', '106', '7', '0', '0');
INSERT INTO `des_upfile` VALUES ('51', '1083', '2017-06-12', '20170612135733', '106', '7', '0', '0');
INSERT INTO `des_upfile` VALUES ('51', '1083', '2017-06-15', '20170615123051', '106', '7', '0', '0');
INSERT INTO `des_upfile` VALUES ('51', '1083', '2017-06-15', '20170615154610', '106', '7', '0', '0');
INSERT INTO `des_upfile` VALUES ('51', '1083', '2017-06-20', '20170620145132', '106', '7', '0', '0');
INSERT INTO `des_upfile` VALUES ('51', '1083', '2017-06-21', '20170621133641', '106', '7', '0', '0');
INSERT INTO `des_upfile` VALUES ('51', '1083', '2017-06-22', '20170622121127', '106', '7', '0', '0');
INSERT INTO `des_upfile` VALUES ('51', '1083', '2017-06-22', '20170622153502', '106', '7', '1', '1083');
INSERT INTO `des_upfile` VALUES ('20', '1083', '2017-06-23', '20170623175707', '', '', '0', '0');
INSERT INTO `des_upfile` VALUES ('20', '1083', '2017-06-23', '20170623180108', '', '', '0', '0');
INSERT INTO `des_upfile` VALUES ('20', '1083', '2017-06-27', '20170627141531', '', '', '0', '0');
INSERT INTO `des_upfile` VALUES ('20', '1083', '2017-06-27', '20170627141749', '', '', '0', '0');
INSERT INTO `des_upfile` VALUES ('20', '1083', '2017-06-27', '20170627141917', '', '', '0', '0');
