-- http://www.phpmyadmin.net
-- 
-- 主机: localhost
-- 生成日期: 2010 年 02 月 23 日 06:24
-- 服务器版本: 5.0.45
-- PHP 版本: 5.2.6
-- 
-- 数据库: `kaa_member`
-- 
CREATE DATABASE `kaa_member`;
USE kaa_member;
-- --------------------------------------------------------

-- 
-- 表的结构 `alive`
-- 

CREATE TABLE `alive` (
  `UserId` int(12) NOT NULL default '0',
  `Start` datetime default NULL,
  `Shutdown` datetime default NULL,
  `Run` datetime default NULL,
  `Status` char(2) NOT NULL default ''
) ENGINE=MyISAM DEFAULT CHARSET=gb2312;

-- 
-- 导出表中的数据 `alive`
-- 

INSERT INTO `alive` VALUES (168, '2010-02-17 10:04:50', '2010-02-17 10:04:50', '2010-02-17 10:04:41', '1');
INSERT INTO `alive` VALUES (169, '2010-02-17 10:04:50', NULL, '2010-02-17 10:04:41', '1');
INSERT INTO `alive` VALUES (170, '2010-02-17 10:04:50', '2010-02-17 10:04:50', '2010-02-17 10:04:50', '1');
INSERT INTO `alive` VALUES (171, NULL, NULL, NULL, '');
INSERT INTO `alive` VALUES (172, NULL, NULL, NULL, '');
INSERT INTO `alive` VALUES (173, NULL, NULL, NULL, '');
INSERT INTO `alive` VALUES (174, NULL, NULL, NULL, '');
INSERT INTO `alive` VALUES (175, NULL, NULL, NULL, '');
INSERT INTO `alive` VALUES (176, NULL, NULL, NULL, '');
INSERT INTO `alive` VALUES (177, NULL, NULL, NULL, '');
INSERT INTO `alive` VALUES (178, NULL, NULL, NULL, '');
INSERT INTO `alive` VALUES (179, NULL, NULL, NULL, '');
INSERT INTO `alive` VALUES (180, NULL, NULL, NULL, '');
INSERT INTO `alive` VALUES (181, NULL, NULL, NULL, '');
INSERT INTO `alive` VALUES (182, NULL, NULL, NULL, '');
INSERT INTO `alive` VALUES (183, NULL, NULL, NULL, '');

-- --------------------------------------------------------

-- 
-- 表的结构 `event`
-- 

CREATE TABLE `event` (
  `UserId` int(12) NOT NULL default '0',
  `TimeMark` datetime default NULL,
  `EventNo` char(3) NOT NULL default '',
  `EventEx` varchar(200) NOT NULL default '',
  `Warn` char(1) NOT NULL default '',
  `Block` char(1) NOT NULL default ''
) ENGINE=MyISAM DEFAULT CHARSET=gb2312;

-- 
-- 导出表中的数据 `event`
-- 

INSERT INTO `event` VALUES (168, '2010-02-17 10:04:41', '012', 'regedit.exe', '1', '');
INSERT INTO `event` VALUES (170, '2010-02-17 10:04:41', '013', '360.exe', '1', '');
INSERT INTO `event` VALUES (169, '2010-02-17 10:04:50', '016', 'IE.exe', '1', '');
INSERT INTO `event` VALUES (168, '2010-02-17 10:04:50', '014', 'bt.exe', '1', '');
INSERT INTO `event` VALUES (168, '2010-02-17 10:04:50', '020', 'Yahoo.exe', '1', '');

-- --------------------------------------------------------

-- 
-- 表的结构 `event_desc`
-- 

CREATE TABLE `event_desc` (
  `EventNo` char(3) NOT NULL default '',
  `Desc` varchar(40) NOT NULL default ''
) ENGINE=MyISAM DEFAULT CHARSET=gb2312;

-- 
-- 导出表中的数据 `event_desc`
-- 

INSERT INTO `event_desc` VALUES ('000', '发生电脑验证码错误');
INSERT INTO `event_desc` VALUES ('001', '停止运行监控软件');
INSERT INTO `event_desc` VALUES ('002', '更改监控软件注册表设置');
INSERT INTO `event_desc` VALUES ('003', '自行变动电脑硬件');
INSERT INTO `event_desc` VALUES ('004', '自行安装USB设备');
INSERT INTO `event_desc` VALUES ('005', '自行插入U盘或行动硬盘');
INSERT INTO `event_desc` VALUES ('006', '复制文件至U盘或行动硬盘');
INSERT INTO `event_desc` VALUES ('007', '使用浏览器向外发送文件');
INSERT INTO `event_desc` VALUES ('008', '使用通讯软件向外发送文件');
INSERT INTO `event_desc` VALUES ('009', '更改取得IP设置');
INSERT INTO `event_desc` VALUES ('010', '更改DHCP服务器设置');
INSERT INTO `event_desc` VALUES ('011', '自行安装软件');
INSERT INTO `event_desc` VALUES ('012', '使用REGEDIT');
INSERT INTO `event_desc` VALUES ('013', '使用系统优化软件');
INSERT INTO `event_desc` VALUES ('014', '使用P2P下载软件');
INSERT INTO `event_desc` VALUES ('015', '使用下载器软件');
INSERT INTO `event_desc` VALUES ('016', '使用浏览器上网');
INSERT INTO `event_desc` VALUES ('017', '使用软件播放影音');
INSERT INTO `event_desc` VALUES ('018', '在线播放影音');
INSERT INTO `event_desc` VALUES ('019', '在线玩游戏软件');
INSERT INTO `event_desc` VALUES ('020', '使用即时通信软件');
INSERT INTO `event_desc` VALUES ('021', '例外即时通信软件');

-- --------------------------------------------------------

-- 
-- 表的结构 `event_exe`
-- 

CREATE TABLE `event_exe` (
  `EventNo` char(3) NOT NULL default '',
  `ExeName` varchar(30) NOT NULL default ''
) ENGINE=MyISAM DEFAULT CHARSET=gb2312;

-- 
-- 导出表中的数据 `event_exe`
-- 

INSERT INTO `event_exe` VALUES ('012', 'regedit.exe');
INSERT INTO `event_exe` VALUES ('013', '360.exe');
INSERT INTO `event_exe` VALUES ('014', 'bt.exe');
INSERT INTO `event_exe` VALUES ('015', 'ShLe.exe');
INSERT INTO `event_exe` VALUES ('016', 'IE.exe');
INSERT INTO `event_exe` VALUES ('020', 'Yahoo.exe');

-- --------------------------------------------------------

-- 
-- 表的结构 `pc`
-- 

CREATE TABLE `pc` (
  `PcId` varchar(18) NOT NULL default '',
  `UserId` int(9) NOT NULL default '0',
  `Mac` varchar(17) NOT NULL default '',
  `CpuId` varchar(20) NOT NULL default '',
  `HddId` varchar(20) NOT NULL default '',
  `Ip` varchar(15) NOT NULL default ''
) ENGINE=MyISAM DEFAULT CHARSET=gb2312;

-- 
-- 导出表中的数据 `pc`
-- 

INSERT INTO `pc` VALUES ('666061699384016793', 1, '', '', '', '');
INSERT INTO `pc` VALUES ('443936443122974832', 2, '', '', '', '');
INSERT INTO `pc` VALUES ('486960402213988228', 3, '', '', '', '');
INSERT INTO `pc` VALUES ('486263473364278575', 4, '', '', '', '');
INSERT INTO `pc` VALUES ('635059614061063971', 5, '', '', '', '');
INSERT INTO `pc` VALUES ('478686447718637327', 6, '', '', '', '');
INSERT INTO `pc` VALUES ('051619010627605733', 7, '', '', '', '');
INSERT INTO `pc` VALUES ('905756944617760327', 8, '', '', '', '');
INSERT INTO `pc` VALUES ('864341898728326436', 9, '', '', '', '');
INSERT INTO `pc` VALUES ('476267430930207644', 10, '', '', '', '');
INSERT INTO `pc` VALUES ('647173672657184862', 11, '', '', '', '');
INSERT INTO `pc` VALUES ('809293870061200674', 12, '', '', '', '');
INSERT INTO `pc` VALUES ('441818425637854248', 13, '', '', '', '');
INSERT INTO `pc` VALUES ('198286140970209684', 14, '', '', '', '');
INSERT INTO `pc` VALUES ('958482982041485050', 15, '', '', '', '');
INSERT INTO `pc` VALUES ('226165259849112852', 16, '', '', '', '');
INSERT INTO `pc` VALUES ('718088721405091416', 17, '', '', '', '');
INSERT INTO `pc` VALUES ('929690908142622258', 18, '', '', '', '');
INSERT INTO `pc` VALUES ('277177231768197575', 19, '', '', '', '');
INSERT INTO `pc` VALUES ('847579817132534545', 20, '', '', '', '');
INSERT INTO `pc` VALUES ('260902282708986119', 21, '', '', '', '');
INSERT INTO `pc` VALUES ('846961890364904377', 22, '', '', '', '');
INSERT INTO `pc` VALUES ('105050100566000575', 23, '', '', '', '');
INSERT INTO `pc` VALUES ('853033874485065397', 24, '', '', '', '');
INSERT INTO `pc` VALUES ('303734361980790397', 25, '', '', '', '');
INSERT INTO `pc` VALUES ('453932480021905634', 26, '', '', '', '');
INSERT INTO `pc` VALUES ('149492187859434060', 27, '', '', '', '');
INSERT INTO `pc` VALUES ('463031496677046486', 28, '', '', '', '');
INSERT INTO `pc` VALUES ('914241995213251624', 29, '', '', '', '');
INSERT INTO `pc` VALUES ('837079817455033466', 30, '', '', '', '');
INSERT INTO `pc` VALUES ('957379911667395179', 31, '', '', '', '');
INSERT INTO `pc` VALUES ('079597039839517743', 32, '', '', '', '');
INSERT INTO `pc` VALUES ('998189912182189694', 33, '', '', '', '');
INSERT INTO `pc` VALUES ('176661193859677664', 34, '', '', '', '');
INSERT INTO `pc` VALUES ('893939812243989852', 35, '', '', '', '');
INSERT INTO `pc` VALUES ('089596046647548456', 36, '', '', '', '');
INSERT INTO `pc` VALUES ('860801891314896723', 37, '', '', '', '');
INSERT INTO `pc` VALUES ('749998729950914060', 38, '', '', '', '');
INSERT INTO `pc` VALUES ('262527238980526892', 39, '', '', '', '');
INSERT INTO `pc` VALUES ('903239919142210654', 40, '', '', '', '');
INSERT INTO `pc` VALUES ('298482280192409000', 41, '', '', '', '');
INSERT INTO `pc` VALUES ('281713270283708090', 42, '', '', '', '');
INSERT INTO `pc` VALUES ('343833376374844387', 43, '', '', '', '');
INSERT INTO `pc` VALUES ('443339413364374773', 44, '', '', '', '');
INSERT INTO `pc` VALUES ('802724866112740426', 45, '', '', '', '');
INSERT INTO `pc` VALUES ('267979211607996416', 46, '', '', '', '');
INSERT INTO `pc` VALUES ('000809016122840733', 47, '', '', '', '');
INSERT INTO `pc` VALUES ('867578822334586446', 48, '', '', '', '');
INSERT INTO `pc` VALUES ('289990208677928486', 49, '', '', '', '');
INSERT INTO `pc` VALUES ('760904767233936347', 50, '', '', '', '');
INSERT INTO `pc` VALUES ('191618122233689545', 51, '', '', '', '');
INSERT INTO `pc` VALUES ('033032085950053268', 52, '', '', '', '');
INSERT INTO `pc` VALUES ('480900402869988575', 53, '', '', '', '');
INSERT INTO `pc` VALUES ('995153975889159793', 54, '', '', '', '');
INSERT INTO `pc` VALUES ('827575854445562951', 55, '', '', '', '');
INSERT INTO `pc` VALUES ('491118421627199535', 56, '', '', '', '');
INSERT INTO `pc` VALUES ('476169413233177248', 57, '', '', '', '');
INSERT INTO `pc` VALUES ('359099315485055090', 58, '', '', '', '');
INSERT INTO `pc` VALUES ('382526346213548525', 59, '', '', '', '');
INSERT INTO `pc` VALUES ('581718520081708496', 60, '', '', '', '');
INSERT INTO `pc` VALUES ('044542080819504822', 61, '', '', '', '');
INSERT INTO `pc` VALUES ('516866540889801793', 62, '', '', '', '');
INSERT INTO `pc` VALUES ('969199915910156723', 63, '', '', '', '');
INSERT INTO `pc` VALUES ('668589618516526723', 64, '', '', '', '');
INSERT INTO `pc` VALUES ('785055758243028654', 65, '', '', '', '');
INSERT INTO `pc` VALUES ('881913870142908555', 66, '', '', '', '');
INSERT INTO `pc` VALUES ('350705352465785179', 67, '', '', '', '');
INSERT INTO `pc` VALUES ('261513278091526208', 68, '', '', '', '');
INSERT INTO `pc` VALUES ('407673478415620228', 69, '', '', '', '');
INSERT INTO `pc` VALUES ('033933071556993862', 70, '', '', '', '');
INSERT INTO `pc` VALUES ('598489518102429218', 71, '', '', '', '');
INSERT INTO `pc` VALUES ('106764162142780951', 72, '', '', '', '');
INSERT INTO `pc` VALUES ('529799519071712486', 73, '', '', '', '');
INSERT INTO `pc` VALUES ('365757332809786119', 74, '', '', '', '');
INSERT INTO `pc` VALUES ('202220209718210129', 75, '', '', '', '');
INSERT INTO `pc` VALUES ('760107739990116000', 76, '', '', '', '');
INSERT INTO `pc` VALUES ('183137134112168426', 77, '', '', '', '');
INSERT INTO `pc` VALUES ('255851292859885961', 78, '', '', '', '');
INSERT INTO `pc` VALUES ('428089412697082109', 79, '', '', '', '');
INSERT INTO `pc` VALUES ('420405455798452406', 80, '', '', '', '');
INSERT INTO `pc` VALUES ('132624162607683010', 81, '', '', '', '');
INSERT INTO `pc` VALUES ('559996545819955822', 82, '', '', '', '');
INSERT INTO `pc` VALUES ('693936645566959773', 83, '', '', '', '');
INSERT INTO `pc` VALUES ('148382184485364892', 84, '', '', '', '');
INSERT INTO `pc` VALUES ('251319218506325119', 85, '', '', '', '');
INSERT INTO `pc` VALUES ('155258124900265812', 86, '', '', '', '');
INSERT INTO `pc` VALUES ('215159214263161575', 87, '', '', '', '');
INSERT INTO `pc` VALUES ('719595751081591892', 88, '', '', '', '');
INSERT INTO `pc` VALUES ('828480802930482842', 89, '', '', '', '');
INSERT INTO `pc` VALUES ('134041199788013991', 90, '', '', '', '');
INSERT INTO `pc` VALUES ('671611699516617426', 91, '', '', '', '');
INSERT INTO `pc` VALUES ('078683075708657010', 92, '', '', '', '');
INSERT INTO `pc` VALUES ('707277734213260921', 93, '', '', '', '');
INSERT INTO `pc` VALUES ('949398922324384832', 94, '', '', '', '');
INSERT INTO `pc` VALUES ('572421591091497208', 95, '', '', '', '');
INSERT INTO `pc` VALUES ('877978827394937901', 96, '', '', '', '');
INSERT INTO `pc` VALUES ('970907935788957793', 97, '', '', '', '');
INSERT INTO `pc` VALUES ('319794367859731169', 98, '', '', '', '');
INSERT INTO `pc` VALUES ('744145755819154228', 99, '', '', '', '');
INSERT INTO `pc` VALUES ('584348524798368703', 100, '', '', '', '');
INSERT INTO `pc` VALUES ('774147730839107545', 101, '', '', '', '');
INSERT INTO `pc` VALUES ('736060701900093812', 102, '', '', '', '');
INSERT INTO `pc` VALUES ('250404267253435664', 103, '', '', '', '');
INSERT INTO `pc` VALUES ('333939315132953644', 104, '', '', '', '');
INSERT INTO `pc` VALUES ('310600306465641377', 105, '', '', '', '');
INSERT INTO `pc` VALUES ('839193877758133565', 106, '', '', '', '');
INSERT INTO `pc` VALUES ('290801293213879327', 107, '', '', '', '');
INSERT INTO `pc` VALUES ('935559914031563446', 108, '', '', '', '');
INSERT INTO `pc` VALUES ('504940503273970486', 109, '', '', '', '');
INSERT INTO `pc` VALUES ('621111692728182436', 110, '', '', '', '');
INSERT INTO `pc` VALUES ('550301598243325654', 111, '', '', '', '');
INSERT INTO `pc` VALUES ('523431599475412486', 112, '', '', '', '');
INSERT INTO `pc` VALUES ('101618122526680030', 113, '', '', '', '');
INSERT INTO `pc` VALUES ('247370204849364555', 114, '', '', '', '');
INSERT INTO `pc` VALUES ('569594560708506218', 115, '', '', '', '');
INSERT INTO `pc` VALUES ('339490300900403010', 116, '', '', '', '');
INSERT INTO `pc` VALUES ('802023876283040298', 117, '', '', '', '');
INSERT INTO `pc` VALUES ('212526244031561842', 118, '', '', '', '');
INSERT INTO `pc` VALUES ('909891996728840832', 119, '', '', '', '');
INSERT INTO `pc` VALUES ('406861496405840713', 120, '', '', '', '');
INSERT INTO `pc` VALUES ('112924169213911822', 121, '', '', '', '');
INSERT INTO `pc` VALUES ('730703772778783981', 122, '', '', '', '');
INSERT INTO `pc` VALUES ('982222980091208703', 123, '', '', '', '');
INSERT INTO `pc` VALUES ('090708025021759238', 124, '', '', '', '');
INSERT INTO `pc` VALUES ('994349912869389278', 125, '', '', '', '');
INSERT INTO `pc` VALUES ('611013671394091901', 126, '', '', '', '');
INSERT INTO `pc` VALUES ('004346044596360109', 127, '', '', '', '');
INSERT INTO `pc` VALUES ('536262587990233604', 128, '', '', '', '');
INSERT INTO `pc` VALUES ('027473073506472515', 129, '', '', '', '');
INSERT INTO `pc` VALUES ('922920906839942248', 130, '', '', '', '');
INSERT INTO `pc` VALUES ('039593071940593159', 131, '', '', '', '');
INSERT INTO `pc` VALUES ('024043078920022931', 132, '', '', '', '');
INSERT INTO `pc` VALUES ('840308820930304040', 133, '', '', '', '');
INSERT INTO `pc` VALUES ('434240407617233327', 134, '', '', '', '');
INSERT INTO `pc` VALUES ('989794961849798555', 135, '', '', '', '');
INSERT INTO `pc` VALUES ('494242488940229159', 136, '', '', '', '');
INSERT INTO `pc` VALUES ('415454460485401595', 137, '', '', '', '');
INSERT INTO `pc` VALUES ('645557630869504872', 138, '', '', '', '');
INSERT INTO `pc` VALUES ('183432181102498911', 139, '', '', '', '');
INSERT INTO `pc` VALUES ('320808322869882872', 140, '', '', '', '');
INSERT INTO `pc` VALUES ('240006247879034882', 141, '', '', '', '');
INSERT INTO `pc` VALUES ('180101198910128921', 142, '', '', '', '');
INSERT INTO `pc` VALUES ('717877730758801961', 143, '', '', '', '');
INSERT INTO `pc` VALUES ('186166143283178694', 144, '', '', '', '');
INSERT INTO `pc` VALUES ('066361097344336159', 145, '', '', '', '');
INSERT INTO `pc` VALUES ('876962887172937981', 146, '', '', '', '');
INSERT INTO `pc` VALUES ('775050700283007090', 147, '', '', '', '');
INSERT INTO `pc` VALUES ('067579016394546901', 148, '', '', '', '');
INSERT INTO `pc` VALUES ('219895258596821109', 149, '', '', '', '');
INSERT INTO `pc` VALUES ('563136544576166882', 150, '', '', '', '');
INSERT INTO `pc` VALUES ('121914166708942317', 151, '', '', '', '');
INSERT INTO `pc` VALUES ('391512386304549713', 152, '', '', '', '');
INSERT INTO `pc` VALUES ('980100901182198090', 153, '', '', '', '');
INSERT INTO `pc` VALUES ('288889210324808832', 154, '', '', '', '');
INSERT INTO `pc` VALUES ('280206249081218496', 155, '', '', '', '');
INSERT INTO `pc` VALUES ('921015957920032832', 156, '', '', '', '');
INSERT INTO `pc` VALUES ('010701097334731040', 157, '', '', '', '');
INSERT INTO `pc` VALUES ('011012086283041298', 158, '', '', '', '');
INSERT INTO `pc` VALUES ('897975850415909129', 159, '', '', '', '');
INSERT INTO `pc` VALUES ('655956649859915466', 160, '', '', '', '');
INSERT INTO `pc` VALUES ('798782780849709951', 161, '', '', '', '');
INSERT INTO `pc` VALUES ('432025451142093456', 162, '', '', '', '');
INSERT INTO `pc` VALUES ('112827132980881892', 163, '', '', '', '');
INSERT INTO `pc` VALUES ('045659016768644773', 164, '', '', '', '');
INSERT INTO `pc` VALUES ('951219912586285991', 165, '', '', '', '');
INSERT INTO `pc` VALUES ('724143776980142397', 166, '', '', '', '');
INSERT INTO `pc` VALUES ('805450807849430357', 167, '', '', '', '');
INSERT INTO `pc` VALUES ('108288120293200802', 168, '', '', '', '');
INSERT INTO `pc` VALUES ('475550409950517961', 169, '', '', '', '');
INSERT INTO `pc` VALUES ('834942883001973812', 170, '', '', '', '');
INSERT INTO `pc` VALUES ('975658922536687040', 171, '', '', '', '');
INSERT INTO `pc` VALUES ('201815259354810169', 172, '', '', '', '');
INSERT INTO `pc` VALUES ('221319211576392882', 173, '', '', '', '');
INSERT INTO `pc` VALUES ('210209219627211733', 174, '', '', '', '');
INSERT INTO `pc` VALUES ('541618523829674337', 175, '', '', '', '');
INSERT INTO `pc` VALUES ('808985859667910575', 176, '', '', '', '');
INSERT INTO `pc` VALUES ('372121396172147288', 177, '', '', '', '');
INSERT INTO `pc` VALUES ('577375556546347753', 178, '', '', '', '');
INSERT INTO `pc` VALUES ('106269116344240159', 179, '', '', '', '');
INSERT INTO `pc` VALUES ('319491399021411337', 180, '', '', '', '');
INSERT INTO `pc` VALUES ('701618720980600090', 181, '', '', '', '');
INSERT INTO `pc` VALUES ('615558622920581931', 182, '', '', '', '');
INSERT INTO `pc` VALUES ('408588422910580624', 183, '', '', '', '');
INSERT INTO `pc` VALUES ('283136241516198129', 184, '', '', '', '');
INSERT INTO `pc` VALUES ('006467039556410367', 185, '', '', '', '');
INSERT INTO `pc` VALUES ('640304663576374080', 186, '', '', '', '');
INSERT INTO `pc` VALUES ('371018328738027644', 187, '', '', '', '');
INSERT INTO `pc` VALUES ('913737936889741892', 188, '', '', '', '');
INSERT INTO `pc` VALUES ('074246043182277595', 189, '', '', '', '');
INSERT INTO `pc` VALUES ('834644864596663703', 190, '', '', '', '');
INSERT INTO `pc` VALUES ('340400308334424545', 191, '', '', '', '');
INSERT INTO `pc` VALUES ('752629712889685694', 192, '', '', '', '');
INSERT INTO `pc` VALUES ('715352785697351604', 193, '', '', '', '');
INSERT INTO `pc` VALUES ('080004063526078337', 194, '', '', '', '');
INSERT INTO `pc` VALUES ('946663970172604486', 195, '', '', '', '');
INSERT INTO `pc` VALUES ('911119913394171901', 196, '', '', '', '');
INSERT INTO `pc` VALUES ('176564160950507565', 197, '', '', '', '');
INSERT INTO `pc` VALUES ('084847036213848020', 198, '', '', '', '');
INSERT INTO `pc` VALUES ('558682582970685684', 199, '', '', '', '');
INSERT INTO `pc` VALUES ('294446243516479228', 200, '', '', '', '');
INSERT INTO `pc` VALUES ('044545052081584298', 201, '', '', '', '');
INSERT INTO `pc` VALUES ('448984468223924030', 202, '', '', '', '');
INSERT INTO `pc` VALUES ('522025550839002545', 203, '', '', '', '');
INSERT INTO `pc` VALUES ('921613971788692397', 204, '', '', '', '');
INSERT INTO `pc` VALUES ('833833879950813763', 205, '', '', '', '');
INSERT INTO `pc` VALUES ('316565351465591872', 206, '', '', '', '');
INSERT INTO `pc` VALUES ('160904166435946644', 207, '', '', '', '');
INSERT INTO `pc` VALUES ('507576547536530545', 208, '', '', '', '');
INSERT INTO `pc` VALUES ('662426648930426040', 209, '', '', '', '');
INSERT INTO `pc` VALUES ('393634365132659644', 210, '', '', '', '');
INSERT INTO `pc` VALUES ('736767739233713644', 211, '', '', '', '');
INSERT INTO `pc` VALUES ('537378524081363199', 212, '', '', '', '');
INSERT INTO `pc` VALUES ('476566446910547426', 213, '', '', '', '');
INSERT INTO `pc` VALUES ('023832084586862397', 214, '', '', '', '');
INSERT INTO `pc` VALUES ('174744160122707139', 215, '', '', '', '');
INSERT INTO `pc` VALUES ('012329012667381278', 216, '', '', '', '');
INSERT INTO `pc` VALUES ('002123071556190367', 217, '', '', '', '');
INSERT INTO `pc` VALUES ('949894965283854496', 218, '', '', '', '');
INSERT INTO `pc` VALUES ('119594169485511397', 219, '', '', '', '');
INSERT INTO `pc` VALUES ('432727437667733179', 220, '', '', '', '');
INSERT INTO `pc` VALUES ('274849216990847109', 221, '', '', '', '');
INSERT INTO `pc` VALUES ('457278423435275842', 222, '', '', '', '');
INSERT INTO `pc` VALUES ('015150003041171050', 223, '', '', '', '');
INSERT INTO `pc` VALUES ('646767636425744535', 224, '', '', '', '');
INSERT INTO `pc` VALUES ('662722689990716406', 225, '', '', '', '');
INSERT INTO `pc` VALUES ('738782786940743654', 226, '', '', '', '');
INSERT INTO `pc` VALUES ('319595356869541872', 227, '', '', '', '');
INSERT INTO `pc` VALUES ('985656945889658694', 228, '', '', '', '');
INSERT INTO `pc` VALUES ('623335658798322109', 229, '', '', '', '');
INSERT INTO `pc` VALUES ('928683975011652624', 230, '', '', '', '');
INSERT INTO `pc` VALUES ('348682381990694000', 231, '', '', '', '');
INSERT INTO `pc` VALUES ('550303576546345555', 232, '', '', '', '');
INSERT INTO `pc` VALUES ('895758829798719208', 233, '', '', '', '');
INSERT INTO `pc` VALUES ('408386448283320298', 234, '', '', '', '');
INSERT INTO `pc` VALUES ('820400804364462674', 235, '', '', '', '');
INSERT INTO `pc` VALUES ('755353772243385258', 236, '', '', '', '');
INSERT INTO `pc` VALUES ('096261094455269862', 237, '', '', '', '');
INSERT INTO `pc` VALUES ('075458023637477644', 238, '', '', '', '');
INSERT INTO `pc` VALUES ('215957234394961208', 239, '', '', '', '');
INSERT INTO `pc` VALUES ('913436946324441030', 240, '', '', '', '');
INSERT INTO `pc` VALUES ('797776743637779347', 241, '', '', '', '');
INSERT INTO `pc` VALUES ('173334166778347288', 242, '', '', '', '');
INSERT INTO `pc` VALUES ('432120401283193595', 243, '', '', '', '');
INSERT INTO `pc` VALUES ('095152087556139367', 244, '', '', '', '');
INSERT INTO `pc` VALUES ('511213578162221377', 245, '', '', '', '');
INSERT INTO `pc` VALUES ('315457339879411288', 246, '', '', '', '');
INSERT INTO `pc` VALUES ('556762586132745446', 247, '', '', '', '');
INSERT INTO `pc` VALUES ('275450208374427684', 248, '', '', '', '');
INSERT INTO `pc` VALUES ('551816546283845991', 249, '', '', '', '');
INSERT INTO `pc` VALUES ('224141299293112604', 250, '', '', '', '');
INSERT INTO `pc` VALUES ('689291693566278575', 251, '', '', '', '');
INSERT INTO `pc` VALUES ('542025555667054674', 252, '', '', '', '');
INSERT INTO `pc` VALUES ('618482687112431129', 253, '', '', '', '');
INSERT INTO `pc` VALUES ('486966440506908515', 254, '', '', '', '');
INSERT INTO `pc` VALUES ('211918221445991050', 255, '', '', '', '');
INSERT INTO `pc` VALUES ('246969213405974713', 256, '', '', '', '');
INSERT INTO `pc` VALUES ('171210109637217149', 257, '', '', '', '');
INSERT INTO `pc` VALUES ('407774464445760951', 258, '', '', '', '');
INSERT INTO `pc` VALUES ('194140103293179208', 259, '', '', '', '');
INSERT INTO `pc` VALUES ('332021396415043525', 260, '', '', '', '');
INSERT INTO `pc` VALUES ('519496541485491991', 261, '', '', '', '');
INSERT INTO `pc` VALUES ('025850001687892397', 262, '', '', '', '');
INSERT INTO `pc` VALUES ('526560503617572921', 263, '', '', '', '');
INSERT INTO `pc` VALUES ('726665750001602317', 264, '', '', '', '');
INSERT INTO `pc` VALUES ('460408429102416614', 265, '', '', '', '');
INSERT INTO `pc` VALUES ('976065956122047030', 266, '', '', '', '');
INSERT INTO `pc` VALUES ('743338728243324357', 267, '', '', '', '');
INSERT INTO `pc` VALUES ('777879718091827703', 268, '', '', '', '');
INSERT INTO `pc` VALUES ('295656241667699476', 269, '', '', '', '');
INSERT INTO `pc` VALUES ('973139913738177040', 270, '', '', '', '');
INSERT INTO `pc` VALUES ('906767934182760694', 271, '', '', '', '');
INSERT INTO `pc` VALUES ('935052988960023476', 272, '', '', '', '');
INSERT INTO `pc` VALUES ('231217238506223812', 273, '', '', '', '');
INSERT INTO `pc` VALUES ('041311092223384238', 274, '', '', '', '');
INSERT INTO `pc` VALUES ('098284064647269852', 275, '', '', '', '');
INSERT INTO `pc` VALUES ('169995152798986703', 276, '', '', '', '');
INSERT INTO `pc` VALUES ('035652083081673199', 277, '', '', '', '');
INSERT INTO `pc` VALUES ('058683076172645783', 278, '', '', '', '');
INSERT INTO `pc` VALUES ('287875256738848149', 279, '', '', '', '');
INSERT INTO `pc` VALUES ('894146840182109793', 280, '', '', '', '');
INSERT INTO `pc` VALUES ('105854163667870872', 281, '', '', '', '');
INSERT INTO `pc` VALUES ('518082588576021189', 282, '', '', '', '');
INSERT INTO `pc` VALUES ('678784662132787347', 283, '', '', '', '');
INSERT INTO `pc` VALUES ('626764666041742159', 284, '', '', '', '');
INSERT INTO `pc` VALUES ('403830403223870634', 285, '', '', '', '');
INSERT INTO `pc` VALUES ('319295354112261921', 286, '', '', '', '');
INSERT INTO `pc` VALUES ('478183470213107228', 287, '', '', '', '');
INSERT INTO `pc` VALUES ('362620302435686446', 288, '', '', '', '');
INSERT INTO `pc` VALUES ('816265854051261565', 289, '', '', '', '');
INSERT INTO `pc` VALUES ('340903377798934901', 290, '', '', '', '');
INSERT INTO `pc` VALUES ('478285450697207505', 291, '', '', '', '');
INSERT INTO `pc` VALUES ('325556343263572674', 292, '', '', '', '');
INSERT INTO `pc` VALUES ('022721092697782307', 293, '', '', '', '');
INSERT INTO `pc` VALUES ('779797732526787238', 294, '', '', '', '');
INSERT INTO `pc` VALUES ('802527832829580030', 295, '', '', '', '');
INSERT INTO `pc` VALUES ('701610706415640020', 296, '', '', '', '');
INSERT INTO `pc` VALUES ('502222581213290327', 297, '', '', '', '');
INSERT INTO `pc` VALUES ('094645056899649000', 298, '', '', '', '');
INSERT INTO `pc` VALUES ('166565152920586535', 299, '', '', '', '');
INSERT INTO `pc` VALUES ('430203475233253842', 300, '', '', '', '');
INSERT INTO `pc` VALUES ('340901393132974743', 301, '', '', '', '');
INSERT INTO `pc` VALUES ('418087438970021387', 302, '', '', '', '');
INSERT INTO `pc` VALUES ('865455853889476397', 303, '', '', '', '');
INSERT INTO `pc` VALUES ('182922182889988298', 304, '', '', '', '');
INSERT INTO `pc` VALUES ('817570804344561555', 305, '', '', '', '');
INSERT INTO `pc` VALUES ('168487137546436258', 306, '', '', '', '');
INSERT INTO `pc` VALUES ('491515459758519763', 307, '', '', '', '');
INSERT INTO `pc` VALUES ('911811994708861218', 308, '', '', '', '');
INSERT INTO `pc` VALUES ('344847332253884268', 309, '', '', '', '');
INSERT INTO `pc` VALUES ('737570701900593911', 310, '', '', '', '');
INSERT INTO `pc` VALUES ('576963578718927723', 311, '', '', '', '');
INSERT INTO `pc` VALUES ('685853679910818822', 312, '', '', '', '');
INSERT INTO `pc` VALUES ('708487731718490921', 313, '', '', '', '');
INSERT INTO `pc` VALUES ('872321894960367872', 314, '', '', '', '');
INSERT INTO `pc` VALUES ('141910108617924723', 315, '', '', '', '');
INSERT INTO `pc` VALUES ('939997935899953703', 316, '', '', '', '');
INSERT INTO `pc` VALUES ('948085956879044080', 317, '', '', '', '');
INSERT INTO `pc` VALUES ('611316642657381367', 318, '', '', '', '');
INSERT INTO `pc` VALUES ('928988925253952961', 319, '', '', '', '');
INSERT INTO `pc` VALUES ('532428524071463288', 320, '', '', '', '');
INSERT INTO `pc` VALUES ('438185455950153367', 321, '', '', '', '');
INSERT INTO `pc` VALUES ('496066440728009436', 322, '', '', '', '');
INSERT INTO `pc` VALUES ('025454061425492832', 323, '', '', '', '');
INSERT INTO `pc` VALUES ('310104361415191822', 324, '', '', '', '');
INSERT INTO `pc` VALUES ('289293276879248684', 325, '', '', '', '');
INSERT INTO `pc` VALUES ('779696745031657446', 326, '', '', '', '');
INSERT INTO `pc` VALUES ('326665356304642713', 327, '', '', '', '');
INSERT INTO `pc` VALUES ('214946243627971931', 328, '', '', '', '');
INSERT INTO `pc` VALUES ('974441994051467060', 329, '', '', '', '');
INSERT INTO `pc` VALUES ('683039619061018971', 330, '', '', '', '');
INSERT INTO `pc` VALUES ('966567939647516357', 331, '', '', '', '');
INSERT INTO `pc` VALUES ('008686047011630327', 332, '', '', '', '');
INSERT INTO `pc` VALUES ('648881696334844149', 333, '', '', '', '');
INSERT INTO `pc` VALUES ('276262286859247565', 334, '', '', '', '');
INSERT INTO `pc` VALUES ('331213377001233010', 335, '', '', '', '');
INSERT INTO `pc` VALUES ('582723579607718614', 336, '', '', '', '');
INSERT INTO `pc` VALUES ('107072189384010090', 337, '', '', '', '');
INSERT INTO `pc` VALUES ('465359412586386991', 338, '', '', '', '');
INSERT INTO `pc` VALUES ('694749618748729050', 339, '', '', '', '');
INSERT INTO `pc` VALUES ('907870900748800852', 340, '', '', '', '');
INSERT INTO `pc` VALUES ('447670401132694743', 341, '', '', '', '');
INSERT INTO `pc` VALUES ('869697832667686179', 342, '', '', '', '');
INSERT INTO `pc` VALUES ('973336949879317783', 343, '', '', '', '');
INSERT INTO `pc` VALUES ('279299214192267307', 344, '', '', '', '');
INSERT INTO `pc` VALUES ('703233770556200961', 345, '', '', '', '');
INSERT INTO `pc` VALUES ('249893270425804139', 346, '', '', '', '');
INSERT INTO `pc` VALUES ('992223971364299773', 347, '', '', '', '');
INSERT INTO `pc` VALUES ('834545857394533208', 348, '', '', '', '');
INSERT INTO `pc` VALUES ('029990001546992654', 349, '', '', '', '');
INSERT INTO `pc` VALUES ('999390903546379852', 350, '', '', '', '');
INSERT INTO `pc` VALUES ('190302184142369951', 351, '', '', '', '');
INSERT INTO `pc` VALUES ('746861799021814436', 352, '', '', '', '');
INSERT INTO `pc` VALUES ('581419519556418466', 353, '', '', '', '');
INSERT INTO `pc` VALUES ('699096645405059812', 354, '', '', '', '');
INSERT INTO `pc` VALUES ('831314866899343109', 355, '', '', '', '');
INSERT INTO `pc` VALUES ('589797534243768050', 356, '', '', '', '');
INSERT INTO `pc` VALUES ('470705457697737000', 357, '', '', '', '');
INSERT INTO `pc` VALUES ('300705359738710149', 358, '', '', '', '');
INSERT INTO `pc` VALUES ('699195652849189654', 359, '', '', '', '');
INSERT INTO `pc` VALUES ('974149911233197446', 360, '', '', '', '');
INSERT INTO `pc` VALUES ('029391096647342555', 361, '', '', '', '');
INSERT INTO `pc` VALUES ('704044769889010496', 362, '', '', '', '');
INSERT INTO `pc` VALUES ('028080009556012862', 363, '', '', '', '');
INSERT INTO `pc` VALUES ('846960800546904258', 364, '', '', '', '');
INSERT INTO `pc` VALUES ('298489212839489743', 365, '', '', '', '');
INSERT INTO `pc` VALUES ('764243776879246080', 366, '', '', '', '');
INSERT INTO `pc` VALUES ('734341792627383139', 367, '', '', '', '');
INSERT INTO `pc` VALUES ('746862789162814278', 368, '', '', '', '');
INSERT INTO `pc` VALUES ('754942782526985139', 369, '', '', '', '');
INSERT INTO `pc` VALUES ('874941890293907000', 370, '', '', '', '');
INSERT INTO `pc` VALUES ('594541592071589882', 371, '', '', '', '');
INSERT INTO `pc` VALUES ('299895255809859416', 372, '', '', '', '');
INSERT INTO `pc` VALUES ('432825454394863000', 373, '', '', '', '');
INSERT INTO `pc` VALUES ('911115957647131456', 374, '', '', '', '');
INSERT INTO `pc` VALUES ('799296743980279694', 375, '', '', '', '');
INSERT INTO `pc` VALUES ('655751696657745763', 376, '', '', '', '');
INSERT INTO `pc` VALUES ('961519918081526694', 377, '', '', '', '');
INSERT INTO `pc` VALUES ('648381690910304921', 378, '', '', '', '');
INSERT INTO `pc` VALUES ('187470103415478426', 379, '', '', '', '');
INSERT INTO `pc` VALUES ('596562587516539525', 380, '', '', '', '');
INSERT INTO `pc` VALUES ('175550102788587694', 381, '', '', '', '');
INSERT INTO `pc` VALUES ('739894763172873585', 382, '', '', '', '');
INSERT INTO `pc` VALUES ('614647633889671595', 383, '', '', '', '');
INSERT INTO `pc` VALUES ('632325657021333535', 384, '', '', '', '');
INSERT INTO `pc` VALUES ('918484967768431575', 385, '', '', '', '');
INSERT INTO `pc` VALUES ('099498026879449981', 386, '', '', '', '');
INSERT INTO `pc` VALUES ('762621797172636585', 387, '', '', '', '');
INSERT INTO `pc` VALUES ('288487239728418139', 388, '', '', '', '');
INSERT INTO `pc` VALUES ('611212688425221733', 389, '', '', '', '');
INSERT INTO `pc` VALUES ('250303271819395525', 390, '', '', '', '');
INSERT INTO `pc` VALUES ('060106045152156169', 391, '', '', '', '');
INSERT INTO `pc` VALUES ('890806842798889000', 392, '', '', '', '');
INSERT INTO `pc` VALUES ('700501797980530694', 393, '', '', '', '');
INSERT INTO `pc` VALUES ('580403578001428119', 394, '', '', '', '');
INSERT INTO `pc` VALUES ('416861494172861981', 395, '', '', '', '');
INSERT INTO `pc` VALUES ('038289010879203387', 396, '', '', '', '');
INSERT INTO `pc` VALUES ('305657336192640901', 397, '', '', '', '');
INSERT INTO `pc` VALUES ('467270404233266842', 398, '', '', '', '');
INSERT INTO `pc` VALUES ('505951596435940149', 399, '', '', '', '');
INSERT INTO `pc` VALUES ('682926643980978397', 400, '', '', '', '');
INSERT INTO `pc` VALUES ('401817433899870604', 401, '', '', '', '');
INSERT INTO `pc` VALUES ('556967535425955139', 402, '', '', '', '');
INSERT INTO `pc` VALUES ('956569913869575278', 403, '', '', '', '');
INSERT INTO `pc` VALUES ('252028223253075862', 404, '', '', '', '');
INSERT INTO `pc` VALUES ('627576645384552397', 405, '', '', '', '');
INSERT INTO `pc` VALUES ('599292585273259981', 406, '', '', '', '');
INSERT INTO `pc` VALUES ('364644369748616050', 407, '', '', '', '');
INSERT INTO `pc` VALUES ('461816446920846436', 408, '', '', '', '');
INSERT INTO `pc` VALUES ('947776945435754842', 409, '', '', '', '');
INSERT INTO `pc` VALUES ('233532285374553783', 410, '', '', '', '');
INSERT INTO `pc` VALUES ('492128427293139802', 411, '', '', '', '');
INSERT INTO `pc` VALUES ('379198322829187436', 412, '', '', '', '');
INSERT INTO `pc` VALUES ('274548222081587496', 413, '', '', '', '');
INSERT INTO `pc` VALUES ('529899511950892763', 414, '', '', '', '');
INSERT INTO `pc` VALUES ('601013678162020476', 415, '', '', '', '');
INSERT INTO `pc` VALUES ('100508129596510802', 416, '', '', '', '');
INSERT INTO `pc` VALUES ('182620106617648426', 417, '', '', '', '');
INSERT INTO `pc` VALUES ('718187734607161317', 418, '', '', '', '');
INSERT INTO `pc` VALUES ('792020705596059901', 419, '', '', '', '');
INSERT INTO `pc` VALUES ('890307830142309159', 420, '', '', '', '');
INSERT INTO `pc` VALUES ('101515154829560139', 421, '', '', '', '');
INSERT INTO `pc` VALUES ('923832988879822783', 422, '', '', '', '');
INSERT INTO `pc` VALUES ('951810903001875911', 423, '', '', '', '');
INSERT INTO `pc` VALUES ('582326545920358139', 424, '', '', '', '');
INSERT INTO `pc` VALUES ('489490407192438000', 425, '', '', '', '');
INSERT INTO `pc` VALUES ('962921990566906674', 426, '', '', '', '');
INSERT INTO `pc` VALUES ('826464867566432872', 427, '', '', '', '');
INSERT INTO `pc` VALUES ('938683970293603703', 428, '', '', '', '');
INSERT INTO `pc` VALUES ('070200002788287199', 429, '', '', '', '');
INSERT INTO `pc` VALUES ('953434969556415169', 430, '', '', '', '');
INSERT INTO `pc` VALUES ('153032185021055733', 431, '', '', '', '');
INSERT INTO `pc` VALUES ('919492980708401317', 432, '', '', '', '');
INSERT INTO `pc` VALUES ('822128821394192307', 433, '', '', '', '');
INSERT INTO `pc` VALUES ('533133579031113842', 434, '', '', '', '');
INSERT INTO `pc` VALUES ('955457932465485179', 435, '', '', '', '');
INSERT INTO `pc` VALUES ('151311191182395090', 436, '', '', '', '');
INSERT INTO `pc` VALUES ('108486147798430901', 437, '', '', '', '');
INSERT INTO `pc` VALUES ('170309112920387931', 438, '', '', '', '');
INSERT INTO `pc` VALUES ('228881293950872367', 439, '', '', '', '');
INSERT INTO `pc` VALUES ('407171493728170733', 440, '', '', '', '');
INSERT INTO `pc` VALUES ('472220400627207238', 441, '', '', '', '');
INSERT INTO `pc` VALUES ('954249918556225268', 442, '', '', '', '');
INSERT INTO `pc` VALUES ('812021893061071971', 443, '', '', '', '');
INSERT INTO `pc` VALUES ('557276545122255139', 444, '', '', '', '');
INSERT INTO `pc` VALUES ('634947637980933298', 445, '', '', '', '');
INSERT INTO `pc` VALUES ('975755954384767496', 446, '', '', '', '');
INSERT INTO `pc` VALUES ('692422686667449070', 447, '', '', '', '');
INSERT INTO `pc` VALUES ('978986944475967783', 448, '', '', '', '');
INSERT INTO `pc` VALUES ('845355857203334911', 449, '', '', '', '');
INSERT INTO `pc` VALUES ('718088722839081842', 450, '', '', '', '');
INSERT INTO `pc` VALUES ('617178623394171505', 451, '', '', '', '');
INSERT INTO `pc` VALUES ('478388422576387783', 452, '', '', '', '');
INSERT INTO `pc` VALUES ('937670908364623575', 453, '', '', '', '');
INSERT INTO `pc` VALUES ('999399910132309941', 454, '', '', '', '');
INSERT INTO `pc` VALUES ('992329911394399505', 455, '', '', '', '');
INSERT INTO `pc` VALUES ('877374861455397060', 456, '', '', '', '');
INSERT INTO `pc` VALUES ('099297033192279604', 457, '', '', '', '');
INSERT INTO `pc` VALUES ('091213077334239743', 458, '', '', '', '');
INSERT INTO `pc` VALUES ('424546447051532466', 459, '', '', '', '');
INSERT INTO `pc` VALUES ('900006948889020199', 460, '', '', '', '');
INSERT INTO `pc` VALUES ('509291594364260377', 461, '', '', '', '');
INSERT INTO `pc` VALUES ('838182888011123020', 462, '', '', '', '');
INSERT INTO `pc` VALUES ('921916945485952397', 463, '', '', '', '');
INSERT INTO `pc` VALUES ('466867432132886743', 464, '', '', '', '');
INSERT INTO `pc` VALUES ('567171594051166961', 465, '', '', '', '');
INSERT INTO `pc` VALUES ('756262785061255872', 466, '', '', '', '');
INSERT INTO `pc` VALUES ('287971292112988723', 467, '', '', '', '');
INSERT INTO `pc` VALUES ('258888223556875862', 468, '', '', '', '');
INSERT INTO `pc` VALUES ('095658025061659278', 469, '', '', '', '');
INSERT INTO `pc` VALUES ('461615457122636337', 470, '', '', '', '');
INSERT INTO `pc` VALUES ('802027831506090218', 471, '', '', '', '');
INSERT INTO `pc` VALUES ('592224568687229199', 472, '', '', '', '');
INSERT INTO `pc` VALUES ('030500001748593753', 473, '', '', '', '');
INSERT INTO `pc` VALUES ('834248824425263030', 474, '', '', '', '');
INSERT INTO `pc` VALUES ('111716143162771773', 475, '', '', '', '');
INSERT INTO `pc` VALUES ('384949314788968298', 476, '', '', '', '');
INSERT INTO `pc` VALUES ('361711390061706377', 477, '', '', '', '');
INSERT INTO `pc` VALUES ('443832481667894872', 478, '', '', '', '');
INSERT INTO `pc` VALUES ('026265054293262901', 479, '', '', '', '');
INSERT INTO `pc` VALUES ('866168824293166703', 480, '', '', '', '');
INSERT INTO `pc` VALUES ('649096647566034773', 481, '', '', '', '');
INSERT INTO `pc` VALUES ('011615054324661832', 482, '', '', '', '');
INSERT INTO `pc` VALUES ('301611392900680119', 483, '', '', '', '');
INSERT INTO `pc` VALUES ('398682382081689090', 484, '', '', '', '');
INSERT INTO `pc` VALUES ('326469316516442228', 485, '', '', '', '');
INSERT INTO `pc` VALUES ('862326843172376288', 486, '', '', '', '');
INSERT INTO `pc` VALUES ('202823277809830416', 487, '', '', '', '');
INSERT INTO `pc` VALUES ('676368621011397228', 488, '', '', '', '');
INSERT INTO `pc` VALUES ('103538126001540218', 489, '', '', '', '');
INSERT INTO `pc` VALUES ('718384761263391070', 490, '', '', '', '');
INSERT INTO `pc` VALUES ('885853878081828793', 491, '', '', '', '');
INSERT INTO `pc` VALUES ('208589218728520436', 492, '', '', '', '');
INSERT INTO `pc` VALUES ('900404966203440010', 493, '', '', '', '');
INSERT INTO `pc` VALUES ('508686549334610743', 494, '', '', '', '');
INSERT INTO `pc` VALUES ('237775253213773426', 495, '', '', '', '');
INSERT INTO `pc` VALUES ('923830907708832911', 496, '', '', '', '');
INSERT INTO `pc` VALUES ('262326242081386496', 497, '', '', '', '');
INSERT INTO `pc` VALUES ('368280306394246901', 498, '', '', '', '');
INSERT INTO `pc` VALUES ('817579813253571060', 499, '', '', '', '');
INSERT INTO `pc` VALUES ('829598824859562367', 500, '', '', '', '');
INSERT INTO `pc` VALUES ('685957633778978387', 501, '', '', '', '');
INSERT INTO `pc` VALUES ('738580708263523575', 502, '', '', '', '');
INSERT INTO `pc` VALUES ('417173479162111278', 503, '', '', '', '');
INSERT INTO `pc` VALUES ('454541491445595951', 504, '', '', '', '');
INSERT INTO `pc` VALUES ('454046447637035040', 505, '', '', '', '');
INSERT INTO `pc` VALUES ('013232083829271931', 506, '', '', '', '');
INSERT INTO `pc` VALUES ('476969419819917426', 507, '', '', '', '');
INSERT INTO `pc` VALUES ('134248122778283882', 508, '', '', '', '');
INSERT INTO `pc` VALUES ('555753575788755991', 509, '', '', '', '');
INSERT INTO `pc` VALUES ('551418520495405109', 510, '', '', '', '');
INSERT INTO `pc` VALUES ('104542189728510634', 511, '', '', '', '');
INSERT INTO `pc` VALUES ('693530609667519179', 512, '', '', '', '');
INSERT INTO `pc` VALUES ('339094367708033614', 513, '', '', '', '');
INSERT INTO `pc` VALUES ('787073772011088228', 514, '', '', '', '');
INSERT INTO `pc` VALUES ('822124863586172090', 515, '', '', '', '');
INSERT INTO `pc` VALUES ('903032985970050981', 516, '', '', '', '');
INSERT INTO `pc` VALUES ('368785350839706347', 517, '', '', '', '');
INSERT INTO `pc` VALUES ('029891095112852822', 518, '', '', '', '');
INSERT INTO `pc` VALUES ('223532288243522159', 519, '', '', '', '');
INSERT INTO `pc` VALUES ('697976643122979139', 520, '', '', '', '');
INSERT INTO `pc` VALUES ('254744264728765436', 521, '', '', '', '');
INSERT INTO `pc` VALUES ('257879216304845119', 522, '', '', '', '');
INSERT INTO `pc` VALUES ('103831190798800901', 523, '', '', '', '');
INSERT INTO `pc` VALUES ('125155156192142703', 524, '', '', '', '');
INSERT INTO `pc` VALUES ('561911593172976585', 525, '', '', '', '');
INSERT INTO `pc` VALUES ('641315651617394426', 526, '', '', '', '');
INSERT INTO `pc` VALUES ('522528525405552614', 527, '', '', '', '');
INSERT INTO `pc` VALUES ('238886248354823268', 528, '', '', '', '');
INSERT INTO `pc` VALUES ('598181594203169317', 529, '', '', '', '');
INSERT INTO `pc` VALUES ('399692385758659565', 530, '', '', '', '');
INSERT INTO `pc` VALUES ('729095757930032941', 531, '', '', '', '');
INSERT INTO `pc` VALUES ('227576241960592278', 532, '', '', '', '');
INSERT INTO `pc` VALUES ('975355954495367505', 533, '', '', '', '');
INSERT INTO `pc` VALUES ('897173872657189664', 534, '', '', '', '');
INSERT INTO `pc` VALUES ('591511596546549852', 535, '', '', '', '');
INSERT INTO `pc` VALUES ('994641993617679723', 536, '', '', '', '');
INSERT INTO `pc` VALUES ('206964269506910911', 537, '', '', '', '');
INSERT INTO `pc` VALUES ('343238320819204426', 538, '', '', '', '');
INSERT INTO `pc` VALUES ('562325553374376882', 539, '', '', '', '');
INSERT INTO `pc` VALUES ('160206145374256783', 540, '', '', '', '');
INSERT INTO `pc` VALUES ('413836446607841416', 541, '', '', '', '');
INSERT INTO `pc` VALUES ('773734767899737406', 542, '', '', '', '');
INSERT INTO `pc` VALUES ('586464566950448763', 543, '', '', '', '');
INSERT INTO `pc` VALUES ('168780108324726436', 544, '', '', '', '');
INSERT INTO `pc` VALUES ('586966545627958535', 545, '', '', '', '');
INSERT INTO `pc` VALUES ('738886749970813585', 546, '', '', '', '');
INSERT INTO `pc` VALUES ('063334068465326070', 547, '', '', '', '');
INSERT INTO `pc` VALUES ('488881495394858109', 548, '', '', '', '');
INSERT INTO `pc` VALUES ('269593275990556307', 549, '', '', '', '');
INSERT INTO `pc` VALUES ('257375255758355862', 550, '', '', '', '');
INSERT INTO `pc` VALUES ('474449419495417109', 551, '', '', '', '');
INSERT INTO `pc` VALUES ('659494669617415129', 552, '', '', '', '');
INSERT INTO `pc` VALUES ('215153276586141298', 553, '', '', '', '');
INSERT INTO `pc` VALUES ('567671595203656713', 554, '', '', '', '');
INSERT INTO `pc` VALUES ('245455255334454941', 555, '', '', '', '');
INSERT INTO `pc` VALUES ('807976846253940862', 556, '', '', '', '');
INSERT INTO `pc` VALUES ('300406347536430941', 557, '', '', '', '');
INSERT INTO `pc` VALUES ('743339711455394268', 558, '', '', '', '');
INSERT INTO `pc` VALUES ('316567338536521446', 559, '', '', '', '');
INSERT INTO `pc` VALUES ('000303074415360129', 560, '', '', '', '');
INSERT INTO `pc` VALUES ('297974268829929634', 561, '', '', '', '');
INSERT INTO `pc` VALUES ('781411794203468416', 562, '', '', '', '');
INSERT INTO `pc` VALUES ('690105656586149694', 563, '', '', '', '');
INSERT INTO `pc` VALUES ('626863678152822664', 564, '', '', '', '');
INSERT INTO `pc` VALUES ('284645254586668298', 565, '', '', '', '');
INSERT INTO `pc` VALUES ('926865957899832703', 566, '', '', '', '');
INSERT INTO `pc` VALUES ('566361596536346446', 567, '', '', '', '');
INSERT INTO `pc` VALUES ('829199814940162753', 568, '', '', '', '');
INSERT INTO `pc` VALUES ('229995254455962268', 569, '', '', '', '');
INSERT INTO `pc` VALUES ('066869016344846357', 570, '', '', '', '');
INSERT INTO `pc` VALUES ('374542385980557199', 571, '', '', '', '');
INSERT INTO `pc` VALUES ('768885759778816981', 572, '', '', '', '');
INSERT INTO `pc` VALUES ('252924268304925119', 573, '', '', '', '');
INSERT INTO `pc` VALUES ('798080701556099961', 574, '', '', '', '');
INSERT INTO `pc` VALUES ('563133572586186694', 575, '', '', '', '');
INSERT INTO `pc` VALUES ('000204063809270911', 576, '', '', '', '');
INSERT INTO `pc` VALUES ('834940800465903179', 577, '', '', '', '');
INSERT INTO `pc` VALUES ('227870209758812565', 578, '', '', '', '');
INSERT INTO `pc` VALUES ('700806749899810307', 579, '', '', '', '');
INSERT INTO `pc` VALUES ('196969118455929862', 580, '', '', '', '');
INSERT INTO `pc` VALUES ('128785155344752357', 581, '', '', '', '');
INSERT INTO `pc` VALUES ('853137830394105505', 582, '', '', '', '');
INSERT INTO `pc` VALUES ('286863277041838159', 583, '', '', '', '');
INSERT INTO `pc` VALUES ('372620300021607535', 584, '', '', '', '');
INSERT INTO `pc` VALUES ('518282582203281218', 585, '', '', '', '');
INSERT INTO `pc` VALUES ('571417530122407535', 586, '', '', '', '');
INSERT INTO `pc` VALUES ('995152984243169753', 587, '', '', '', '');
INSERT INTO `pc` VALUES ('717874764102861515', 588, '', '', '', '');
INSERT INTO `pc` VALUES ('524943574940962654', 589, '', '', '', '');
INSERT INTO `pc` VALUES ('290006246061049278', 590, '', '', '', '');
INSERT INTO `pc` VALUES ('820904869596912406', 591, '', '', '', '');
INSERT INTO `pc` VALUES ('239098225899053901', 592, '', '', '', '');
INSERT INTO `pc` VALUES ('824044864859062060', 593, '', '', '', '');
INSERT INTO `pc` VALUES ('486363476798348307', 594, '', '', '', '');
INSERT INTO `pc` VALUES ('505355551334390941', 595, '', '', '', '');
INSERT INTO `pc` VALUES ('481412481516498228', 596, '', '', '', '');
INSERT INTO `pc` VALUES ('500703576607740713', 597, '', '', '', '');
INSERT INTO `pc` VALUES ('810905851081991991', 598, '', '', '', '');
INSERT INTO `pc` VALUES ('763635756011646822', 599, '', '', '', '');
INSERT INTO `pc` VALUES ('989394964132368545', 600, '', '', '', '');
INSERT INTO `pc` VALUES ('975255952223287634', 601, '', '', '', '');
INSERT INTO `pc` VALUES ('914849915061851179', 602, '', '', '', '');
INSERT INTO `pc` VALUES ('777174767970137387', 603, '', '', '', '');
INSERT INTO `pc` VALUES ('071117038930127248', 604, '', '', '', '');
INSERT INTO `pc` VALUES ('971011994344067159', 605, '', '', '', '');
INSERT INTO `pc` VALUES ('821714869889712892', 606, '', '', '', '');
INSERT INTO `pc` VALUES ('495859415485859090', 607, '', '', '', '');
INSERT INTO `pc` VALUES ('118680103021671238', 608, '', '', '', '');
INSERT INTO `pc` VALUES ('936565952021583238', 609, '', '', '', '');
INSERT INTO `pc` VALUES ('094749012596789703', 610, '', '', '', '');
INSERT INTO `pc` VALUES ('829397836192342802', 611, '', '', '', '');
INSERT INTO `pc` VALUES ('301210309203210713', 612, '', '', '', '');
INSERT INTO `pc` VALUES ('152225155475255783', 613, '', '', '', '');
INSERT INTO `pc` VALUES ('412327437132331941', 614, '', '', '', '');
INSERT INTO `pc` VALUES ('079896049081817595', 615, '', '', '', '');
INSERT INTO `pc` VALUES ('664940604071966981', 616, '', '', '', '');
INSERT INTO `pc` VALUES ('036361090970303288', 617, '', '', '', '');
INSERT INTO `pc` VALUES ('430109414718163129', 618, '', '', '', '');
INSERT INTO `pc` VALUES ('210508220758501565', 619, '', '', '', '');
INSERT INTO `pc` VALUES ('039091096900043911', 620, '', '', '', '');
INSERT INTO `pc` VALUES ('312325357879331882', 621, '', '', '', '');
INSERT INTO `pc` VALUES ('699798625031759743', 622, '', '', '', '');
INSERT INTO `pc` VALUES ('604847635182850090', 623, '', '', '', '');
INSERT INTO `pc` VALUES ('563239511142296159', 624, '', '', '', '');
INSERT INTO `pc` VALUES ('131910101122993238', 625, '', '', '', '');
INSERT INTO `pc` VALUES ('726162785081152892', 626, '', '', '', '');
INSERT INTO `pc` VALUES ('429392484657362169', 627, '', '', '', '');
INSERT INTO `pc` VALUES ('986463975314458129', 628, '', '', '', '');
INSERT INTO `pc` VALUES ('049699014324664139', 629, '', '', '', '');
INSERT INTO `pc` VALUES ('067672081839696545', 630, '', '', '', '');
INSERT INTO `pc` VALUES ('610603674687661397', 631, '', '', '', '');
INSERT INTO `pc` VALUES ('863032883647076357', 632, '', '', '', '');
INSERT INTO `pc` VALUES ('019294062011281020', 633, '', '', '', '');
INSERT INTO `pc` VALUES ('227075250031002644', 634, '', '', '', '');
INSERT INTO `pc` VALUES ('647877632697884406', 635, '', '', '', '');
INSERT INTO `pc` VALUES ('364145359253116664', 636, '', '', '', '');
INSERT INTO `pc` VALUES ('868080808091026901', 637, '', '', '', '');
INSERT INTO `pc` VALUES ('740908720172904189', 638, '', '', '', '');
INSERT INTO `pc` VALUES ('801513879263510377', 639, '', '', '', '');
INSERT INTO `pc` VALUES ('221415259324412535', 640, '', '', '', '');
INSERT INTO `pc` VALUES ('543130500637104644', 641, '', '', '', '');
INSERT INTO `pc` VALUES ('471517433162577971', 642, '', '', '', '');
INSERT INTO `pc` VALUES ('494541492526589634', 643, '', '', '', '');
INSERT INTO `pc` VALUES ('378086344031067743', 644, '', '', '', '');
INSERT INTO `pc` VALUES ('559097537839035842', 645, '', '', '', '');
INSERT INTO `pc` VALUES ('523334565788352298', 646, '', '', '', '');
INSERT INTO `pc` VALUES ('283639211001698812', 647, '', '', '', '');
INSERT INTO `pc` VALUES ('235853273283873694', 648, '', '', '', '');
INSERT INTO `pc` VALUES ('103938129637910248', 649, '', '', '', '');
INSERT INTO `pc` VALUES ('186364160031308149', 650, '', '', '', '');
INSERT INTO `pc` VALUES ('004548023011570228', 651, '', '', '', '');
INSERT INTO `pc` VALUES ('028489017940432852', 652, '', '', '', '');
INSERT INTO `pc` VALUES ('881516841899598901', 653, '', '', '', '');
INSERT INTO `pc` VALUES ('626563675788552793', 654, '', '', '', '');
INSERT INTO `pc` VALUES ('069590001192596901', 655, '', '', '', '');
INSERT INTO `pc` VALUES ('692722684970769189', 656, '', '', '', '');
INSERT INTO `pc` VALUES ('680009618940028159', 657, '', '', '', '');
INSERT INTO `pc` VALUES ('451514462112585525', 658, '', '', '', '');
INSERT INTO `pc` VALUES ('137871196758843169', 659, '', '', '', '');
INSERT INTO `pc` VALUES ('273731295728757030', 660, '', '', '', '');
INSERT INTO `pc` VALUES ('000109012102180812', 661, '', '', '', '');
INSERT INTO `pc` VALUES ('952226946536245644', 662, '', '', '', '');
INSERT INTO `pc` VALUES ('749496745223454634', 663, '', '', '', '');
INSERT INTO `pc` VALUES ('581611592273688783', 664, '', '', '', '');
INSERT INTO `pc` VALUES ('182421193940478159', 665, '', '', '', '');
INSERT INTO `pc` VALUES ('958280903102275317', 666, '', '', '', '');
INSERT INTO `pc` VALUES ('968388920374306486', 667, '', '', '', '');
INSERT INTO `pc` VALUES ('009990005687950090', 668, '', '', '', '');
INSERT INTO `pc` VALUES ('049793074102764713', 669, '', '', '', '');
INSERT INTO `pc` VALUES ('930000901849093258', 670, '', '', '', '');
INSERT INTO `pc` VALUES ('003537033809570119', 671, '', '', '', '');
INSERT INTO `pc` VALUES ('258186240627105337', 672, '', '', '', '');
INSERT INTO `pc` VALUES ('129193171091192901', 673, '', '', '', '');
INSERT INTO `pc` VALUES ('219890205516851624', 674, '', '', '', '');
INSERT INTO `pc` VALUES ('281016249415018723', 675, '', '', '', '');
INSERT INTO `pc` VALUES ('370108328930127842', 676, '', '', '', '');
INSERT INTO `pc` VALUES ('326864367081832793', 677, '', '', '', '');
INSERT INTO `pc` VALUES ('660308622445386654', 678, '', '', '', '');
INSERT INTO `pc` VALUES ('240202280990204604', 679, '', '', '', '');
INSERT INTO `pc` VALUES ('914945958495921000', 680, '', '', '', '');
INSERT INTO `pc` VALUES ('780301799596318703', 681, '', '', '', '');
INSERT INTO `pc` VALUES ('760906741920996337', 682, '', '', '', '');
INSERT INTO `pc` VALUES ('232529216455543862', 683, '', '', '', '');
INSERT INTO `pc` VALUES ('037171091102193119', 684, '', '', '', '');
INSERT INTO `pc` VALUES ('240509219465514179', 685, '', '', '', '');
INSERT INTO `pc` VALUES ('689992684596968505', 686, '', '', '', '');
INSERT INTO `pc` VALUES ('443932484314964525', 687, '', '', '', '');
INSERT INTO `pc` VALUES ('534846543021873337', 688, '', '', '', '');
INSERT INTO `pc` VALUES ('124840105122852436', 689, '', '', '', '');
INSERT INTO `pc` VALUES ('613432681950491169', 690, '', '', '', '');
INSERT INTO `pc` VALUES ('515458529990411901', 691, '', '', '', '');
INSERT INTO `pc` VALUES ('729496747738432040', 692, '', '', '', '');
INSERT INTO `pc` VALUES ('581216544526268139', 693, '', '', '', '');
INSERT INTO `pc` VALUES ('183038124506068317', 694, '', '', '', '');
INSERT INTO `pc` VALUES ('280305256647348050', 695, '', '', '', '');
INSERT INTO `pc` VALUES ('760608721667696971', 696, '', '', '', '');
INSERT INTO `pc` VALUES ('047372084930364842', 697, '', '', '', '');
INSERT INTO `pc` VALUES ('028189017334132149', 698, '', '', '', '');
INSERT INTO `pc` VALUES ('617272683263271476', 699, '', '', '', '');
INSERT INTO `pc` VALUES ('462524464536566248', 700, '', '', '', '');
INSERT INTO `pc` VALUES ('714146747152131763', 701, '', '', '', '');
INSERT INTO `pc` VALUES ('999290901384299090', 702, '', '', '', '');
INSERT INTO `pc` VALUES ('531010502091083901', 703, '', '', '', '');
INSERT INTO `pc` VALUES ('708280709354210060', 704, '', '', '', '');
INSERT INTO `pc` VALUES ('608982687526930238', 705, '', '', '', '');
INSERT INTO `pc` VALUES ('641412689586414595', 706, '', '', '', '');
INSERT INTO `pc` VALUES ('296567237910539228', 707, '', '', '', '');
INSERT INTO `pc` VALUES ('672720607152737961', 708, '', '', '', '');
INSERT INTO `pc` VALUES ('863639818708626911', 709, '', '', '', '');
INSERT INTO `pc` VALUES ('341710305627754238', 710, '', '', '', '');
INSERT INTO `pc` VALUES ('478087433455077466', 711, '', '', '', '');
INSERT INTO `pc` VALUES ('519793577223731535', 712, '', '', '', '');
INSERT INTO `pc` VALUES ('332128329465113674', 713, '', '', '', '');
INSERT INTO `pc` VALUES ('214749219344711258', 714, '', '', '', '');
INSERT INTO `pc` VALUES ('670206640122207436', 715, '', '', '', '');
INSERT INTO `pc` VALUES ('250109215859155763', 716, '', '', '', '');
INSERT INTO `pc` VALUES ('795057736162049872', 717, '', '', '', '');
INSERT INTO `pc` VALUES ('353033371899095208', 718, '', '', '', '');
INSERT INTO `pc` VALUES ('259395251425395436', 719, '', '', '', '');
INSERT INTO `pc` VALUES ('910106948910121129', 720, '', '', '', '');
INSERT INTO `pc` VALUES ('107571199889510090', 721, '', '', '', '');
INSERT INTO `pc` VALUES ('435551494455563367', 722, '', '', '', '');
INSERT INTO `pc` VALUES ('648880605314854624', 723, '', '', '', '');
INSERT INTO `pc` VALUES ('706662786627640030', 724, '', '', '', '');
INSERT INTO `pc` VALUES ('780702785041758357', 725, '', '', '', '');
INSERT INTO `pc` VALUES ('236366241334393941', 726, '', '', '', '');
INSERT INTO `pc` VALUES ('753231794415265327', 727, '', '', '', '');
INSERT INTO `pc` VALUES ('221610201445692555', 728, '', '', '', '');
INSERT INTO `pc` VALUES ('357178324091165703', 729, '', '', '', '');
INSERT INTO `pc` VALUES ('589697535465658476', 730, '', '', '', '');
INSERT INTO `pc` VALUES ('679296642708287416', 731, '', '', '', '');
INSERT INTO `pc` VALUES ('607971690859900268', 732, '', '', '', '');
INSERT INTO `pc` VALUES ('969091991506096218', 733, '', '', '', '');
INSERT INTO `pc` VALUES ('323838326001842812', 734, '', '', '', '');
INSERT INTO `pc` VALUES ('615955654526961238', 735, '', '', '', '');
INSERT INTO `pc` VALUES ('591315554334369941', 736, '', '', '', '');
INSERT INTO `pc` VALUES ('460906445940956050', 737, '', '', '', '');
INSERT INTO `pc` VALUES ('618288620041201456', 738, '', '', '', '');
INSERT INTO `pc` VALUES ('393531398465529179', 739, '', '', '', '');
INSERT INTO `pc` VALUES ('628782684809762911', 740, '', '', '', '');
INSERT INTO `pc` VALUES ('086365054263368674', 741, '', '', '', '');
INSERT INTO `pc` VALUES ('143737132819784228', 742, '', '', '', '');
INSERT INTO `pc` VALUES ('209095256364040872', 743, '', '', '', '');
INSERT INTO `pc` VALUES ('840805852112884525', 744, '', '', '', '');
INSERT INTO `pc` VALUES ('709699717465630773', 745, '', '', '', '');
INSERT INTO `pc` VALUES ('779498728142427654', 746, '', '', '', '');
INSERT INTO `pc` VALUES ('214445256667441179', 747, '', '', '', '');
INSERT INTO `pc` VALUES ('032424064172463684', 748, '', '', '', '');
INSERT INTO `pc` VALUES ('325054365536052149', 749, '', '', '', '');
INSERT INTO `pc` VALUES ('025357032162382971', 750, '', '', '', '');
INSERT INTO `pc` VALUES ('946969919334914040', 751, '', '', '', '');
INSERT INTO `pc` VALUES ('447270401374294981', 752, '', '', '', '');
INSERT INTO `pc` VALUES ('470602480041607654', 753, '', '', '', '');
INSERT INTO `pc` VALUES ('867677835354656862', 754, '', '', '', '');
INSERT INTO `pc` VALUES ('201711294445760258', 755, '', '', '', '');
INSERT INTO `pc` VALUES ('479299417566237773', 756, '', '', '', '');
INSERT INTO `pc` VALUES ('724642788223622634', 757, '', '', '', '');
INSERT INTO `pc` VALUES ('608481697334430446', 758, '', '', '', '');
INSERT INTO `pc` VALUES ('499695456637649941', 759, '', '', '', '');
INSERT INTO `pc` VALUES ('782124762344188951', 760, '', '', '', '');
INSERT INTO `pc` VALUES ('656366643334375743', 761, '', '', '', '');
INSERT INTO `pc` VALUES ('472529410455507060', 762, '', '', '', '');
INSERT INTO `pc` VALUES ('618085650920001436', 763, '', '', '', '');
INSERT INTO `pc` VALUES ('196261198849229951', 764, '', '', '', '');
INSERT INTO `pc` VALUES ('013431099829411634', 765, '', '', '', '');
INSERT INTO `pc` VALUES ('508283575415250723', 766, '', '', '', '');
INSERT INTO `pc` VALUES ('785752784293768604', 767, '', '', '', '');
INSERT INTO `pc` VALUES ('545058526102044614', 768, '', '', '', '');
INSERT INTO `pc` VALUES ('340503374465564278', 769, '', '', '', '');
INSERT INTO `pc` VALUES ('171912189132917842', 770, '', '', '', '');
INSERT INTO `pc` VALUES ('459992484192965406', 771, '', '', '', '');
INSERT INTO `pc` VALUES ('401218427031230743', 772, '', '', '', '');
INSERT INTO `pc` VALUES ('283937230203908010', 773, '', '', '', '');
INSERT INTO `pc` VALUES ('551711591324795832', 774, '', '', '', '');
INSERT INTO `pc` VALUES ('062426045415456228', 775, '', '', '', '');
INSERT INTO `pc` VALUES ('616668623081671595', 776, '', '', '', '');
INSERT INTO `pc` VALUES ('446161493607174812', 777, '', '', '', '');
INSERT INTO `pc` VALUES ('297878229384819090', 778, '', '', '', '');
INSERT INTO `pc` VALUES ('028683076011642723', 779, '', '', '', '');
INSERT INTO `pc` VALUES ('746160703243174654', 780, '', '', '', '');
INSERT INTO `pc` VALUES ('367573371162596476', 781, '', '', '', '');
INSERT INTO `pc` VALUES ('302824365627850832', 782, '', '', '', '');
INSERT INTO `pc` VALUES ('825856843718872020', 783, '', '', '', '');
INSERT INTO `pc` VALUES ('045556040930504149', 784, '', '', '', '');
INSERT INTO `pc` VALUES ('698680608708629911', 785, '', '', '', '');
INSERT INTO `pc` VALUES ('841513876627544139', 786, '', '', '', '');
INSERT INTO `pc` VALUES ('269799210435706743', 787, '', '', '', '');
INSERT INTO `pc` VALUES ('101411195647450258', 788, '', '', '', '');
INSERT INTO `pc` VALUES ('892829817627839238', 789, '', '', '', '');
INSERT INTO `pc` VALUES ('974541999819517020', 790, '', '', '', '');
INSERT INTO `pc` VALUES ('937378927990333307', 791, '', '', '', '');
INSERT INTO `pc` VALUES ('142627133889674397', 792, '', '', '', '');
INSERT INTO `pc` VALUES ('695254668788229595', 793, '', '', '', '');
INSERT INTO `pc` VALUES ('948489915152454565', 794, '', '', '', '');
INSERT INTO `pc` VALUES ('811115858384121595', 795, '', '', '', '');
INSERT INTO `pc` VALUES ('086368023768378278', 796, '', '', '', '');
INSERT INTO `pc` VALUES ('053230006576245189', 797, '', '', '', '');
INSERT INTO `pc` VALUES ('121616145899652901', 798, '', '', '', '');
INSERT INTO `pc` VALUES ('272321290798307604', 799, '', '', '', '');
INSERT INTO `pc` VALUES ('469796446495746406', 800, '', '', '', '');
INSERT INTO `pc` VALUES ('091211095900259614', 801, '', '', '', '');
INSERT INTO `pc` VALUES ('342229310506204416', 802, '', '', '', '');
INSERT INTO `pc` VALUES ('467177437445136159', 803, '', '', '', '');
INSERT INTO `pc` VALUES ('477370400940307159', 804, '', '', '', '');
INSERT INTO `pc` VALUES ('473237439213217525', 805, '', '', '', '');
INSERT INTO `pc` VALUES ('163831199657816060', 806, '', '', '', '');
INSERT INTO `pc` VALUES ('378381398506327317', 807, '', '', '', '');
INSERT INTO `pc` VALUES ('566769510455706862', 808, '', '', '', '');
INSERT INTO `pc` VALUES ('116163175011151624', 809, '', '', '', '');
INSERT INTO `pc` VALUES ('690704667607739218', 810, '', '', '', '');
INSERT INTO `pc` VALUES ('788685752617688525', 811, '', '', '', '');
INSERT INTO `pc` VALUES ('546268527132234644', 812, '', '', '', '');
INSERT INTO `pc` VALUES ('880308827405338911', 813, '', '', '', '');
INSERT INTO `pc` VALUES ('960003979960016179', 814, '', '', '', '');
INSERT INTO `pc` VALUES ('445256441465294971', 815, '', '', '', '');
INSERT INTO `pc` VALUES ('422720408425722139', 816, '', '', '', '');
INSERT INTO `pc` VALUES ('412824461001891812', 817, '', '', '', '');
INSERT INTO `pc` VALUES ('419095450304001911', 818, '', '', '', '');
INSERT INTO `pc` VALUES ('719498722627481238', 819, '', '', '', '');
INSERT INTO `pc` VALUES ('258080207021035337', 820, '', '', '', '');
INSERT INTO `pc` VALUES ('190207137839239644', 821, '', '', '', '');
INSERT INTO `pc` VALUES ('743938724253964961', 822, '', '', '', '');
INSERT INTO `pc` VALUES ('589791595081758199', 823, '', '', '', '');
INSERT INTO `pc` VALUES ('121717136809742317', 824, '', '', '', '');
INSERT INTO `pc` VALUES ('947472980354404060', 825, '', '', '', '');
INSERT INTO `pc` VALUES ('920302981516392525', 826, '', '', '', '');
INSERT INTO `pc` VALUES ('852322887011335723', 827, '', '', '', '');
INSERT INTO `pc` VALUES ('769493772506486010', 828, '', '', '', '');
INSERT INTO `pc` VALUES ('098382086324349030', 829, '', '', '', '');
INSERT INTO `pc` VALUES ('778286745677257684', 830, '', '', '', '');
INSERT INTO `pc` VALUES ('795954767001939812', 831, '', '', '', '');
INSERT INTO `pc` VALUES ('072026043920077832', 832, '', '', '', '');
INSERT INTO `pc` VALUES ('074340005576357080', 833, '', '', '', '');
INSERT INTO `pc` VALUES ('262024265122056931', 834, '', '', '', '');
INSERT INTO `pc` VALUES ('294042287576039486', 835, '', '', '', '');
INSERT INTO `pc` VALUES ('808989819899910208', 836, '', '', '', '');
INSERT INTO `pc` VALUES ('042220006657244466', 837, '', '', '', '');
INSERT INTO `pc` VALUES ('474446445112457129', 838, '', '', '', '');
INSERT INTO `pc` VALUES ('378082380314007426', 839, '', '', '', '');
INSERT INTO `pc` VALUES ('588785554162768872', 840, '', '', '', '');
INSERT INTO `pc` VALUES ('550104564697165901', 841, '', '', '', '');
INSERT INTO `pc` VALUES ('129990104172962981', 842, '', '', '', '');
INSERT INTO `pc` VALUES ('479997435708957416', 843, '', '', '', '');
INSERT INTO `pc` VALUES ('618781691142791654', 844, '', '', '', '');
INSERT INTO `pc` VALUES ('011412089920411931', 845, '', '', '', '');
INSERT INTO `pc` VALUES ('106163171495190901', 846, '', '', '', '');
INSERT INTO `pc` VALUES ('007170009182110298', 847, '', '', '', '');
INSERT INTO `pc` VALUES ('499290403374279387', 848, '', '', '', '');
INSERT INTO `pc` VALUES ('395652388031629040', 849, '', '', '', '');
INSERT INTO `pc` VALUES ('713837739243811951', 850, '', '', '', '');
INSERT INTO `pc` VALUES ('315655354243661654', 851, '', '', '', '');
INSERT INTO `pc` VALUES ('892328826899349000', 852, '', '', '', '');
INSERT INTO `pc` VALUES ('637778622293783000', 853, '', '', '', '');
INSERT INTO `pc` VALUES ('409990400182900298', 854, '', '', '', '');
INSERT INTO `pc` VALUES ('684945656899948802', 855, '', '', '', '');
INSERT INTO `pc` VALUES ('648081690718004327', 856, '', '', '', '');
INSERT INTO `pc` VALUES ('346368328142324951', 857, '', '', '', '');
INSERT INTO `pc` VALUES ('449892484506864911', 858, '', '', '', '');
INSERT INTO `pc` VALUES ('817273879445211050', 859, '', '', '', '');
INSERT INTO `pc` VALUES ('480409419536418248', 860, '', '', '', '');
INSERT INTO `pc` VALUES ('334549313536573545', 861, '', '', '', '');
INSERT INTO `pc` VALUES ('747372782344384852', 862, '', '', '', '');
INSERT INTO `pc` VALUES ('386763373718778624', 863, '', '', '', '');
INSERT INTO `pc` VALUES ('195355158213329020', 864, '', '', '', '');
INSERT INTO `pc` VALUES ('133237134203263119', 865, '', '', '', '');
INSERT INTO `pc` VALUES ('794142787940139951', 866, '', '', '', '');
INSERT INTO `pc` VALUES ('726163777809132119', 867, '', '', '', '');
INSERT INTO `pc` VALUES ('059098029778015783', 868, '', '', '', '');
INSERT INTO `pc` VALUES ('909798924182760892', 869, '', '', '', '');
INSERT INTO `pc` VALUES ('952727937102735218', 870, '', '', '', '');
INSERT INTO `pc` VALUES ('681519619758518367', 871, '', '', '', '');
INSERT INTO `pc` VALUES ('303033374546060050', 872, '', '', '', '');
INSERT INTO `pc` VALUES ('232421297465433674', 873, '', '', '', '');
INSERT INTO `pc` VALUES ('736260702546283555', 874, '', '', '', '');
INSERT INTO `pc` VALUES ('866365856728346436', 875, '', '', '', '');
INSERT INTO `pc` VALUES ('504740502425780535', 876, '', '', '', '');
INSERT INTO `pc` VALUES ('048689019394614802', 877, '', '', '', '');
INSERT INTO `pc` VALUES ('616465650425401337', 878, '', '', '', '');
INSERT INTO `pc` VALUES ('152920104748965456', 879, '', '', '', '');
INSERT INTO `pc` VALUES ('884643876405648218', 880, '', '', '', '');
INSERT INTO `pc` VALUES ('271513279536517446', 881, '', '', '', '');
INSERT INTO `pc` VALUES ('782824767213838822', 882, '', '', '', '');
INSERT INTO `pc` VALUES ('263837235647856159', 883, '', '', '', '');
INSERT INTO `pc` VALUES ('499196449324119238', 884, '', '', '', '');
INSERT INTO `pc` VALUES ('721216745475252684', 885, '', '', '', '');
INSERT INTO `pc` VALUES ('641917636788944199', 886, '', '', '', '');
INSERT INTO `pc` VALUES ('763030707021036030', 887, '', '', '', '');
INSERT INTO `pc` VALUES ('211816247455831664', 888, '', '', '', '');
INSERT INTO `pc` VALUES ('354149310394105000', 889, '', '', '', '');
INSERT INTO `pc` VALUES ('576764564061767070', 890, '', '', '', '');
INSERT INTO `pc` VALUES ('561512585738556545', 891, '', '', '', '');
INSERT INTO `pc` VALUES ('512427539849411753', 892, '', '', '', '');
INSERT INTO `pc` VALUES ('081916040879908080', 893, '', '', '', '');
INSERT INTO `pc` VALUES ('833435853203473812', 894, '', '', '', '');
INSERT INTO `pc` VALUES ('775956744627967535', 895, '', '', '', '');
INSERT INTO `pc` VALUES ('524441592910482624', 896, '', '', '', '');
INSERT INTO `pc` VALUES ('921411991192492703', 897, '', '', '', '');
INSERT INTO `pc` VALUES ('978286949900217119', 898, '', '', '', '');
INSERT INTO `pc` VALUES ('926266948384222496', 899, '', '', '', '');
INSERT INTO `pc` VALUES ('284849214859868763', 900, '', '', '', '');
INSERT INTO `pc` VALUES ('462625458162626278', 901, '', '', '', '');
INSERT INTO `pc` VALUES ('224043271233092446', 902, '', '', '', '');
INSERT INTO `pc` VALUES ('648083670485004496', 903, '', '', '', '');
INSERT INTO `pc` VALUES ('739391792506383812', 904, '', '', '', '');
INSERT INTO `pc` VALUES ('994344965647359357', 905, '', '', '', '');
INSERT INTO `pc` VALUES ('451311495051355961', 906, '', '', '', '');
INSERT INTO `pc` VALUES ('056465058718425624', 907, '', '', '', '');
INSERT INTO `pc` VALUES ('389298324071268189', 908, '', '', '', '');
INSERT INTO `pc` VALUES ('988982982071988783', 909, '', '', '', '');
INSERT INTO `pc` VALUES ('878289812344287654', 910, '', '', '', '');
INSERT INTO `pc` VALUES ('010505053051571169', 911, '', '', '', '');
INSERT INTO `pc` VALUES ('396466347243439159', 912, '', '', '', '');
INSERT INTO `pc` VALUES ('611915652798981703', 913, '', '', '', '');
INSERT INTO `pc` VALUES ('561710507263736278', 914, '', '', '', '');
INSERT INTO `pc` VALUES ('127877139061812773', 915, '', '', '', '');
INSERT INTO `pc` VALUES ('011618021607691713', 916, '', '', '', '');
INSERT INTO `pc` VALUES ('440605451950694763', 917, '', '', '', '');
INSERT INTO `pc` VALUES ('853038828475025882', 918, '', '', '', '');
INSERT INTO `pc` VALUES ('256268223445275159', 919, '', '', '', '');
INSERT INTO `pc` VALUES ('759899716455845664', 920, '', '', '', '');
INSERT INTO `pc` VALUES ('625356645718352129', 921, '', '', '', '');
INSERT INTO `pc` VALUES ('324944365849952852', 922, '', '', '', '');
INSERT INTO `pc` VALUES ('999897937213839228', 923, '', '', '', '');
INSERT INTO `pc` VALUES ('111411199506411416', 924, '', '', '', '');
INSERT INTO `pc` VALUES ('335356343708373713', 925, '', '', '', '');
INSERT INTO `pc` VALUES ('324543378859522763', 926, '', '', '', '');
INSERT INTO `pc` VALUES ('182627136627648337', 927, '', '', '', '');
INSERT INTO `pc` VALUES ('801611894839660941', 928, '', '', '', '');
INSERT INTO `pc` VALUES ('000201095263250674', 929, '', '', '', '');
INSERT INTO `pc` VALUES ('926163974869162179', 930, '', '', '', '');
INSERT INTO `pc` VALUES ('691716642657789268', 931, '', '', '', '');
INSERT INTO `pc` VALUES ('787274761324298030', 932, '', '', '', '');
INSERT INTO `pc` VALUES ('618984662374981783', 933, '', '', '', '');
INSERT INTO `pc` VALUES ('745753776687744090', 934, '', '', '', '');
INSERT INTO `pc` VALUES ('660705651324796238', 935, '', '', '', '');
INSERT INTO `pc` VALUES ('495956447798939505', 936, '', '', '', '');
INSERT INTO `pc` VALUES ('380501395041558951', 937, '', '', '', '');
INSERT INTO `pc` VALUES ('238086245273053783', 938, '', '', '', '');
INSERT INTO `pc` VALUES ('992823971011899020', 939, '', '', '', '');
INSERT INTO `pc` VALUES ('327278322162282476', 940, '', '', '', '');
INSERT INTO `pc` VALUES ('030104062526183139', 941, '', '', '', '');
INSERT INTO `pc` VALUES ('397872386768849971', 942, '', '', '', '');
INSERT INTO `pc` VALUES ('310308321798391703', 943, '', '', '', '');
INSERT INTO `pc` VALUES ('854146848627125436', 944, '', '', '', '');
INSERT INTO `pc` VALUES ('170006147657037763', 945, '', '', '', '');
INSERT INTO `pc` VALUES ('009391090233300842', 946, '', '', '', '');
INSERT INTO `pc` VALUES ('084244066647248456', 947, '', '', '', '');
INSERT INTO `pc` VALUES ('214745257809731515', 948, '', '', '', '');
INSERT INTO `pc` VALUES ('920808923394872703', 949, '', '', '', '');
INSERT INTO `pc` VALUES ('624545656859542367', 950, '', '', '', '');
INSERT INTO `pc` VALUES ('364740302869786773', 951, '', '', '', '');
INSERT INTO `pc` VALUES ('182527137344538951', 952, '', '', '', '');
INSERT INTO `pc` VALUES ('910405953405471911', 953, '', '', '', '');
INSERT INTO `pc` VALUES ('752225759001215713', 954, '', '', '', '');
INSERT INTO `pc` VALUES ('978782987223737139', 955, '', '', '', '');
INSERT INTO `pc` VALUES ('659491692899485307', 956, '', '', '', '');
INSERT INTO `pc` VALUES ('305652384809660010', 957, '', '', '', '');
INSERT INTO `pc` VALUES ('915057933415071624', 958, '', '', '', '');
INSERT INTO `pc` VALUES ('047075056405044218', 959, '', '', '', '');
INSERT INTO `pc` VALUES ('023531095516552426', 960, '', '', '', '');
INSERT INTO `pc` VALUES ('124144166536142644', 961, '', '', '', '');
INSERT INTO `pc` VALUES ('790506745687559694', 962, '', '', '', '');
INSERT INTO `pc` VALUES ('785550700859508763', 963, '', '', '', '');
INSERT INTO `pc` VALUES ('793336745354359565', 964, '', '', '', '');
INSERT INTO `pc` VALUES ('665550609071516684', 965, '', '', '', '');
INSERT INTO `pc` VALUES ('132928121889993199', 966, '', '', '', '');
INSERT INTO `pc` VALUES ('186766148041728258', 967, '', '', '', '');
INSERT INTO `pc` VALUES ('390604360637609644', 968, '', '', '', '');
INSERT INTO `pc` VALUES ('973130908980127298', 969, '', '', '', '');
INSERT INTO `pc` VALUES ('207279215233250446', 970, '', '', '', '');
INSERT INTO `pc` VALUES ('281214268071228783', 971, '', '', '', '');
INSERT INTO `pc` VALUES ('981810902960888377', 972, '', '', '', '');
INSERT INTO `pc` VALUES ('492220403435279040', 973, '', '', '', '');
INSERT INTO `pc` VALUES ('750307739788315397', 974, '', '', '', '');
INSERT INTO `pc` VALUES ('274349215657357961', 975, '', '', '', '');
INSERT INTO `pc` VALUES ('977371997081337694', 976, '', '', '', '');
INSERT INTO `pc` VALUES ('599596542314589129', 977, '', '', '', '');
INSERT INTO `pc` VALUES ('329390301182392199', 978, '', '', '', '');
INSERT INTO `pc` VALUES ('818682888920621139', 979, '', '', '', '');
INSERT INTO `pc` VALUES ('070500003203577515', 980, '', '', '', '');
INSERT INTO `pc` VALUES ('351719317041735753', 981, '', '', '', '');
INSERT INTO `pc` VALUES ('449895456213844921', 982, '', '', '', '');
INSERT INTO `pc` VALUES ('746666741061694476', 983, '', '', '', '');
INSERT INTO `pc` VALUES ('919498921031491743', 984, '', '', '', '');
INSERT INTO `pc` VALUES ('862725852697786307', 985, '', '', '', '');
INSERT INTO `pc` VALUES ('804243870495200505', 986, '', '', '', '');
INSERT INTO `pc` VALUES ('481015456001048218', 987, '', '', '', '');
INSERT INTO `pc` VALUES ('301611396980640199', 988, '', '', '', '');
INSERT INTO `pc` VALUES ('188787139425718030', 989, '', '', '', '');
INSERT INTO `pc` VALUES ('294247236576249882', 990, '', '', '', '');
INSERT INTO `pc` VALUES ('890202881950299060', 991, '', '', '', '');
INSERT INTO `pc` VALUES ('819690806667641476', 992, '', '', '', '');
INSERT INTO `pc` VALUES ('934440901011493426', 993, '', '', '', '');
INSERT INTO `pc` VALUES ('331411394203463218', 994, '', '', '', '');
INSERT INTO `pc` VALUES ('195254164223269832', 995, '', '', '', '');
INSERT INTO `pc` VALUES ('784147731021198139', 996, '', '', '', '');
INSERT INTO `pc` VALUES ('721214765930252446', 997, '', '', '', '');
INSERT INTO `pc` VALUES ('962127931223196832', 998, '', '', '', '');
INSERT INTO `pc` VALUES ('427278427354232169', 999, '00:E0:4C:10:AA:00', '0383F9FF00000686', '-2027687366', '');
INSERT INTO `pc` VALUES ('153734161142795456', 1000, '00:E0:4C:10:AA:92', '3FEBFBFF00000F24', '-2116910638', '192.168.1.100');

-- --------------------------------------------------------

-- 
-- 表的结构 `pc_hw`
-- 

CREATE TABLE `pc_hw` (
  `UserId` int(12) NOT NULL default '0',
  `PcName` varchar(30) NOT NULL default '',
  `Cpu` varchar(50) NOT NULL default '',
  `CpuCore` char(2) NOT NULL default '',
  `RamSize` varchar(10) NOT NULL default '',
  `Hdd1` varchar(20) NOT NULL default '',
  `Hdd1Size` varchar(10) NOT NULL default '',
  `Hdd2` varchar(20) NOT NULL default '',
  `Hdd2Size` varchar(10) NOT NULL default '',
  `Hdd2Id` varchar(20) NOT NULL default '',
  `HddPart` varchar(10) NOT NULL default '',
  `Nic` varchar(20) NOT NULL default '',
  `Dhcp` char(1) NOT NULL default '',
  `DhcpIp` varchar(11) NOT NULL default ''
) ENGINE=MyISAM DEFAULT CHARSET=gb2312;

-- 
-- 导出表中的数据 `pc_hw`
-- 

INSERT INTO `pc_hw` VALUES (168, '', 'Intel Celeron 处理器', '1', '254.47', 'Maxtor 6E040L0', '38.28', '', '', '', 'C---D---E-', '', '', '');
INSERT INTO `pc_hw` VALUES (170, '', '', '', '', '', '', '', '', '', '', '', '', '');
INSERT INTO `pc_hw` VALUES (169, 'pc-1', 'Intel(R) Pentium(R) 4 CPU 1.60GHz', '1', '247.52', 'Maxtor 6K040L0', '38.28', 'Seagat 333', '120.55', '8457938753', 'C---D---E', '[00000002] Realtek R', 'T', '192.168.1.1');
INSERT INTO `pc_hw` VALUES (171, '', '', '', '', '', '', '', '', '', '', '', '', '');
INSERT INTO `pc_hw` VALUES (172, '', '', '', '', '', '', '', '', '', '', '', '', '');
INSERT INTO `pc_hw` VALUES (173, '', '', '', '', '', '', '', '', '', '', '', '', '');
INSERT INTO `pc_hw` VALUES (174, '', '', '', '', '', '', '', '', '', '', '', '', '');
INSERT INTO `pc_hw` VALUES (175, '', '', '', '', '', '', '', '', '', '', '', '', '');
INSERT INTO `pc_hw` VALUES (176, '', '', '', '', '', '', '', '', '', '', '', '', '');
INSERT INTO `pc_hw` VALUES (177, '', '', '', '', '', '', '', '', '', '', '', '', '');
INSERT INTO `pc_hw` VALUES (178, '', '', '', '', '', '', '', '', '', '', '', '', '');
INSERT INTO `pc_hw` VALUES (179, '', '', '', '', '', '', '', '', '', '', '', '', '');
INSERT INTO `pc_hw` VALUES (180, '', '', '', '', '', '', '', '', '', '', '', '', '');
INSERT INTO `pc_hw` VALUES (181, '', '', '', '', '', '', '', '', '', '', '', '', '');
INSERT INTO `pc_hw` VALUES (182, '', '', '', '', '', '', '', '', '', '', '', '', '');
INSERT INTO `pc_hw` VALUES (183, '', '', '', '', '', '', '', '', '', '', '', '', '');

-- --------------------------------------------------------

-- 
-- 表的结构 `pc_sw`
-- 

CREATE TABLE `pc_sw` (
  `UserId` int(12) NOT NULL default '0',
  `Install` text NOT NULL,
  `Run` text NOT NULL,
  `Usb` text NOT NULL
) ENGINE=MyISAM DEFAULT CHARSET=gb2312;

-- 
-- 导出表中的数据 `pc_sw`
-- 

INSERT INTO `pc_sw` VALUES (168, 'AddressBook=.=Adobe Flash Player ActiveX=.=Connection Manager=.=DirectAnimation=.=DirectDrawEx=.=DXM_Runtime=.=Fetion=.=Fontcore=.=ICW=.=IE40=.=IE4Data=.=IE5BAKEX=.=IEData=.=KB923561=.=KB932716-v2=.=KB938464-v2=.=KB946648=.=KB950582=.=KB950762=.=KB950974=.=KB951066=.=KB951698=.=KB951748=.=KB951830=.=KB951978=.=KB952004=.=KB952069_WM9=.=KB952287=.=KB952954=.=KB953155=.=KB955069=.=KB955535=.=KB955704=.=KB956391=.=KB956744=.=KB956802=.=KB956803=.=KB956844=.=KB957097=.=KB958644=.=KB958687=.=KB958752=.=KB958869=.=KB960225=.=KB960715=.=KB960859=.=KB961371-v2=.=KB961501=.=KB961503=.=KB968389=.=KB968816_WM9=.=KB969059=.=KB969898=.=KB969947=.=KB970238=.=KB970653-v3=.=KB971486=.=KB971557=.=KB971633=.=KB971961=.=KB972270=.=KB973354=.=KB973507=.=KB973525=.=KB973540_WM9=.=KB973815=.=KB973869=.=KB973904=.=KB974112=.=KB974318=.=KB974392=.=KB974571=.=KB975025=.=KB975467=.=KB976325=.=MobileOptionPack=.=MPlayer2=.=NetMeeting=.=OutlookExpress=.=PCHealth=.=SchedulingAgent=.=Sogou Input=.=WinRAR archiver=.={052CFB79-9D62-42E3-8A15-DE66C2C97C3E}=.={350C97B5-3D7C-4EE8-BAA9-00BCB3D54227}=.={8A708DD8-A5E6-11D4-A706-000629E95E20}=.={90110404-6000-11D3-8CFE-0150048383C9}=.={ED940068-7DC0-4A3B-A6D3-4A97AE5208C5}=.={FB08F381-6533-4108-B7DD-039E11FBC27E}=.=买卖通IM  =.=极品五笔_is1   =.=阿里旺旺2009 正式版SP2      =.=雅虎通  ', 'System=.=csrss.exe=.=services.exe=.=lsass.exe=.=smss.exe=.=svchost.exe=.=explorer.exe=.=ctfmon.exe=.=igfxtray.exe=.=alg.exe=.=conime.exe=.=FetionVM.exe=.=bka-1.exe=.=IEXPLORE.EXE=.=QQ.exe=.=spoolsv.exe=.=svchost.exe=.=svchost.exe=.=svchost.exe=.=svchost.exe=.=System.dll=.=TXPlatform.exe=.=winlogon.exe=.=wmiprvse.exe=.=wscntfy.exe=.=[System Process]', 'HID-compliant mouse(Microsoft)=.=USB 人体学输入设备((标准系统设备))');
INSERT INTO `pc_sw` VALUES (169, '360安全卫士   =.=AddressBook=.=Adobe Flash Player ActiveX=.=Branding=.=Connection Manager=.=DirectAnimation=.=DirectDrawEx=.=DXM_Runtime=.=Fontcore=.=ICW=.=IE40=.=IE4Data=.=IE5BAKEX=.=IEData=.=KB884016=.=KB892130=.=KB893803=.=KB893803v2=.=KB898461=.=KB923561=.=KB932716-v2=.=KB935695_Beta=.=KB936782_WMP10=.=KB938464-v2=.=KB941569=.=KB942288-v3=.=KB944043-v3=.=KB946648=.=KB950762=.=KB950974=.=KB951066=.=KB951376-v2=.=KB951748=.=KB951830=.=KB951978=.=KB952004=.=KB952069_WM9=.=KB952287=.=KB952954=.=KB953155=.=KB953839=.=KB954155_WM9=.=KB954459=.=KB954600=.=KB954708=.=KB954920-v2=.=KB955069=.=KB955704=.=KB955839=.=KB956391=.=KB956572=.=KB956744=.=KB956802=.=KB956803=.=KB956841=.=KB956844=.=KB957097=.=KB958644=.=KB958687=.=KB958752=.=KB958869=.=KB959426=.=KB960225=.=KB960715=.=KB960803=.=KB960859=.=KB961371=.=KB961371-v2=.=KB961501=.=KB961503=.=KB967715=.=KB968389=.=KB968537=.=KB968816_WM9=.=KB969059=.=KB969897=.=KB969898=.=KB969947=.=KB970238=.=KB970653-v3=.=KB971486=.=KB971557=.=KB971633=.=KB971657=.=KB971961=.=KB972260=.=KB972270=.=KB973346=.=KB973354=.=KB973507=.=KB973525=.=KB973540_WM9=.=KB973815=.=KB973869=.=KB974112=.=KB974318=.=KB974392=.=KB974571=.=KB975025=.=KB975467=.=KB976325=.=KB978207=.=MobileOptionPack=.=MPlayer2=.=MSI30-Beta1=.=MSI30-Beta2=.=MSI30-KB884016=.=MSI30-RC1=.=MSI30-RC2=.=MSI30a-KB884016=.=MSI31-Beta=.=MSI31-RC1=.=MsJavaVM=.=NetMeeting=.=OutlookExpress=.=SchedulingAgent=.=Sogou Input=.=WebPost=.=WGA=.=Windows Media Format Runtime=.=Windows Media Player=.=WinRAR archiver=.={350C97B5-3D7C-4EE8-BAA9-00BCB3D54227}=.={837b34e3-7c30-493c-8f6a-2b0f04e2912c}=.={90110804-6000-11D3-8CFE-0150048383C9}=.={E503B4BF-F7BB-3D5F-8BC8-F694B1CFF942}=.={FF66E9F6-83E7-3A3E-AF14-8DE9A809A6A4}=.=一键GHOST_v2009.07.15 =.=极品五笔Win2000/Xp/Vista/7通用版_is1      ', 'System=.=csrss.exe=.=services.exe=.=lsass.exe=.=smss.exe=.=svchost.exe=.=Explorer.EXE=.=360tray.exe=.=alg.exe=.=360Safe.exe=.=bka-1.exe=.=ctfmon.exe=.=iexplore.exe=.=spoolsv.exe=.=svchost.exe=.=svchost.exe=.=svchost.exe=.=svchost.exe=.=System.dll=.=winlogon.exe=.=wmiprvse.exe=.=[System Process]', 'HID-compliant mouse(Microsoft)=.=USB 人体学输入设备((标准系统设备))');
INSERT INTO `pc_sw` VALUES (170, '', '', '');
INSERT INTO `pc_sw` VALUES (171, '', '', '');
INSERT INTO `pc_sw` VALUES (172, '', '', '');
INSERT INTO `pc_sw` VALUES (173, '', '', '');
INSERT INTO `pc_sw` VALUES (174, '', '', '');
INSERT INTO `pc_sw` VALUES (175, '', '', '');
INSERT INTO `pc_sw` VALUES (176, '', '', '');
INSERT INTO `pc_sw` VALUES (177, '', '', '');
INSERT INTO `pc_sw` VALUES (178, '', '', '');
INSERT INTO `pc_sw` VALUES (179, '', '', '');
INSERT INTO `pc_sw` VALUES (180, '', '', '');
INSERT INTO `pc_sw` VALUES (181, '', '', '');
INSERT INTO `pc_sw` VALUES (182, '', '', '');
INSERT INTO `pc_sw` VALUES (183, '', '', '');

-- --------------------------------------------------------

-- 
-- 表的结构 `pc_user`
-- 

CREATE TABLE `pc_user` (
  `CustId` int(9) NOT NULL default '0',
  `PcNo` int(3) NOT NULL default '0',
  `UserId` int(12) NOT NULL default '0',
  `Name` varchar(10) NOT NULL default '',
  `Dep` varchar(20) NOT NULL default '',
  `Des` varchar(60) NOT NULL default ''
) ENGINE=MyISAM DEFAULT CHARSET=gb2312;

-- 
-- 导出表中的数据 `pc_user`
-- 

INSERT INTO `pc_user` VALUES (1, 1, 168, '元大鹰', '霹雳大学', '绰号:元帅 、猪头、大鹰、本大爷，本山人');
INSERT INTO `pc_user` VALUES (2, 1, 169, '蒙毅', '蒙家军', '位至上卿，出则参乘，入则御前');
INSERT INTO `pc_user` VALUES (1, 2, 170, '元大鹰1', '管理中心', '网管');
INSERT INTO `pc_user` VALUES (88, 1, 171, '张大三', '管理部', '主任');
INSERT INTO `pc_user` VALUES (88, 2, 172, '李小四', '行政部', '副主任');
INSERT INTO `pc_user` VALUES (88, 3, 173, '王二', '生产一组', '课长');
INSERT INTO `pc_user` VALUES (88, 4, 174, '易小川', '生产二组', '技术员');
INSERT INTO `pc_user` VALUES (88, 5, 175, '高要', '财务部', '文员');
INSERT INTO `pc_user` VALUES (88, 6, 176, '元大鹰', '业务一部', '主任');
INSERT INTO `pc_user` VALUES (88, 7, 177, '东方翔', '业务二部', '副主任');
INSERT INTO `pc_user` VALUES (88, 8, 178, '李问', '管理部', '课长');
INSERT INTO `pc_user` VALUES (88, 9, 179, '陈方生', '行政部', '文员');
INSERT INTO `pc_user` VALUES (88, 10, 180, '高明', '生产一组', '技术员');
INSERT INTO `pc_user` VALUES (88, 11, 181, '季斌', '生产二组', '主任');
INSERT INTO `pc_user` VALUES (88, 12, 182, '孙香香', '财务部', '副主任');
INSERT INTO `pc_user` VALUES (88, 13, 183, '赵大安', '业务一部', '课长');

-- --------------------------------------------------------

-- 
-- 表的结构 `rule`
-- 

CREATE TABLE `rule` (
  `UserId` int(12) NOT NULL default '0',
  `r000` char(2) NOT NULL default '',
  `r001` char(2) NOT NULL default '',
  `r002` char(2) NOT NULL default '',
  `r003` char(2) NOT NULL default '',
  `r004` char(2) NOT NULL default '',
  `r005` char(2) NOT NULL default '',
  `r006` char(2) NOT NULL default '',
  `r007` char(2) NOT NULL default '',
  `r008` char(2) NOT NULL default '',
  `r009` char(2) NOT NULL default '',
  `r010` char(2) NOT NULL default '',
  `r011` char(2) NOT NULL default '',
  `r012` char(2) NOT NULL default '',
  `r013` char(2) NOT NULL default '',
  `r014` char(2) NOT NULL default '',
  `r015` char(2) NOT NULL default '',
  `r016` char(2) NOT NULL default '',
  `r017` char(2) NOT NULL default '',
  `r018` char(2) NOT NULL default '',
  `r019` char(2) NOT NULL default '',
  `r020` char(2) NOT NULL default '',
  `r021` char(2) NOT NULL default '',
  `r022` char(2) NOT NULL default '',
  `r023` char(2) NOT NULL default '',
  `r024` char(2) NOT NULL default '',
  `r025` char(2) NOT NULL default '',
  `r026` char(2) NOT NULL default '',
  `r027` char(2) NOT NULL default '',
  `r028` char(2) NOT NULL default '',
  `r029` char(2) NOT NULL default '',
  `r030` char(2) NOT NULL default '',
  `r031` char(2) NOT NULL default '',
  `r032` char(2) NOT NULL default '',
  `r033` char(2) NOT NULL default '',
  `r034` char(2) NOT NULL default '',
  `r035` char(2) NOT NULL default '',
  `r036` char(2) NOT NULL default '',
  `r037` char(2) NOT NULL default '',
  `r038` char(2) NOT NULL default '',
  `r039` char(2) NOT NULL default ''
) ENGINE=MyISAM DEFAULT CHARSET=gb2312;

-- 
-- 导出表中的数据 `rule`
-- 

INSERT INTO `rule` VALUES (170, '1', '0', '1', '0', '0', '0', '0', '0', '0', '0', '0', '0', '0', '0', '0', '0', '0', '0', '0', '0', '0', '0', '', '', '', '', '', '', '', '', '', '', '', '', '', '', '', '', '', '');
INSERT INTO `rule` VALUES (168, '0', '0', '0', '1', '1', '1', '1', '1', '1', '1', '1', '1', '1', '1', '1', '1', '1', '1', '1', '1', '1', '1', '1', '1', '1', '1', '1', '1', '1', '1', '1', '1', '1', '1', '1', '1', '1', '1', '1', '1');
INSERT INTO `rule` VALUES (169, '0', '1', '1', '1', '1', '1', '1', '1', '1', '1', '1', '1', '1', '1', '1', '1', '1', '1', '1', '1', '1', '1', '1', '1', '1', '1', '1', '1', '1', '1', '1', '1', '1', '1', '1', '1', '1', '1', '1', '1');
INSERT INTO `rule` VALUES (171, '', '', '', '', '', '', '', '', '', '', '', '', '', '', '', '', '', '', '', '', '', '', '', '', '', '', '', '', '', '', '', '', '', '', '', '', '', '', '', '');
INSERT INTO `rule` VALUES (172, '', '', '', '', '', '', '', '', '', '', '', '', '', '', '', '', '', '', '', '', '', '', '', '', '', '', '', '', '', '', '', '', '', '', '', '', '', '', '', '');
INSERT INTO `rule` VALUES (173, '', '', '', '', '', '', '', '', '', '', '', '', '', '', '', '', '', '', '', '', '', '', '', '', '', '', '', '', '', '', '', '', '', '', '', '', '', '', '', '');
INSERT INTO `rule` VALUES (174, '', '', '', '', '', '', '', '', '', '', '', '', '', '', '', '', '', '', '', '', '', '', '', '', '', '', '', '', '', '', '', '', '', '', '', '', '', '', '', '');
INSERT INTO `rule` VALUES (175, '', '', '', '', '', '', '', '', '', '', '', '', '', '', '', '', '', '', '', '', '', '', '', '', '', '', '', '', '', '', '', '', '', '', '', '', '', '', '', '');
INSERT INTO `rule` VALUES (176, '', '', '', '', '', '', '', '', '', '', '', '', '', '', '', '', '', '', '', '', '', '', '', '', '', '', '', '', '', '', '', '', '', '', '', '', '', '', '', '');
INSERT INTO `rule` VALUES (177, '', '', '', '', '', '', '', '', '', '', '', '', '', '', '', '', '', '', '', '', '', '', '', '', '', '', '', '', '', '', '', '', '', '', '', '', '', '', '', '');
INSERT INTO `rule` VALUES (178, '', '', '', '', '', '', '', '', '', '', '', '', '', '', '', '', '', '', '', '', '', '', '', '', '', '', '', '', '', '', '', '', '', '', '', '', '', '', '', '');
INSERT INTO `rule` VALUES (179, '', '', '', '', '', '', '', '', '', '', '', '', '', '', '', '', '', '', '', '', '', '', '', '', '', '', '', '', '', '', '', '', '', '', '', '', '', '', '', '');
INSERT INTO `rule` VALUES (180, '', '', '', '', '', '', '', '', '', '', '', '', '', '', '', '', '', '', '', '', '', '', '', '', '', '', '', '', '', '', '', '', '', '', '', '', '', '', '', '');
INSERT INTO `rule` VALUES (181, '', '', '', '', '', '', '', '', '', '', '', '', '', '', '', '', '', '', '', '', '', '', '', '', '', '', '', '', '', '', '', '', '', '', '', '', '', '', '', '');
INSERT INTO `rule` VALUES (182, '', '', '', '', '', '', '', '', '', '', '', '', '', '', '', '', '', '', '', '', '', '', '', '', '', '', '', '', '', '', '', '', '', '', '', '', '', '', '', '');
INSERT INTO `rule` VALUES (183, '', '', '', '', '', '', '', '', '', '', '', '', '', '', '', '', '', '', '', '', '', '', '', '', '', '', '', '', '', '', '', '', '', '', '', '', '', '', '', '');
